{"text_format":"1","workbook":"xlsx","n_sheets":18,"sheets":["notes","Options","Calcs","XC16(low)_24","XC16(low)_36","XC16(low)_48","XC16(low)_60","XC21(low)_24","XC21(low)_36","XC21(low)_48","XC21(low)_60","XC25(low)_24","XC25(low)_36","XC25(low)_48","XC25(low)_60","Form","Instructions","Prompt"],"not_rendered":{"charts":0,"images":7,"macros":1,"external_links":0,"defined_names":7,"comments":0,"pivot_tables":0},"unopened":[],"bounds":{"document_bytes":16777216,"sheet_cells":100000,"rows_first":2000,"rows_last":500,"rows_between":2000,"halvings":0,"cell_chars":16384,"cell_head_chars":4096},"cells_cut":0,"cells_raw":0,"read":"whole","date_system":"1900"}

{"sheet":"notes","index":0,"n_rows":65,"n_cols":16,"rows_kept":65,"cut":false,"hidden":true,"merged":[]}
[]
[null,null,null,null,null,null,null,{"$f":"SUM(H3:H8)","v":0}]
[null,null,600,24,600,1000,{"$f":"IF(Form!$D$4=D3,1,0)","v":0},{"$f":"IF(G3=1,IF(OR(E3>Form!M$5,F3<Form!M$5),1,0),0)","v":0}]
[null,null,800,30,800,1200,{"$f":"IF(Form!$D$4=D4,1,0)","v":0},{"$f":"IF(G4=1,IF(OR(E4>Form!M$5,F4<Form!M$5),1,0),0)","v":0}]
[null,null,1000,36,1000,1400,{"$f":"IF(Form!$D$4=D5,1,0)","v":0},{"$f":"IF(G5=1,IF(OR(E5>Form!M$5,F5<Form!M$5),1,0),0)","v":0}]
[null,null,1200,42,1200,1600,{"$f":"IF(Form!$D$4=D6,1,0)","v":0},{"$f":"IF(G6=1,IF(OR(E6>Form!M$5,F6<Form!M$5),1,0),0)","v":0}]
[null,null,1400,48,1400,1800,{"$f":"IF(Form!$D$4=D7,1,0)","v":0},{"$f":"IF(G7=1,IF(OR(E7>Form!M$5,F7<Form!M$5),1,0),0)","v":0}]
[null,null,1600,60,1600,2000,{"$f":"IF(Form!$D$4=D8,1,0)","v":0},{"$f":"IF(G8=1,IF(OR(E8>Form!M$5,F8<Form!M$5),1,0),0)","v":0}]
[null,null,1800]
[null,null,2000]
[]
[]
[null,null,null,"Total"]
[null,{"$f":"Form!M5+Form!M6","v":0},null,null,{"$f":"E31","v":0},{"$f":"F31","v":0},0,0,0,0,0,{"$f":"SUM(E14:K14)","v":0},null,null,null,58]
[null,null,null,null,{"$f":"Form!C27","v":75},{"$f":"Form!E27","v":80},{"$f":"Form!G27","v":85},{"$f":"Form!I27","v":90},{"$f":"Form!K27","v":95},{"$f":"Form!M27","v":100},{"$f":"Form!O27","v":105}]
[{"$f":"C16+D16","v":0},{"$f":"P16","v":0},{"$f":"Form!A31","v":0},{"$f":"Form!B31","v":0},{"$f":"Form!C31","v":0},{"$f":"Form!E31","v":0},{"$f":"Form!G31","v":0},{"$f":"Form!I31","v":0},{"$f":"Form!K31","v":0},{"$f":"Form!M31","v":0},{"$f":"Form!O31","v":0},{"$f":"Form!$M$5+Form!M$6","v":0},{"$f":"IF(C16+D16=Form!M$5+Form!M$6,1,0)","v":1},{"$f":"IF(A16<L16,1,0)","v":0},{"$f":"IF(A16>L16,2,0)","v":0},{"$f":"IF(AND(N16=1,N17=0),1,0)+IF(AND(O15=0,O16=2),2,0)","v":0}]
[{"$f":"C17+D17","v":0},{"$f":"P17","v":0},{"$f":"C16","v":0},{"$f":"Form!B32","v":0},{"$f":"Form!C32","v":0},{"$f":"Form!E32","v":0},{"$f":"Form!G32","v":0},{"$f":"Form!I32","v":0},{"$f":"Form!K32","v":0},{"$f":"Form!M32","v":0},{"$f":"Form!O32","v":0},{"$f":"Form!$M$5+Form!M$6","v":0},{"$f":"IF(C17+D17=Form!M$5+Form!M$6,1,0)","v":1},{"$f":"IF(A17<L17,1,0)","v":0},{"$f":"IF(A17>L17,2,0)","v":0},{"$f":"IF(AND(N17=1,N18=0),1,0)+IF(AND(O16=0,O17=2),2,0)","v":0}]
[0,0,{"$f":"C17","v":0},{"$f":"Form!B33","v":0},{"$f":"Form!C33","v":0},{"$f":"Form!E33","v":0},{"$f":"Form!G33","v":0},{"$f":"Form!I33","v":0},{"$f":"Form!K33","v":0},{"$f":"Form!M33","v":0},{"$f":"Form!O33","v":0},{"$f":"Form!$M$5+Form!M$6","v":0},{"$f":"IF(C18+D18=Form!M$5+Form!M$6,1,0)","v":1},0,{"$f":"IF(A18>L18,2,0)","v":0},{"$f":"IF(AND(N18=1,N19=0),1,0)+IF(AND(O17=0,O18=2),2,0)","v":0}]
[0,0,{"$f":"C18","v":0},{"$f":"Form!B34","v":0},{"$f":"Form!C34","v":0},{"$f":"Form!E34","v":0},{"$f":"Form!G34","v":0},{"$f":"Form!I34","v":0},{"$f":"Form!K34","v":0},{"$f":"Form!M34","v":0},{"$f":"Form!O34","v":0},{"$f":"Form!$M$5+Form!M$6","v":0},{"$f":"IF(C19+D19=Form!M$5+Form!M$6,1,0)","v":1},0,{"$f":"IF(A19>L19,2,0)","v":0},{"$f":"IF(AND(N19=1,N20=0),1,0)+IF(AND(O18=0,O19=2),2,0)","v":0}]
[0,0,{"$f":"Form!A35","v":0},{"$f":"Form!B35","v":0},{"$f":"Form!C35","v":0},{"$f":"Form!E35","v":0},{"$f":"Form!G35","v":0},{"$f":"Form!I35","v":0},{"$f":"Form!K35","v":0},{"$f":"Form!M35","v":0},{"$f":"Form!O35","v":0},{"$f":"Form!$M$5+Form!M$6","v":0},{"$f":"IF(C20+D20=Form!M$5+Form!M$6,1,0)","v":1},0,{"$f":"IF(A20>L20,2,0)","v":0},{"$f":"IF(AND(N20=1,N21=0),1,0)+IF(AND(O19=0,O20=2),2,0)","v":0}]
[0,0,{"$f":"C20","v":0},{"$f":"Form!B36","v":0},{"$f":"Form!C36","v":0},{"$f":"Form!E36","v":0},{"$f":"Form!G36","v":0},{"$f":"Form!I36","v":0},{"$f":"Form!K36","v":0},{"$f":"Form!M36","v":0},{"$f":"Form!O36","v":0},{"$f":"Form!$M$5+Form!M$6","v":0},{"$f":"IF(C21+D21=Form!M$5+Form!M$6,1,0)","v":1},0,{"$f":"IF(A21>L21,2,0)","v":0},{"$f":"IF(AND(N21=1,N22=0),1,0)+IF(AND(O20=0,O21=2),2,0)","v":0}]
[0,0,{"$f":"C21","v":0},{"$f":"Form!B37","v":0},{"$f":"Form!C37","v":0},{"$f":"Form!E37","v":0},{"$f":"Form!G37","v":0},{"$f":"Form!I37","v":0},{"$f":"Form!K37","v":0},{"$f":"Form!M37","v":0},{"$f":"Form!O37","v":0},{"$f":"Form!$M$5+Form!M$6","v":0},{"$f":"IF(C22+D22=Form!M$5+Form!M$6,1,0)","v":1},0,0,0]
[0,0,{"$f":"C22","v":0},{"$f":"Form!B38","v":0},{"$f":"Form!C38","v":0},{"$f":"Form!E38","v":0},{"$f":"Form!G38","v":0},{"$f":"Form!I38","v":0},{"$f":"Form!K38","v":0},{"$f":"Form!M38","v":0},{"$f":"Form!O38","v":0},{"$f":"Form!$M$5+Form!M$6","v":0},{"$f":"IF(C23+D23=Form!M$5+Form!M$6,1,0)","v":1},0,0,0]
[0,0,{"$f":"Form!A39","v":0},{"$f":"Form!B39","v":0},{"$f":"Form!C39","v":0},{"$f":"Form!E39","v":0},{"$f":"Form!G39","v":0},{"$f":"Form!I39","v":0},{"$f":"Form!K39","v":0},{"$f":"Form!M39","v":0},{"$f":"Form!O39","v":0},{"$f":"Form!$M$5+Form!M$6","v":0},{"$f":"IF(C24+D24=Form!M$5+Form!M$6,1,0)","v":1},0,0,0]
[0,0,{"$f":"C24","v":0},{"$f":"Form!B40","v":0},{"$f":"Form!C40","v":0},{"$f":"Form!E40","v":0},{"$f":"Form!G40","v":0},{"$f":"Form!I40","v":0},{"$f":"Form!K40","v":0},{"$f":"Form!M40","v":0},{"$f":"Form!O40","v":0},{"$f":"Form!$M$5+Form!M$6","v":0},{"$f":"IF(C25+D25=Form!M$5+Form!M$6,1,0)","v":1},0,0,0]
[0,0,{"$f":"C25","v":0},{"$f":"Form!B41","v":0},{"$f":"Form!C41","v":0},{"$f":"Form!E41","v":0},{"$f":"Form!G41","v":0},{"$f":"Form!I41","v":0},{"$f":"Form!K41","v":0},{"$f":"Form!M41","v":0},{"$f":"Form!O41","v":0},{"$f":"Form!$M$5+Form!M$6","v":0},{"$f":"IF(C26+D26=Form!M$5+Form!M$6,1,0)","v":1},0,0,0]
[0,0,{"$f":"C26","v":0},{"$f":"Form!B42","v":0},{"$f":"Form!C42","v":0},{"$f":"Form!E42","v":0},{"$f":"Form!G42","v":0},{"$f":"Form!I42","v":0},{"$f":"Form!K42","v":0},{"$f":"Form!M42","v":0},{"$f":"Form!O42","v":0},{"$f":"Form!$M$5+Form!M$6","v":0},{"$f":"IF(C27+D27=Form!M$5+Form!M$6,1,0)","v":1},0,0,0]
[0,{"$f":"SUM(B16:B27)","v":0}]
[null,null,null,null,null,{"$f":"IF(AND(F15>Form!$M$4,E15<Form!$M$4),2,0)","v":0},{"$f":"IF(AND(G15>Form!$M$4,F15<Form!$M$4),2,0)","v":0},{"$f":"IF(AND(H15>Form!$M$4,G15<Form!$M$4),2,0)","v":0},{"$f":"IF(AND(I15>Form!$M$4,H15<Form!$M$4),2,0)","v":0},{"$f":"IF(AND(J15>Form!$M$4,I15<Form!$M$4),2,0)","v":0},{"$f":"IF(AND(K15>Form!$M$4,J15<Form!$M$4),2,0)","v":0}]
[null,null,{"$f":"HLOOKUP(1,E14:K15,2,FALSE)","v":{"$error":"#N/A"}},null,{"$f":"IF(F29=2,1,0)","v":0},{"$f":"IF(G29=2,1,0)","v":0},0,0,0,0,0]
[null,null,{"$f":"HLOOKUP(2,E14:K15,2,FALSE)","v":{"$error":"#N/A"}},null,{"$f":"SUM(E29:E30)","v":0},0,0,0,0,0,0]
[null,{"$f":"(VLOOKUP(1,B14:K27,3,FALSE))","v":{"$error":"#N/A"}},{"$f":"IF(ISERROR(B32),0,B32)","v":0},null,{"$f":"(C34-C35)/(C32-C33)*(Form!$M$6-C33)+C35","v":{"$error":"#N/A"}},{"$f":"(C36-C37)/(C32-C33)*(Form!M6-C33)+C37","v":{"$error":"#N/A"}}]
[null,{"$f":"VLOOKUP(2,B14:K27,3,FALSE)","v":{"$error":"#N/A"}},{"$f":"IF(ISERROR(B33),0,B33)","v":0},null,{"$f":"IF(AND(B28=0,L14=3),VLOOKUP(Form!$M$5+Form!$M$6,notes!A14:K27,MATCH(1,notes!A14:K14,FALSE),FALSE),0)","v":0},{"$f":"IF(AND(B28=0,L14=3),VLOOKUP(Form!$M$5+Form!$M$6,notes!A14:K27,MATCH(2,notes!A14:K14,FALSE),FALSE),0)","v":0},null,null,"exactly"]
[null,{"$f":"VLOOKUP(1,B14:K27,MATCH(1,B14:K14,FALSE),FALSE)","v":{"$error":"#N/A"}},{"$f":"MIN(B34,B36)","v":{"$error":"#N/A"}},null,{"$f":"IF(ISERROR(E32),E33,E32)","v":0},{"$f":"IF(ISERROR(F32),F33,F32)","v":0},null,null,"x","y","err1","err2","err3","ans"]
[null,{"$f":"VLOOKUP(2,B14:K27,MATCH(1,B14:K14,FALSE),FALSE)","v":{"$error":"#N/A"}},{"$f":"MAX(B35,B37)","v":{"$error":"#N/A"}},null,{"$f":"MIN(E34:F34)","v":0},{"$f":"MAX(E34:F34)","v":0},null,null,"y","y",{"$f":"IF(ISERROR(VLOOKUP(Form!$M$5+Form!$M$6,notes!A15:K27,MATCH(Form!$M$4,notes!A15:K15,FALSE),FALSE)),0,VLOOKUP(Form!$M$5+Form!$M$6,notes!A15:K27,MATCH(Form!$M$4,notes!A15:K15,FALSE),FALSE))","v":0},null,null,{"$f":"SUM(K35:M35)","v":0}]
[null,{"$f":"VLOOKUP(1,B14:K27,MATCH(2,B14:K14,FALSE),FALSE)","v":{"$error":"#N/A"}},{"$f":"MAX(B36,B34)","v":{"$error":"#N/A"}},null,{"$f":"(E35-F35)/(C31-C30)*(Form!$M$4-C30)+F35","v":{"$error":"#N/A"}},null,null,null,"y","n",null,null,null,{"$f":"SUM(K36:M36)","v":0}]
[null,{"$f":"VLOOKUP(2,B14:K27,MATCH(2,B14:K14,FALSE),FALSE)","v":{"$error":"#N/A"}},{"$f":"MIN(B35,B37)","v":{"$error":"#N/A"}},null,null,null,null,null,"n","n",{"$f":"IF(OR(E36>100000,E36<=0),0,E36)","v":{"$error":"#N/A"}},{"$f":"IF(K37<>0,0,MIN(E32:F32))","v":{"$error":"#N/A"}},{"$f":"IF(AND(L37=0,K37=0),C34,0)","v":{"$error":"#N/A"}},{"$f":"SUM(K37:M37)","v":{"$error":"#N/A"}}]
[null,null,null,null,null,null,null,null,null,null,null,null,null,{"$f":"IF(ISERROR(N37),N35,N37)","v":0}]
[]
[]
["sens",null,null,null,{"$f":"E58","v":0},{"$f":"F58","v":0},0,0,0,0,0,{"$f":"SUM(E41:K41)","v":0}]
[null,null,null,null,{"$f":"E15","v":75},{"$f":"F15","v":80},85,90,95,100,105]
[{"$f":"C43+D43","v":0},{"$f":"P43","v":0},{"$f":"C16","v":0},{"$f":"D16","v":0},{"$f":"Form!D31","v":0},{"$f":"Form!F31","v":0},{"$f":"Form!H31","v":0},{"$f":"Form!J31","v":0},{"$f":"Form!L31","v":0},{"$f":"Form!N31","v":0},{"$f":"Form!P31","v":0},{"$f":"Form!$M$5+Form!M$6","v":0},{"$f":"IF(C43+D43=Form!M$5+Form!M$6,1,0)","v":1},{"$f":"IF(A43<L43,1,0)","v":0},{"$f":"IF(A43>L43,2,0)","v":0},{"$f":"IF(AND(N43=1,N44=0),1,0)+IF(AND(O42=0,O43=2),2,0)","v":0}]
[{"$f":"C44+D44","v":0},{"$f":"P44","v":0},{"$f":"C17","v":0},{"$f":"D17","v":0},{"$f":"Form!D32","v":0},{"$f":"Form!F32","v":0},{"$f":"Form!H32","v":0},{"$f":"Form!J32","v":0},{"$f":"Form!L32","v":0},{"$f":"Form!N32","v":0},{"$f":"Form!P32","v":0},{"$f":"Form!$M$5+Form!M$6","v":0},{"$f":"IF(C44+D44=Form!M$5+Form!M$6,1,0)","v":1},{"$f":"IF(A44<L44,1,0)","v":0},{"$f":"IF(A44>L44,2,0)","v":0},{"$f":"IF(AND(N44=1,N45=0),1,0)+IF(AND(O43=0,O44=2),2,0)","v":0}]
[{"$f":"C45+D45","v":0},0,0,0,{"$f":"Form!D33","v":0},{"$f":"Form!F33","v":0},{"$f":"Form!H33","v":0},{"$f":"Form!J33","v":0},{"$f":"Form!L33","v":0},{"$f":"Form!N33","v":0},{"$f":"Form!P33","v":0},{"$f":"Form!$M$5+Form!M$6","v":0},{"$f":"IF(C45+D45=Form!M$5+Form!M$6,1,0)","v":1},0,{"$f":"IF(A45>L45,2,0)","v":0},{"$f":"IF(AND(N45=1,N46=0),1,0)+IF(AND(O44=0,O45=2),2,0)","v":0}]
[0,0,0,0,{"$f":"Form!D34","v":0},{"$f":"Form!F34","v":0},{"$f":"Form!H34","v":0},{"$f":"Form!J34","v":0},{"$f":"Form!L34","v":0},{"$f":"Form!N34","v":0},{"$f":"Form!P34","v":0},{"$f":"Form!$M$5+Form!M$6","v":0},{"$f":"IF(C46+D46=Form!M$5+Form!M$6,1,0)","v":1},0,{"$f":"IF(A46>L46,2,0)","v":0},{"$f":"IF(AND(N46=1,N47=0),1,0)+IF(AND(O45=0,O46=2),2,0)","v":0}]
[0,0,0,0,{"$f":"Form!D35","v":0},{"$f":"Form!F35","v":0},{"$f":"Form!H35","v":0},{"$f":"Form!J35","v":0},{"$f":"Form!L35","v":0},{"$f":"Form!N35","v":0},{"$f":"Form!P35","v":0},{"$f":"Form!$M$5+Form!M$6","v":0},{"$f":"IF(C47+D47=Form!M$5+Form!M$6,1,0)","v":1},0,{"$f":"IF(A47>L47,2,0)","v":0},{"$f":"IF(AND(N47=1,N48=0),1,0)+IF(AND(O46=0,O47=2),2,0)","v":0}]
[0,0,0,0,{"$f":"Form!D36","v":0},{"$f":"Form!F36","v":0},{"$f":"Form!H36","v":0},{"$f":"Form!J36","v":0},{"$f":"Form!L36","v":0},{"$f":"Form!N36","v":0},{"$f":"Form!P36","v":0},{"$f":"Form!$M$5+Form!M$6","v":0},{"$f":"IF(C48+D48=Form!M$5+Form!M$6,1,0)","v":1},0,{"$f":"IF(A48>L48,2,0)","v":0},{"$f":"IF(AND(N48=1,N49=0),1,0)+IF(AND(O47=0,O48=2),2,0)","v":0}]
[0,0,0,0,{"$f":"Form!D37","v":0},{"$f":"Form!F37","v":0},{"$f":"Form!H37","v":0},{"$f":"Form!J37","v":0},{"$f":"Form!L37","v":0},{"$f":"Form!N37","v":0},{"$f":"Form!P37","v":0},{"$f":"Form!$M$5+Form!M$6","v":0},{"$f":"IF(C49+D49=Form!M$5+Form!M$6,1,0)","v":1},0,0,0]
[0,0,0,0,{"$f":"Form!D38","v":0},{"$f":"Form!F38","v":0},{"$f":"Form!H38","v":0},{"$f":"Form!J38","v":0},{"$f":"Form!L38","v":0},{"$f":"Form!N38","v":0},{"$f":"Form!P38","v":0},{"$f":"Form!$M$5+Form!M$6","v":0},{"$f":"IF(C50+D50=Form!M$5+Form!M$6,1,0)","v":1},0,0,0]
[0,0,0,0,{"$f":"Form!D39","v":0},{"$f":"Form!F39","v":0},{"$f":"Form!H39","v":0},{"$f":"Form!J39","v":0},{"$f":"Form!L39","v":0},{"$f":"Form!N39","v":0},{"$f":"Form!P39","v":0},{"$f":"Form!$M$5+Form!M$6","v":0},{"$f":"IF(C51+D51=Form!M$5+Form!M$6,1,0)","v":1},0,0,0]
[0,0,0,0,{"$f":"Form!D40","v":0},{"$f":"Form!F40","v":0},{"$f":"Form!H40","v":0},{"$f":"Form!J40","v":0},{"$f":"Form!L40","v":0},{"$f":"Form!N40","v":0},{"$f":"Form!P40","v":0},{"$f":"Form!$M$5+Form!M$6","v":0},{"$f":"IF(C52+D52=Form!M$5+Form!M$6,1,0)","v":1},0,0,0]
[0,0,0,0,{"$f":"Form!D41","v":0},{"$f":"Form!F41","v":0},{"$f":"Form!H41","v":0},{"$f":"Form!J41","v":0},{"$f":"Form!L41","v":0},{"$f":"Form!N41","v":0},{"$f":"Form!P41","v":0},{"$f":"Form!$M$5+Form!M$6","v":0},{"$f":"IF(C53+D53=Form!M$5+Form!M$6,1,0)","v":1},0,0,0]
[0,0,0,0,{"$f":"Form!D42","v":0},{"$f":"Form!F42","v":0},{"$f":"Form!H42","v":0},{"$f":"Form!J42","v":0},{"$f":"Form!L42","v":0},{"$f":"Form!N42","v":0},{"$f":"Form!P42","v":0},{"$f":"Form!$M$5+Form!M$6","v":0},{"$f":"IF(C54+D54=Form!M$5+Form!M$6,1,0)","v":1},0,0,0]
[0,{"$f":"SUM(B43:B54)","v":0}]
[null,null,null,null,null,{"$f":"IF(AND(F42>Form!$M$4,E42<Form!$M$4),2,0)","v":0},{"$f":"IF(AND(G42>Form!$M$4,F42<Form!$M$4),2,0)","v":0},{"$f":"IF(AND(H42>Form!$M$4,G42<Form!$M$4),2,0)","v":0},{"$f":"IF(AND(I42>Form!$M$4,H42<Form!$M$4),2,0)","v":0},{"$f":"IF(AND(J42>Form!$M$4,I42<Form!$M$4),2,0)","v":0},{"$f":"IF(AND(K42>Form!$M$4,J42<Form!$M$4),2,0)","v":0}]
[null,null,{"$f":"HLOOKUP(1,E41:K42,2,FALSE)","v":{"$error":"#N/A"}},null,{"$f":"IF(F56=2,1,0)","v":0},{"$f":"IF(G56=2,1,0)","v":0},0,0,0,0,0]
[null,null,{"$f":"HLOOKUP(2,E41:K42,2,FALSE)","v":{"$error":"#N/A"}},null,{"$f":"SUM(E56:E57)","v":0},0,0,0,0,0,0]
[null,{"$f":"(VLOOKUP(1,B41:K54,3,FALSE))","v":{"$error":"#N/A"}},{"$f":"IF(ISERROR(B59),0,B59)","v":0},null,{"$f":"(C61-C62)/(C59-C60)*(Form!$M$6-C60)+C62","v":{"$error":"#N/A"}},{"$f":"(C63-C64)/(C59-C60)*(Form!M6-C60)+C64","v":{"$error":"#N/A"}}]
[null,{"$f":"VLOOKUP(2,B41:K54,3,FALSE)","v":{"$error":"#N/A"}},{"$f":"IF(ISERROR(B60),0,B60)","v":0},null,{"$f":"IF(AND(B55=0,L41=3),VLOOKUP(Form!$M$5+Form!$M$6,notes!A41:K54,MATCH(1,notes!A41:K41,FALSE),FALSE),0)","v":0},{"$f":"IF(AND(B55=0,L41=3),VLOOKUP(Form!$M$5+Form!$M$6,notes!A41:K54,MATCH(2,notes!A41:K41,FALSE),FALSE),0)","v":0},null,null,"exactly"]
[null,{"$f":"VLOOKUP(1,B41:K54,MATCH(1,B41:K41,FALSE),FALSE)","v":{"$error":"#N/A"}},{"$f":"MIN(B61,B63)","v":{"$error":"#N/A"}},null,{"$f":"IF(ISERROR(E59),E60,E59)","v":0},{"$f":"IF(ISERROR(F59),F60,F59)","v":0},null,null,"x","y","err1","err2","err3","ans"]
[null,{"$f":"VLOOKUP(2,B41:K54,MATCH(1,B41:K41,FALSE),FALSE)","v":{"$error":"#N/A"}},{"$f":"MAX(B62,B64)","v":{"$error":"#N/A"}},null,{"$f":"MIN(E61:F61)","v":0},{"$f":"MAX(E61:F61)","v":0},null,null,"y","y",{"$f":"IF(ISERROR(VLOOKUP(Form!$M$5+Form!$M$6,notes!A42:K54,MATCH(Form!$M$4,notes!A42:K42,FALSE),FALSE)),0,VLOOKUP(Form!$M$5+Form!$M$6,notes!A42:K54,MATCH(Form!$M$4,notes!A42:K42,FALSE),FALSE))","v":0},null,null,{"$f":"SUM(K62:M62)","v":0}]
[null,{"$f":"VLOOKUP(1,B41:K54,MATCH(2,B41:K41,FALSE),FALSE)","v":{"$error":"#N/A"}},{"$f":"MAX(B63,B61)","v":{"$error":"#N/A"}},null,{"$f":"(E62-F62)/(C58-C57)*(Form!$M$4-C57)+F62","v":{"$error":"#N/A"}},null,null,null,"y","n",null,null,null,{"$f":"SUM(K63:M63)","v":0}]
[null,{"$f":"VLOOKUP(2,B41:K54,MATCH(2,B41:K41,FALSE),FALSE)","v":{"$error":"#N/A"}},{"$f":"MIN(B62,B64)","v":{"$error":"#N/A"}},null,null,null,null,null,"n","n",{"$f":"IF(OR(E63>100000,E63<=0),0,E63)","v":{"$error":"#N/A"}},{"$f":"IF(K64<>0,0,MIN(E59:F59))","v":{"$error":"#N/A"}},{"$f":"IF(AND(L64=0,K64=0),C61,0)","v":{"$error":"#N/A"}},{"$f":"SUM(K64:M64)","v":{"$error":"#N/A"}}]
[null,{"$f":"VLOOKUP(Form!M32+Form!M33,A41:K54,MATCH(2,A41:K41,FALSE),FALSE)","v":{"$error":"#N/A"}},null,null,null,null,null,null,null,null,null,null,null,{"$f":"IF(ISERROR(N64),N62,N64)","v":0}]

{"sheet":"Options","index":1,"n_rows":3,"n_cols":1,"rows_kept":3,"cut":false,"hidden":true,"merged":[]}
["XC16(low)"]
["XC21(low)"]
["XC25(low)"]

{"sheet":"Calcs","index":2,"n_rows":21,"n_cols":7,"rows_kept":21,"cut":false,"hidden":true,"merged":[[0,4,0,9],[1,4,1,9]]}
[null,null,null,"Condenser :  "]
[null,null,null,"ADP Evaporator:  "]
[null,null,null,"Condenser Entering Air Temperature: ",100,"(°F) Dry Bulb, 85°F to 115°F"]
[null,null,null,"Evaporator Air Flow:",1265,"CFM"]
[null,null,null,"Entering Evaporator Air (DB):  ",77.5,"(°F) Dry Bulb"]
[null,null,null,"Entering Evaporator Air (WB):  ",60.6,"(°F) Wet Bulb, 63°F to 71°F"]
[]
[]
["Total"]
[28.549999999999997,"1200 60.6"]
[]
[null,"Diff 200",{"$f":"A10-A14","v":0.30799999999999983},"Diff 1 cfm",{"$f":"C12/200","v":1.5399999999999991E-3},"  1265 total",{"$f":"A10-(65*E12)","v":28.449899999999996}]
[]
[28.241999999999997,"1400 60.6"]
[]
["Sens"]
[25.319999999999997,"1200 60.6"]
[]
[null,"Diff 200",{"$f":"A17-A21","v":0.55439999999999756},"Diff 1 cfm",{"$f":"C19/200","v":2.771999999999988E-3},"  1265 Sens",{"$f":"A17-(65*E19)","v":25.139819999999997}]
[]
[24.765599999999999,"1400 60.6"]

{"sheet":"XC16(low)_24","index":3,"n_rows":19,"n_cols":45,"rows_kept":19,"cut":false,"hidden":true,"merged":[[130,0,133,0],[120,12,121,12],[120,13,121,13],[120,14,121,14],[120,15,121,15],[122,0,125,0],[126,0,129,0],[119,12,119,13],[119,14,119,15],[120,4,121,4],[120,5,121,5],[120,6,121,6],[120,7,121,7],[120,8,121,8],[120,9,121,9],[120,10,121,10],[120,11,121,11],[119,0,121,0],[119,1,121,1],[119,4,119,5],[119,6,119,7],[119,8,119,9],[119,10,119,11],[111,0,114,0],[117,0,118,1],[117,4,117,15],[118,4,118,5],[118,6,118,7],[118,8,118,9],[118,10,118,11],[118,12,118,13],[118,14,118,15],[101,12,102,12],[101,13,102,13],[101,14,102,14],[101,15,102,15],[103,0,106,0],[107,0,110,0],[100,12,100,13],[100,14,100,15],[101,4,102,4],[101,5,102,5],[101,6,102,6],[101,7,102,7],[101,8,102,8],[101,9,102,9],[101,10,102,10],[101,11,102,11],[100,0,102,0],[100,1,102,1],[100,4,100,5],[100,6,100,7],[100,8,100,9],[100,10,100,11],[92,0,95,0],[98,0,99,1],[98,4,98,15],[99,4,99,5],[99,6,99,7],[99,8,99,9],[99,10,99,11],[99,12,99,13],[99,14,99,15],[82,12,83,12],[82,13,83,13],[82,14,83,14],[82,15,83,15],[84,0,87,0],[88,0,91,0],[81,12,81,13],[81,14,81,15],[82,4,83,4],[82,5,83,5],[82,6,83,6],[82,7,83,7],[82,8,83,8],[82,9,83,9],[82,10,83,10],[82,11,83,11],[81,0,83,0],[81,1,83,1],[81,4,81,5],[81,6,81,7],[81,8,81,9],[81,10,81,11],[73,0,76,0],[79,0,80,1],[79,4,79,15],[80,4,80,5],[80,6,80,7],[80,8,80,9],[80,10,80,11],[80,12,80,13],[80,14,80,15],[63,12,64,12],[63,13,64,13],[63,14,64,14],[63,15,64,15],[65,0,68,0],[69,0,72,0],[62,12,62,13],[62,14,62,15],[63,4,64,4],[63,5,64,5],[63,6,64,6],[63,7,64,7],[63,8,64,8],[63,9,64,9],[63,10,64,10],[63,11,64,11],[62,0,64,0],[62,1,64,1],[62,4,62,5],[62,6,62,7],[62,8,62,9],[62,10,62,11],[54,0,57,0],[60,0,61,1],[60,4,60,15],[61,4,61,5],[61,6,61,7],[61,8,61,9],[61,10,61,11],[61,12,61,13],[61,14,61,15],[44,12,45,12],[44,13,45,13],[44,14,45,14],[44,15,45,15],[46,0,49,0],[50,0,53,0],[43,12,43,13],[43,14,43,15],[44,4,45,4],[44,5,45,5],[44,6,45,6],[44,7,45,7],[44,8,45,8],[44,9,45,9],[44,10,45,10],[44,11,45,11],[43,0,45,0],[43,1,45,1],[43,4,43,5],[43,6,43,7],[43,8,43,9],[43,10,43,11],[35,0,38,0],[41,0,42,1],[41,4,41,15],[42,4,42,5],[42,6,42,7],[42,8,42,9],[42,10,42,11],[42,12,42,13],[42,14,42,15],[25,12,26,12],[25,13,26,13],[25,14,26,14],[25,15,26,15],[27,0,30,0],[31,0,34,0],[24,12,24,13],[24,14,24,15],[25,4,26,4],[25,5,26,5],[25,6,26,6],[25,7,26,7],[25,8,26,8],[25,9,26,9],[25,10,26,10],[25,11,26,11],[24,0,26,0],[24,1,26,1],[24,4,24,5],[24,6,24,7],[24,8,24,9],[24,10,24,11],[7,0,10,0],[11,0,14,0],[15,0,18,0],[22,4,22,15],[23,4,23,5],[23,6,23,7],[23,8,23,9],[23,10,23,11],[23,12,23,13],[23,14,23,15],[5,10,6,10],[5,11,6,11],[5,12,6,12],[5,13,6,13],[5,14,6,14],[5,15,6,15],[4,10,4,11],[4,12,4,13],[4,14,4,15],[5,2,6,2],[5,3,6,3],[5,4,6,4],[5,5,6,5],[5,6,6,6],[5,7,6,7],[5,8,6,8],[4,0,6,0],[4,1,6,1],[4,2,4,3],[4,4,4,5],[4,6,4,7],[4,8,4,9],[5,9,6,9],[2,0,2,1],[2,2,2,15],[3,2,3,3],[3,4,3,5],[3,6,3,7],[3,8,3,9],[3,10,3,11],[3,12,3,13],[3,14,3,15]]}
[]
["XC16(low)_24",26.6]
["Evaporator Air \n",null,"Condenser  Entering Air Temperature ˚F"]
[80,"°F DB",75,null,80,null,85,null,90,null,95,null,100,null,105]
["CFM","EWB†\n˚F","Capacity Mbtuh",null,"Capacity Mbtuh",null,"Capacity Mbtuh",null,"Capacity Mbtuh",null,"Capacity Mbtuh",null,"Capacity Mbtuh",null,"Capacity Mbtuh"]
[null,null,"Total","Sens.","Total","Sens.","Total","Sens.","Total","Sens.","Total","Sens.","Total","Sens.","Total","Sens."]
[null,null,null,null,null,null,null,null,null,null,null,null,null,null,null,null,null,"Total Factors",null,null,null,null,null,null,"Sens. %",null,null,null,null,null,null,"IDB Adj",null,null,null,null,null,null,"Sens Calc"]
[645,71,{"$f":"R8*$B$2","v":23.6},{"$f":"IF(AM8>C8,C8,AM8)","v":14.16},{"$f":"S8*$B$2","v":23.1},{"$f":"IF(AN8>E8,E8,AN8)","v":13.9755},{"$f":"T8*$B$2","v":22.6},{"$f":"IF(AO8>G8,G8,AO8)","v":13.786000000000001},{"$f":"U8*$B$2","v":22},{"$f":"IF(AP8>I8,I8,AP8)","v":13.53},{"$f":"V8*$B$2","v":21.4},{"$f":"IF(AQ8>K8,K8,AQ8)","v":13.267999999999999},{"$f":"W8*$B$2","v":20.7},{"$f":"IF(AR8>M8,M8,AR8)","v":13.041},{"$f":"X8*$B$2","v":20},{"$f":"IF(AS8>O8,O8,AS8)","v":12.8},null,0.88721804511278191,0.86842105263157898,0.84962406015037595,0.82706766917293228,0.80451127819548862,0.77819548872180444,0.75187969924812026,0.6,0.60499999999999998,0.61,0.61499999999999999,0.62,0.63,0.64,1.0244961240310073,1.0027906976744185,0.98108527131782974,0.98821705426356621,0.99534883720930256,0.99379844961240327,0.99224806201550408,{"$f":"Y8*C8+($A$4-80)*AF8*$A$8/1000","v":14.16},{"$f":"Z8*E8+($A$4-80)*AG8*$A$8/1000","v":13.9755},{"$f":"AA8*G8+($A$4-80)*AH8*$A$8/1000","v":13.786000000000001},{"$f":"AB8*I8+($A$4-80)*AI8*$A$8/1000","v":13.53},{"$f":"AC8*K8+($A$4-80)*AJ8*$A$8/1000","v":13.267999999999999},{"$f":"AD8*M8+($A$4-80)*AK8*$A$8/1000","v":13.041},{"$f":"AE8*O8+($A$4-80)*AL8*$A$8/1000","v":12.8}]
[null,67,22.2,16.872,21.7,{"$f":"IF(AN9>E9,E9,AN9)","v":16.709},21.2,{"$f":"IF(AO9>G9,G9,AO9)","v":16.536000000000001},20.6,{"$f":"IF(AP9>I9,I9,AP9)","v":16.274000000000001},20,{"$f":"IF(AQ9>K9,K9,AQ9)","v":16},19.399999999999999,{"$f":"IF(AR9>M9,M9,AR9)","v":15.714},18.8,{"$f":"IF(AS9>O9,O9,AS9)","v":15.416},null,0.83458646616541343,0.81578947368421051,0.79699248120300747,0.77443609022556392,0.75187969924812026,0.7293233082706766,0.70676691729323304,0.76,0.77,0.78,0.79,0.8,0.81,0.82,1.032558139534884,1.0093023255813955,0.98604651162790691,0.9891472868217055,0.99224806201550408,0.99162790697674419,0.99100775193798418,{"$f":"Y9*C9+($A$4-80)*AF9*$A$8/1000","v":16.872},{"$f":"Z9*E9+($A$4-80)*AG9*$A$8/1000","v":16.709},{"$f":"AA9*G9+($A$4-80)*AH9*$A$8/1000","v":16.536000000000001},{"$f":"AB9*I9+($A$4-80)*AI9*$A$8/1000","v":16.274000000000001},{"$f":"AC9*K9+($A$4-80)*AJ9*$A$8/1000","v":16},{"$f":"AD9*M9+($A$4-80)*AK9*$A$8/1000","v":15.714},{"$f":"AE9*O9+($A$4-80)*AL9*$A$8/1000","v":15.416}]
[null,65,21.5,18.274999999999999,21.024999999999999,18.081499999999998,20.549999999999997,17.878499999999999,19.975000000000001,17.627937500000002,19.399999999999999,17.363,18.850000000000001,17.012125000000001,18.3,16.652999999999999,null,0.80827067669172925,0.79041353383458635,0.77255639097744344,0.75093984962406013,0.7293233082706766,0.70864661654135341,0.68796992481203012,0.85,0.86,0.87,0.88250000000000006,0.89500000000000002,0.90250000000000008,0.90999999999999992,0.99999999999999989,0.99333333333333318,0.98666666666666636,0.97457364341085273,0.96248062015503888,0.94976744186046513,0.93705426356589139,18.274999999999999,{"$f":"Z10*E10+($A$4-80)*AG10*$A$8/1000","v":18.081499999999998},{"$f":"AA10*G10+($A$4-80)*AH10*$A$8/1000","v":17.878499999999999},17.627937500000002,17.363,17.012125000000001,16.652999999999999]
[null,63,20.8,19.552,20.350000000000001,19.3325,19.899999999999999,19.103999999999999,19.350000000000001,18.866250000000001,18.8,18.612000000000002,18.3,18.208500000000001,17.8,17.8,null,0.78195488721804507,0.76503759398496241,0.74812030075187963,0.72744360902255645,0.70676691729323304,0.68796992481203012,0.66917293233082709,0.94,0.95,0.96,0.97499999999999998,0.99,0.995,1,0.96744186046511582,0.97736434108527082,0.98728682170542592,0.95999999999999985,0.93271317829457379,0.90790697674418619,0.88310077519379859,19.552,{"$f":"Z11*E11+($A$4-80)*AG11*$A$8/1000","v":19.3325},{"$f":"AA11*G11+($A$4-80)*AH11*$A$8/1000","v":19.103999999999999},{"$f":"AB11*I11+($A$4-80)*AI11*$A$8/1000","v":18.866250000000001},18.612000000000002,18.208500000000001,17.8]
[650,71,23.6,14.16,23.1,13.9755,22.6,13.786000000000001,22,13.53,21.4,13.267999999999999,20.799999999999997,13.103999999999997,20.2,12.927999999999999,null,0.88721804511278191,0.86842105263157898,0.84962406015037595,0.82706766917293228,0.80451127819548862,0.78195488721804496,0.75939849624060141,0.6,0.60499999999999998,0.61,0.61499999999999999,0.62,0.63,0.64,1.0166153846153843,0.99507692307692297,0.9735384615384618,0.98061538461538489,0.98769230769230787,0.9910769230769233,0.99446153846153873,{"$f":"Y12*C12+($A$4-80)*AF12*$A$12/1000","v":14.16},{"$f":"Z12*E12+($A$4-80)*AG12*$A$12/1000","v":13.9755},{"$f":"AA12*G12+($A$4-80)*AH12*$A$12/1000","v":13.786000000000001},{"$f":"AB12*I12+($A$4-80)*AI12*$A$12/1000","v":13.53},{"$f":"AC12*K12+($A$4-80)*AJ12*$A$12/1000","v":13.267999999999999},{"$f":"AD12*M12+($A$4-80)*AK12*$A$12/1000","v":13.103999999999997},{"$f":"AE12*O12+($A$4-80)*AL12*$A$12/1000","v":12.927999999999999}]
[null,67,22.4,17.023999999999997,21.799999999999997,16.785999999999998,21.2,16.536000000000001,20.6,16.274000000000001,20,16,19.45,15.851749999999999,18.899999999999999,15.686999999999998,null,0.84210526315789469,0.81954887218045103,0.79699248120300747,0.77443609022556392,0.75187969924812026,0.73120300751879697,0.71052631578947356,0.76,0.77,0.78,0.79,0.8,0.81499999999999995,0.83,0.96492307692307688,0.97169230769230763,0.97846153846153849,0.98153846153846169,0.98461538461538478,1.0156923076923075,1.0467692307692302,{"$f":"Y13*C13+($A$4-80)*AF13*$A$12/1000","v":17.023999999999997},{"$f":"Z13*E13+($A$4-80)*AG13*$A$12/1000","v":16.785999999999998},{"$f":"AA13*G13+($A$4-80)*AH13*$A$12/1000","v":16.536000000000001},{"$f":"AB13*I13+($A$4-80)*AI13*$A$12/1000","v":16.274000000000001},{"$f":"AC13*K13+($A$4-80)*AJ13*$A$12/1000","v":16},{"$f":"AD13*M13+($A$4-80)*AK13*$A$12/1000","v":15.851749999999999},{"$f":"AE13*O13+($A$4-80)*AL13*$A$12/1000","v":15.686999999999998}]
[null,65,21.7,18.445,21.125,18.220312500000002,20.549999999999997,17.981249999999996,19.975000000000001,17.677875,19.399999999999999,17.363,18.875,17.081875,18.350000000000001,16.79025,null,0.81578947368421051,0.79417293233082698,0.77255639097744344,0.75093984962406013,0.7293233082706766,0.70958646616541354,0.68984962406015038,0.85,0.86250000000000004,0.875,0.88500000000000001,0.89500000000000002,0.90500000000000003,0.91500000000000004,0.96707692307692283,0.97307692307692284,0.97907692307692296,0.96707692307692306,0.95507692307692316,0.9583076923076923,0.96153846153846134,18.445,{"$f":"Z14*E14+($A$4-80)*AG14*$A$12/1000","v":18.220312500000002},{"$f":"AA14*G14+($A$4-80)*AH14*$A$12/1000","v":17.981249999999996},17.677875,17.363,17.081875,16.79025]
[null,63,21,19.739999999999998,20.45,19.52975,19.899999999999999,19.302999999999997,19.350000000000001,18.963000000000001,18.8,18.612000000000002,18.3,18.208500000000001,17.8,17.8,null,0.78947368421052633,0.76879699248120292,0.74812030075187963,0.72744360902255645,0.70676691729323304,0.68796992481203012,0.66917293233082709,0.94,0.95499999999999996,0.97,0.98,0.99,0.995,1,0.96923076923076878,0.97446153846153805,0.97969230769230731,0.95261538461538442,0.92553846153846164,0.90092307692307705,0.87630769230769245,19.739999999999998,{"$f":"Z15*E15+($A$4-80)*AG15*$A$12/1000","v":19.52975},{"$f":"AA15*G15+($A$4-80)*AH15*$A$12/1000","v":19.302999999999997},18.963000000000001,18.612000000000002,18.208500000000001,17.8]
[680,71,24,14.64,23.4,14.390999999999998,22.8,14.136000000000001,22.200000000000003,13.875000000000002,21.6,13.608000000000001,21,13.44,20.399999999999999,13.26,null,0.90225563909774431,0.87969924812030065,0.8571428571428571,0.83458646616541354,0.81203007518796988,0.78947368421052633,0.76691729323308266,0.61,0.61499999999999999,0.62,0.625,0.63,0.64,0.65,0.98823529411764721,0.997058823529412,1.0058823529411767,1.0111764705882353,1.0164705882352942,1.0182352941176471,1.02,{"$f":"Y16*C16+($A$4-80)*AF16*$A$16/1000","v":14.64},{"$f":"Z16*E16+($A$4-80)*AG16*$A$16/1000","v":14.390999999999998},{"$f":"AA16*G16+($A$4-80)*AH16*$A$16/1000","v":14.136000000000001},{"$f":"AB16*I16+($A$4-80)*AI16*$A$16/1000","v":13.875000000000002},{"$f":"AC16*K16+($A$4-80)*AJ16*$A$16/1000","v":13.608000000000001},{"$f":"AD16*M16+($A$4-80)*AK16*$A$16/1000","v":13.44},{"$f":"AE16*O16+($A$4-80)*AL16*$A$16/1000","v":13.26}]
[null,67,22.6,17.402000000000001,22,17.16,21.4,16.905999999999999,20.799999999999997,16.639999999999997,20.2,16.362000000000002,19.649999999999999,16.21125,19.100000000000001,16.044,null,0.84962406015037595,0.82706766917293228,0.80451127819548862,0.78195488721804496,0.75939849624060141,0.73872180451127811,0.71804511278195493,0.77,0.78,0.79,0.8,0.81,0.82499999999999996,0.84,0.99705882352941211,1.0020588235294119,1.0070588235294118,1.0085294117647059,1.01,1.0105882352941176,1.0111764705882351,{"$f":"Y17*C17+($A$4-80)*AF17*$A$16/1000","v":17.402000000000001},{"$f":"Z17*E17+($A$4-80)*AG17*$A$16/1000","v":17.16},{"$f":"AA17*G17+($A$4-80)*AH17*$A$16/1000","v":16.905999999999999},{"$f":"AB17*I17+($A$4-80)*AI17*$A$16/1000","v":16.639999999999997},{"$f":"AC17*K17+($A$4-80)*AJ17*$A$16/1000","v":16.362000000000002},{"$f":"AD17*M17+($A$4-80)*AK17*$A$16/1000","v":16.21125},{"$f":"AE17*O17+($A$4-80)*AL17*$A$16/1000","v":16.044}]
[null,65,21.9,18.9435,21.35,18.681250000000002,20.799999999999997,18.407999999999998,20.224999999999998,18.101374999999997,19.649999999999999,17.783249999999999,19.125,17.451562499999998,18.600000000000001,17.111999999999998,null,0.82330827067669166,0.80263157894736847,0.78195488721804496,0.76033834586466154,0.73872180451127811,0.71898496240601495,0.6992481203007519,0.86499999999999999,0.875,0.88500000000000001,0.89500000000000002,0.90500000000000003,0.91249999999999998,0.91999999999999993,0.99735294117647055,0.9880882352941176,0.97882352941176476,0.96661764705882358,0.95441176470588251,0.903014705882353,0.85161764705882348,18.9435,{"$f":"Z18*E18+($A$4-80)*AG18*$A$16/1000","v":18.681250000000002},{"$f":"AA18*G18+($A$4-80)*AH18*$A$16/1000","v":18.407999999999998},18.101374999999997,17.783249999999999,17.451562499999998,17.111999999999998]
[null,63,21.2,20.352,20.7,20.078999999999997,20.2,19.795999999999999,19.649999999999999,19.453499999999998,19.100000000000001,19.100000000000001,18.600000000000001,18.600000000000001,18.100000000000001,18.100000000000001,null,0.79699248120300747,0.77819548872180444,0.75939849624060141,0.73872180451127811,0.71804511278195493,0.6992481203007519,0.68045112781954886,0.96,0.97,0.98,0.99,1,1,1,0.99764705882352889,0.97411764705882331,0.95058823529411773,0.92470588235294127,0.89882352941176491,0.79544117647058843,0.69205882352941184,20.352,{"$f":"Z19*E19+($A$4-80)*AG19*$A$16/1000","v":20.078999999999997},{"$f":"AA19*G19+($A$4-80)*AH19*$A$16/1000","v":19.795999999999999},19.453499999999998,19.100000000000001,18.600000000000001,18.100000000000001]

{"sheet":"XC16(low)_36","index":4,"n_rows":19,"n_cols":45,"rows_kept":19,"cut":false,"hidden":true,"merged":[[130,0,133,0],[120,12,121,12],[120,13,121,13],[120,14,121,14],[120,15,121,15],[122,0,125,0],[126,0,129,0],[119,12,119,13],[119,14,119,15],[120,4,121,4],[120,5,121,5],[120,6,121,6],[120,7,121,7],[120,8,121,8],[120,9,121,9],[120,10,121,10],[120,11,121,11],[119,0,121,0],[119,1,121,1],[119,4,119,5],[119,6,119,7],[119,8,119,9],[119,10,119,11],[111,0,114,0],[117,0,118,1],[117,4,117,15],[118,4,118,5],[118,6,118,7],[118,8,118,9],[118,10,118,11],[118,12,118,13],[118,14,118,15],[101,12,102,12],[101,13,102,13],[101,14,102,14],[101,15,102,15],[103,0,106,0],[107,0,110,0],[100,12,100,13],[100,14,100,15],[101,4,102,4],[101,5,102,5],[101,6,102,6],[101,7,102,7],[101,8,102,8],[101,9,102,9],[101,10,102,10],[101,11,102,11],[100,0,102,0],[100,1,102,1],[100,4,100,5],[100,6,100,7],[100,8,100,9],[100,10,100,11],[92,0,95,0],[98,0,99,1],[98,4,98,15],[99,4,99,5],[99,6,99,7],[99,8,99,9],[99,10,99,11],[99,12,99,13],[99,14,99,15],[82,12,83,12],[82,13,83,13],[82,14,83,14],[82,15,83,15],[84,0,87,0],[88,0,91,0],[81,12,81,13],[81,14,81,15],[82,4,83,4],[82,5,83,5],[82,6,83,6],[82,7,83,7],[82,8,83,8],[82,9,83,9],[82,10,83,10],[82,11,83,11],[81,0,83,0],[81,1,83,1],[81,4,81,5],[81,6,81,7],[81,8,81,9],[81,10,81,11],[73,0,76,0],[79,0,80,1],[79,4,79,15],[80,4,80,5],[80,6,80,7],[80,8,80,9],[80,10,80,11],[80,12,80,13],[80,14,80,15],[63,12,64,12],[63,13,64,13],[63,14,64,14],[63,15,64,15],[65,0,68,0],[69,0,72,0],[62,12,62,13],[62,14,62,15],[63,4,64,4],[63,5,64,5],[63,6,64,6],[63,7,64,7],[63,8,64,8],[63,9,64,9],[63,10,64,10],[63,11,64,11],[62,0,64,0],[62,1,64,1],[62,4,62,5],[62,6,62,7],[62,8,62,9],[62,10,62,11],[54,0,57,0],[60,0,61,1],[60,4,60,15],[61,4,61,5],[61,6,61,7],[61,8,61,9],[61,10,61,11],[61,12,61,13],[61,14,61,15],[44,12,45,12],[44,13,45,13],[44,14,45,14],[44,15,45,15],[46,0,49,0],[50,0,53,0],[43,12,43,13],[43,14,43,15],[44,4,45,4],[44,5,45,5],[44,6,45,6],[44,7,45,7],[44,8,45,8],[44,9,45,9],[44,10,45,10],[44,11,45,11],[43,0,45,0],[43,1,45,1],[43,4,43,5],[43,6,43,7],[43,8,43,9],[43,10,43,11],[35,0,38,0],[41,0,42,1],[41,4,41,15],[42,4,42,5],[42,6,42,7],[42,8,42,9],[42,10,42,11],[42,12,42,13],[42,14,42,15],[25,12,26,12],[25,13,26,13],[25,14,26,14],[25,15,26,15],[27,0,30,0],[31,0,34,0],[24,12,24,13],[24,14,24,15],[25,4,26,4],[25,5,26,5],[25,6,26,6],[25,7,26,7],[25,8,26,8],[25,9,26,9],[25,10,26,10],[25,11,26,11],[24,0,26,0],[24,1,26,1],[24,4,24,5],[24,6,24,7],[24,8,24,9],[24,10,24,11],[7,0,10,0],[11,0,14,0],[15,0,18,0],[22,4,22,15],[23,4,23,5],[23,6,23,7],[23,8,23,9],[23,10,23,11],[23,12,23,13],[23,14,23,15],[5,10,6,10],[5,11,6,11],[5,12,6,12],[5,13,6,13],[5,14,6,14],[5,15,6,15],[4,10,4,11],[4,12,4,13],[4,14,4,15],[5,2,6,2],[5,3,6,3],[5,4,6,4],[5,5,6,5],[5,6,6,6],[5,7,6,7],[5,8,6,8],[4,0,6,0],[4,1,6,1],[4,2,4,3],[4,4,4,5],[4,6,4,7],[4,8,4,9],[5,9,6,9],[2,0,2,1],[2,2,2,15],[3,2,3,3],[3,4,3,5],[3,6,3,7],[3,8,3,9],[3,10,3,11],[3,12,3,13],[3,14,3,15]]}
[]
["XC17(low)_36",36.799999999999997]
["Evaporator Air \n",null,"Condenser  Entering Air Temperature ˚F"]
[80,"°F DB",75,null,80,null,85,null,90,null,95,null,100,null,105]
["CFM","EWB†\n˚F","Capacity Mbtuh",null,"Capacity Mbtuh",null,"Capacity Mbtuh",null,"Capacity Mbtuh",null,"Capacity Mbtuh",null,"Capacity Mbtuh",null,"Capacity Mbtuh"]
[null,null,"Total","Sens.","Total","Sens.","Total","Sens.","Total","Sens.","Total","Sens.","Total","Sens.","Total","Sens."]
[null,null,null,null,null,null,null,null,null,null,null,null,null,null,null,null,null,"Total Factors",null,null,null,null,null,null,"Sens. %",null,null,null,null,null,null,"IDB Adj",null,null,null,null,null,null,"Sens Calc"]
[700,71,{"$f":"R8*$B$2","v":28.4},{"$f":"IF(AM8>C8,C8,AM8)","v":16.187999999999999},{"$f":"S8*$B$2","v":27.799999999999997},{"$f":"IF(AN8>E8,E8,AN8)","v":15.984999999999998},{"$f":"T8*$B$2","v":27.2},{"$f":"IF(AO8>G8,G8,AO8)","v":15.775999999999998},{"$f":"U8*$B$2","v":26.5},{"$f":"IF(AP8>I8,I8,AP8)","v":15.5025},{"$f":"V8*$B$2","v":25.8},{"$f":"IF(AQ8>K8,K8,AQ8)","v":15.222},{"$f":"W8*$B$2","v":25.1},{"$f":"IF(AR8>M8,M8,AR8)","v":14.9345},{"$f":"X8*$B$2","v":24.4},{"$f":"IF(AS8>O8,O8,AS8)","v":14.639999999999999},null,0.77173913043478259,0.75543478260869568,0.73913043478260876,0.72010869565217395,0.70108695652173925,0.68206521739130443,0.66304347826086962,0.56999999999999995,0.57499999999999996,0.57999999999999996,0.58499999999999996,0.59,0.59499999999999997,0.6,0.9737142857142852,0.99199999999999955,1.0102857142857138,0.98428571428571388,0.95828571428571396,0.96714285714285675,0.97599999999999953,{"$f":"Y8*C8+($A$4-80)*AF8*$A$8/1000","v":16.187999999999999},{"$f":"Z8*E8+($A$4-80)*AG8*$A$8/1000","v":15.984999999999998},{"$f":"AA8*G8+($A$4-80)*AH8*$A$8/1000","v":15.775999999999998},{"$f":"AB8*I8+($A$4-80)*AI8*$A$8/1000","v":15.5025},{"$f":"AC8*K8+($A$4-80)*AJ8*$A$8/1000","v":15.222},{"$f":"AD8*M8+($A$4-80)*AK8*$A$8/1000","v":14.9345},{"$f":"AE8*O8+($A$4-80)*AL8*$A$8/1000","v":14.639999999999999}]
[null,67,26.800000000000004,19.028000000000002,26.3,{"$f":"IF(AN9>E9,E9,AN9)","v":18.936},25.8,{"$f":"IF(AO9>G9,G9,AO9)","v":18.834},25.1,{"$f":"IF(AP9>I9,I9,AP9)","v":18.448499999999999},24.4,{"$f":"IF(AQ9>K9,K9,AQ9)","v":18.055999999999997},23.7,{"$f":"IF(AR9>M9,M9,AR9)","v":17.8935},23,{"$f":"IF(AS9>O9,O9,AS9)","v":17.71},null,0.72826086956521752,0.71467391304347838,0.70108695652173925,0.68206521739130443,0.66304347826086962,0.64402173913043481,0.625,0.71,0.72,0.73,0.73499999999999999,0.74,0.755,0.77,0.91885714285714282,0.93857142857142861,0.95828571428571441,0.9671428571428573,0.97600000000000009,0.98085714285714309,0.98571428571428599,{"$f":"Y9*C9+($A$4-80)*AF9*$A$8/1000","v":19.028000000000002},{"$f":"Z9*E9+($A$4-80)*AG9*$A$8/1000","v":18.936},{"$f":"AA9*G9+($A$4-80)*AH9*$A$8/1000","v":18.834},{"$f":"AB9*I9+($A$4-80)*AI9*$A$8/1000","v":18.448499999999999},{"$f":"AC9*K9+($A$4-80)*AJ9*$A$8/1000","v":18.055999999999997},{"$f":"AD9*M9+($A$4-80)*AK9*$A$8/1000","v":17.8935},{"$f":"AE9*O9+($A$4-80)*AL9*$A$8/1000","v":17.71}]
[null,65,26.1,20.619000000000003,25.549999999999997,20.439999999999998,25,20.25,24.35,19.967000000000002,23.7,19.670999999999999,23,19.434999999999999,22.3,19.178000000000001,null,0.70923913043478271,0.69429347826086951,0.67934782608695654,0.66168478260869579,0.64402173913043481,0.625,0.6059782608695653,0.79,0.8,0.81,0.82000000000000006,0.83000000000000007,0.84499999999999997,0.86,0.93114285714285705,0.94714285714285718,0.9631428571428573,0.9720000000000002,0.98085714285714309,0.98371428571428576,0.98657142857142843,20.619000000000003,{"$f":"Z10*E10+($A$4-80)*AG10*$A$8/1000","v":20.439999999999998},{"$f":"AA10*G10+($A$4-80)*AH10*$A$8/1000","v":20.25},19.967000000000002,19.670999999999999,19.434999999999999,19.178000000000001]
[null,63,25.400000000000002,22.098000000000003,24.799999999999997,21.823999999999998,24.2,21.538,23.6,21.358000000000001,23,21.16,22.3,20.8505,21.6,20.52,null,0.69021739130434789,0.67391304347826086,0.65760869565217395,0.64130434782608703,0.625,0.6059782608695653,0.58695652173913049,0.87,0.88,0.89,0.90500000000000003,0.92,0.93500000000000005,0.95,0.94342857142857139,0.95571428571428574,0.96800000000000008,0.97685714285714309,0.98571428571428599,0.98657142857142843,0.98742857142857099,22.098000000000003,{"$f":"Z11*E11+($A$4-80)*AG11*$A$8/1000","v":21.823999999999998},{"$f":"AA11*G11+($A$4-80)*AH11*$A$8/1000","v":21.538},{"$f":"AB11*I11+($A$4-80)*AI11*$A$8/1000","v":21.358000000000001},21.16,20.8505,20.52]
[785,71,29.2,17.227999999999998,28.5,16.9575,27.799999999999997,16.679999999999996,27.200000000000003,16.456,26.6,16.225999999999999,25.8,15.867000000000001,25,15.5,null,0.7934782608695653,0.77445652173913049,0.75543478260869568,0.73913043478260887,0.72282608695652184,0.70108695652173925,0.67934782608695654,0.59,0.59499999999999997,0.6,0.60499999999999998,0.61,0.61499999999999999,0.62,0.96713375796178302,0.97936305732484041,0.99159235668789791,0.97019108280254773,0.94878980891719766,0.95210191082802564,0.95541401273885362,{"$f":"Y12*C12+($A$4-80)*AF12*$A$12/1000","v":17.227999999999998},{"$f":"Z12*E12+($A$4-80)*AG12*$A$12/1000","v":16.9575},{"$f":"AA12*G12+($A$4-80)*AH12*$A$12/1000","v":16.679999999999996},{"$f":"AB12*I12+($A$4-80)*AI12*$A$12/1000","v":16.456},{"$f":"AC12*K12+($A$4-80)*AJ12*$A$12/1000","v":16.225999999999999},{"$f":"AD12*M12+($A$4-80)*AK12*$A$12/1000","v":15.867000000000001},{"$f":"AE12*O12+($A$4-80)*AL12*$A$12/1000","v":15.5}]
[null,67,27.6,20.423999999999999,27,20.114999999999998,26.399999999999995,19.799999999999997,25.7,19.532,25,19.25,24.3,18.954000000000001,23.6,18.644000000000002,null,0.75000000000000011,0.73369565217391308,0.71739130434782605,0.69836956521739135,0.67934782608695654,0.66032608695652184,0.64130434782608703,0.74,0.745,0.75,0.76,0.77,0.78,0.79,0.98445859872611485,0.96305732484076445,0.94165605095541405,0.94853503184713384,0.95541401273885362,0.92866242038216584,0.90191082802547795,{"$f":"Y13*C13+($A$4-80)*AF13*$A$12/1000","v":20.423999999999999},{"$f":"Z13*E13+($A$4-80)*AG13*$A$12/1000","v":20.114999999999998},{"$f":"AA13*G13+($A$4-80)*AH13*$A$12/1000","v":19.799999999999997},{"$f":"AB13*I13+($A$4-80)*AI13*$A$12/1000","v":19.532},{"$f":"AC13*K13+($A$4-80)*AJ13*$A$12/1000","v":19.25},{"$f":"AD13*M13+($A$4-80)*AK13*$A$12/1000","v":18.954000000000001},{"$f":"AE13*O13+($A$4-80)*AL13*$A$12/1000","v":18.644000000000002}]
[null,65,26.800000000000004,22.110000000000003,26.2,21.811499999999999,25.6,21.504000000000005,24.950000000000003,21.207500000000003,24.3,20.898,23.6,20.591000000000001,22.9,20.266500000000001,null,0.72826086956521752,0.71195652173913049,0.69565217391304357,0.67798913043478271,0.66032608695652184,0.64130434782608703,0.62228260869565222,0.82499999999999996,0.83250000000000002,0.84000000000000008,0.85,0.86,0.87250000000000005,0.88500000000000001,0.98904458598726119,0.96687898089171975,0.94471337579617842,0.93668789808917197,0.9286624203821654,0.91605095541401282,0.90343949044586003,22.110000000000003,{"$f":"Z14*E14+($A$4-80)*AG14*$A$12/1000","v":21.811499999999999},{"$f":"AA14*G14+($A$4-80)*AH14*$A$12/1000","v":21.504000000000005},21.207500000000003,20.898,20.591000000000001,20.266500000000001]
[null,63,26,23.66,25.400000000000002,23.368000000000002,24.8,23.064000000000004,24.200000000000003,22.748000000000001,23.6,22.42,22.9,22.098499999999998,22.2,21.756,null,0.70652173913043481,0.69021739130434789,0.67391304347826098,0.65760869565217406,0.64130434782608703,0.62228260869565222,0.60326086956521741,0.91,0.92,0.93,0.94,0.95,0.96499999999999997,0.98,0.99363057324840764,0.97070063694267517,0.9477707006369428,0.92484076433120999,0.90191082802547717,0.90343949044585969,0.90496815286624221,23.66,{"$f":"Z15*E15+($A$4-80)*AG15*$A$12/1000","v":23.368000000000002},{"$f":"AA15*G15+($A$4-80)*AH15*$A$12/1000","v":23.064000000000004},22.748000000000001,22.42,22.098499999999998,21.756]
[875,71,29.8,17.88,29.200000000000006,17.812000000000005,28.6,17.731999999999999,27.799999999999997,17.375,27,17.010000000000002,26.3,16.700500000000002,25.6,16.384,null,0.80978260869565222,0.79347826086956541,0.77717391304347838,0.75543478260869568,0.73369565217391308,0.71467391304347838,0.69565217391304357,0.6,0.61,0.62,0.625,0.63,0.63500000000000001,0.64,0.88548571428571432,0.93302857142857154,0.98057142857142876,0.95314285714285729,0.92571428571428593,0.93097142857142878,0.93622857142857152,{"$f":"Y16*C16+($A$4-80)*AF16*$A$16/1000","v":17.88},{"$f":"Z16*E16+($A$4-80)*AG16*$A$16/1000","v":17.812000000000005},{"$f":"AA16*G16+($A$4-80)*AH16*$A$16/1000","v":17.731999999999999},{"$f":"AB16*I16+($A$4-80)*AI16*$A$16/1000","v":17.375},{"$f":"AC16*K16+($A$4-80)*AJ16*$A$16/1000","v":17.010000000000002},{"$f":"AD16*M16+($A$4-80)*AK16*$A$16/1000","v":16.700500000000002},{"$f":"AE16*O16+($A$4-80)*AL16*$A$16/1000","v":16.384}]
[null,67,28,21.28,27.4,21.097999999999999,26.800000000000004,20.904000000000003,26.200000000000003,20.698000000000004,25.6,20.480000000000004,24.8,20.212,24,19.919999999999998,null,0.76086956521739135,0.74456521739130432,0.72826086956521752,0.7119565217391306,0.69565217391304357,0.67391304347826098,0.65217391304347827,0.76,0.77,0.78,0.79,0.8,0.81499999999999995,0.83,0.89600000000000002,0.90742857142857147,0.91885714285714293,0.92754285714285722,0.93622857142857152,0.96182857142857126,0.98742857142857099,{"$f":"Y17*C17+($A$4-80)*AF17*$A$16/1000","v":21.28},{"$f":"Z17*E17+($A$4-80)*AG17*$A$16/1000","v":21.097999999999999},{"$f":"AA17*G17+($A$4-80)*AH17*$A$16/1000","v":20.904000000000003},{"$f":"AB17*I17+($A$4-80)*AI17*$A$16/1000","v":20.698000000000004},{"$f":"AC17*K17+($A$4-80)*AJ17*$A$16/1000","v":20.480000000000004},{"$f":"AD17*M17+($A$4-80)*AK17*$A$16/1000","v":20.212},{"$f":"AE17*O17+($A$4-80)*AL17*$A$16/1000","v":19.919999999999998}]
[null,65,27.300000000000004,23.205000000000002,26.7,22.962,26.1,22.707000000000001,25.5,22.50375,24.900000000000002,22.285500000000003,24.15,21.85575,23.4,21.410999999999998,null,0.74184782608695665,0.72554347826086962,0.70923913043478271,0.69293478260869568,0.67663043478260876,0.65625,0.63586956521739135,0.85,0.86,0.87,0.88250000000000006,0.89500000000000002,0.90500000000000003,0.91500000000000004,0.90399999999999969,0.89942857142857113,0.89485714285714257,0.90274285714285707,0.91062857142857156,0.89759999999999995,0.88457142857142845,23.205000000000002,{"$f":"Z18*E18+($A$4-80)*AG18*$A$16/1000","v":22.962},{"$f":"AA18*G18+($A$4-80)*AH18*$A$16/1000","v":22.707000000000001},22.50375,22.285500000000003,21.85575,21.410999999999998]
[null,63,26.6,25.004000000000001,26,24.7,25.400000000000002,24.384,24.799999999999997,24.179999999999996,24.2,23.957999999999998,23.5,23.3825,22.8,22.8,null,0.72282608695652184,0.70652173913043481,0.69021739130434789,0.67391304347826086,0.65760869565217395,0.63858695652173914,0.61956521739130443,0.94,0.95,0.96,0.97499999999999998,0.99,0.995,1,0.91199999999999948,0.89142857142857079,0.87085714285714222,0.87794285714285691,0.88502857142857161,0.83337142857142876,0.78171428571428592,25.004000000000001,{"$f":"Z19*E19+($A$4-80)*AG19*$A$16/1000","v":24.7},{"$f":"AA19*G19+($A$4-80)*AH19*$A$16/1000","v":24.384},24.179999999999996,23.957999999999998,23.3825,22.8]

{"sheet":"XC16(low)_48","index":5,"n_rows":19,"n_cols":45,"rows_kept":19,"cut":false,"hidden":true,"merged":[[130,0,133,0],[120,12,121,12],[120,13,121,13],[120,14,121,14],[120,15,121,15],[122,0,125,0],[126,0,129,0],[119,12,119,13],[119,14,119,15],[120,4,121,4],[120,5,121,5],[120,6,121,6],[120,7,121,7],[120,8,121,8],[120,9,121,9],[120,10,121,10],[120,11,121,11],[119,0,121,0],[119,1,121,1],[119,4,119,5],[119,6,119,7],[119,8,119,9],[119,10,119,11],[111,0,114,0],[117,0,118,1],[117,4,117,15],[118,4,118,5],[118,6,118,7],[118,8,118,9],[118,10,118,11],[118,12,118,13],[118,14,118,15],[101,12,102,12],[101,13,102,13],[101,14,102,14],[101,15,102,15],[103,0,106,0],[107,0,110,0],[100,12,100,13],[100,14,100,15],[101,4,102,4],[101,5,102,5],[101,6,102,6],[101,7,102,7],[101,8,102,8],[101,9,102,9],[101,10,102,10],[101,11,102,11],[100,0,102,0],[100,1,102,1],[100,4,100,5],[100,6,100,7],[100,8,100,9],[100,10,100,11],[92,0,95,0],[98,0,99,1],[98,4,98,15],[99,4,99,5],[99,6,99,7],[99,8,99,9],[99,10,99,11],[99,12,99,13],[99,14,99,15],[82,12,83,12],[82,13,83,13],[82,14,83,14],[82,15,83,15],[84,0,87,0],[88,0,91,0],[81,12,81,13],[81,14,81,15],[82,4,83,4],[82,5,83,5],[82,6,83,6],[82,7,83,7],[82,8,83,8],[82,9,83,9],[82,10,83,10],[82,11,83,11],[81,0,83,0],[81,1,83,1],[81,4,81,5],[81,6,81,7],[81,8,81,9],[81,10,81,11],[73,0,76,0],[79,0,80,1],[79,4,79,15],[80,4,80,5],[80,6,80,7],[80,8,80,9],[80,10,80,11],[80,12,80,13],[80,14,80,15],[63,12,64,12],[63,13,64,13],[63,14,64,14],[63,15,64,15],[65,0,68,0],[69,0,72,0],[62,12,62,13],[62,14,62,15],[63,4,64,4],[63,5,64,5],[63,6,64,6],[63,7,64,7],[63,8,64,8],[63,9,64,9],[63,10,64,10],[63,11,64,11],[62,0,64,0],[62,1,64,1],[62,4,62,5],[62,6,62,7],[62,8,62,9],[62,10,62,11],[54,0,57,0],[60,0,61,1],[60,4,60,15],[61,4,61,5],[61,6,61,7],[61,8,61,9],[61,10,61,11],[61,12,61,13],[61,14,61,15],[44,12,45,12],[44,13,45,13],[44,14,45,14],[44,15,45,15],[46,0,49,0],[50,0,53,0],[43,12,43,13],[43,14,43,15],[44,4,45,4],[44,5,45,5],[44,6,45,6],[44,7,45,7],[44,8,45,8],[44,9,45,9],[44,10,45,10],[44,11,45,11],[43,0,45,0],[43,1,45,1],[43,4,43,5],[43,6,43,7],[43,8,43,9],[43,10,43,11],[35,0,38,0],[41,0,42,1],[41,4,41,15],[42,4,42,5],[42,6,42,7],[42,8,42,9],[42,10,42,11],[42,12,42,13],[42,14,42,15],[25,12,26,12],[25,13,26,13],[25,14,26,14],[25,15,26,15],[27,0,30,0],[31,0,34,0],[24,12,24,13],[24,14,24,15],[25,4,26,4],[25,5,26,5],[25,6,26,6],[25,7,26,7],[25,8,26,8],[25,9,26,9],[25,10,26,10],[25,11,26,11],[24,0,26,0],[24,1,26,1],[24,4,24,5],[24,6,24,7],[24,8,24,9],[24,10,24,11],[7,0,10,0],[11,0,14,0],[15,0,18,0],[22,4,22,15],[23,4,23,5],[23,6,23,7],[23,8,23,9],[23,10,23,11],[23,12,23,13],[23,14,23,15],[5,10,6,10],[5,11,6,11],[5,12,6,12],[5,13,6,13],[5,14,6,14],[5,15,6,15],[4,10,4,11],[4,12,4,13],[4,14,4,15],[5,2,6,2],[5,3,6,3],[5,4,6,4],[5,5,6,5],[5,6,6,6],[5,7,6,7],[5,8,6,8],[4,0,6,0],[4,1,6,1],[4,2,4,3],[4,4,4,5],[4,6,4,7],[4,8,4,9],[5,9,6,9],[2,0,2,1],[2,2,2,15],[3,2,3,3],[3,4,3,5],[3,6,3,7],[3,8,3,9],[3,10,3,11],[3,12,3,13],[3,14,3,15]]}
[]
["XC17(low)_48",49]
["Evaporator Air \n",null,"Condenser  Entering Air Temperature ˚F"]
[80,"°F DB",75,null,80,null,85,null,90,null,95,null,100,null,105]
["CFM","EWB†\n˚F","Capacity Mbtuh",null,"Capacity Mbtuh",null,"Capacity Mbtuh",null,"Capacity Mbtuh",null,"Capacity Mbtuh",null,"Capacity Mbtuh",null,"Capacity Mbtuh"]
[null,null,"Total","Sens.","Total","Sens.","Total","Sens.","Total","Sens.","Total","Sens.","Total","Sens.","Total","Sens."]
[null,null,null,null,null,null,null,null,null,null,null,null,null,null,null,null,null,"Total Factors",null,null,null,null,null,null,"Sens. %",null,null,null,null,null,null,"IDB Adj",null,null,null,null,null,null,"Sens Calc"]
[1050,71,{"$f":"R8*$B$2","v":41},{"$f":"IF(AM8>C8,C8,AM8)","v":24.189999999999998},{"$f":"S8*$B$2","v":40.25},{"$f":"IF(AN8>E8,E8,AN8)","v":23.94875},{"$f":"T8*$B$2","v":39.5},{"$f":"IF(AO8>G8,G8,AO8)","v":23.7},{"$f":"U8*$B$2","v":38.549999999999997},{"$f":"IF(AP8>I8,I8,AP8)","v":23.322749999999999},{"$f":"V8*$B$2","v":37.6},{"$f":"IF(AQ8>K8,K8,AQ8)","v":22.936},{"$f":"W8*$B$2","v":36.6},{"$f":"IF(AR8>M8,M8,AR8)","v":22.692},{"$f":"X8*$B$2","v":35.6},{"$f":"IF(AS8>O8,O8,AS8)","v":22.428000000000001},null,0.83673469387755106,0.8214285714285714,0.80612244897959184,0.78673469387755102,0.76734693877551019,0.74693877551020416,0.72653061224489801,0.59,0.59499999999999997,0.6,0.60499999999999998,0.61,0.62,0.63,1.0152380952380948,0.99666666666666637,0.97809523809523802,0.95457142857142863,0.93104761904761923,0.97409523809523835,1.0171428571428573,{"$f":"Y8*C8+($A$4-80)*AF8*$A$8/1000","v":24.189999999999998},{"$f":"Z8*E8+($A$4-80)*AG8*$A$8/1000","v":23.94875},{"$f":"AA8*G8+($A$4-80)*AH8*$A$8/1000","v":23.7},{"$f":"AB8*I8+($A$4-80)*AI8*$A$8/1000","v":23.322749999999999},{"$f":"AC8*K8+($A$4-80)*AJ8*$A$8/1000","v":22.936},{"$f":"AD8*M8+($A$4-80)*AK8*$A$8/1000","v":22.692},{"$f":"AE8*O8+($A$4-80)*AL8*$A$8/1000","v":22.428000000000001}]
[null,67,39,28.86,38.200000000000003,{"$f":"IF(AN9>E9,E9,AN9)","v":28.459000000000003},37.4,{"$f":"IF(AO9>G9,G9,AO9)","v":28.049999999999997},36.5,{"$f":"IF(AP9>I9,I9,AP9)","v":27.740000000000002},35.6,{"$f":"IF(AQ9>K9,K9,AQ9)","v":27.412000000000003},34.6,{"$f":"IF(AR9>M9,M9,AR9)","v":26.988000000000003},33.6,{"$f":"IF(AS9>O9,O9,AS9)","v":26.544000000000004},null,0.79591836734693877,0.7795918367346939,0.76326530612244892,0.74489795918367352,0.72653061224489801,0.70612244897959187,0.68571428571428572,0.74,0.745,0.75,0.76,0.77,0.78,0.79,0.96571428571428564,0.9459047619047618,0.92609523809523808,0.93771428571428572,0.94933333333333347,0.95466666666666677,0.96000000000000019,{"$f":"Y9*C9+($A$4-80)*AF9*$A$8/1000","v":28.86},{"$f":"Z9*E9+($A$4-80)*AG9*$A$8/1000","v":28.459000000000003},{"$f":"AA9*G9+($A$4-80)*AH9*$A$8/1000","v":28.049999999999997},{"$f":"AB9*I9+($A$4-80)*AI9*$A$8/1000","v":27.740000000000002},{"$f":"AC9*K9+($A$4-80)*AJ9*$A$8/1000","v":27.412000000000003},{"$f":"AD9*M9+($A$4-80)*AK9*$A$8/1000","v":26.988000000000003},{"$f":"AE9*O9+($A$4-80)*AL9*$A$8/1000","v":26.544000000000004}]
[null,65,37.9,31.078000000000003,37.15,30.741624999999999,36.4,30.393999999999998,35.5,30.08625,34.6,29.756,33.650000000000006,29.359625000000008,32.700000000000003,28.939500000000002,null,0.77346938775510199,0.75816326530612244,0.74285714285714288,0.72448979591836737,0.70612244897959187,0.68673469387755115,0.66734693877551021,0.82000000000000006,0.82750000000000001,0.83499999999999996,0.84750000000000003,0.86,0.87250000000000005,0.88500000000000001,0.97352380952380946,0.95428571428571429,0.93504761904761913,0.94485714285714284,0.95466666666666655,0.95961904761904759,0.96457142857142886,31.078000000000003,{"$f":"Z10*E10+($A$4-80)*AG10*$A$8/1000","v":30.741624999999999},{"$f":"AA10*G10+($A$4-80)*AH10*$A$8/1000","v":30.393999999999998},30.08625,29.756,29.359625000000008,28.939500000000002]
[null,63,36.799999999999997,33.119999999999997,36.099999999999994,32.850999999999999,35.4,32.567999999999998,34.5,32.2575,33.6,31.919999999999998,32.700000000000003,31.555500000000002,31.8,31.164000000000001,null,0.75102040816326521,0.73673469387755086,0.72244897959183674,0.70408163265306123,0.68571428571428572,0.66734693877551021,0.6489795918367347,0.9,0.91,0.92,0.93500000000000005,0.95,0.96499999999999997,0.98,0.98133333333333339,0.96266666666666678,0.94400000000000006,0.95199999999999985,0.95999999999999963,0.96457142857142852,0.96914285714285742,33.119999999999997,{"$f":"Z11*E11+($A$4-80)*AG11*$A$8/1000","v":32.850999999999999},{"$f":"AA11*G11+($A$4-80)*AH11*$A$8/1000","v":32.567999999999998},{"$f":"AB11*I11+($A$4-80)*AI11*$A$8/1000","v":32.2575},31.919999999999998,31.555500000000002,31.164000000000001]
[1200,71,42.5,25.925000000000001,41.5,25.73,40.5,25.515000000000001,39.5,25.0825,38.5,24.64,37.450000000000003,24.155250000000002,36.4,23.66,null,0.86734693877551017,0.84693877551020413,0.82653061224489799,0.80612244897959184,0.7857142857142857,0.76428571428571435,0.74285714285714288,0.61,0.62,0.63,0.63500000000000001,0.64,0.64500000000000002,0.65,0.92083333333333328,0.96666666666666679,1.0125000000000002,0.98750000000000027,0.96250000000000024,0.96658333333333346,0.97066666666666668,{"$f":"Y12*C12+($A$4-80)*AF12*$A$12/1000","v":25.925000000000001},{"$f":"Z12*E12+($A$4-80)*AG12*$A$12/1000","v":25.73},{"$f":"AA12*G12+($A$4-80)*AH12*$A$12/1000","v":25.515000000000001},{"$f":"AB12*I12+($A$4-80)*AI12*$A$12/1000","v":25.0825},{"$f":"AC12*K12+($A$4-80)*AJ12*$A$12/1000","v":24.64},{"$f":"AD12*M12+($A$4-80)*AK12*$A$12/1000","v":24.155250000000002},{"$f":"AE12*O12+($A$4-80)*AL12*$A$12/1000","v":23.66}]
[null,67,40,30.8,39.25,30.615000000000002,38.5,30.415000000000003,37.549999999999997,30.04,36.6,29.646000000000004,35.5,29.110000000000003,34.4,28.551999999999996,null,0.81632653061224492,0.80102040816326525,0.7857142857142857,0.76632653061224487,0.74693877551020416,0.72448979591836737,0.70204081632653059,0.77,0.78,0.79,0.8,0.81,0.82000000000000006,0.83,0.93333333333333346,0.94791666666666685,0.96250000000000024,0.96925000000000017,0.9760000000000002,0.97533333333333327,0.97466666666666635,{"$f":"Y13*C13+($A$4-80)*AF13*$A$12/1000","v":30.8},{"$f":"Z13*E13+($A$4-80)*AG13*$A$12/1000","v":30.615000000000002},{"$f":"AA13*G13+($A$4-80)*AH13*$A$12/1000","v":30.415000000000003},{"$f":"AB13*I13+($A$4-80)*AI13*$A$12/1000","v":30.04},{"$f":"AC13*K13+($A$4-80)*AJ13*$A$12/1000","v":29.646000000000004},{"$f":"AD13*M13+($A$4-80)*AK13*$A$12/1000","v":29.110000000000003},{"$f":"AE13*O13+($A$4-80)*AL13*$A$12/1000","v":28.551999999999996}]
[null,65,39,33.344999999999999,38.225000000000001,33.160187499999999,37.450000000000003,32.956000000000003,36.524999999999999,32.507249999999999,35.6,32.04,34.6,31.3995,33.599999999999994,30.743999999999996,null,0.79591836734693877,0.78010204081632661,0.76428571428571435,0.74540816326530612,0.72653061224489801,0.70612244897959187,0.68571428571428561,0.85499999999999998,0.86749999999999994,0.88,0.89,0.9,0.90749999999999997,0.91500000000000004,0.90999999999999981,0.93829166666666652,0.96658333333333313,0.95795833333333325,0.94933333333333347,0.90966666666666662,0.86999999999999977,33.344999999999999,{"$f":"Z14*E14+($A$4-80)*AG14*$A$12/1000","v":33.160187499999999},{"$f":"AA14*G14+($A$4-80)*AH14*$A$12/1000","v":32.956000000000003},32.507249999999999,32.04,31.3995,30.743999999999996]
[null,63,38,35.72,37.200000000000003,35.526000000000003,36.4,35.308,35.5,34.79,34.6,34.253999999999998,33.700000000000003,33.531500000000001,32.799999999999997,32.799999999999997,null,0.77551020408163263,0.75918367346938787,0.74285714285714288,0.72448979591836737,0.70612244897959187,0.68775510204081636,0.66938775510204074,0.94,0.95499999999999996,0.97,0.98,0.99,0.995,1,0.88666666666666616,0.92866666666666609,0.97066666666666612,0.94666666666666643,0.92266666666666675,0.84399999999999997,0.7653333333333332,35.72,{"$f":"Z15*E15+($A$4-80)*AG15*$A$12/1000","v":35.526000000000003},{"$f":"AA15*G15+($A$4-80)*AH15*$A$12/1000","v":35.308},34.79,34.253999999999998,33.531500000000001,32.799999999999997]
[1350,71,43.5,27.84,42.5,27.412500000000001,41.5,26.975000000000001,40.5,26.5275,39.5,26.07,38.25,25.627500000000001,37,25.16,null,0.88775510204081631,0.86734693877551017,0.84693877551020413,0.82653061224489799,0.80612244897959184,0.78061224489795922,0.75510204081632648,0.64,0.64500000000000002,0.65,0.65500000000000003,0.66,0.67,0.68,0.96666666666666679,0.97518518518518538,0.98370370370370386,0.9892592592592595,0.99481481481481515,0.99074074074074103,0.98666666666666691,{"$f":"Y16*C16+($A$4-80)*AF16*$A$16/1000","v":27.84},{"$f":"Z16*E16+($A$4-80)*AG16*$A$16/1000","v":27.412500000000001},{"$f":"AA16*G16+($A$4-80)*AH16*$A$16/1000","v":26.975000000000001},{"$f":"AB16*I16+($A$4-80)*AI16*$A$16/1000","v":26.5275},{"$f":"AC16*K16+($A$4-80)*AJ16*$A$16/1000","v":26.07},{"$f":"AD16*M16+($A$4-80)*AK16*$A$16/1000","v":25.627500000000001},{"$f":"AE16*O16+($A$4-80)*AL16*$A$16/1000","v":25.16}]
[null,67,41,32.800000000000004,40.25,32.602499999999999,39.5,32.39,38.450000000000003,31.913499999999999,37.4,31.415999999999997,36.299999999999997,31.036499999999997,35.200000000000003,30.624000000000002,null,0.83673469387755106,0.8214285714285714,0.80612244897959184,0.78469387755102049,0.76326530612244892,0.74081632653061213,0.71836734693877558,0.8,0.81,0.82,0.83,0.84,0.85499999999999998,0.87,0.9111111111111112,0.92370370370370347,0.93629629629629585,0.93911111111111067,0.9419259259259255,0.9663703703703701,0.99081481481481459,{"$f":"Y17*C17+($A$4-80)*AF17*$A$16/1000","v":32.800000000000004},{"$f":"Z17*E17+($A$4-80)*AG17*$A$16/1000","v":32.602499999999999},{"$f":"AA17*G17+($A$4-80)*AH17*$A$16/1000","v":32.39},{"$f":"AB17*I17+($A$4-80)*AI17*$A$16/1000","v":31.913499999999999},{"$f":"AC17*K17+($A$4-80)*AJ17*$A$16/1000","v":31.415999999999997},{"$f":"AD17*M17+($A$4-80)*AK17*$A$16/1000","v":31.036499999999997},{"$f":"AE17*O17+($A$4-80)*AL17*$A$16/1000","v":30.624000000000002}]
[null,65,40,35.6,39.225000000000001,35.302500000000002,38.450000000000003,34.9895,37.475000000000001,34.289625000000001,36.5,33.58,35.5,32.926250000000003,34.5,32.2575,null,0.81632653061224492,0.80051020408163265,0.78469387755102049,0.76479591836734695,0.74489795918367352,0.72448979591836737,0.70408163265306123,0.89,0.9,0.90999999999999992,0.91500000000000004,0.91999999999999993,0.92749999999999999,0.93500000000000005,0.91777777777777791,0.91459259259259251,0.91140740740740722,0.87577777777777754,0.84014814814814798,0.80548148148148135,0.77081481481481462,35.6,{"$f":"Z18*E18+($A$4-80)*AG18*$A$16/1000","v":35.302500000000002},{"$f":"AA18*G18+($A$4-80)*AH18*$A$16/1000","v":34.9895},34.289625000000001,33.58,32.926250000000003,32.2575]
[null,63,39,38.22,38.200000000000003,37.818000000000005,37.4,37.4,36.5,36.5,35.6,35.6,34.700000000000003,34.700000000000003,33.799999999999997,33.799999999999997,null,0.79591836734693877,0.7795918367346939,0.76326530612244892,0.74489795918367352,0.72653061224489801,0.7081632653061225,0.68979591836734688,0.98,0.99,1,1,1,1,1,0.92444444444444462,0.90548148148148155,0.88651851851851859,0.81244444444444452,0.73837037037037045,0.64459259259259261,0.55081481481481465,38.22,{"$f":"Z19*E19+($A$4-80)*AG19*$A$16/1000","v":37.818000000000005},{"$f":"AA19*G19+($A$4-80)*AH19*$A$16/1000","v":37.4},36.5,35.6,34.700000000000003,33.799999999999997]

{"sheet":"XC16(low)_60","index":6,"n_rows":19,"n_cols":45,"rows_kept":19,"cut":false,"hidden":true,"merged":[[130,0,133,0],[120,12,121,12],[120,13,121,13],[120,14,121,14],[120,15,121,15],[122,0,125,0],[126,0,129,0],[119,12,119,13],[119,14,119,15],[120,4,121,4],[120,5,121,5],[120,6,121,6],[120,7,121,7],[120,8,121,8],[120,9,121,9],[120,10,121,10],[120,11,121,11],[119,0,121,0],[119,1,121,1],[119,4,119,5],[119,6,119,7],[119,8,119,9],[119,10,119,11],[111,0,114,0],[117,0,118,1],[117,4,117,15],[118,4,118,5],[118,6,118,7],[118,8,118,9],[118,10,118,11],[118,12,118,13],[118,14,118,15],[101,12,102,12],[101,13,102,13],[101,14,102,14],[101,15,102,15],[103,0,106,0],[107,0,110,0],[100,12,100,13],[100,14,100,15],[101,4,102,4],[101,5,102,5],[101,6,102,6],[101,7,102,7],[101,8,102,8],[101,9,102,9],[101,10,102,10],[101,11,102,11],[100,0,102,0],[100,1,102,1],[100,4,100,5],[100,6,100,7],[100,8,100,9],[100,10,100,11],[92,0,95,0],[98,0,99,1],[98,4,98,15],[99,4,99,5],[99,6,99,7],[99,8,99,9],[99,10,99,11],[99,12,99,13],[99,14,99,15],[82,12,83,12],[82,13,83,13],[82,14,83,14],[82,15,83,15],[84,0,87,0],[88,0,91,0],[81,12,81,13],[81,14,81,15],[82,4,83,4],[82,5,83,5],[82,6,83,6],[82,7,83,7],[82,8,83,8],[82,9,83,9],[82,10,83,10],[82,11,83,11],[81,0,83,0],[81,1,83,1],[81,4,81,5],[81,6,81,7],[81,8,81,9],[81,10,81,11],[73,0,76,0],[79,0,80,1],[79,4,79,15],[80,4,80,5],[80,6,80,7],[80,8,80,9],[80,10,80,11],[80,12,80,13],[80,14,80,15],[63,12,64,12],[63,13,64,13],[63,14,64,14],[63,15,64,15],[65,0,68,0],[69,0,72,0],[62,12,62,13],[62,14,62,15],[63,4,64,4],[63,5,64,5],[63,6,64,6],[63,7,64,7],[63,8,64,8],[63,9,64,9],[63,10,64,10],[63,11,64,11],[62,0,64,0],[62,1,64,1],[62,4,62,5],[62,6,62,7],[62,8,62,9],[62,10,62,11],[54,0,57,0],[60,0,61,1],[60,4,60,15],[61,4,61,5],[61,6,61,7],[61,8,61,9],[61,10,61,11],[61,12,61,13],[61,14,61,15],[44,12,45,12],[44,13,45,13],[44,14,45,14],[44,15,45,15],[46,0,49,0],[50,0,53,0],[43,12,43,13],[43,14,43,15],[44,4,45,4],[44,5,45,5],[44,6,45,6],[44,7,45,7],[44,8,45,8],[44,9,45,9],[44,10,45,10],[44,11,45,11],[43,0,45,0],[43,1,45,1],[43,4,43,5],[43,6,43,7],[43,8,43,9],[43,10,43,11],[35,0,38,0],[41,0,42,1],[41,4,41,15],[42,4,42,5],[42,6,42,7],[42,8,42,9],[42,10,42,11],[42,12,42,13],[42,14,42,15],[25,12,26,12],[25,13,26,13],[25,14,26,14],[25,15,26,15],[27,0,30,0],[31,0,34,0],[24,12,24,13],[24,14,24,15],[25,4,26,4],[25,5,26,5],[25,6,26,6],[25,7,26,7],[25,8,26,8],[25,9,26,9],[25,10,26,10],[25,11,26,11],[24,0,26,0],[24,1,26,1],[24,4,24,5],[24,6,24,7],[24,8,24,9],[24,10,24,11],[7,0,10,0],[11,0,14,0],[15,0,18,0],[22,4,22,15],[23,4,23,5],[23,6,23,7],[23,8,23,9],[23,10,23,11],[23,12,23,13],[23,14,23,15],[5,10,6,10],[5,11,6,11],[5,12,6,12],[5,13,6,13],[5,14,6,14],[5,15,6,15],[4,10,4,11],[4,12,4,13],[4,14,4,15],[5,2,6,2],[5,3,6,3],[5,4,6,4],[5,5,6,5],[5,6,6,6],[5,7,6,7],[5,8,6,8],[4,0,6,0],[4,1,6,1],[4,2,4,3],[4,4,4,5],[4,6,4,7],[4,8,4,9],[5,9,6,9],[2,0,2,1],[2,2,2,15],[3,2,3,3],[3,4,3,5],[3,6,3,7],[3,8,3,9],[3,10,3,11],[3,12,3,13],[3,14,3,15]]}
[]
["XC17(low)_60",61.5]
["Evaporator Air \n",null,"Condenser  Entering Air Temperature ˚F"]
[80,"°F DB",75,null,80,null,85,null,90,null,95,null,100,null,105]
["CFM","EWB†\n˚F","Capacity Mbtuh",null,"Capacity Mbtuh",null,"Capacity Mbtuh",null,"Capacity Mbtuh",null,"Capacity Mbtuh",null,"Capacity Mbtuh",null,"Capacity Mbtuh"]
[null,null,"Total","Sens.","Total","Sens.","Total","Sens.","Total","Sens.","Total","Sens.","Total","Sens.","Total","Sens."]
[null,null,null,null,null,null,null,null,null,null,null,null,null,null,null,null,null,"Total Factors",null,null,null,null,null,null,"Sens. %",null,null,null,null,null,null,"IDB Adj",null,null,null,null,null,null,"Sens Calc"]
[1200,71,{"$f":"R8*$B$2","v":51},{"$f":"IF(AM8>C8,C8,AM8)","v":29.58},{"$f":"S8*$B$2","v":50},{"$f":"IF(AN8>E8,E8,AN8)","v":29.25},{"$f":"T8*$B$2","v":49},{"$f":"IF(AO8>G8,G8,AO8)","v":28.91},{"$f":"U8*$B$2","v":47.75},{"$f":"IF(AP8>I8,I8,AP8)","v":28.411249999999999},{"$f":"V8*$B$2","v":46.5},{"$f":"IF(AQ8>K8,K8,AQ8)","v":27.9},{"$f":"W8*$B$2","v":45.25},{"$f":"IF(AR8>M8,M8,AR8)","v":27.602499999999999},{"$f":"X8*$B$2","v":44},{"$f":"IF(AS8>O8,O8,AS8)","v":27.28},null,0.82926829268292679,0.81300813008130079,0.7967479674796748,0.77642276422764223,0.75609756097560976,0.73577235772357719,0.71544715447154472,0.57999999999999996,0.58499999999999996,0.59,0.59499999999999997,0.6,0.61,0.62,1.0199999999999994,1.0408333333333328,1.0616666666666663,1.0345833333333332,1.0075000000000001,1.0170833333333333,1.0266666666666666,{"$f":"Y8*C8+($A$4-80)*AF8*$A$8/1000","v":29.58},{"$f":"Z8*E8+($A$4-80)*AG8*$A$8/1000","v":29.25},{"$f":"AA8*G8+($A$4-80)*AH8*$A$8/1000","v":28.91},{"$f":"AB8*I8+($A$4-80)*AI8*$A$8/1000","v":28.411249999999999},{"$f":"AC8*K8+($A$4-80)*AJ8*$A$8/1000","v":27.9},{"$f":"AD8*M8+($A$4-80)*AK8*$A$8/1000","v":27.602499999999999},{"$f":"AE8*O8+($A$4-80)*AL8*$A$8/1000","v":27.28}]
[null,67,48.5,35.405000000000001,47.25,{"$f":"IF(AN9>E9,E9,AN9)","v":34.728749999999998},46,{"$f":"IF(AO9>G9,G9,AO9)","v":34.04},45,{"$f":"IF(AP9>I9,I9,AP9)","v":33.75},44,{"$f":"IF(AQ9>K9,K9,AQ9)","v":33.44},42.75,{"$f":"IF(AR9>M9,M9,AR9)","v":32.917500000000004},41.5,{"$f":"IF(AS9>O9,O9,AS9)","v":32.370000000000005},null,0.78861788617886175,0.76829268292682928,0.74796747967479671,0.73170731707317072,0.71544715447154472,0.69512195121951215,0.67479674796747968,0.73,0.73499999999999999,0.74,0.75,0.76,0.77,0.78,1.0508333333333335,1.0620833333333333,1.0733333333333333,1.0499999999999998,1.0266666666666666,1.0320833333333335,1.0375000000000001,{"$f":"Y9*C9+($A$4-80)*AF9*$A$8/1000","v":35.405000000000001},{"$f":"Z9*E9+($A$4-80)*AG9*$A$8/1000","v":34.728749999999998},{"$f":"AA9*G9+($A$4-80)*AH9*$A$8/1000","v":34.04},{"$f":"AB9*I9+($A$4-80)*AI9*$A$8/1000","v":33.75},{"$f":"AC9*K9+($A$4-80)*AJ9*$A$8/1000","v":33.44},{"$f":"AD9*M9+($A$4-80)*AK9*$A$8/1000","v":32.917500000000004},{"$f":"AE9*O9+($A$4-80)*AL9*$A$8/1000","v":32.370000000000005}]
[null,65,47,38.07,45.875,37.388124999999995,44.75,36.695,43.625,36.317812500000002,42.5,35.912500000000001,41.375,35.479062500000005,40.25,35.017499999999998,null,0.76422764227642281,0.74593495934959353,0.72764227642276424,0.70934959349593496,0.69105691056910568,0.67276422764227639,0.65447154471544711,0.81,0.81499999999999995,0.82000000000000006,0.83250000000000002,0.84499999999999997,0.85750000000000004,0.87,1.0562500000000004,1.0320833333333335,1.0079166666666666,1.016875,1.0258333333333334,1.0160416666666667,1.0062499999999996,38.07,{"$f":"Z10*E10+($A$4-80)*AG10*$A$8/1000","v":37.388124999999995},{"$f":"AA10*G10+($A$4-80)*AH10*$A$8/1000","v":36.695},36.317812500000002,35.912500000000001,35.479062500000005,35.017499999999998]
[null,63,45.5,40.494999999999997,44.5,39.827500000000001,43.5,39.15,42.25,38.658750000000005,41,38.130000000000003,40,37.800000000000004,39,37.44,null,0.73983739837398377,0.72357723577235777,0.70731707317073167,0.68699186991869921,0.66666666666666663,0.65040650406504064,0.63414634146341464,0.89,0.89500000000000002,0.9,0.91500000000000004,0.93,0.94500000000000006,0.96,1.061666666666667,1.0020833333333334,0.9425,0.98375000000000012,1.0250000000000001,0.99999999999999978,0.97499999999999942,40.494999999999997,{"$f":"Z11*E11+($A$4-80)*AG11*$A$8/1000","v":39.827500000000001},{"$f":"AA11*G11+($A$4-80)*AH11*$A$8/1000","v":39.15},{"$f":"AB11*I11+($A$4-80)*AI11*$A$8/1000","v":38.658750000000005},38.130000000000003,37.800000000000004,37.44]
[1350,71,52.5,31.5,51.5,31.157499999999999,50.5,30.805,49.25,30.28875,48,29.759999999999998,46.5,29.295000000000002,45,28.8,null,0.85365853658536583,0.83739837398373984,0.82113821138211385,0.80081300813008127,0.78048780487804881,0.75609756097560976,0.73170731707317072,0.6,0.60499999999999998,0.61,0.61499999999999999,0.62,0.63,0.64,1.0111111111111111,1.0292592592592593,1.0474074074074076,1.0214814814814814,0.99555555555555553,0.99777777777777776,1,{"$f":"Y12*C12+($A$4-80)*AF12*$A$12/1000","v":31.5},{"$f":"Z12*E12+($A$4-80)*AG12*$A$12/1000","v":31.157499999999999},{"$f":"AA12*G12+($A$4-80)*AH12*$A$12/1000","v":30.805},{"$f":"AB12*I12+($A$4-80)*AI12*$A$12/1000","v":30.28875},{"$f":"AC12*K12+($A$4-80)*AJ12*$A$12/1000","v":29.759999999999998},{"$f":"AD12*M12+($A$4-80)*AK12*$A$12/1000","v":29.295000000000002},{"$f":"AE12*O12+($A$4-80)*AL12*$A$12/1000","v":28.8}]
[null,67,50,37.5,48.75,37.049999999999997,47.5,36.575000000000003,46.25,36.075000000000003,45,35.550000000000004,43.75,35,42.5,34.425000000000004,null,0.81300813008130079,0.79268292682926833,0.77235772357723576,0.75203252032520329,0.73170731707317072,0.71138211382113825,0.69105691056910568,0.75,0.76,0.77,0.78,0.79,0.8,0.81,0.96296296296296302,0.97407407407407409,0.98518518518518527,0.99259259259259269,1,1.0037037037037038,1.0074074074074075,{"$f":"Y13*C13+($A$4-80)*AF13*$A$12/1000","v":37.5},{"$f":"Z13*E13+($A$4-80)*AG13*$A$12/1000","v":37.049999999999997},{"$f":"AA13*G13+($A$4-80)*AH13*$A$12/1000","v":36.575000000000003},{"$f":"AB13*I13+($A$4-80)*AI13*$A$12/1000","v":36.075000000000003},{"$f":"AC13*K13+($A$4-80)*AJ13*$A$12/1000","v":35.550000000000004},{"$f":"AD13*M13+($A$4-80)*AK13*$A$12/1000","v":35},{"$f":"AE13*O13+($A$4-80)*AL13*$A$12/1000","v":34.425000000000004}]
[null,65,48.5,40.497499999999995,47.25,40.044375000000002,46,39.56,44.875,39.041249999999998,43.75,38.5,42.5,37.931250000000006,41.25,37.331250000000004,null,0.78861788617886175,0.76829268292682928,0.74796747967479671,0.72967479674796742,0.71138211382113825,0.69105691056910568,0.67073170731707321,0.83499999999999996,0.84750000000000003,0.86,0.87,0.88,0.89250000000000007,0.90500000000000003,0.96888888888888902,0.97796296296296292,0.98703703703703682,0.97962962962962963,0.97222222222222232,0.97500000000000009,0.97777777777777797,40.497499999999995,{"$f":"Z14*E14+($A$4-80)*AG14*$A$12/1000","v":40.044375000000002},{"$f":"AA14*G14+($A$4-80)*AH14*$A$12/1000","v":39.56},39.041249999999998,38.5,37.931250000000006,37.331250000000004]
[null,63,47,43.24,45.75,42.776250000000005,44.5,42.274999999999999,43.5,41.76,42.5,41.225000000000001,41.25,40.631250000000001,40,40,null,0.76422764227642281,0.74390243902439024,0.72357723577235777,0.70731707317073167,0.69105691056910568,0.67073170731707321,0.65040650406504064,0.92,0.93500000000000005,0.95,0.96,0.97,0.98499999999999999,1,0.97481481481481502,0.98185185185185175,0.98888888888888837,0.96666666666666645,0.94444444444444453,0.94629629629629641,0.94814814814814841,43.24,{"$f":"Z15*E15+($A$4-80)*AG15*$A$12/1000","v":42.776250000000005},{"$f":"AA15*G15+($A$4-80)*AH15*$A$12/1000","v":42.274999999999999},41.76,41.225000000000001,40.631250000000001,40]
[1500,71,54,33.479999999999997,52.75,32.96875,51.5,32.445,50.25,31.908750000000001,49,31.36,47.5,30.875,46,30.360000000000003,null,0.87804878048780488,0.85772357723577231,0.83739837398373984,0.81707317073170727,0.7967479674796748,0.77235772357723576,0.74796747967479671,0.62,0.625,0.63,0.63500000000000001,0.64,0.65,0.66,1.008,1.0190000000000001,1.0300000000000002,1.0050000000000003,0.9800000000000002,0.9806666666666668,0.98133333333333339,{"$f":"Y16*C16+($A$4-80)*AF16*$A$16/1000","v":33.479999999999997},{"$f":"Z16*E16+($A$4-80)*AG16*$A$16/1000","v":32.96875},{"$f":"AA16*G16+($A$4-80)*AH16*$A$16/1000","v":32.445},{"$f":"AB16*I16+($A$4-80)*AI16*$A$16/1000","v":31.908750000000001},{"$f":"AC16*K16+($A$4-80)*AJ16*$A$16/1000","v":31.36},{"$f":"AD16*M16+($A$4-80)*AK16*$A$16/1000","v":30.875},{"$f":"AE16*O16+($A$4-80)*AL16*$A$16/1000","v":30.360000000000003}]
[null,67,51,39.78,49.75,39.302500000000002,48.5,38.800000000000004,47.25,38.272500000000001,46,37.72,44.75,37.366250000000001,43.5,36.975000000000001,null,0.82926829268292679,0.80894308943089432,0.78861788617886175,0.76829268292682928,0.74796747967479671,0.72764227642276424,0.70731707317073167,0.78,0.79,0.8,0.81,0.82,0.83499999999999996,0.85,1.02,1.0273333333333334,1.0346666666666668,1.0079999999999998,0.98133333333333272,1.0126666666666662,1.0439999999999996,{"$f":"Y17*C17+($A$4-80)*AF17*$A$16/1000","v":39.78},{"$f":"Z17*E17+($A$4-80)*AG17*$A$16/1000","v":39.302500000000002},{"$f":"AA17*G17+($A$4-80)*AH17*$A$16/1000","v":38.800000000000004},{"$f":"AB17*I17+($A$4-80)*AI17*$A$16/1000","v":38.272500000000001},{"$f":"AC17*K17+($A$4-80)*AJ17*$A$16/1000","v":37.72},{"$f":"AD17*M17+($A$4-80)*AK17*$A$16/1000","v":37.366250000000001},{"$f":"AE17*O17+($A$4-80)*AL17*$A$16/1000","v":36.975000000000001}]
[null,65,49.5,43.064999999999998,48.375,42.57,47.25,42.052500000000002,46,41.4,44.75,40.722499999999997,43.5,39.911250000000003,42.25,39.081250000000004,null,0.80487804878048785,0.78658536585365857,0.76829268292682928,0.74796747967479671,0.72764227642276424,0.70731707317073167,0.68699186991869921,0.87,0.88,0.89,0.9,0.90999999999999992,0.91749999999999998,0.92500000000000004,1.0219999999999998,1.0149999999999999,1.008,0.96683333333333321,0.92566666666666642,0.90149999999999975,0.87733333333333319,43.064999999999998,{"$f":"Z18*E18+($A$4-80)*AG18*$A$16/1000","v":42.57},{"$f":"AA18*G18+($A$4-80)*AH18*$A$16/1000","v":42.052500000000002},41.4,40.722499999999997,39.911250000000003,39.081250000000004]
[null,63,48,46.08,47,45.589999999999996,46,45.08,44.75,44.302500000000002,43.5,43.5,42.25,42.25,41,41,null,0.78048780487804881,0.76422764227642281,0.74796747967479671,0.72764227642276424,0.70731707317073167,0.68699186991869921,0.66666666666666663,0.96,0.97,0.98,0.99,1,1,1,1.0239999999999996,1.0026666666666664,0.98133333333333339,0.92566666666666675,0.87000000000000011,0.79033333333333344,0.71066666666666678,46.08,{"$f":"Z19*E19+($A$4-80)*AG19*$A$16/1000","v":45.589999999999996},{"$f":"AA19*G19+($A$4-80)*AH19*$A$16/1000","v":45.08},44.302500000000002,43.5,42.25,41]

{"sheet":"XC21(low)_24","index":7,"n_rows":19,"n_cols":45,"rows_kept":19,"cut":false,"hidden":true,"merged":[[130,0,133,0],[120,12,121,12],[120,13,121,13],[120,14,121,14],[120,15,121,15],[122,0,125,0],[126,0,129,0],[119,12,119,13],[119,14,119,15],[120,4,121,4],[120,5,121,5],[120,6,121,6],[120,7,121,7],[120,8,121,8],[120,9,121,9],[120,10,121,10],[120,11,121,11],[119,0,121,0],[119,1,121,1],[119,4,119,5],[119,6,119,7],[119,8,119,9],[119,10,119,11],[111,0,114,0],[117,0,118,1],[117,4,117,15],[118,4,118,5],[118,6,118,7],[118,8,118,9],[118,10,118,11],[118,12,118,13],[118,14,118,15],[101,12,102,12],[101,13,102,13],[101,14,102,14],[101,15,102,15],[103,0,106,0],[107,0,110,0],[100,12,100,13],[100,14,100,15],[101,4,102,4],[101,5,102,5],[101,6,102,6],[101,7,102,7],[101,8,102,8],[101,9,102,9],[101,10,102,10],[101,11,102,11],[100,0,102,0],[100,1,102,1],[100,4,100,5],[100,6,100,7],[100,8,100,9],[100,10,100,11],[92,0,95,0],[98,0,99,1],[98,4,98,15],[99,4,99,5],[99,6,99,7],[99,8,99,9],[99,10,99,11],[99,12,99,13],[99,14,99,15],[82,12,83,12],[82,13,83,13],[82,14,83,14],[82,15,83,15],[84,0,87,0],[88,0,91,0],[81,12,81,13],[81,14,81,15],[82,4,83,4],[82,5,83,5],[82,6,83,6],[82,7,83,7],[82,8,83,8],[82,9,83,9],[82,10,83,10],[82,11,83,11],[81,0,83,0],[81,1,83,1],[81,4,81,5],[81,6,81,7],[81,8,81,9],[81,10,81,11],[73,0,76,0],[79,0,80,1],[79,4,79,15],[80,4,80,5],[80,6,80,7],[80,8,80,9],[80,10,80,11],[80,12,80,13],[80,14,80,15],[63,12,64,12],[63,13,64,13],[63,14,64,14],[63,15,64,15],[65,0,68,0],[69,0,72,0],[62,12,62,13],[62,14,62,15],[63,4,64,4],[63,5,64,5],[63,6,64,6],[63,7,64,7],[63,8,64,8],[63,9,64,9],[63,10,64,10],[63,11,64,11],[62,0,64,0],[62,1,64,1],[62,4,62,5],[62,6,62,7],[62,8,62,9],[62,10,62,11],[54,0,57,0],[60,0,61,1],[60,4,60,15],[61,4,61,5],[61,6,61,7],[61,8,61,9],[61,10,61,11],[61,12,61,13],[61,14,61,15],[44,12,45,12],[44,13,45,13],[44,14,45,14],[44,15,45,15],[46,0,49,0],[50,0,53,0],[43,12,43,13],[43,14,43,15],[44,4,45,4],[44,5,45,5],[44,6,45,6],[44,7,45,7],[44,8,45,8],[44,9,45,9],[44,10,45,10],[44,11,45,11],[43,0,45,0],[43,1,45,1],[43,4,43,5],[43,6,43,7],[43,8,43,9],[43,10,43,11],[35,0,38,0],[41,0,42,1],[41,4,41,15],[42,4,42,5],[42,6,42,7],[42,8,42,9],[42,10,42,11],[42,12,42,13],[42,14,42,15],[25,12,26,12],[25,13,26,13],[25,14,26,14],[25,15,26,15],[27,0,30,0],[31,0,34,0],[24,12,24,13],[24,14,24,15],[25,4,26,4],[25,5,26,5],[25,6,26,6],[25,7,26,7],[25,8,26,8],[25,9,26,9],[25,10,26,10],[25,11,26,11],[24,0,26,0],[24,1,26,1],[24,4,24,5],[24,6,24,7],[24,8,24,9],[24,10,24,11],[7,0,10,0],[11,0,14,0],[15,0,18,0],[22,4,22,15],[23,4,23,5],[23,6,23,7],[23,8,23,9],[23,10,23,11],[23,12,23,13],[23,14,23,15],[5,10,6,10],[5,11,6,11],[5,12,6,12],[5,13,6,13],[5,14,6,14],[5,15,6,15],[4,10,4,11],[4,12,4,13],[4,14,4,15],[5,2,6,2],[5,3,6,3],[5,4,6,4],[5,5,6,5],[5,6,6,6],[5,7,6,7],[5,8,6,8],[4,0,6,0],[4,1,6,1],[4,2,4,3],[4,4,4,5],[4,6,4,7],[4,8,4,9],[5,9,6,9],[2,0,2,1],[2,2,2,15],[3,2,3,3],[3,4,3,5],[3,6,3,7],[3,8,3,9],[3,10,3,11],[3,12,3,13],[3,14,3,15]]}
[]
["XC21(low)_24",26.2]
["Evaporator Air \n",null,"Condenser  Entering Air Temperature ˚F"]
[80,"°F DB",75,null,80,null,85,null,90,null,95,null,100,null,105]
["CFM","EWB†\n˚F","Capacity Mbtuh",null,"Capacity Mbtuh",null,"Capacity Mbtuh",null,"Capacity Mbtuh",null,"Capacity Mbtuh",null,"Capacity Mbtuh",null,"Capacity Mbtuh"]
[null,null,"Total","Sens.","Total","Sens.","Total","Sens.","Total","Sens.","Total","Sens.","Total","Sens.","Total","Sens."]
[null,null,null,null,null,null,null,null,null,null,null,null,null,null,null,null,null,"Total Factors",null,null,null,null,null,null,"Sens. %",null,null,null,null,null,null,"IDB Adj",null,null,null,null,null,null,"Sens Calc"]
[525,71,{"$f":"R8*$B$2","v":22.4},{"$f":"IF(AM8>C8,C8,AM8)","v":12.991999999999999},{"$f":"S8*$B$2","v":22},{"$f":"IF(AN8>E8,E8,AN8)","v":12.87},{"$f":"T8*$B$2","v":21.6},{"$f":"IF(AO8>G8,G8,AO8)","v":12.744},{"$f":"U8*$B$2","v":21.1},{"$f":"IF(AP8>I8,I8,AP8)","v":12.554500000000001},{"$f":"V8*$B$2","v":20.6},{"$f":"IF(AQ8>K8,K8,AQ8)","v":12.360000000000001},{"$f":"W8*$B$2","v":19.950000000000003},{"$f":"IF(AR8>M8,M8,AR8)","v":12.069750000000001},{"$f":"X8*$B$2","v":19.3},{"$f":"IF(AS8>O8,O8,AS8)","v":11.773},null,0.85496183206106868,0.83969465648854968,0.82442748091603058,0.80534351145038174,0.78625954198473291,0.76145038167938939,0.73664122137404586,0.57999999999999996,0.58499999999999996,0.59,0.59499999999999997,0.6,0.60499999999999998,0.61,1.0239999999999994,1.0468571428571423,1.0697142857142852,1.0449523809523806,1.0201904761904763,0.98799999999999999,0.95580952380952378,{"$f":"Y8*C8+($A$4-80)*AF8*$A$8/1000","v":12.991999999999999},{"$f":"Z8*E8+($A$4-80)*AG8*$A$8/1000","v":12.87},{"$f":"AA8*G8+($A$4-80)*AH8*$A$8/1000","v":12.744},{"$f":"AB8*I8+($A$4-80)*AI8*$A$8/1000","v":12.554500000000001},{"$f":"AC8*K8+($A$4-80)*AJ8*$A$8/1000","v":12.360000000000001},{"$f":"AD8*M8+($A$4-80)*AK8*$A$8/1000","v":12.069750000000001},{"$f":"AE8*O8+($A$4-80)*AL8*$A$8/1000","v":11.773}]
[null,67,21.4,15.407999999999998,20.9,{"$f":"IF(AN9>E9,E9,AN9)","v":15.256999999999998},20.399999999999999,{"$f":"IF(AO9>G9,G9,AO9)","v":15.095999999999998},19.850000000000001,{"$f":"IF(AP9>I9,I9,AP9)","v":14.788250000000001},19.3,{"$f":"IF(AQ9>K9,K9,AQ9)","v":14.475000000000001},18.75,{"$f":"IF(AR9>M9,M9,AR9)","v":14.34375},18.2,{"$f":"IF(AS9>O9,O9,AS9)","v":14.196},null,0.81679389312977091,0.79770992366412208,0.77862595419847325,0.75763358778625967,0.73664122137404586,0.71564885496183206,0.69465648854961837,0.72,0.73,0.74,0.745,0.75,0.76500000000000001,0.78,0.97828571428571409,0.99428571428571422,1.0102857142857142,0.98304761904761895,0.95580952380952378,0.99790476190476185,1.04,{"$f":"Y9*C9+($A$4-80)*AF9*$A$8/1000","v":15.407999999999998},{"$f":"Z9*E9+($A$4-80)*AG9*$A$8/1000","v":15.256999999999998},{"$f":"AA9*G9+($A$4-80)*AH9*$A$8/1000","v":15.095999999999998},{"$f":"AB9*I9+($A$4-80)*AI9*$A$8/1000","v":14.788250000000001},{"$f":"AC9*K9+($A$4-80)*AJ9*$A$8/1000","v":14.475000000000001},{"$f":"AD9*M9+($A$4-80)*AK9*$A$8/1000","v":14.34375},{"$f":"AE9*O9+($A$4-80)*AL9*$A$8/1000","v":14.196}]
[null,65,20.7,16.559999999999999,20.225000000000001,16.382250000000003,19.75,16.195,19.225000000000001,15.956750000000003,18.700000000000003,15.708000000000004,18.175000000000001,15.539625000000001,17.649999999999999,15.355499999999999,null,0.79007633587786263,0.77194656488549629,0.75381679389312983,0.73377862595419852,0.71374045801526731,0.69370229007633588,0.67366412213740456,0.8,0.81,0.82000000000000006,0.83000000000000007,0.84000000000000008,0.85499999999999998,0.87,0.98438095238095236,0.99942857142857144,1.0144761904761905,1.0047619047619047,0.99504761904761918,1.0180952380952379,1.0411428571428569,16.559999999999999,{"$f":"Z10*E10+($A$4-80)*AG10*$A$8/1000","v":16.382250000000003},{"$f":"AA10*G10+($A$4-80)*AH10*$A$8/1000","v":16.195},15.956750000000003,15.708000000000004,15.539625000000001,15.355499999999999]
[null,63,20,17.600000000000001,19.55,17.3995,19.100000000000001,17.190000000000001,18.600000000000001,17.019000000000002,18.100000000000001,16.833000000000002,17.600000000000001,16.632000000000001,17.100000000000001,16.416,null,0.76335877862595425,0.74618320610687028,0.72900763358778631,0.70992366412213748,0.69083969465648865,0.67175572519083981,0.65267175572519087,0.88,0.89,0.9,0.91500000000000004,0.93,0.94500000000000006,0.96,0.99047619047619051,1.0045714285714287,1.0186666666666668,1.0264761904761905,1.0342857142857145,1.0382857142857143,1.0422857142857138,17.600000000000001,{"$f":"Z11*E11+($A$4-80)*AG11*$A$8/1000","v":17.3995},{"$f":"AA11*G11+($A$4-80)*AH11*$A$8/1000","v":17.190000000000001},{"$f":"AB11*I11+($A$4-80)*AI11*$A$8/1000","v":17.019000000000002},16.833000000000002,16.632000000000001,16.416]
[600,71,23.2,13.92,22.7,13.733499999999999,22.2,13.542,21.7,13.345499999999999,21.2,13.144,20.549999999999997,12.946499999999999,19.899999999999999,12.735999999999999,null,0.8854961832061069,0.86641221374045796,0.84732824427480913,0.8282442748091603,0.80916030534351147,0.78435114503816783,0.75954198473282442,0.6,0.60499999999999998,0.61,0.61499999999999999,0.62,0.63,0.64,1.0053333333333334,1.0206666666666666,1.036,1.0126666666666666,0.9893333333333334,0.99216666666666686,0.99500000000000022,{"$f":"Y12*C12+($A$4-80)*AF12*$A$12/1000","v":13.92},{"$f":"Z12*E12+($A$4-80)*AG12*$A$12/1000","v":13.733499999999999},{"$f":"AA12*G12+($A$4-80)*AH12*$A$12/1000","v":13.542},{"$f":"AB12*I12+($A$4-80)*AI12*$A$12/1000","v":13.345499999999999},{"$f":"AC12*K12+($A$4-80)*AJ12*$A$12/1000","v":13.144},{"$f":"AD12*M12+($A$4-80)*AK12*$A$12/1000","v":12.946499999999999},{"$f":"AE12*O12+($A$4-80)*AL12*$A$12/1000","v":12.735999999999999}]
[null,67,22,16.5,21.5,16.34,21,16.170000000000002,20.45,15.951000000000001,19.899999999999999,15.721,19.299999999999997,15.439999999999998,18.7,15.147,null,0.83969465648854968,0.82061068702290074,0.80152671755725191,0.78053435114503811,0.75954198473282442,0.73664122137404575,0.7137404580152672,0.75,0.76,0.77,0.78,0.79,0.8,0.81,1.0266666666666666,1.0033333333333334,0.9800000000000002,0.98750000000000027,0.99500000000000022,0.99616666666666687,0.9973333333333334,{"$f":"Y13*C13+($A$4-80)*AF13*$A$12/1000","v":16.5},{"$f":"Z13*E13+($A$4-80)*AG13*$A$12/1000","v":16.34},{"$f":"AA13*G13+($A$4-80)*AH13*$A$12/1000","v":16.170000000000002},{"$f":"AB13*I13+($A$4-80)*AI13*$A$12/1000","v":15.951000000000001},{"$f":"AC13*K13+($A$4-80)*AJ13*$A$12/1000","v":15.721},{"$f":"AD13*M13+($A$4-80)*AK13*$A$12/1000","v":15.439999999999998},{"$f":"AE13*O13+($A$4-80)*AL13*$A$12/1000","v":15.147}]
[null,65,21.3,17.785499999999999,20.824999999999999,17.6491875,20.350000000000001,17.501000000000001,19.824999999999999,17.24775,19.299999999999997,16.983999999999998,18.724999999999998,16.712062499999998,18.149999999999999,16.425750000000001,null,0.8129770992366413,0.79484732824427484,0.7767175572519085,0.75667938931297707,0.73664122137404575,0.71469465648854957,0.6927480916030534,0.83499999999999996,0.84750000000000003,0.86,0.87,0.88,0.89250000000000007,0.90500000000000003,0.99399999999999999,0.98824999999999985,0.98249999999999971,0.97375,0.96500000000000008,0.96650000000000014,0.96800000000000019,17.785499999999999,{"$f":"Z14*E14+($A$4-80)*AG14*$A$12/1000","v":17.6491875},{"$f":"AA14*G14+($A$4-80)*AH14*$A$12/1000","v":17.501000000000001},17.24775,16.983999999999998,16.712062499999998,16.425750000000001]
[null,63,20.6,18.952000000000002,20.149999999999999,18.840250000000001,19.7,18.715,19.2,18.431999999999999,18.7,18.138999999999999,18.149999999999999,17.877749999999999,17.600000000000001,17.600000000000001,null,0.78625954198473291,0.76908396946564883,0.75190839694656486,0.73282442748091603,0.7137404580152672,0.6927480916030534,0.67175572519083981,0.92,0.93500000000000005,0.95,0.96,0.97,0.98499999999999999,1,0.96133333333333348,0.9731666666666664,0.98499999999999932,0.95999999999999974,0.93500000000000005,0.93683333333333341,0.93866666666666687,18.952000000000002,{"$f":"Z15*E15+($A$4-80)*AG15*$A$12/1000","v":18.840250000000001},{"$f":"AA15*G15+($A$4-80)*AH15*$A$12/1000","v":18.715},18.431999999999999,18.138999999999999,17.877749999999999,17.600000000000001]
[675,71,23.8,14.756,23.3,14.5625,22.8,14.364000000000001,22.200000000000003,14.208000000000002,21.6,14.040000000000001,21,13.755000000000001,20.399999999999999,13.464,null,0.90839694656488557,0.88931297709923673,0.87022900763358779,0.84732824427480924,0.82442748091603058,0.80152671755725191,0.77862595419847325,0.62,0.625,0.63,0.64,0.65,0.65500000000000003,0.66,0.98725925925925939,1.0002962962962965,1.0133333333333336,1.0186666666666668,1.0240000000000002,0.99555555555555575,0.96711111111111114,{"$f":"Y16*C16+($A$4-80)*AF16*$A$16/1000","v":14.756},{"$f":"Z16*E16+($A$4-80)*AG16*$A$16/1000","v":14.5625},{"$f":"AA16*G16+($A$4-80)*AH16*$A$16/1000","v":14.364000000000001},{"$f":"AB16*I16+($A$4-80)*AI16*$A$16/1000","v":14.208000000000002},{"$f":"AC16*K16+($A$4-80)*AJ16*$A$16/1000","v":14.040000000000001},{"$f":"AD16*M16+($A$4-80)*AK16*$A$16/1000","v":13.755000000000001},{"$f":"AE16*O16+($A$4-80)*AL16*$A$16/1000","v":13.464}]
[null,67,22.6,17.628,22,17.380000000000003,21.4,17.12,20.9,16.928999999999998,20.399999999999999,16.727999999999998,19.799999999999997,16.532999999999998,19.2,16.32,null,0.86259541984732835,0.83969465648854968,0.81679389312977091,0.79770992366412208,0.77862595419847325,0.75572519083969458,0.73282442748091603,0.78,0.79,0.8,0.81,0.82,0.83499999999999996,0.85,0.93748148148148169,0.94429629629629652,0.95111111111111135,0.95911111111111103,0.96711111111111059,0.96711111111111059,0.9671111111111107,{"$f":"Y17*C17+($A$4-80)*AF17*$A$16/1000","v":17.628},{"$f":"Z17*E17+($A$4-80)*AG17*$A$16/1000","v":17.380000000000003},{"$f":"AA17*G17+($A$4-80)*AH17*$A$16/1000","v":17.12},{"$f":"AB17*I17+($A$4-80)*AI17*$A$16/1000","v":16.928999999999998},{"$f":"AC17*K17+($A$4-80)*AJ17*$A$16/1000","v":16.727999999999998},{"$f":"AD17*M17+($A$4-80)*AK17*$A$16/1000","v":16.532999999999998},{"$f":"AE17*O17+($A$4-80)*AL17*$A$16/1000","v":16.32}]
[null,65,21.9,19.052999999999997,21.35,18.841375000000003,20.799999999999997,18.615999999999996,20.299999999999997,18.32075,19.799999999999997,18.017999999999997,19.25,17.661874999999998,18.7,17.297499999999999,null,0.83587786259541985,0.81488549618320616,0.79389312977099225,0.77480916030534341,0.75572519083969458,0.73473282442748089,0.7137404580152672,0.87,0.88250000000000006,0.89500000000000002,0.90250000000000008,0.90999999999999992,0.91749999999999998,0.92500000000000004,0.93985185185185172,0.94711111111111113,0.95437037037037054,0.93229629629629629,0.91022222222222204,0.85866666666666647,0.80711111111111089,19.052999999999997,{"$f":"Z18*E18+($A$4-80)*AG18*$A$16/1000","v":18.841375000000003},{"$f":"AA18*G18+($A$4-80)*AH18*$A$16/1000","v":18.615999999999996},18.32075,18.017999999999997,17.661874999999998,17.297499999999999]
[null,63,21.2,20.352,20.7,20.182499999999997,20.2,19.997999999999998,19.7,19.601499999999998,19.2,19.2,18.7,18.7,18.2,18.2,null,0.80916030534351147,0.79007633587786263,0.77099236641221369,0.75190839694656486,0.73282442748091603,0.7137404580152672,0.69465648854961837,0.96,0.97499999999999998,0.99,0.995,1,1,1,0.94222222222222163,0.94992592592592573,0.95762962962962983,0.90548148148148155,0.85333333333333339,0.75022222222222223,0.64711111111111108,20.352,{"$f":"Z19*E19+($A$4-80)*AG19*$A$16/1000","v":20.182499999999997},{"$f":"AA19*G19+($A$4-80)*AH19*$A$16/1000","v":19.997999999999998},19.601499999999998,19.2,18.7,18.2]

{"sheet":"XC21(low)_36","index":8,"n_rows":19,"n_cols":45,"rows_kept":19,"cut":false,"hidden":true,"merged":[[130,0,133,0],[120,12,121,12],[120,13,121,13],[120,14,121,14],[120,15,121,15],[122,0,125,0],[126,0,129,0],[119,12,119,13],[119,14,119,15],[120,4,121,4],[120,5,121,5],[120,6,121,6],[120,7,121,7],[120,8,121,8],[120,9,121,9],[120,10,121,10],[120,11,121,11],[119,0,121,0],[119,1,121,1],[119,4,119,5],[119,6,119,7],[119,8,119,9],[119,10,119,11],[111,0,114,0],[117,0,118,1],[117,4,117,15],[118,4,118,5],[118,6,118,7],[118,8,118,9],[118,10,118,11],[118,12,118,13],[118,14,118,15],[101,12,102,12],[101,13,102,13],[101,14,102,14],[101,15,102,15],[103,0,106,0],[107,0,110,0],[100,12,100,13],[100,14,100,15],[101,4,102,4],[101,5,102,5],[101,6,102,6],[101,7,102,7],[101,8,102,8],[101,9,102,9],[101,10,102,10],[101,11,102,11],[100,0,102,0],[100,1,102,1],[100,4,100,5],[100,6,100,7],[100,8,100,9],[100,10,100,11],[92,0,95,0],[98,0,99,1],[98,4,98,15],[99,4,99,5],[99,6,99,7],[99,8,99,9],[99,10,99,11],[99,12,99,13],[99,14,99,15],[82,12,83,12],[82,13,83,13],[82,14,83,14],[82,15,83,15],[84,0,87,0],[88,0,91,0],[81,12,81,13],[81,14,81,15],[82,4,83,4],[82,5,83,5],[82,6,83,6],[82,7,83,7],[82,8,83,8],[82,9,83,9],[82,10,83,10],[82,11,83,11],[81,0,83,0],[81,1,83,1],[81,4,81,5],[81,6,81,7],[81,8,81,9],[81,10,81,11],[73,0,76,0],[79,0,80,1],[79,4,79,15],[80,4,80,5],[80,6,80,7],[80,8,80,9],[80,10,80,11],[80,12,80,13],[80,14,80,15],[63,12,64,12],[63,13,64,13],[63,14,64,14],[63,15,64,15],[65,0,68,0],[69,0,72,0],[62,12,62,13],[62,14,62,15],[63,4,64,4],[63,5,64,5],[63,6,64,6],[63,7,64,7],[63,8,64,8],[63,9,64,9],[63,10,64,10],[63,11,64,11],[62,0,64,0],[62,1,64,1],[62,4,62,5],[62,6,62,7],[62,8,62,9],[62,10,62,11],[54,0,57,0],[60,0,61,1],[60,4,60,15],[61,4,61,5],[61,6,61,7],[61,8,61,9],[61,10,61,11],[61,12,61,13],[61,14,61,15],[44,12,45,12],[44,13,45,13],[44,14,45,14],[44,15,45,15],[46,0,49,0],[50,0,53,0],[43,12,43,13],[43,14,43,15],[44,4,45,4],[44,5,45,5],[44,6,45,6],[44,7,45,7],[44,8,45,8],[44,9,45,9],[44,10,45,10],[44,11,45,11],[43,0,45,0],[43,1,45,1],[43,4,43,5],[43,6,43,7],[43,8,43,9],[43,10,43,11],[35,0,38,0],[41,0,42,1],[41,4,41,15],[42,4,42,5],[42,6,42,7],[42,8,42,9],[42,10,42,11],[42,12,42,13],[42,14,42,15],[25,12,26,12],[25,13,26,13],[25,14,26,14],[25,15,26,15],[27,0,30,0],[31,0,34,0],[24,12,24,13],[24,14,24,15],[25,4,26,4],[25,5,26,5],[25,6,26,6],[25,7,26,7],[25,8,26,8],[25,9,26,9],[25,10,26,10],[25,11,26,11],[24,0,26,0],[24,1,26,1],[24,4,24,5],[24,6,24,7],[24,8,24,9],[24,10,24,11],[7,0,10,0],[11,0,14,0],[15,0,18,0],[22,4,22,15],[23,4,23,5],[23,6,23,7],[23,8,23,9],[23,10,23,11],[23,12,23,13],[23,14,23,15],[5,10,6,10],[5,11,6,11],[5,12,6,12],[5,13,6,13],[5,14,6,14],[5,15,6,15],[4,10,4,11],[4,12,4,13],[4,14,4,15],[5,2,6,2],[5,3,6,3],[5,4,6,4],[5,5,6,5],[5,6,6,6],[5,7,6,7],[5,8,6,8],[4,0,6,0],[4,1,6,1],[4,2,4,3],[4,4,4,5],[4,6,4,7],[4,8,4,9],[5,9,6,9],[2,0,2,1],[2,2,2,15],[3,2,3,3],[3,4,3,5],[3,6,3,7],[3,8,3,9],[3,10,3,11],[3,12,3,13],[3,14,3,15]]}
[]
["XC21(low)_36",34.6]
["Evaporator Air \n",null,"Condenser  Entering Air Temperature ˚F"]
[80,"°F DB",75,null,80,null,85,null,90,null,95,null,100,null,105]
["CFM","EWB†\n˚F","Capacity Mbtuh",null,"Capacity Mbtuh",null,"Capacity Mbtuh",null,"Capacity Mbtuh",null,"Capacity Mbtuh",null,"Capacity Mbtuh",null,"Capacity Mbtuh"]
[null,null,"Total","Sens.","Total","Sens.","Total","Sens.","Total","Sens.","Total","Sens.","Total","Sens.","Total","Sens."]
[null,null,null,null,null,null,null,null,null,null,null,null,null,null,null,null,null,"Total Factors",null,null,null,null,null,null,"Sens. %",null,null,null,null,null,null,"IDB Adj",null,null,null,null,null,null,"Sens Calc"]
[790,71,{"$f":"R8*$B$2","v":28.8},{"$f":"IF(AM8>C8,C8,AM8)","v":16.992000000000001},{"$f":"S8*$B$2","v":28.200000000000003},{"$f":"IF(AN8>E8,E8,AN8)","v":16.779},{"$f":"T8*$B$2","v":27.6},{"$f":"IF(AO8>G8,G8,AO8)","v":16.559999999999999},{"$f":"U8*$B$2","v":27.1},{"$f":"IF(AP8>I8,I8,AP8)","v":16.395500000000002},{"$f":"V8*$B$2","v":26.6},{"$f":"IF(AQ8>K8,K8,AQ8)","v":16.225999999999999},{"$f":"W8*$B$2","v":25.9},{"$f":"IF(AR8>M8,M8,AR8)","v":15.9285},{"$f":"X8*$B$2","v":25.2},{"$f":"IF(AS8>O8,O8,AS8)","v":15.623999999999999},null,0.83236994219653182,0.81502890173410414,0.79768786127167635,0.7832369942196532,0.76878612716763006,0.74855491329479762,0.72832369942196529,0.59,0.59499999999999997,0.6,0.60499999999999998,0.61,0.61499999999999999,0.62,0.87493670886075958,0.85670886075949371,0.83848101265822783,0.85696202531645571,0.87544303797468359,0.8524050632911393,0.82936708860759489,{"$f":"Y8*C8+($A$4-80)*AF8*$A$8/1000","v":16.992000000000001},{"$f":"Z8*E8+($A$4-80)*AG8*$A$8/1000","v":16.779},{"$f":"AA8*G8+($A$4-80)*AH8*$A$8/1000","v":16.559999999999999},{"$f":"AB8*I8+($A$4-80)*AI8*$A$8/1000","v":16.395500000000002},{"$f":"AC8*K8+($A$4-80)*AJ8*$A$8/1000","v":16.225999999999999},{"$f":"AD8*M8+($A$4-80)*AK8*$A$8/1000","v":15.9285},{"$f":"AE8*O8+($A$4-80)*AL8*$A$8/1000","v":15.623999999999999}]
[null,67,27.2,19.855999999999998,26.7,{"$f":"IF(AN9>E9,E9,AN9)","v":19.624499999999998},26.2,{"$f":"IF(AO9>G9,G9,AO9)","v":19.387999999999998},25.6,{"$f":"IF(AP9>I9,I9,AP9)","v":19.200000000000003},24.999999999999996,{"$f":"IF(AQ9>K9,K9,AQ9)","v":18.999999999999996},24.4,{"$f":"IF(AR9>M9,M9,AR9)","v":18.788},23.800000000000004,{"$f":"IF(AS9>O9,O9,AS9)","v":18.564000000000004},null,0.78612716763005774,0.7716763005780346,0.75722543352601146,0.73988439306358378,0.72254335260115599,0.7052023121387283,0.68786127167630062,0.73,0.73499999999999999,0.74,0.75,0.76,0.77,0.78,0.82632911392405051,0.81113924050632891,0.79594936708860742,0.8410126582278481,0.88607594936708867,0.86481012658227852,0.84354430379746848,{"$f":"Y9*C9+($A$4-80)*AF9*$A$8/1000","v":19.855999999999998},{"$f":"Z9*E9+($A$4-80)*AG9*$A$8/1000","v":19.624499999999998},{"$f":"AA9*G9+($A$4-80)*AH9*$A$8/1000","v":19.387999999999998},{"$f":"AB9*I9+($A$4-80)*AI9*$A$8/1000","v":19.200000000000003},{"$f":"AC9*K9+($A$4-80)*AJ9*$A$8/1000","v":18.999999999999996},{"$f":"AD9*M9+($A$4-80)*AK9*$A$8/1000","v":18.788},{"$f":"AE9*O9+($A$4-80)*AL9*$A$8/1000","v":18.564000000000004}]
[null,65,26.4,21.251999999999999,25.9,21.043749999999999,25.4,20.827999999999999,24.85,20.625500000000002,24.3,20.412000000000003,23.7,20.204250000000002,23.1,19.9815,null,0.76300578034682076,0.74855491329479762,0.73410404624277448,0.71820809248554918,0.70231213872832365,0.68497109826589586,0.66763005780346818,0.80499999999999994,0.8125,0.82000000000000006,0.83000000000000007,0.84000000000000008,0.85250000000000004,0.86499999999999999,0.83443037974683543,0.81860759493670887,0.8027848101265822,0.83202531645569633,0.86126582278481023,0.85417721518987333,0.84708860759493643,21.251999999999999,{"$f":"Z10*E10+($A$4-80)*AG10*$A$8/1000","v":21.043749999999999},{"$f":"AA10*G10+($A$4-80)*AH10*$A$8/1000","v":20.827999999999999},20.625500000000002,20.412000000000003,20.204250000000002,19.9815]
[null,63,25.6,22.528000000000002,25.1,22.339000000000002,24.6,22.14,24.1,21.931000000000001,23.6,21.712000000000003,23,21.505000000000003,22.4,21.279999999999998,null,0.73988439306358378,0.72543352601156075,0.71098265895953761,0.69653179190751446,0.68208092485549132,0.66473988439306353,0.64739884393063574,0.88,0.89,0.9,0.91,0.92,0.93500000000000005,0.95,0.84253164556962035,0.82607594936708872,0.8096202531645571,0.82303797468354456,0.83645569620253191,0.84354430379746814,0.85063291139240438,22.528000000000002,{"$f":"Z11*E11+($A$4-80)*AG11*$A$8/1000","v":22.339000000000002},{"$f":"AA11*G11+($A$4-80)*AH11*$A$8/1000","v":22.14},{"$f":"AB11*I11+($A$4-80)*AI11*$A$8/1000","v":21.931000000000001},21.712000000000003,21.505000000000003,21.279999999999998]
[900,71,29.6,18.056000000000001,29.1,17.8965,28.6,17.731999999999999,28,17.5,27.4,17.262,26.7,17.088000000000001,26,16.900000000000002,null,0.8554913294797688,0.84104046242774566,0.82658959537572252,0.80924855491329473,0.79190751445086693,0.7716763005780346,0.75144508670520227,0.61,0.61499999999999999,0.62,0.625,0.63,0.64,0.65,0.85511111111111116,0.84066666666666667,0.82622222222222219,0.83933333333333338,0.85244444444444456,0.88844444444444459,0.92444444444444462,{"$f":"Y12*C12+($A$4-80)*AF12*$A$12/1000","v":18.056000000000001},{"$f":"Z12*E12+($A$4-80)*AG12*$A$12/1000","v":17.8965},{"$f":"AA12*G12+($A$4-80)*AH12*$A$12/1000","v":17.731999999999999},{"$f":"AB12*I12+($A$4-80)*AI12*$A$12/1000","v":17.5},{"$f":"AC12*K12+($A$4-80)*AJ12*$A$12/1000","v":17.262},{"$f":"AD12*M12+($A$4-80)*AK12*$A$12/1000","v":17.088000000000001},{"$f":"AE12*O12+($A$4-80)*AL12*$A$12/1000","v":16.900000000000002}]
[null,67,28,21,27.500000000000004,20.900000000000002,27,20.79,26.4,20.46,25.8,20.124000000000002,25.1,19.954500000000003,24.4,19.763999999999999,null,0.80924855491329473,0.7947976878612717,0.78034682080924855,0.76300578034682076,0.74566473988439308,0.72543352601156075,0.7052023121387283,0.75,0.76,0.77,0.77500000000000002,0.78,0.79500000000000004,0.81,0.80888888888888888,0.82444444444444454,0.84000000000000008,0.82133333333333347,0.80266666666666686,0.80800000000000005,0.81333333333333335,{"$f":"Y13*C13+($A$4-80)*AF13*$A$12/1000","v":21},{"$f":"Z13*E13+($A$4-80)*AG13*$A$12/1000","v":20.900000000000002},{"$f":"AA13*G13+($A$4-80)*AH13*$A$12/1000","v":20.79},{"$f":"AB13*I13+($A$4-80)*AI13*$A$12/1000","v":20.46},{"$f":"AC13*K13+($A$4-80)*AJ13*$A$12/1000","v":20.124000000000002},{"$f":"AD13*M13+($A$4-80)*AK13*$A$12/1000","v":19.954500000000003},{"$f":"AE13*O13+($A$4-80)*AL13*$A$12/1000","v":19.763999999999999}]
[null,65,27.2,22.576000000000001,26.7,22.428000000000001,26.2,22.270000000000003,25.65,21.994874999999997,25.1,21.711500000000001,24.45,21.515999999999998,23.799999999999997,21.300999999999998,null,0.78612716763005774,0.7716763005780346,0.75722543352601146,0.74132947976878605,0.72543352601156075,0.70664739884393057,0.68786127167630051,0.83000000000000007,0.84000000000000008,0.85000000000000009,0.85749999999999993,0.86499999999999999,0.88,0.89500000000000002,0.7857777777777778,0.80044444444444451,0.81511111111111112,0.79799999999999993,0.78088888888888874,0.78711111111111109,0.79333333333333345,22.576000000000001,{"$f":"Z14*E14+($A$4-80)*AG14*$A$12/1000","v":22.428000000000001},{"$f":"AA14*G14+($A$4-80)*AH14*$A$12/1000","v":22.270000000000003},21.994874999999997,21.711500000000001,21.515999999999998,21.300999999999998]
[null,63,26.4,24.024000000000001,25.9,23.827999999999999,25.4,23.622,24.9,23.405999999999999,24.4,23.179999999999996,23.799999999999997,22.966999999999995,23.2,22.736000000000001,null,0.76300578034682076,0.74855491329479762,0.73410404624277448,0.71965317919075134,0.7052023121387283,0.68786127167630051,0.67052023121387283,0.91,0.92,0.93,0.94,0.95,0.96499999999999997,0.98,0.76266666666666671,0.77644444444444449,0.79022222222222227,0.77466666666666639,0.75911111111111063,0.76622222222222203,0.77333333333333343,24.024000000000001,{"$f":"Z15*E15+($A$4-80)*AG15*$A$12/1000","v":23.827999999999999},{"$f":"AA15*G15+($A$4-80)*AH15*$A$12/1000","v":23.622},23.405999999999999,23.179999999999996,22.966999999999995,22.736000000000001]
[1015,71,30.4,18.847999999999999,29.9,18.6875,29.4,18.521999999999998,28.699999999999996,18.367999999999999,28,18.2,27.3,17.881500000000003,26.6,17.556000000000001,null,0.87861271676300567,0.86416184971098253,0.8497109826589595,0.82947976878612706,0.80924855491329473,0.78901734104046239,0.76878612716763006,0.62,0.625,0.63,0.64,0.65,0.65500000000000003,0.66,0.77871921182266013,0.76591133004926104,0.75310344827586206,0.79034482758620705,0.82758620689655193,0.8068965517241381,0.78620689655172427,{"$f":"Y16*C16+($A$4-80)*AF16*$A$16/1000","v":18.847999999999999},{"$f":"Z16*E16+($A$4-80)*AG16*$A$16/1000","v":18.6875},{"$f":"AA16*G16+($A$4-80)*AH16*$A$16/1000","v":18.521999999999998},{"$f":"AB16*I16+($A$4-80)*AI16*$A$16/1000","v":18.367999999999999},{"$f":"AC16*K16+($A$4-80)*AJ16*$A$16/1000","v":18.2},{"$f":"AD16*M16+($A$4-80)*AK16*$A$16/1000","v":17.881500000000003},{"$f":"AE16*O16+($A$4-80)*AL16*$A$16/1000","v":17.556000000000001}]
[null,67,28.6,22.308000000000003,28.099999999999998,22.058499999999999,27.6,21.804000000000002,27,21.6,26.4,21.384,25.7,21.202499999999997,24.999999999999996,20.999999999999996,null,0.82658959537572252,0.81213872832369938,0.79768786127167635,0.78034682080924855,0.76300578034682076,0.74277456647398843,0.72254335260115599,0.78,0.78500000000000003,0.79,0.8,0.81,0.82499999999999996,0.84,0.78896551724137942,0.77517241379310353,0.76137931034482775,0.77083743842364538,0.78029556650246312,0.78423645320197033,0.78817733990147743,{"$f":"Y17*C17+($A$4-80)*AF17*$A$16/1000","v":22.308000000000003},{"$f":"Z17*E17+($A$4-80)*AG17*$A$16/1000","v":22.058499999999999},{"$f":"AA17*G17+($A$4-80)*AH17*$A$16/1000","v":21.804000000000002},{"$f":"AB17*I17+($A$4-80)*AI17*$A$16/1000","v":21.6},{"$f":"AC17*K17+($A$4-80)*AJ17*$A$16/1000","v":21.384},{"$f":"AD17*M17+($A$4-80)*AK17*$A$16/1000","v":21.202499999999997},{"$f":"AE17*O17+($A$4-80)*AL17*$A$16/1000","v":20.999999999999996}]
[null,65,27.8,23.908000000000001,27.3,23.682749999999999,26.8,23.45,26.25,23.231249999999999,25.7,23.0015,25.1,22.77825,24.5,22.54,null,0.80346820809248554,0.78901734104046239,0.77456647398843925,0.75867052023121384,0.74277456647398843,0.72543352601156075,0.70809248554913296,0.86,0.86749999999999994,0.875,0.88500000000000001,0.89500000000000002,0.90749999999999997,0.91999999999999993,0.76689655172413773,0.76591133004926093,0.76492610837438413,0.76226600985221671,0.7596059113300494,0.74236453201970443,0.72512315270935934,23.908000000000001,{"$f":"Z18*E18+($A$4-80)*AG18*$A$16/1000","v":23.682749999999999},{"$f":"AA18*G18+($A$4-80)*AH18*$A$16/1000","v":23.45},23.231249999999999,23.0015,22.77825,22.54]
[null,63,27,25.38,26.5,25.174999999999997,26,24.96,25.5,24.734999999999999,24.999999999999996,24.499999999999996,24.5,24.254999999999999,24,24,null,0.78034682080924855,0.76589595375722541,0.75144508670520227,0.73699421965317913,0.72254335260115599,0.70809248554913296,0.69364161849710981,0.94,0.95,0.96,0.97,0.98,0.99,1,0.74482758620689615,0.75665024630541833,0.7684729064039405,0.75369458128078803,0.73891625615763568,0.70049261083743852,0.66206896551724137,25.38,{"$f":"Z19*E19+($A$4-80)*AG19*$A$16/1000","v":25.174999999999997},{"$f":"AA19*G19+($A$4-80)*AH19*$A$16/1000","v":24.96},24.734999999999999,24.499999999999996,24.254999999999999,24]

{"sheet":"XC21(low)_48","index":9,"n_rows":19,"n_cols":45,"rows_kept":19,"cut":false,"hidden":true,"merged":[[130,0,133,0],[120,12,121,12],[120,13,121,13],[120,14,121,14],[120,15,121,15],[122,0,125,0],[126,0,129,0],[119,12,119,13],[119,14,119,15],[120,4,121,4],[120,5,121,5],[120,6,121,6],[120,7,121,7],[120,8,121,8],[120,9,121,9],[120,10,121,10],[120,11,121,11],[119,0,121,0],[119,1,121,1],[119,4,119,5],[119,6,119,7],[119,8,119,9],[119,10,119,11],[111,0,114,0],[117,0,118,1],[117,4,117,15],[118,4,118,5],[118,6,118,7],[118,8,118,9],[118,10,118,11],[118,12,118,13],[118,14,118,15],[101,12,102,12],[101,13,102,13],[101,14,102,14],[101,15,102,15],[103,0,106,0],[107,0,110,0],[100,12,100,13],[100,14,100,15],[101,4,102,4],[101,5,102,5],[101,6,102,6],[101,7,102,7],[101,8,102,8],[101,9,102,9],[101,10,102,10],[101,11,102,11],[100,0,102,0],[100,1,102,1],[100,4,100,5],[100,6,100,7],[100,8,100,9],[100,10,100,11],[92,0,95,0],[98,0,99,1],[98,4,98,15],[99,4,99,5],[99,6,99,7],[99,8,99,9],[99,10,99,11],[99,12,99,13],[99,14,99,15],[82,12,83,12],[82,13,83,13],[82,14,83,14],[82,15,83,15],[84,0,87,0],[88,0,91,0],[81,12,81,13],[81,14,81,15],[82,4,83,4],[82,5,83,5],[82,6,83,6],[82,7,83,7],[82,8,83,8],[82,9,83,9],[82,10,83,10],[82,11,83,11],[81,0,83,0],[81,1,83,1],[81,4,81,5],[81,6,81,7],[81,8,81,9],[81,10,81,11],[73,0,76,0],[79,0,80,1],[79,4,79,15],[80,4,80,5],[80,6,80,7],[80,8,80,9],[80,10,80,11],[80,12,80,13],[80,14,80,15],[63,12,64,12],[63,13,64,13],[63,14,64,14],[63,15,64,15],[65,0,68,0],[69,0,72,0],[62,12,62,13],[62,14,62,15],[63,4,64,4],[63,5,64,5],[63,6,64,6],[63,7,64,7],[63,8,64,8],[63,9,64,9],[63,10,64,10],[63,11,64,11],[62,0,64,0],[62,1,64,1],[62,4,62,5],[62,6,62,7],[62,8,62,9],[62,10,62,11],[54,0,57,0],[60,0,61,1],[60,4,60,15],[61,4,61,5],[61,6,61,7],[61,8,61,9],[61,10,61,11],[61,12,61,13],[61,14,61,15],[44,12,45,12],[44,13,45,13],[44,14,45,14],[44,15,45,15],[46,0,49,0],[50,0,53,0],[43,12,43,13],[43,14,43,15],[44,4,45,4],[44,5,45,5],[44,6,45,6],[44,7,45,7],[44,8,45,8],[44,9,45,9],[44,10,45,10],[44,11,45,11],[43,0,45,0],[43,1,45,1],[43,4,43,5],[43,6,43,7],[43,8,43,9],[43,10,43,11],[35,0,38,0],[41,0,42,1],[41,4,41,15],[42,4,42,5],[42,6,42,7],[42,8,42,9],[42,10,42,11],[42,12,42,13],[42,14,42,15],[25,12,26,12],[25,13,26,13],[25,14,26,14],[25,15,26,15],[27,0,30,0],[31,0,34,0],[24,12,24,13],[24,14,24,15],[25,4,26,4],[25,5,26,5],[25,6,26,6],[25,7,26,7],[25,8,26,8],[25,9,26,9],[25,10,26,10],[25,11,26,11],[24,0,26,0],[24,1,26,1],[24,4,24,5],[24,6,24,7],[24,8,24,9],[24,10,24,11],[7,0,10,0],[11,0,14,0],[15,0,18,0],[22,4,22,15],[23,4,23,5],[23,6,23,7],[23,8,23,9],[23,10,23,11],[23,12,23,13],[23,14,23,15],[5,10,6,10],[5,11,6,11],[5,12,6,12],[5,13,6,13],[5,14,6,14],[5,15,6,15],[4,10,4,11],[4,12,4,13],[4,14,4,15],[5,2,6,2],[5,3,6,3],[5,4,6,4],[5,5,6,5],[5,6,6,6],[5,7,6,7],[5,8,6,8],[4,0,6,0],[4,1,6,1],[4,2,4,3],[4,4,4,5],[4,6,4,7],[4,8,4,9],[5,9,6,9],[2,0,2,1],[2,2,2,15],[3,2,3,3],[3,4,3,5],[3,6,3,7],[3,8,3,9],[3,10,3,11],[3,12,3,13],[3,14,3,15]]}
[]
["XC21(low)_48",50.5]
["Evaporator Air \n",null,"Condenser  Entering Air Temperature ˚F"]
[80,"°F DB",75,null,80,null,85,null,90,null,95,null,100,null,105]
["CFM","EWB†\n˚F","Capacity Mbtuh",null,"Capacity Mbtuh",null,"Capacity Mbtuh",null,"Capacity Mbtuh",null,"Capacity Mbtuh",null,"Capacity Mbtuh",null,"Capacity Mbtuh"]
[null,null,"Total","Sens.","Total","Sens.","Total","Sens.","Total","Sens.","Total","Sens.","Total","Sens.","Total","Sens."]
[null,null,null,null,null,null,null,null,null,null,null,null,null,null,null,null,null,"Total Factors",null,null,null,null,null,null,"Sens. %",null,null,null,null,null,null,"IDB Adj",null,null,null,null,null,null,"Sens Calc"]
[1050,71,{"$f":"R8*$B$2","v":42.5},{"$f":"IF(AM8>C8,C8,AM8)","v":25.5},{"$f":"S8*$B$2","v":41.5},{"$f":"IF(AN8>E8,E8,AN8)","v":24.9},{"$f":"T8*$B$2","v":40.5},{"$f":"IF(AO8>G8,G8,AO8)","v":24.3},{"$f":"U8*$B$2","v":39.5},{"$f":"IF(AP8>I8,I8,AP8)","v":24.094999999999999},{"$f":"V8*$B$2","v":38.5},{"$f":"IF(AQ8>K8,K8,AQ8)","v":23.87},{"$f":"W8*$B$2","v":37.450000000000003},{"$f":"IF(AR8>M8,M8,AR8)","v":23.40625},{"$f":"X8*$B$2","v":36.4},{"$f":"IF(AS8>O8,O8,AS8)","v":22.931999999999999},null,0.84158415841584155,0.82178217821782173,0.80198019801980203,0.78217821782178221,0.76237623762376239,0.74158415841584169,0.72079207920792077,0.6,0.6,0.6,0.61,0.62,0.625,0.63,1.0523809523809524,1.0276190476190479,1.0028571428571431,1.014761904761905,1.0266666666666668,1.0333333333333334,1.04,{"$f":"Y8*C8+($A$4-80)*AF8*$A$8/1000","v":25.5},{"$f":"Z8*E8+($A$4-80)*AG8*$A$8/1000","v":24.9},{"$f":"AA8*G8+($A$4-80)*AH8*$A$8/1000","v":24.3},{"$f":"AB8*I8+($A$4-80)*AI8*$A$8/1000","v":24.094999999999999},{"$f":"AC8*K8+($A$4-80)*AJ8*$A$8/1000","v":23.87},{"$f":"AD8*M8+($A$4-80)*AK8*$A$8/1000","v":23.40625},{"$f":"AE8*O8+($A$4-80)*AL8*$A$8/1000","v":22.931999999999999}]
[null,67,40.5,29.97,39.5,{"$f":"IF(AN9>E9,E9,AN9)","v":29.625},38.5,{"$f":"IF(AO9>G9,G9,AO9)","v":29.26},37.549999999999997,{"$f":"IF(AP9>I9,I9,AP9)","v":28.725749999999998},36.6,{"$f":"IF(AQ9>K9,K9,AQ9)","v":28.182000000000002},35.6,{"$f":"IF(AR9>M9,M9,AR9)","v":27.946000000000002},34.6,{"$f":"IF(AS9>O9,O9,AS9)","v":27.680000000000003},null,0.80198019801980203,0.78217821782178221,0.76237623762376239,0.74356435643564356,0.72475247524752473,0.70495049504950502,0.6851485148514852,0.74,0.75,0.76,0.76500000000000001,0.77,0.78500000000000003,0.8,1.0028571428571431,1.014761904761905,1.0266666666666668,1.0013333333333336,0.9760000000000002,0.98228571428571443,0.98857142857142877,{"$f":"Y9*C9+($A$4-80)*AF9*$A$8/1000","v":29.97},{"$f":"Z9*E9+($A$4-80)*AG9*$A$8/1000","v":29.625},{"$f":"AA9*G9+($A$4-80)*AH9*$A$8/1000","v":29.26},{"$f":"AB9*I9+($A$4-80)*AI9*$A$8/1000","v":28.725749999999998},{"$f":"AC9*K9+($A$4-80)*AJ9*$A$8/1000","v":28.182000000000002},{"$f":"AD9*M9+($A$4-80)*AK9*$A$8/1000","v":27.946000000000002},{"$f":"AE9*O9+($A$4-80)*AL9*$A$8/1000","v":27.680000000000003}]
[null,65,39.25,32.185000000000002,38.35,31.830500000000004,37.450000000000003,31.458000000000006,36.524999999999999,31.046250000000001,35.6,30.616,34.6,30.275000000000002,33.6,29.904000000000003,null,0.77722772277227725,0.75940594059405941,0.74158415841584169,0.72326732673267324,0.70495049504950502,0.6851485148514852,0.66534653465346538,0.82000000000000006,0.83000000000000007,0.84000000000000008,0.85000000000000009,0.86,0.875,0.89,1.0080952380952382,1.0033809523809525,0.99866666666666681,0.99047619047619051,0.98228571428571421,0.98666666666666658,0.99104761904761918,32.185000000000002,{"$f":"Z10*E10+($A$4-80)*AG10*$A$8/1000","v":31.830500000000004},{"$f":"AA10*G10+($A$4-80)*AH10*$A$8/1000","v":31.458000000000006},31.046250000000001,30.616,30.275000000000002,29.904000000000003]
[null,63,38,34.200000000000003,37.200000000000003,33.852000000000004,36.4,33.488,35.5,33.192500000000003,34.6,32.869999999999997,33.6,32.423999999999999,32.6,31.948,null,0.75247524752475248,0.73663366336633673,0.72079207920792077,0.70297029702970293,0.6851485148514852,0.66534653465346538,0.64554455445544556,0.9,0.91,0.92,0.93500000000000005,0.95,0.96499999999999997,0.98,1.0133333333333334,0.9920000000000001,0.97066666666666679,0.97961904761904739,0.9885714285714281,0.99104761904761884,0.99352380952380959,34.200000000000003,{"$f":"Z11*E11+($A$4-80)*AG11*$A$8/1000","v":33.852000000000004},{"$f":"AA11*G11+($A$4-80)*AH11*$A$8/1000","v":33.488},{"$f":"AB11*I11+($A$4-80)*AI11*$A$8/1000","v":33.192500000000003},32.869999999999997,32.423999999999999,31.948]
[1200,71,44,26.84,43,26.66,42,26.46,41,26.035,40,25.6,38.700000000000003,25.155000000000001,37.4,24.684000000000001,null,0.87128712871287128,0.85148514851485146,0.83168316831683164,0.81188118811881194,0.79207920792079212,0.76633663366336635,0.74059405940594059,0.61,0.62,0.63,0.63500000000000001,0.64,0.65,0.66,0.95333333333333348,1.0016666666666667,1.05,1.0250000000000001,1.0000000000000002,0.99866666666666681,0.9973333333333334,{"$f":"Y12*C12+($A$4-80)*AF12*$A$12/1000","v":26.84},{"$f":"Z12*E12+($A$4-80)*AG12*$A$12/1000","v":26.66},{"$f":"AA12*G12+($A$4-80)*AH12*$A$12/1000","v":26.46},{"$f":"AB12*I12+($A$4-80)*AI12*$A$12/1000","v":26.035},{"$f":"AC12*K12+($A$4-80)*AJ12*$A$12/1000","v":25.6},{"$f":"AD12*M12+($A$4-80)*AK12*$A$12/1000","v":25.155000000000001},{"$f":"AE12*O12+($A$4-80)*AL12*$A$12/1000","v":24.684000000000001}]
[null,67,41.5,31.955000000000002,40.75,31.785,40,31.6,38.9,31.12,37.799999999999997,30.617999999999999,36.599999999999994,30.194999999999993,35.4,29.735999999999997,null,0.82178217821782173,0.80693069306930698,0.79207920792079212,0.77029702970297032,0.74851485148514851,0.72475247524752462,0.70099009900990095,0.77,0.78,0.79,0.8,0.81,0.82499999999999996,0.84,0.96833333333333338,0.98416666666666686,1.0000000000000002,1.0040000000000002,1.0080000000000002,1.0054999999999998,1.0029999999999994,{"$f":"Y13*C13+($A$4-80)*AF13*$A$12/1000","v":31.955000000000002},{"$f":"Z13*E13+($A$4-80)*AG13*$A$12/1000","v":31.785},{"$f":"AA13*G13+($A$4-80)*AH13*$A$12/1000","v":31.6},{"$f":"AB13*I13+($A$4-80)*AI13*$A$12/1000","v":31.12},{"$f":"AC13*K13+($A$4-80)*AJ13*$A$12/1000","v":30.617999999999999},{"$f":"AD13*M13+($A$4-80)*AK13*$A$12/1000","v":30.194999999999993},{"$f":"AE13*O13+($A$4-80)*AL13*$A$12/1000","v":29.735999999999997}]
[null,65,40.25,34.41375,39.524999999999999,34.287937499999998,38.799999999999997,34.143999999999998,37.799999999999997,33.641999999999996,36.799999999999997,33.119999999999997,35.65,32.441499999999998,34.5,31.74,null,0.79702970297029707,0.78267326732673259,0.76831683168316822,0.74851485148514851,0.72871287128712869,0.7059405940594059,0.68316831683168322,0.85499999999999998,0.86749999999999994,0.88,0.89,0.9,0.90999999999999992,0.91999999999999993,0.97166666666666646,0.98649999999999982,1.0013333333333332,0.9913333333333334,0.9813333333333335,0.93741666666666656,0.89349999999999974,34.41375,{"$f":"Z14*E14+($A$4-80)*AG14*$A$12/1000","v":34.287937499999998},{"$f":"AA14*G14+($A$4-80)*AH14*$A$12/1000","v":34.143999999999998},33.641999999999996,33.119999999999997,32.441499999999998,31.74]
[null,63,39,36.659999999999997,38.299999999999997,36.576499999999996,37.6,36.472000000000001,36.700000000000003,35.966000000000001,35.799999999999997,35.442,34.700000000000003,34.526500000000006,33.6,33.6,null,0.7722772277227723,0.75841584158415831,0.74455445544554455,0.72673267326732682,0.70891089108910887,0.68712871287128718,0.66534653465346538,0.94,0.95499999999999996,0.97,0.98,0.99,0.995,1,0.97499999999999942,0.98883333333333279,1.0026666666666662,0.97866666666666646,0.95466666666666677,0.8693333333333334,0.78400000000000003,36.659999999999997,{"$f":"Z15*E15+($A$4-80)*AG15*$A$12/1000","v":36.576499999999996},{"$f":"AA15*G15+($A$4-80)*AH15*$A$12/1000","v":36.472000000000001},35.966000000000001,35.442,34.526500000000006,33.6]
[1350,71,45,28.35,44,28.16,43,27.95,41.75,27.346250000000001,40.5,26.73,39.5,26.465,38.5,26.180000000000003,null,0.8910891089108911,0.87128712871287128,0.85148514851485146,0.82673267326732669,0.80198019801980203,0.78217821782178221,0.76237623762376239,0.63,0.64,0.65,0.65500000000000003,0.66,0.67,0.68,0.93333333333333357,0.97629629629629655,1.0192592592592595,0.98962962962962986,0.96000000000000019,0.96481481481481501,0.96962962962962995,{"$f":"Y16*C16+($A$4-80)*AF16*$A$16/1000","v":28.35},{"$f":"Z16*E16+($A$4-80)*AG16*$A$16/1000","v":28.16},{"$f":"AA16*G16+($A$4-80)*AH16*$A$16/1000","v":27.95},{"$f":"AB16*I16+($A$4-80)*AI16*$A$16/1000","v":27.346250000000001},{"$f":"AC16*K16+($A$4-80)*AJ16*$A$16/1000","v":26.73},{"$f":"AD16*M16+($A$4-80)*AK16*$A$16/1000","v":26.465},{"$f":"AE16*O16+($A$4-80)*AL16*$A$16/1000","v":26.180000000000003}]
[null,67,43,34.4,42,34.020000000000003,41,33.619999999999997,39.75,32.9925,38.5,32.339999999999996,37.35,31.934250000000002,36.200000000000003,31.494000000000003,null,0.85148514851485146,0.83168316831683164,0.81188118811881194,0.78712871287128716,0.76237623762376239,0.73960396039603959,0.71683168316831691,0.8,0.81,0.82,0.83,0.84,0.85499999999999998,0.87,0.95555555555555571,0.96370370370370351,0.9718518518518513,0.94222222222222174,0.91259259259259218,0.91214814814814804,0.9117037037037039,{"$f":"Y17*C17+($A$4-80)*AF17*$A$16/1000","v":34.4},{"$f":"Z17*E17+($A$4-80)*AG17*$A$16/1000","v":34.020000000000003},{"$f":"AA17*G17+($A$4-80)*AH17*$A$16/1000","v":33.619999999999997},{"$f":"AB17*I17+($A$4-80)*AI17*$A$16/1000","v":32.9925},{"$f":"AC17*K17+($A$4-80)*AJ17*$A$16/1000","v":32.339999999999996},{"$f":"AD17*M17+($A$4-80)*AK17*$A$16/1000","v":31.934250000000002},{"$f":"AE17*O17+($A$4-80)*AL17*$A$16/1000","v":31.494000000000003}]
[null,65,41.75,37.157499999999999,40.75,36.675000000000004,39.75,36.172499999999999,38.700000000000003,35.410500000000006,37.65,34.637999999999998,36.625,33.969687499999999,35.6,33.286000000000001,null,0.82673267326732669,0.80693069306930698,0.78712871287128716,0.76633663366336635,0.74554455445544554,0.72524752475247523,0.70495049504950502,0.89,0.9,0.90999999999999992,0.91500000000000004,0.91999999999999993,0.92749999999999999,0.93500000000000005,0.98777777777777753,0.96499999999999975,0.94222222222222207,0.87644444444444414,0.81066666666666642,0.76288888888888873,0.71511111111111114,37.157499999999999,{"$f":"Z18*E18+($A$4-80)*AG18*$A$16/1000","v":36.675000000000004},{"$f":"AA18*G18+($A$4-80)*AH18*$A$16/1000","v":36.172499999999999},35.410500000000006,34.637999999999998,33.969687499999999,33.286000000000001]
[null,63,40.5,39.69,39.5,39.104999999999997,38.5,38.5,37.65,37.65,36.799999999999997,36.799999999999997,35.9,35.9,35,35,null,0.80198019801980203,0.78217821782178221,0.76237623762376239,0.74554455445544554,0.72871287128712869,0.71089108910891086,0.69306930693069302,0.98,0.99,1,1,1,1,1,1.0199999999999994,0.96629629629629599,0.91259259259259273,0.81066666666666665,0.70874074074074067,0.61362962962962952,0.51851851851851838,39.69,{"$f":"Z19*E19+($A$4-80)*AG19*$A$16/1000","v":39.104999999999997},{"$f":"AA19*G19+($A$4-80)*AH19*$A$16/1000","v":38.5},37.65,36.799999999999997,35.9,35]

{"sheet":"XC21(low)_60","index":10,"n_rows":19,"n_cols":45,"rows_kept":19,"cut":false,"hidden":true,"merged":[[130,0,133,0],[120,12,121,12],[120,13,121,13],[120,14,121,14],[120,15,121,15],[122,0,125,0],[126,0,129,0],[119,12,119,13],[119,14,119,15],[120,4,121,4],[120,5,121,5],[120,6,121,6],[120,7,121,7],[120,8,121,8],[120,9,121,9],[120,10,121,10],[120,11,121,11],[119,0,121,0],[119,1,121,1],[119,4,119,5],[119,6,119,7],[119,8,119,9],[119,10,119,11],[111,0,114,0],[117,0,118,1],[117,4,117,15],[118,4,118,5],[118,6,118,7],[118,8,118,9],[118,10,118,11],[118,12,118,13],[118,14,118,15],[101,12,102,12],[101,13,102,13],[101,14,102,14],[101,15,102,15],[103,0,106,0],[107,0,110,0],[100,12,100,13],[100,14,100,15],[101,4,102,4],[101,5,102,5],[101,6,102,6],[101,7,102,7],[101,8,102,8],[101,9,102,9],[101,10,102,10],[101,11,102,11],[100,0,102,0],[100,1,102,1],[100,4,100,5],[100,6,100,7],[100,8,100,9],[100,10,100,11],[92,0,95,0],[98,0,99,1],[98,4,98,15],[99,4,99,5],[99,6,99,7],[99,8,99,9],[99,10,99,11],[99,12,99,13],[99,14,99,15],[82,12,83,12],[82,13,83,13],[82,14,83,14],[82,15,83,15],[84,0,87,0],[88,0,91,0],[81,12,81,13],[81,14,81,15],[82,4,83,4],[82,5,83,5],[82,6,83,6],[82,7,83,7],[82,8,83,8],[82,9,83,9],[82,10,83,10],[82,11,83,11],[81,0,83,0],[81,1,83,1],[81,4,81,5],[81,6,81,7],[81,8,81,9],[81,10,81,11],[73,0,76,0],[79,0,80,1],[79,4,79,15],[80,4,80,5],[80,6,80,7],[80,8,80,9],[80,10,80,11],[80,12,80,13],[80,14,80,15],[63,12,64,12],[63,13,64,13],[63,14,64,14],[63,15,64,15],[65,0,68,0],[69,0,72,0],[62,12,62,13],[62,14,62,15],[63,4,64,4],[63,5,64,5],[63,6,64,6],[63,7,64,7],[63,8,64,8],[63,9,64,9],[63,10,64,10],[63,11,64,11],[62,0,64,0],[62,1,64,1],[62,4,62,5],[62,6,62,7],[62,8,62,9],[62,10,62,11],[54,0,57,0],[60,0,61,1],[60,4,60,15],[61,4,61,5],[61,6,61,7],[61,8,61,9],[61,10,61,11],[61,12,61,13],[61,14,61,15],[44,12,45,12],[44,13,45,13],[44,14,45,14],[44,15,45,15],[46,0,49,0],[50,0,53,0],[43,12,43,13],[43,14,43,15],[44,4,45,4],[44,5,45,5],[44,6,45,6],[44,7,45,7],[44,8,45,8],[44,9,45,9],[44,10,45,10],[44,11,45,11],[43,0,45,0],[43,1,45,1],[43,4,43,5],[43,6,43,7],[43,8,43,9],[43,10,43,11],[35,0,38,0],[41,0,42,1],[41,4,41,15],[42,4,42,5],[42,6,42,7],[42,8,42,9],[42,10,42,11],[42,12,42,13],[42,14,42,15],[25,12,26,12],[25,13,26,13],[25,14,26,14],[25,15,26,15],[27,0,30,0],[31,0,34,0],[24,12,24,13],[24,14,24,15],[25,4,26,4],[25,5,26,5],[25,6,26,6],[25,7,26,7],[25,8,26,8],[25,9,26,9],[25,10,26,10],[25,11,26,11],[24,0,26,0],[24,1,26,1],[24,4,24,5],[24,6,24,7],[24,8,24,9],[24,10,24,11],[7,0,10,0],[11,0,14,0],[15,0,18,0],[22,4,22,15],[23,4,23,5],[23,6,23,7],[23,8,23,9],[23,10,23,11],[23,12,23,13],[23,14,23,15],[5,10,6,10],[5,11,6,11],[5,12,6,12],[5,13,6,13],[5,14,6,14],[5,15,6,15],[4,10,4,11],[4,12,4,13],[4,14,4,15],[5,2,6,2],[5,3,6,3],[5,4,6,4],[5,5,6,5],[5,6,6,6],[5,7,6,7],[5,8,6,8],[4,0,6,0],[4,1,6,1],[4,2,4,3],[4,4,4,5],[4,6,4,7],[4,8,4,9],[5,9,6,9],[2,0,2,1],[2,2,2,15],[3,2,3,3],[3,4,3,5],[3,6,3,7],[3,8,3,9],[3,10,3,11],[3,12,3,13],[3,14,3,15]]}
[]
["XC21(low)_60",60.5]
["Evaporator Air \n",null,"Condenser  Entering Air Temperature ˚F"]
[80,"°F DB",75,null,80,null,85,null,90,null,95,null,100,null,105]
["CFM","EWB†\n˚F","Capacity Mbtuh",null,"Capacity Mbtuh",null,"Capacity Mbtuh",null,"Capacity Mbtuh",null,"Capacity Mbtuh",null,"Capacity Mbtuh",null,"Capacity Mbtuh"]
[null,null,"Total","Sens.","Total","Sens.","Total","Sens.","Total","Sens.","Total","Sens.","Total","Sens.","Total","Sens."]
[null,null,null,null,null,null,null,null,null,null,null,null,null,null,null,null,null,"Total Factors",null,null,null,null,null,null,"Sens. %",null,null,null,null,null,null,"IDB Adj",null,null,null,null,null,null,"Sens Calc"]
[1050,71,{"$f":"R8*$B$2","v":48.5},{"$f":"IF(AM8>C8,C8,AM8)","v":27.644999999999996},{"$f":"S8*$B$2","v":47.5},{"$f":"IF(AN8>E8,E8,AN8)","v":27.074999999999999},{"$f":"T8*$B$2","v":46.5},{"$f":"IF(AO8>G8,G8,AO8)","v":26.504999999999999},{"$f":"U8*$B$2","v":45.25},{"$f":"IF(AP8>I8,I8,AP8)","v":26.018749999999997},{"$f":"V8*$B$2","v":44},{"$f":"IF(AQ8>K8,K8,AQ8)","v":25.52},{"$f":"W8*$B$2","v":42.75},{"$f":"IF(AR8>M8,M8,AR8)","v":25.008749999999999},{"$f":"X8*$B$2","v":41.5},{"$f":"IF(AS8>O8,O8,AS8)","v":24.484999999999999},null,0.80165289256198347,0.78512396694214881,0.76859504132231404,0.74793388429752061,0.72727272727272729,0.70661157024793386,0.68595041322314054,0.56999999999999995,0.56999999999999995,0.56999999999999995,0.57499999999999996,0.57999999999999996,0.58499999999999996,0.59,1.0161904761904754,0.99523809523809448,0.97428571428571353,0.98999999999999944,1.0057142857142853,0.97714285714285687,0.94857142857142851,{"$f":"Y8*C8+($A$4-80)*AF8*$A$8/1000","v":27.644999999999996},{"$f":"Z8*E8+($A$4-80)*AG8*$A$8/1000","v":27.074999999999999},{"$f":"AA8*G8+($A$4-80)*AH8*$A$8/1000","v":26.504999999999999},{"$f":"AB8*I8+($A$4-80)*AI8*$A$8/1000","v":26.018749999999997},{"$f":"AC8*K8+($A$4-80)*AJ8*$A$8/1000","v":25.52},{"$f":"AD8*M8+($A$4-80)*AK8*$A$8/1000","v":25.008749999999999},{"$f":"AE8*O8+($A$4-80)*AL8*$A$8/1000","v":24.484999999999999}]
[null,67,46,32.199999999999996,45,{"$f":"IF(AN9>E9,E9,AN9)","v":31.724999999999998},44,{"$f":"IF(AO9>G9,G9,AO9)","v":31.24},42.75,{"$f":"IF(AP9>I9,I9,AP9)","v":30.779999999999998},41.5,{"$f":"IF(AQ9>K9,K9,AQ9)","v":30.294999999999998},40.25,{"$f":"IF(AR9>M9,M9,AR9)","v":29.785},39,{"$f":"IF(AS9>O9,O9,AS9)","v":29.25},null,0.76033057851239672,0.74380165289256195,0.72727272727272729,0.70661157024793386,0.68595041322314054,0.66528925619834711,0.64462809917355368,0.7,0.70499999999999996,0.71,0.72,0.73,0.74,0.75,1.0514285714285712,1.0285714285714285,1.0057142857142856,1.0166666666666666,1.0276190476190479,0.99666666666666681,0.96571428571428564,{"$f":"Y9*C9+($A$4-80)*AF9*$A$8/1000","v":32.199999999999996},{"$f":"Z9*E9+($A$4-80)*AG9*$A$8/1000","v":31.724999999999998},{"$f":"AA9*G9+($A$4-80)*AH9*$A$8/1000","v":31.24},{"$f":"AB9*I9+($A$4-80)*AI9*$A$8/1000","v":30.779999999999998},{"$f":"AC9*K9+($A$4-80)*AJ9*$A$8/1000","v":30.294999999999998},{"$f":"AD9*M9+($A$4-80)*AK9*$A$8/1000","v":29.785},{"$f":"AE9*O9+($A$4-80)*AL9*$A$8/1000","v":29.25}]
[null,65,44.75,34.681249999999999,43.75,34.234375,42.75,33.772500000000001,41.5,33.200000000000003,40.25,32.602499999999999,38.975000000000001,32.154375000000002,37.700000000000003,31.668000000000006,null,0.73966942148760328,0.72314049586776863,0.70661157024793386,0.68595041322314054,0.66528925619834711,0.64421487603305783,0.62314049586776865,0.77499999999999991,0.78249999999999997,0.79,0.8,0.81,0.82499999999999996,0.84000000000000008,1.0228571428571427,1.0197619047619049,1.0166666666666666,1.0066666666666668,0.99666666666666681,0.99976190476190485,1.0028571428571429,34.681249999999999,{"$f":"Z10*E10+($A$4-80)*AG10*$A$8/1000","v":34.234375},{"$f":"AA10*G10+($A$4-80)*AH10*$A$8/1000","v":33.772500000000001},33.200000000000003,32.602499999999999,32.154375000000002,31.668000000000006]
[null,63,43.5,36.975000000000001,42.5,36.549999999999997,41.5,36.104999999999997,40.25,35.42,39,34.71,37.700000000000003,34.307000000000002,36.4,33.852000000000004,null,0.71900826446280997,0.7024793388429752,0.68595041322314054,0.66528925619834711,0.64462809917355368,0.62314049586776865,0.6016528925619834,0.85,0.86,0.87,0.88,0.89,0.91,0.93,0.99428571428571422,1.010952380952381,1.0276190476190479,0.99666666666666681,0.96571428571428564,1.0028571428571429,1.04,36.975000000000001,{"$f":"Z11*E11+($A$4-80)*AG11*$A$8/1000","v":36.549999999999997},{"$f":"AA11*G11+($A$4-80)*AH11*$A$8/1000","v":36.104999999999997},{"$f":"AB11*I11+($A$4-80)*AI11*$A$8/1000","v":35.42},34.71,34.307000000000002,33.852000000000004]
[1260,71,51,30.09,50,29.75,49,29.4,47.5,28.737500000000001,46,28.06,44.5,27.59,43,27.09,null,0.84297520661157022,0.82644628099173556,0.80991735537190079,0.78512396694214881,0.76033057851239672,0.73553719008264462,0.71074380165289253,0.59,0.59499999999999997,0.6,0.60499999999999998,0.61,0.62,0.63,1.1049999999999995,1.083333333333333,1.0616666666666668,1.0291666666666668,0.9966666666666667,1.0358333333333334,1.0750000000000002,{"$f":"Y12*C12+($A$4-80)*AF12*$A$12/1000","v":30.09},{"$f":"Z12*E12+($A$4-80)*AG12*$A$12/1000","v":29.75},{"$f":"AA12*G12+($A$4-80)*AH12*$A$12/1000","v":29.4},{"$f":"AB12*I12+($A$4-80)*AI12*$A$12/1000","v":28.737500000000001},{"$f":"AC12*K12+($A$4-80)*AJ12*$A$12/1000","v":28.06},{"$f":"AD12*M12+($A$4-80)*AK12*$A$12/1000","v":27.59},{"$f":"AE12*O12+($A$4-80)*AL12*$A$12/1000","v":27.09}]
[null,67,48,35.519999999999996,47,35.015000000000001,46,34.5,44.75,34.233750000000001,43.5,33.93,42,33.18,40.5,32.4,null,0.79338842975206614,0.77685950413223137,0.76033057851239672,0.73966942148760328,0.71900826446280997,0.69421487603305787,0.66942148760330578,0.74,0.745,0.75,0.76500000000000001,0.78,0.79,0.8,1.0399999999999998,1.0183333333333333,0.9966666666666667,1.0420833333333335,1.0875000000000001,1.0500000000000003,1.0125000000000002,{"$f":"Y13*C13+($A$4-80)*AF13*$A$12/1000","v":35.519999999999996},{"$f":"Z13*E13+($A$4-80)*AG13*$A$12/1000","v":35.015000000000001},{"$f":"AA13*G13+($A$4-80)*AH13*$A$12/1000","v":34.5},{"$f":"AB13*I13+($A$4-80)*AI13*$A$12/1000","v":34.233750000000001},{"$f":"AC13*K13+($A$4-80)*AJ13*$A$12/1000","v":33.93},{"$f":"AD13*M13+($A$4-80)*AK13*$A$12/1000","v":33.18},{"$f":"AE13*O13+($A$4-80)*AL13*$A$12/1000","v":32.4}]
[null,65,46.75,38.335000000000001,45.625,37.868750000000006,44.5,37.380000000000003,43.25,36.978749999999998,42,36.54,40.625,35.8515625,39.25,35.128750000000004,null,0.77272727272727271,0.75413223140495866,0.73553719008264462,0.71487603305785119,0.69421487603305787,0.67148760330578516,0.64876033057851235,0.82000000000000006,0.83000000000000007,0.84000000000000008,0.85499999999999998,0.87,0.88250000000000006,0.89500000000000002,1.0508333333333333,1.0433333333333334,1.0358333333333334,1.0597916666666667,1.0837499999999998,1.0483333333333333,1.0129166666666669,38.335000000000001,{"$f":"Z14*E14+($A$4-80)*AG14*$A$12/1000","v":37.868750000000006},{"$f":"AA14*G14+($A$4-80)*AH14*$A$12/1000","v":37.380000000000003},36.978749999999998,36.54,35.8515625,35.128750000000004]
[null,63,45.5,40.950000000000003,44.25,40.488750000000003,43,39.99,41.75,39.453749999999999,40.5,38.879999999999995,39.25,38.268749999999997,38,37.619999999999997,null,0.75206611570247939,0.73140495867768596,0.71074380165289253,0.69008264462809921,0.66942148760330578,0.64876033057851235,0.62809917355371903,0.9,0.91500000000000004,0.93,0.94500000000000006,0.96,0.97499999999999998,0.99,1.061666666666667,1.0683333333333336,1.0750000000000002,1.0774999999999999,1.0799999999999996,1.0466666666666666,1.0133333333333336,40.950000000000003,{"$f":"Z15*E15+($A$4-80)*AG15*$A$12/1000","v":40.488750000000003},{"$f":"AA15*G15+($A$4-80)*AH15*$A$12/1000","v":39.99},39.453749999999999,38.879999999999995,38.268749999999997,37.619999999999997]
[1400,71,52.5,32.024999999999999,51.25,31.518750000000001,50,31,48.5,30.3125,47,29.61,45.75,29.28,44.5,28.925000000000001,null,0.86776859504132231,0.84710743801652888,0.82644628099173556,0.80165289256198347,0.77685950413223137,0.75619834710743805,0.73553719008264462,0.61,0.61499999999999999,0.62,0.625,0.63,0.64,0.65,1.088888888888889,1.0629629629629629,1.037037037037037,1.0407407407407407,1.0444444444444447,1.0496296296296297,1.0548148148148149,{"$f":"Y16*C16+($A$4-80)*AF16*$A$16/1000","v":32.024999999999999},{"$f":"Z16*E16+($A$4-80)*AG16*$A$16/1000","v":31.518750000000001},{"$f":"AA16*G16+($A$4-80)*AH16*$A$16/1000","v":31},{"$f":"AB16*I16+($A$4-80)*AI16*$A$16/1000","v":30.3125},{"$f":"AC16*K16+($A$4-80)*AJ16*$A$16/1000","v":29.61},{"$f":"AD16*M16+($A$4-80)*AK16*$A$16/1000","v":29.28},{"$f":"AE16*O16+($A$4-80)*AL16*$A$16/1000","v":28.925000000000001}]
[null,67,49.5,37.619999999999997,48.25,37.152500000000003,47,36.660000000000004,45.75,36.371250000000003,44.5,36.045000000000002,43,35.260000000000005,41.5,34.445,null,0.81818181818181823,0.7975206611570248,0.77685950413223137,0.75619834710743805,0.73553719008264462,0.71074380165289253,0.68595041322314054,0.76,0.77,0.78,0.79500000000000004,0.81,0.82000000000000006,0.83,1.0266666666666668,1.0355555555555558,1.0444444444444447,1.0496296296296297,1.0548148148148149,1.0192592592592591,0.98370370370370319,{"$f":"Y17*C17+($A$4-80)*AF17*$A$16/1000","v":37.619999999999997},{"$f":"Z17*E17+($A$4-80)*AG17*$A$16/1000","v":37.152500000000003},{"$f":"AA17*G17+($A$4-80)*AH17*$A$16/1000","v":36.660000000000004},{"$f":"AB17*I17+($A$4-80)*AI17*$A$16/1000","v":36.371250000000003},{"$f":"AC17*K17+($A$4-80)*AJ17*$A$16/1000","v":36.045000000000002},{"$f":"AD17*M17+($A$4-80)*AK17*$A$16/1000","v":35.260000000000005},{"$f":"AE17*O17+($A$4-80)*AL17*$A$16/1000","v":34.445}]
[null,65,48,40.799999999999997,46.875,40.3125,45.75,39.802500000000002,44.5,39.3825,43.25,38.925000000000004,41.875,38.001562499999999,40.5,37.057500000000005,null,0.79338842975206614,0.77479338842975209,0.75619834710743805,0.73553719008264462,0.71487603305785119,0.69214876033057848,0.66942148760330578,0.85,0.86,0.87,0.88500000000000001,0.9,0.90749999999999997,0.91500000000000004,1.0299999999999998,1.0233333333333332,1.0166666666666666,1.0209259259259258,1.0251851851851854,0.96333333333333337,0.90148148148148133,40.799999999999997,{"$f":"Z18*E18+($A$4-80)*AG18*$A$16/1000","v":40.3125},{"$f":"AA18*G18+($A$4-80)*AH18*$A$16/1000","v":39.802500000000002},39.3825,38.925000000000004,38.001562499999999,37.057500000000005]
[null,63,46.5,43.71,45.5,43.225000000000001,44.5,42.72,43.25,42.168749999999996,42,41.58,40.75,40.546250000000001,39.5,39.5,null,0.76859504132231404,0.75206611570247939,0.73553719008264462,0.71487603305785119,0.69421487603305787,0.67355371900826444,0.65289256198347112,0.94,0.95,0.96,0.97499999999999998,0.99,0.995,1,1.0333333333333328,1.0111111111111106,0.98888888888888837,0.99222222222222212,0.99555555555555575,0.90740740740740755,0.81925925925925935,43.71,{"$f":"Z19*E19+($A$4-80)*AG19*$A$16/1000","v":43.225000000000001},{"$f":"AA19*G19+($A$4-80)*AH19*$A$16/1000","v":42.72},42.168749999999996,41.58,40.546250000000001,39.5]

{"sheet":"XC25(low)_24","index":11,"n_rows":19,"n_cols":45,"rows_kept":19,"cut":false,"hidden":true,"merged":[[130,0,133,0],[120,12,121,12],[120,13,121,13],[120,14,121,14],[120,15,121,15],[122,0,125,0],[126,0,129,0],[119,12,119,13],[119,14,119,15],[120,4,121,4],[120,5,121,5],[120,6,121,6],[120,7,121,7],[120,8,121,8],[120,9,121,9],[120,10,121,10],[120,11,121,11],[119,0,121,0],[119,1,121,1],[119,4,119,5],[119,6,119,7],[119,8,119,9],[119,10,119,11],[111,0,114,0],[117,0,118,1],[117,4,117,15],[118,4,118,5],[118,6,118,7],[118,8,118,9],[118,10,118,11],[118,12,118,13],[118,14,118,15],[101,12,102,12],[101,13,102,13],[101,14,102,14],[101,15,102,15],[103,0,106,0],[107,0,110,0],[100,12,100,13],[100,14,100,15],[101,4,102,4],[101,5,102,5],[101,6,102,6],[101,7,102,7],[101,8,102,8],[101,9,102,9],[101,10,102,10],[101,11,102,11],[100,0,102,0],[100,1,102,1],[100,4,100,5],[100,6,100,7],[100,8,100,9],[100,10,100,11],[92,0,95,0],[98,0,99,1],[98,4,98,15],[99,4,99,5],[99,6,99,7],[99,8,99,9],[99,10,99,11],[99,12,99,13],[99,14,99,15],[82,12,83,12],[82,13,83,13],[82,14,83,14],[82,15,83,15],[84,0,87,0],[88,0,91,0],[81,12,81,13],[81,14,81,15],[82,4,83,4],[82,5,83,5],[82,6,83,6],[82,7,83,7],[82,8,83,8],[82,9,83,9],[82,10,83,10],[82,11,83,11],[81,0,83,0],[81,1,83,1],[81,4,81,5],[81,6,81,7],[81,8,81,9],[81,10,81,11],[73,0,76,0],[79,0,80,1],[79,4,79,15],[80,4,80,5],[80,6,80,7],[80,8,80,9],[80,10,80,11],[80,12,80,13],[80,14,80,15],[63,12,64,12],[63,13,64,13],[63,14,64,14],[63,15,64,15],[65,0,68,0],[69,0,72,0],[62,12,62,13],[62,14,62,15],[63,4,64,4],[63,5,64,5],[63,6,64,6],[63,7,64,7],[63,8,64,8],[63,9,64,9],[63,10,64,10],[63,11,64,11],[62,0,64,0],[62,1,64,1],[62,4,62,5],[62,6,62,7],[62,8,62,9],[62,10,62,11],[54,0,57,0],[60,0,61,1],[60,4,60,15],[61,4,61,5],[61,6,61,7],[61,8,61,9],[61,10,61,11],[61,12,61,13],[61,14,61,15],[44,12,45,12],[44,13,45,13],[44,14,45,14],[44,15,45,15],[46,0,49,0],[50,0,53,0],[43,12,43,13],[43,14,43,15],[44,4,45,4],[44,5,45,5],[44,6,45,6],[44,7,45,7],[44,8,45,8],[44,9,45,9],[44,10,45,10],[44,11,45,11],[43,0,45,0],[43,1,45,1],[43,4,43,5],[43,6,43,7],[43,8,43,9],[43,10,43,11],[35,0,38,0],[41,0,42,1],[41,4,41,15],[42,4,42,5],[42,6,42,7],[42,8,42,9],[42,10,42,11],[42,12,42,13],[42,14,42,15],[25,12,26,12],[25,13,26,13],[25,14,26,14],[25,15,26,15],[27,0,30,0],[31,0,34,0],[24,12,24,13],[24,14,24,15],[25,4,26,4],[25,5,26,5],[25,6,26,6],[25,7,26,7],[25,8,26,8],[25,9,26,9],[25,10,26,10],[25,11,26,11],[24,0,26,0],[24,1,26,1],[24,4,24,5],[24,6,24,7],[24,8,24,9],[24,10,24,11],[7,0,10,0],[11,0,14,0],[15,0,18,0],[22,4,22,15],[23,4,23,5],[23,6,23,7],[23,8,23,9],[23,10,23,11],[23,12,23,13],[23,14,23,15],[5,10,6,10],[5,11,6,11],[5,12,6,12],[5,13,6,13],[5,14,6,14],[5,15,6,15],[4,10,4,11],[4,12,4,13],[4,14,4,15],[5,2,6,2],[5,3,6,3],[5,4,6,4],[5,5,6,5],[5,6,6,6],[5,7,6,7],[5,8,6,8],[4,0,6,0],[4,1,6,1],[4,2,4,3],[4,4,4,5],[4,6,4,7],[4,8,4,9],[5,9,6,9],[2,0,2,1],[2,2,2,15],[3,2,3,3],[3,4,3,5],[3,6,3,7],[3,8,3,9],[3,10,3,11],[3,12,3,13],[3,14,3,15]]}
[]
["XC25(low)_24",24.2]
["Evaporator Air \n",null,"Condenser  Entering Air Temperature ˚F"]
[80,"°F DB",75,null,80,null,85,null,90,null,95,null,100,null,105]
["CFM","EWB†\n˚F","Capacity Mbtuh",null,"Capacity Mbtuh",null,"Capacity Mbtuh",null,"Capacity Mbtuh",null,"Capacity Mbtuh",null,"Capacity Mbtuh",null,"Capacity Mbtuh"]
[null,null,"Total","Sens.","Total","Sens.","Total","Sens.","Total","Sens.","Total","Sens.","Total","Sens.","Total","Sens."]
[null,null,null,null,null,null,null,null,null,null,null,null,null,null,null,null,null,"Total Factors",null,null,null,null,null,null,"Sens. %",null,null,null,null,null,null,"IDB Adj",null,null,null,null,null,null,"Sens Calc"]
[315,71,{"$f":"R8*$B$2","v":11.3},{"$f":"IF(AM8>C8,C8,AM8)","v":6.78},{"$f":"S8*$B$2","v":11.05},{"$f":"IF(AN8>E8,E8,AN8)","v":6.6852499999999999},{"$f":"T8*$B$2","v":10.8},{"$f":"IF(AO8>G8,G8,AO8)","v":6.5880000000000001},{"$f":"U8*$B$2","v":10.55},{"$f":"IF(AP8>I8,I8,AP8)","v":6.4882500000000007},{"$f":"V8*$B$2","v":10.3},{"$f":"IF(AQ8>K8,K8,AQ8)","v":6.3860000000000001},{"$f":"W8*$B$2","v":10.100000000000001},{"$f":"IF(AR8>M8,M8,AR8)","v":6.3630000000000013},{"$f":"X8*$B$2","v":9.9},{"$f":"IF(AS8>O8,O8,AS8)","v":6.3360000000000003},null,0.46694214876033063,0.45661157024793392,0.44628099173553726,0.43595041322314054,0.42561983471074383,0.4173553719008265,0.40909090909090912,0.6,0.60499999999999998,0.61,0.61499999999999999,0.62,0.63,0.64,0.30133333333333323,0.30495238095238086,0.3085714285714285,0.3112380952380952,0.31390476190476191,0.31723809523809532,0.32057142857142867,{"$f":"Y8*C8+($A$4-80)*AF8*$A$8/1000","v":6.78},{"$f":"Z8*E8+($A$4-80)*AG8*$A$8/1000","v":6.6852499999999999},{"$f":"AA8*G8+($A$4-80)*AH8*$A$8/1000","v":6.5880000000000001},{"$f":"AB8*I8+($A$4-80)*AI8*$A$8/1000","v":6.4882500000000007},{"$f":"AC8*K8+($A$4-80)*AJ8*$A$8/1000","v":6.3860000000000001},{"$f":"AD8*M8+($A$4-80)*AK8*$A$8/1000","v":6.3630000000000013},{"$f":"AE8*O8+($A$4-80)*AL8*$A$8/1000","v":6.3360000000000003}]
[null,67,10.7,8.238999999999999,10.399999999999999,{"$f":"IF(AN9>E9,E9,AN9)","v":8.1119999999999983},10.1,{"$f":"IF(AO9>G9,G9,AO9)","v":7.9790000000000001},9.8999999999999986,{"$f":"IF(AP9>I9,I9,AP9)","v":7.919999999999999},9.6999999999999993,{"$f":"IF(AQ9>K9,K9,AQ9)","v":7.8570000000000002},9.4499999999999993,{"$f":"IF(AR9>M9,M9,AR9)","v":7.7489999999999997},9.1999999999999993,{"$f":"IF(AS9>O9,O9,AS9)","v":7.6359999999999992},null,0.44214876033057848,0.42975206611570244,0.41735537190082644,0.40909090909090906,0.40082644628099173,0.39049586776859502,0.3801652892561983,0.77,0.78,0.79,0.8,0.81,0.82000000000000006,0.83,0.30571428571428577,0.30676190476190479,0.30780952380952387,0.31095238095238098,0.31409523809523815,0.31476190476190469,0.31542857142857128,{"$f":"Y9*C9+($A$4-80)*AF9*$A$8/1000","v":8.238999999999999},{"$f":"Z9*E9+($A$4-80)*AG9*$A$8/1000","v":8.1119999999999983},{"$f":"AA9*G9+($A$4-80)*AH9*$A$8/1000","v":7.9790000000000001},{"$f":"AB9*I9+($A$4-80)*AI9*$A$8/1000","v":7.919999999999999},{"$f":"AC9*K9+($A$4-80)*AJ9*$A$8/1000","v":7.8570000000000002},{"$f":"AD9*M9+($A$4-80)*AK9*$A$8/1000","v":7.7489999999999997},{"$f":"AE9*O9+($A$4-80)*AL9*$A$8/1000","v":7.6359999999999992}]
[null,65,10.35,8.95275,10.074999999999999,8.8408124999999984,9.8000000000000007,8.7220000000000013,9.6,8.6159999999999997,9.3999999999999986,8.5069999999999997,9.1749999999999989,8.3492499999999996,8.9499999999999993,8.1892499999999995,null,0.42768595041322316,0.41632231404958675,0.40495867768595045,0.39669421487603307,0.38842975206611563,0.37913223140495866,0.36983471074380164,0.86499999999999999,0.87749999999999995,0.89,0.89749999999999996,0.90500000000000003,0.91,0.91500000000000004,0.3052380952380952,0.30647619047619046,0.30771428571428577,0.30171428571428577,0.29571428571428576,0.2847142857142857,0.27371428571428563,8.95275,{"$f":"Z10*E10+($A$4-80)*AG10*$A$8/1000","v":8.8408124999999984},{"$f":"AA10*G10+($A$4-80)*AH10*$A$8/1000","v":8.7220000000000013},8.6159999999999997,8.5069999999999997,8.3492499999999996,8.1892499999999995]
[null,63,10,9.6,9.75,9.5062499999999996,9.5,9.4049999999999994,9.3000000000000007,9.2535000000000007,9.1,9.1,8.8999999999999986,8.8999999999999986,8.6999999999999993,8.6999999999999993,null,0.41322314049586778,0.40289256198347106,0.3925619834710744,0.38429752066115708,0.37603305785123964,0.36776859504132225,0.35950413223140493,0.96,0.97499999999999998,0.99,0.995,1,1,1,0.30476190476190462,0.30619047619047612,0.30761904761904768,0.29247619047619056,0.27733333333333338,0.25466666666666671,0.23199999999999998,9.6,{"$f":"Z11*E11+($A$4-80)*AG11*$A$8/1000","v":9.5062499999999996},{"$f":"AA11*G11+($A$4-80)*AH11*$A$8/1000","v":9.4049999999999994},{"$f":"AB11*I11+($A$4-80)*AI11*$A$8/1000","v":9.2535000000000007},9.1,8.8999999999999986,8.6999999999999993]
[440,71,12.1,8.1070000000000011,11.85,8.0579999999999998,11.6,8.0039999999999996,11.3,7.8535000000000004,11,7.6999999999999993,10.75,7.6324999999999994,10.5,7.56,null,0.5,0.48966942148760328,0.47933884297520662,0.46694214876033063,0.45454545454545459,0.44421487603305787,0.43388429752066116,0.67,0.67999999999999994,0.69,0.69499999999999995,0.7,0.71,0.72,0.38316666666666682,0.38491666666666668,0.38666666666666655,0.37666666666666654,0.36666666666666653,0.37583333333333324,0.3849999999999999,{"$f":"Y12*C12+($A$4-80)*AF12*$A$12/1000","v":8.1070000000000011},{"$f":"Z12*E12+($A$4-80)*AG12*$A$12/1000","v":8.0579999999999998},{"$f":"AA12*G12+($A$4-80)*AH12*$A$12/1000","v":8.0039999999999996},{"$f":"AB12*I12+($A$4-80)*AI12*$A$12/1000","v":7.8535000000000004},{"$f":"AC12*K12+($A$4-80)*AJ12*$A$12/1000","v":7.6999999999999993},{"$f":"AD12*M12+($A$4-80)*AK12*$A$12/1000","v":7.6324999999999994},{"$f":"AE12*O12+($A$4-80)*AL12*$A$12/1000","v":7.56}]
[null,67,11.4,10.032,11.100000000000001,9.9345000000000017,10.8,9.8280000000000012,10.55,9.7587500000000009,10.3,9.6820000000000004,10.050000000000001,9.5474999999999994,9.8000000000000007,9.4079999999999995,null,0.4710743801652893,0.45867768595041331,0.44628099173553726,0.43595041322314054,0.42561983471074383,0.41528925619834717,0.40495867768595045,0.88,0.89500000000000002,0.91,0.92500000000000004,0.94,0.95,0.96,0.37999999999999984,0.379,0.37800000000000017,0.37783333333333341,0.37766666666666665,0.37666666666666665,0.37566666666666665,{"$f":"Y13*C13+($A$4-80)*AF13*$A$12/1000","v":10.032},{"$f":"Z13*E13+($A$4-80)*AG13*$A$12/1000","v":9.9345000000000017},{"$f":"AA13*G13+($A$4-80)*AH13*$A$12/1000","v":9.8280000000000012},{"$f":"AB13*I13+($A$4-80)*AI13*$A$12/1000","v":9.7587500000000009},{"$f":"AC13*K13+($A$4-80)*AJ13*$A$12/1000","v":9.6820000000000004},{"$f":"AD13*M13+($A$4-80)*AK13*$A$12/1000","v":9.5474999999999994},{"$f":"AE13*O13+($A$4-80)*AL13*$A$12/1000","v":9.4079999999999995}]
[null,65,11.2,10.527999999999999,10.925000000000001,10.351437500000001,10.65,10.170750000000002,10.425000000000001,10.034062500000001,10.199999999999999,9.8939999999999984,9.9749999999999996,9.7256249999999991,9.75,9.5549999999999997,null,0.46280991735537186,0.45144628099173556,0.44008264462809921,0.43078512396694219,0.42148760330578511,0.41219008264462809,0.40289256198347106,0.94,0.94750000000000001,0.95500000000000007,0.96250000000000002,0.97,0.97499999999999998,0.98,0.27249999999999991,0.25700000000000001,0.24150000000000013,0.23200000000000007,0.22250000000000003,0.20920833333333333,0.19591666666666666,10.527999999999999,{"$f":"Z14*E14+($A$4-80)*AG14*$A$12/1000","v":10.351437500000001},{"$f":"AA14*G14+($A$4-80)*AH14*$A$12/1000","v":10.170750000000002},10.034062500000001,9.8939999999999984,9.7256249999999991,9.5549999999999997]
[null,63,11,11,10.75,10.75,10.5,10.5,10.3,10.3,10.1,10.1,9.8999999999999986,9.8999999999999986,9.6999999999999993,9.6999999999999993,null,0.45454545454545459,0.44421487603305787,0.43388429752066116,0.42561983471074383,0.41735537190082644,0.40909090909090906,0.40082644628099173,1,1,1,1,1,1,1,0.16499999999999995,0.13500000000000001,0.10500000000000009,8.6166666666666739E-2,6.7333333333333384E-2,4.175000000000003E-2,1.616666666666668E-2,11,{"$f":"Z15*E15+($A$4-80)*AG15*$A$12/1000","v":10.75},{"$f":"AA15*G15+($A$4-80)*AH15*$A$12/1000","v":10.5},10.3,10.1,9.8999999999999986,9.6999999999999993]
[460,71,12.2,8.2959999999999994,11.899999999999999,8.2109999999999985,11.6,8.1199999999999992,11.35,8.0584999999999987,11.1,7.9919999999999991,10.85,7.8662499999999991,10.6,7.7379999999999995,null,0.50413223140495866,0.49173553719008262,0.47933884297520662,0.46900826446280991,0.45867768595041319,0.44834710743801653,0.43801652892561982,0.68,0.69,0.7,0.71,0.72,0.72499999999999998,0.73,0.34340740740740749,0.34355555555555556,0.34370370370370362,0.35274074074074069,0.36177777777777775,0.35362962962962963,0.34548148148148144,{"$f":"Y16*C16+($A$4-80)*AF16*$A$16/1000","v":8.2959999999999994},{"$f":"Z16*E16+($A$4-80)*AG16*$A$16/1000","v":8.2109999999999985},{"$f":"AA16*G16+($A$4-80)*AH16*$A$16/1000","v":8.1199999999999992},{"$f":"AB16*I16+($A$4-80)*AI16*$A$16/1000","v":8.0584999999999987},{"$f":"AC16*K16+($A$4-80)*AJ16*$A$16/1000","v":7.9919999999999991},{"$f":"AD16*M16+($A$4-80)*AK16*$A$16/1000","v":7.8662499999999991},{"$f":"AE16*O16+($A$4-80)*AL16*$A$16/1000","v":7.7379999999999995}]
[null,67,11.5,10.35,11.2,10.247999999999999,10.9,10.137,10.65,10.010999999999999,10.4,9.879999999999999,10.15,9.7947500000000005,9.9,9.702,null,0.47520661157024796,0.46280991735537186,0.45041322314049592,0.44008264462809921,0.42975206611570249,0.41942148760330583,0.40909090909090912,0.9,0.91500000000000004,0.93,0.94,0.95,0.96499999999999997,0.98,0.35777777777777792,0.35651851851851868,0.35525925925925944,0.3471111111111112,0.33896296296296297,0.33814814814814809,0.33733333333333326,{"$f":"Y17*C17+($A$4-80)*AF17*$A$16/1000","v":10.35},{"$f":"Z17*E17+($A$4-80)*AG17*$A$16/1000","v":10.247999999999999},{"$f":"AA17*G17+($A$4-80)*AH17*$A$16/1000","v":10.137},{"$f":"AB17*I17+($A$4-80)*AI17*$A$16/1000","v":10.010999999999999},{"$f":"AC17*K17+($A$4-80)*AJ17*$A$16/1000","v":9.879999999999999},{"$f":"AD17*M17+($A$4-80)*AK17*$A$16/1000","v":9.7947500000000005},{"$f":"AE17*O17+($A$4-80)*AL17*$A$16/1000","v":9.702}]
[null,65,11.35,10.782499999999999,11.074999999999999,10.604312499999999,10.8,10.422000000000002,10.574999999999999,10.25775,10.350000000000001,10.09125,10.100000000000001,9.9232500000000012,9.8500000000000014,9.7515000000000018,null,0.46900826446280991,0.45764462809917356,0.44628099173553726,0.43698347107438013,0.42768595041322321,0.4173553719008265,0.40702479338842984,0.95,0.95750000000000002,0.96500000000000008,0.97,0.97499999999999998,0.98249999999999993,0.99,0.23696296296296299,0.22314814814814821,0.20933333333333345,0.19703703703703709,0.18474074074074076,0.17670370370370367,0.16866666666666663,10.782499999999999,{"$f":"Z18*E18+($A$4-80)*AG18*$A$16/1000","v":10.604312499999999},{"$f":"AA18*G18+($A$4-80)*AH18*$A$16/1000","v":10.422000000000002},10.25775,10.09125,9.9232500000000012,9.7515000000000018]
[null,63,11.2,11.2,10.95,10.95,10.7,10.7,10.5,10.5,10.3,10.3,10.050000000000001,10.050000000000001,9.8000000000000007,9.8000000000000007,null,0.46280991735537186,0.4524793388429752,0.44214876033057848,0.43388429752066116,0.42561983471074383,0.41528925619834717,0.40495867768595045,1,1,1,1,1,1,1,0.11614814814814806,8.9777777777777762E-2,6.3407407407407454E-2,4.6962962962962998E-2,3.0518518518518549E-2,1.5259259259259274E-2,0,11.2,{"$f":"Z19*E19+($A$4-80)*AG19*$A$16/1000","v":10.95},{"$f":"AA19*G19+($A$4-80)*AH19*$A$16/1000","v":10.7},10.5,10.3,10.050000000000001,9.8000000000000007]

{"sheet":"XC25(low)_36","index":12,"n_rows":19,"n_cols":45,"rows_kept":19,"cut":false,"hidden":true,"merged":[[2,0,2,1],[2,2,2,15],[3,2,3,3],[3,4,3,5],[3,6,3,7],[3,8,3,9],[3,10,3,11],[3,12,3,13],[3,14,3,15],[5,2,6,2],[5,3,6,3],[5,4,6,4],[5,5,6,5],[5,6,6,6],[5,7,6,7],[5,8,6,8],[4,0,6,0],[4,1,6,1],[4,2,4,3],[4,4,4,5],[4,6,4,7],[4,8,4,9],[5,9,6,9],[5,10,6,10],[5,11,6,11],[5,12,6,12],[5,13,6,13],[5,14,6,14],[5,15,6,15],[4,10,4,11],[4,12,4,13],[4,14,4,15],[7,0,10,0],[11,0,14,0],[15,0,18,0],[22,4,22,15],[23,4,23,5],[23,6,23,7],[23,8,23,9],[23,10,23,11],[23,12,23,13],[23,14,23,15],[25,12,26,12],[25,13,26,13],[25,14,26,14],[25,15,26,15],[27,0,30,0],[31,0,34,0],[24,12,24,13],[24,14,24,15],[25,4,26,4],[25,5,26,5],[25,6,26,6],[25,7,26,7],[25,8,26,8],[25,9,26,9],[25,10,26,10],[25,11,26,11],[24,0,26,0],[24,1,26,1],[24,4,24,5],[24,6,24,7],[24,8,24,9],[24,10,24,11],[35,0,38,0],[41,0,42,1],[41,4,41,15],[42,4,42,5],[42,6,42,7],[42,8,42,9],[42,10,42,11],[42,12,42,13],[42,14,42,15],[44,12,45,12],[44,13,45,13],[44,14,45,14],[44,15,45,15],[46,0,49,0],[50,0,53,0],[43,12,43,13],[43,14,43,15],[44,4,45,4],[44,5,45,5],[44,6,45,6],[44,7,45,7],[44,8,45,8],[44,9,45,9],[44,10,45,10],[44,11,45,11],[43,0,45,0],[43,1,45,1],[43,4,43,5],[43,6,43,7],[43,8,43,9],[43,10,43,11],[54,0,57,0],[60,0,61,1],[60,4,60,15],[61,4,61,5],[61,6,61,7],[61,8,61,9],[61,10,61,11],[61,12,61,13],[61,14,61,15],[63,12,64,12],[63,13,64,13],[63,14,64,14],[63,15,64,15],[65,0,68,0],[69,0,72,0],[62,12,62,13],[62,14,62,15],[63,4,64,4],[63,5,64,5],[63,6,64,6],[63,7,64,7],[63,8,64,8],[63,9,64,9],[63,10,64,10],[63,11,64,11],[62,0,64,0],[62,1,64,1],[62,4,62,5],[62,6,62,7],[62,8,62,9],[62,10,62,11],[73,0,76,0],[79,0,80,1],[79,4,79,15],[80,4,80,5],[80,6,80,7],[80,8,80,9],[80,10,80,11],[80,12,80,13],[80,14,80,15],[82,12,83,12],[82,13,83,13],[82,14,83,14],[82,15,83,15],[84,0,87,0],[88,0,91,0],[81,12,81,13],[81,14,81,15],[82,4,83,4],[82,5,83,5],[82,6,83,6],[82,7,83,7],[82,8,83,8],[82,9,83,9],[82,10,83,10],[82,11,83,11],[81,0,83,0],[81,1,83,1],[81,4,81,5],[81,6,81,7],[81,8,81,9],[81,10,81,11],[92,0,95,0],[98,0,99,1],[98,4,98,15],[99,4,99,5],[99,6,99,7],[99,8,99,9],[99,10,99,11],[99,12,99,13],[99,14,99,15],[101,12,102,12],[101,13,102,13],[101,14,102,14],[101,15,102,15],[103,0,106,0],[107,0,110,0],[100,12,100,13],[100,14,100,15],[101,4,102,4],[101,5,102,5],[101,6,102,6],[101,7,102,7],[101,8,102,8],[101,9,102,9],[101,10,102,10],[101,11,102,11],[100,0,102,0],[100,1,102,1],[100,4,100,5],[100,6,100,7],[100,8,100,9],[100,10,100,11],[111,0,114,0],[117,0,118,1],[117,4,117,15],[118,4,118,5],[118,6,118,7],[118,8,118,9],[118,10,118,11],[118,12,118,13],[118,14,118,15],[130,0,133,0],[120,12,121,12],[120,13,121,13],[120,14,121,14],[120,15,121,15],[122,0,125,0],[126,0,129,0],[119,12,119,13],[119,14,119,15],[120,4,121,4],[120,5,121,5],[120,6,121,6],[120,7,121,7],[120,8,121,8],[120,9,121,9],[120,10,121,10],[120,11,121,11],[119,0,121,0],[119,1,121,1],[119,4,119,5],[119,6,119,7],[119,8,119,9],[119,10,119,11]]}
[]
["XC25(low)_36",35.799999999999997]
["Evaporator Air \n",null,"Condenser  Entering Air Temperature ˚F"]
[80,"°F DB",75,null,80,null,85,null,90,null,95,null,100,null,105]
["CFM","EWB†\n˚F","Capacity Mbtuh",null,"Capacity Mbtuh",null,"Capacity Mbtuh",null,"Capacity Mbtuh",null,"Capacity Mbtuh",null,"Capacity Mbtuh",null,"Capacity Mbtuh"]
[null,null,"Total","Sens.","Total","Sens.","Total","Sens.","Total","Sens.","Total","Sens.","Total","Sens.","Total","Sens."]
[null,null,null,null,null,null,null,null,null,null,null,null,null,null,null,null,null,"Total Factors",null,null,null,null,null,null,"Sens. %",null,null,null,null,null,null,"IDB Adj",null,null,null,null,null,null,"Sens Calc"]
[380,71,{"$f":"R8*$B$2","v":13.6},{"$f":"IF(AM8>C8,C8,AM8)","v":8.16},{"$f":"S8*$B$2","v":13},{"$f":"IF(AN8>E8,E8,AN8)","v":7.9950000000000001},{"$f":"T8*$B$2","v":12.4},{"$f":"IF(AO8>G8,G8,AO8)","v":7.8120000000000003},{"$f":"U8*$B$2","v":11.899999999999999},{"$f":"IF(AP8>I8,I8,AP8)","v":7.6159999999999997},{"$f":"V8*$B$2","v":11.4},{"$f":"IF(AQ8>K8,K8,AQ8)","v":7.41},{"$f":"W8*$B$2","v":10.95},{"$f":"IF(AR8>M8,M8,AR8)","v":7.2817499999999997},{"$f":"X8*$B$2","v":10.499999999999998},{"$f":"IF(AS8>O8,O8,AS8)","v":7.14},null,0.37988826815642462,0.36312849162011174,0.34636871508379891,0.33240223463687152,0.31843575418994419,0.30586592178770949,0.29329608938547486,0.6,0.61499999999999999,0.63,0.64,0.65,0.66500000000000004,0.68,0.36266666666666658,0.37028571428571427,0.37790476190476197,0.38438095238095249,0.39085714285714296,0.38542857142857156,0.38000000000000012,{"$f":"Y8*C8+($A$4-80)*AF8*$A$8/1000","v":8.16},{"$f":"Z8*E8+($A$4-80)*AG8*$A$8/1000","v":7.9950000000000001},{"$f":"AA8*G8+($A$4-80)*AH8*$A$8/1000","v":7.8120000000000003},{"$f":"AB8*I8+($A$4-80)*AI8*$A$8/1000","v":7.6159999999999997},{"$f":"AC8*K8+($A$4-80)*AJ8*$A$8/1000","v":7.41},{"$f":"AD8*M8+($A$4-80)*AK8*$A$8/1000","v":7.2817499999999997},{"$f":"AE8*O8+($A$4-80)*AL8*$A$8/1000","v":7.14}]
[null,67,12.8,9.9840000000000018,12.2,{"$f":"IF(AN9>E9,E9,AN9)","v":9.6989999999999998},11.6,{"$f":"IF(AO9>G9,G9,AO9)","v":9.3960000000000008},11.1,{"$f":"IF(AP9>I9,I9,AP9)","v":9.213000000000001},10.6,{"$f":"IF(AQ9>K9,K9,AQ9)","v":9.01},10.199999999999998,{"$f":"IF(AR9>M9,M9,AR9)","v":8.873999999999997},9.8000000000000007,{"$f":"IF(AS9>O9,O9,AS9)","v":8.7220000000000013},null,0.35754189944134085,0.34078212290502796,0.32402234636871508,0.31005586592178774,0.29608938547486036,0.28491620111731841,0.27374301675977658,0.78,0.79500000000000004,0.81,0.83000000000000007,0.85,0.87,0.89,0.39009523809523816,0.3828571428571429,0.37561904761904769,0.36952380952380948,0.36342857142857127,0.36838095238095236,0.37333333333333346,{"$f":"Y9*C9+($A$4-80)*AF9*$A$8/1000","v":9.9840000000000018},{"$f":"Z9*E9+($A$4-80)*AG9*$A$8/1000","v":9.6989999999999998},{"$f":"AA9*G9+($A$4-80)*AH9*$A$8/1000","v":9.3960000000000008},{"$f":"AB9*I9+($A$4-80)*AI9*$A$8/1000","v":9.213000000000001},{"$f":"AC9*K9+($A$4-80)*AJ9*$A$8/1000","v":9.01},{"$f":"AD9*M9+($A$4-80)*AK9*$A$8/1000","v":8.873999999999997},{"$f":"AE9*O9+($A$4-80)*AL9*$A$8/1000","v":8.7220000000000013}]
[null,65,12.4,10.85,11.824999999999999,10.52425,11.25,10.18125,10.800000000000002,9.8820000000000032,10.35,9.5737500000000004,10,9.3500000000000014,9.65,9.119250000000001,null,0.34636871508379891,0.33030726256983239,0.31424581005586594,0.30167597765363136,0.28910614525139666,0.27932960893854752,0.26955307262569833,0.875,0.89,0.90500000000000003,0.91500000000000004,0.92500000000000004,0.93500000000000005,0.94500000000000006,0.38933333333333331,0.37161904761904763,0.353904761904762,0.32552380952380955,0.29714285714285704,0.27357142857142858,0.25,10.85,{"$f":"Z10*E10+($A$4-80)*AG10*$A$8/1000","v":10.52425},{"$f":"AA10*G10+($A$4-80)*AH10*$A$8/1000","v":10.18125},9.8820000000000032,9.5737500000000004,9.3500000000000014,9.119250000000001]
[null,63,12,11.64,11.45,11.27825,10.9,10.9,10.499999999999998,10.499999999999998,10.1,10.1,9.8000000000000007,9.8000000000000007,9.5,9.5,null,0.33519553072625702,0.31983240223463688,0.3044692737430168,0.29329608938547486,0.28212290502793297,0.27374301675977658,0.26536312849162014,0.97,0.98499999999999999,1,1,1,1,1,0.3885714285714284,0.36038095238095236,0.33219047619047631,0.28152380952380962,0.23085714285714287,0.17876190476190473,0.12666666666666659,11.64,{"$f":"Z11*E11+($A$4-80)*AG11*$A$8/1000","v":11.27825},{"$f":"AA11*G11+($A$4-80)*AH11*$A$8/1000","v":10.9},{"$f":"AB11*I11+($A$4-80)*AI11*$A$8/1000","v":10.499999999999998},10.1,9.8000000000000007,9.5]
[525,71,14.6,9.782,13.95,9.5557499999999997,13.299999999999999,9.3099999999999987,12.7,9.1439999999999984,12.1,8.9539999999999988,11.6,8.7579999999999991,11.1,8.5470000000000006,null,0.40782122905027934,0.38966480446927376,0.37150837988826818,0.35474860335195529,0.33798882681564246,0.32402234636871508,0.31005586592178774,0.67,0.68500000000000005,0.7,0.72,0.74,0.755,0.77,0.46233333333333348,0.45283333333333342,0.4433333333333333,0.45358333333333334,0.46383333333333332,0.45391666666666663,0.44399999999999995,{"$f":"Y12*C12+($A$4-80)*AF12*$A$12/1000","v":9.782},{"$f":"Z12*E12+($A$4-80)*AG12*$A$12/1000","v":9.5557499999999997},{"$f":"AA12*G12+($A$4-80)*AH12*$A$12/1000","v":9.3099999999999987},{"$f":"AB12*I12+($A$4-80)*AI12*$A$12/1000","v":9.1439999999999984},{"$f":"AC12*K12+($A$4-80)*AJ12*$A$12/1000","v":8.9539999999999988},{"$f":"AD12*M12+($A$4-80)*AK12*$A$12/1000","v":8.7579999999999991},{"$f":"AE12*O12+($A$4-80)*AL12*$A$12/1000","v":8.5470000000000006}]
[null,67,13.7,12.055999999999999,13.05,11.875499999999999,12.4,11.655999999999999,11.850000000000001,11.376000000000001,11.3,11.074,10.9,10.791,10.499999999999998,10.499999999999998,null,0.38268156424581007,0.36452513966480454,0.34636871508379891,0.33100558659217882,0.31564245810055869,0.3044692737430168,0.29329608938547486,0.88,0.90999999999999992,0.94,0.96,0.98,0.99,1,0.45666666666666655,0.45566666666666661,0.45466666666666666,0.44391666666666663,0.43316666666666659,0.40033333333333326,0.36749999999999994,{"$f":"Y13*C13+($A$4-80)*AF13*$A$12/1000","v":12.055999999999999},{"$f":"Z13*E13+($A$4-80)*AG13*$A$12/1000","v":11.875499999999999},{"$f":"AA13*G13+($A$4-80)*AH13*$A$12/1000","v":11.655999999999999},{"$f":"AB13*I13+($A$4-80)*AI13*$A$12/1000","v":11.376000000000001},{"$f":"AC13*K13+($A$4-80)*AJ13*$A$12/1000","v":11.074},{"$f":"AD13*M13+($A$4-80)*AK13*$A$12/1000","v":10.791},{"$f":"AE13*O13+($A$4-80)*AL13*$A$12/1000","v":10.499999999999998}]
[null,65,13.45,12.642999999999999,12.875,12.295624999999999,12.3,11.931000000000001,11.8,11.564,11.3,11.187000000000001,10.9,10.845499999999999,10.499999999999998,10.499999999999998,null,0.37569832402234637,0.35963687150837992,0.34357541899441346,0.32960893854748607,0.31564245810055869,0.3044692737430168,0.29329608938547486,0.94,0.95499999999999996,0.97,0.98,0.99,0.995,1,0.32733333333333325,0.29766666666666663,0.26800000000000002,0.24229166666666666,0.21658333333333329,0.20016666666666663,0.18374999999999997,12.642999999999999,{"$f":"Z14*E14+($A$4-80)*AG14*$A$12/1000","v":12.295624999999999},{"$f":"AA14*G14+($A$4-80)*AH14*$A$12/1000","v":11.931000000000001},11.564,11.187000000000001,10.845499999999999,10.499999999999998]
[null,63,13.2,13.2,12.7,12.7,12.2,12.2,11.75,11.75,11.3,11.3,10.9,10.9,10.499999999999998,10.499999999999998,null,0.36871508379888268,0.35474860335195529,0.34078212290502796,0.32821229050279332,0.31564245810055869,0.3044692737430168,0.29329608938547486,1,1,1,1,1,1,1,0.1979999999999999,0.13966666666666666,8.1333333333333396E-2,4.0666666666666698E-2,0,0,0,13.2,{"$f":"Z15*E15+($A$4-80)*AG15*$A$12/1000","v":12.7},{"$f":"AA15*G15+($A$4-80)*AH15*$A$12/1000","v":12.2},11.75,11.3,10.9,10.499999999999998]
[565,71,14.8,10.36,14.100000000000001,10.011000000000001,13.4,9.6479999999999997,12.850000000000001,9.5090000000000003,12.3,9.3480000000000008,11.75,9.1650000000000009,11.2,8.9599999999999991,null,0.41340782122905034,0.39385474860335201,0.37430167597765368,0.3589385474860336,0.34357541899441346,0.32821229050279332,0.31284916201117319,0.7,0.71,0.72,0.74,0.76,0.78,0.8,0.46044444444444438,0.43866666666666665,0.41688888888888886,0.42711111111111111,0.43733333333333335,0.43437037037037041,0.43140740740740741,{"$f":"Y16*C16+($A$4-80)*AF16*$A$16/1000","v":10.36},{"$f":"Z16*E16+($A$4-80)*AG16*$A$16/1000","v":10.011000000000001},{"$f":"AA16*G16+($A$4-80)*AH16*$A$16/1000","v":9.6479999999999997},{"$f":"AB16*I16+($A$4-80)*AI16*$A$16/1000","v":9.5090000000000003},{"$f":"AC16*K16+($A$4-80)*AJ16*$A$16/1000","v":9.3480000000000008},{"$f":"AD16*M16+($A$4-80)*AK16*$A$16/1000","v":9.1650000000000009},{"$f":"AE16*O16+($A$4-80)*AL16*$A$16/1000","v":8.9599999999999991}]
[null,67,13.8,12.558000000000002,13.15,12.295250000000001,12.5,12,12,11.76,11.5,11.5,11.1,11.1,10.7,10.7,null,0.38547486033519557,0.36731843575418999,0.34916201117318441,0.33519553072625702,0.32122905027932963,0.31005586592178774,0.2988826815642458,0.91,0.93500000000000005,0.96,0.98,1,1,1,0.42933333333333351,0.41837037037037045,0.40740740740740738,0.39962962962962956,0.39185185185185178,0.34651851851851845,0.30118518518518511,{"$f":"Y17*C17+($A$4-80)*AF17*$A$16/1000","v":12.558000000000002},{"$f":"Z17*E17+($A$4-80)*AG17*$A$16/1000","v":12.295250000000001},{"$f":"AA17*G17+($A$4-80)*AH17*$A$16/1000","v":12},{"$f":"AB17*I17+($A$4-80)*AI17*$A$16/1000","v":11.76},{"$f":"AC17*K17+($A$4-80)*AJ17*$A$16/1000","v":11.5},{"$f":"AD17*M17+($A$4-80)*AK17*$A$16/1000","v":11.1},{"$f":"AE17*O17+($A$4-80)*AL17*$A$16/1000","v":10.7}]
[null,65,13.65,13.035750000000002,13.05,12.625875000000001,12.449999999999998,12.200999999999997,11.975,11.85525,11.5,11.5,11.1,11.1,10.7,10.7,null,0.38128491620111737,0.36452513966480454,0.3477653631284916,0.33449720670391064,0.32122905027932963,0.31005586592178774,0.2988826815642458,0.95500000000000007,0.96750000000000003,0.98,0.99,1,1,1,0.27466666666666684,0.24377777777777784,0.21288888888888888,0.20440740740740737,0.19592592592592589,0.17325925925925922,0.15059259259259256,13.035750000000002,{"$f":"Z18*E18+($A$4-80)*AG18*$A$16/1000","v":12.625875000000001},{"$f":"AA18*G18+($A$4-80)*AH18*$A$16/1000","v":12.200999999999997},11.85525,11.5,11.1,10.7]
[null,63,13.5,13.5,12.95,12.95,12.4,12.4,11.95,11.95,11.5,11.5,11.1,11.1,10.7,10.7,null,0.37709497206703912,0.36173184357541899,0.34636871508379891,0.33379888268156427,0.32122905027932963,0.31005586592178774,0.2988826815642458,1,1,1,1,1,1,1,0.12000000000000011,6.9185185185185252E-2,1.8370370370370388E-2,9.1851851851851938E-3,0,0,0,13.5,{"$f":"Z19*E19+($A$4-80)*AG19*$A$16/1000","v":12.95},{"$f":"AA19*G19+($A$4-80)*AH19*$A$16/1000","v":12.4},11.95,11.5,11.1,10.7]

{"sheet":"XC25(low)_48","index":13,"n_rows":19,"n_cols":45,"rows_kept":19,"cut":false,"hidden":true,"merged":[[2,0,2,1],[2,2,2,15],[3,2,3,3],[3,4,3,5],[3,6,3,7],[3,8,3,9],[3,10,3,11],[3,12,3,13],[3,14,3,15],[5,2,6,2],[5,3,6,3],[5,4,6,4],[5,5,6,5],[5,6,6,6],[5,7,6,7],[5,8,6,8],[4,0,6,0],[4,1,6,1],[4,2,4,3],[4,4,4,5],[4,6,4,7],[4,8,4,9],[5,9,6,9],[5,10,6,10],[5,11,6,11],[5,12,6,12],[5,13,6,13],[5,14,6,14],[5,15,6,15],[4,10,4,11],[4,12,4,13],[4,14,4,15],[7,0,10,0],[11,0,14,0],[15,0,18,0],[22,4,22,15],[23,4,23,5],[23,6,23,7],[23,8,23,9],[23,10,23,11],[23,12,23,13],[23,14,23,15],[25,12,26,12],[25,13,26,13],[25,14,26,14],[25,15,26,15],[27,0,30,0],[31,0,34,0],[24,12,24,13],[24,14,24,15],[25,4,26,4],[25,5,26,5],[25,6,26,6],[25,7,26,7],[25,8,26,8],[25,9,26,9],[25,10,26,10],[25,11,26,11],[24,0,26,0],[24,1,26,1],[24,4,24,5],[24,6,24,7],[24,8,24,9],[24,10,24,11],[35,0,38,0],[41,0,42,1],[41,4,41,15],[42,4,42,5],[42,6,42,7],[42,8,42,9],[42,10,42,11],[42,12,42,13],[42,14,42,15],[44,12,45,12],[44,13,45,13],[44,14,45,14],[44,15,45,15],[46,0,49,0],[50,0,53,0],[43,12,43,13],[43,14,43,15],[44,4,45,4],[44,5,45,5],[44,6,45,6],[44,7,45,7],[44,8,45,8],[44,9,45,9],[44,10,45,10],[44,11,45,11],[43,0,45,0],[43,1,45,1],[43,4,43,5],[43,6,43,7],[43,8,43,9],[43,10,43,11],[54,0,57,0],[60,0,61,1],[60,4,60,15],[61,4,61,5],[61,6,61,7],[61,8,61,9],[61,10,61,11],[61,12,61,13],[61,14,61,15],[63,12,64,12],[63,13,64,13],[63,14,64,14],[63,15,64,15],[65,0,68,0],[69,0,72,0],[62,12,62,13],[62,14,62,15],[63,4,64,4],[63,5,64,5],[63,6,64,6],[63,7,64,7],[63,8,64,8],[63,9,64,9],[63,10,64,10],[63,11,64,11],[62,0,64,0],[62,1,64,1],[62,4,62,5],[62,6,62,7],[62,8,62,9],[62,10,62,11],[73,0,76,0],[79,0,80,1],[79,4,79,15],[80,4,80,5],[80,6,80,7],[80,8,80,9],[80,10,80,11],[80,12,80,13],[80,14,80,15],[82,12,83,12],[82,13,83,13],[82,14,83,14],[82,15,83,15],[84,0,87,0],[88,0,91,0],[81,12,81,13],[81,14,81,15],[82,4,83,4],[82,5,83,5],[82,6,83,6],[82,7,83,7],[82,8,83,8],[82,9,83,9],[82,10,83,10],[82,11,83,11],[81,0,83,0],[81,1,83,1],[81,4,81,5],[81,6,81,7],[81,8,81,9],[81,10,81,11],[92,0,95,0],[98,0,99,1],[98,4,98,15],[99,4,99,5],[99,6,99,7],[99,8,99,9],[99,10,99,11],[99,12,99,13],[99,14,99,15],[101,12,102,12],[101,13,102,13],[101,14,102,14],[101,15,102,15],[103,0,106,0],[107,0,110,0],[100,12,100,13],[100,14,100,15],[101,4,102,4],[101,5,102,5],[101,6,102,6],[101,7,102,7],[101,8,102,8],[101,9,102,9],[101,10,102,10],[101,11,102,11],[100,0,102,0],[100,1,102,1],[100,4,100,5],[100,6,100,7],[100,8,100,9],[100,10,100,11],[111,0,114,0],[117,0,118,1],[117,4,117,15],[118,4,118,5],[118,6,118,7],[118,8,118,9],[118,10,118,11],[118,12,118,13],[118,14,118,15],[130,0,133,0],[120,12,121,12],[120,13,121,13],[120,14,121,14],[120,15,121,15],[122,0,125,0],[126,0,129,0],[119,12,119,13],[119,14,119,15],[120,4,121,4],[120,5,121,5],[120,6,121,6],[120,7,121,7],[120,8,121,8],[120,9,121,9],[120,10,121,10],[120,11,121,11],[119,0,121,0],[119,1,121,1],[119,4,119,5],[119,6,119,7],[119,8,119,9],[119,10,119,11]]}
[]
["XC25(low)_48",49.5]
["Evaporator Air \n",null,"Condenser  Entering Air Temperature ˚F"]
[80,"°F DB",75,null,80,null,85,null,90,null,95,null,100,null,105]
["CFM","EWB†\n˚F","Capacity Mbtuh",null,"Capacity Mbtuh",null,"Capacity Mbtuh",null,"Capacity Mbtuh",null,"Capacity Mbtuh",null,"Capacity Mbtuh",null,"Capacity Mbtuh"]
[null,null,"Total","Sens.","Total","Sens.","Total","Sens.","Total","Sens.","Total","Sens.","Total","Sens.","Total","Sens."]
[null,null,null,null,null,null,null,null,null,null,null,null,null,null,null,null,null,"Total Factors",null,null,null,null,null,null,"Sens. %",null,null,null,null,null,null,"IDB Adj",null,null,null,null,null,null,"Sens Calc"]
[560,71,{"$f":"R8*$B$2","v":23.6},{"$f":"IF(AM8>C8,C8,AM8)","v":13.688000000000001},{"$f":"S8*$B$2","v":23.1},{"$f":"IF(AN8>E8,E8,AN8)","v":13.513500000000001},{"$f":"T8*$B$2","v":22.6},{"$f":"IF(AO8>G8,G8,AO8)","v":13.334},{"$f":"U8*$B$2","v":22.1},{"$f":"IF(AP8>I8,I8,AP8)","v":13.1495},{"$f":"V8*$B$2","v":21.6},{"$f":"IF(AQ8>K8,K8,AQ8)","v":12.96},{"$f":"W8*$B$2","v":21},{"$f":"IF(AR8>M8,M8,AR8)","v":12.705},{"$f":"X8*$B$2","v":20.399999999999999},{"$f":"IF(AS8>O8,O8,AS8)","v":12.443999999999999},null,0.47676767676767678,0.46666666666666667,0.45656565656565662,0.44646464646464651,0.4363636363636364,0.42424242424242425,0.41212121212121211,0.57999999999999996,0.58499999999999996,0.59,0.59499999999999997,0.6,0.60499999999999998,0.61,0.58438095238095222,0.59352380952380934,0.60266666666666646,0.58933333333333315,0.57599999999999985,0.57942857142857129,0.58285714285714274,{"$f":"Y8*C8+($A$4-80)*AF8*$A$8/1000","v":13.688000000000001},{"$f":"Z8*E8+($A$4-80)*AG8*$A$8/1000","v":13.513500000000001},{"$f":"AA8*G8+($A$4-80)*AH8*$A$8/1000","v":13.334},{"$f":"AB8*I8+($A$4-80)*AI8*$A$8/1000","v":13.1495},{"$f":"AC8*K8+($A$4-80)*AJ8*$A$8/1000","v":12.96},{"$f":"AD8*M8+($A$4-80)*AK8*$A$8/1000","v":12.705},{"$f":"AE8*O8+($A$4-80)*AL8*$A$8/1000","v":12.443999999999999}]
[null,67,22.2,16.206,21.7,{"$f":"IF(AN9>E9,E9,AN9)","v":16.058},21.2,{"$f":"IF(AO9>G9,G9,AO9)","v":15.899999999999999},20.799999999999997,{"$f":"IF(AP9>I9,I9,AP9)","v":15.703999999999997},20.399999999999999,{"$f":"IF(AQ9>K9,K9,AQ9)","v":15.504},19.799999999999997,{"$f":"IF(AR9>M9,M9,AR9)","v":15.245999999999999},19.2,{"$f":"IF(AS9>O9,O9,AS9)","v":14.975999999999999},null,0.44848484848484849,0.43838383838383838,0.42828282828282827,0.42020202020202013,0.41212121212121211,0.39999999999999997,0.38787878787878788,0.73,0.74,0.75,0.755,0.76,0.77,0.78,0.54971428571428571,0.55752380952380953,0.56533333333333335,0.5740952380952381,0.58285714285714285,0.58400000000000007,0.58514285714285719,{"$f":"Y9*C9+($A$4-80)*AF9*$A$8/1000","v":16.206},{"$f":"Z9*E9+($A$4-80)*AG9*$A$8/1000","v":16.058},{"$f":"AA9*G9+($A$4-80)*AH9*$A$8/1000","v":15.899999999999999},{"$f":"AB9*I9+($A$4-80)*AI9*$A$8/1000","v":15.703999999999997},{"$f":"AC9*K9+($A$4-80)*AJ9*$A$8/1000","v":15.504},{"$f":"AD9*M9+($A$4-80)*AK9*$A$8/1000","v":15.245999999999999},{"$f":"AE9*O9+($A$4-80)*AL9*$A$8/1000","v":14.975999999999999}]
[null,65,21.5,17.522499999999997,21.049999999999997,17.366249999999997,20.6,17.201000000000001,20.174999999999997,17.047874999999998,19.75,16.88625,19.2,16.608000000000001,18.649999999999999,16.318749999999998,null,0.43434343434343436,0.42525252525252522,0.41616161616161618,0.40757575757575754,0.39898989898989901,0.38787878787878788,0.37676767676767675,0.81499999999999995,0.82499999999999996,0.83499999999999996,0.84499999999999997,0.85499999999999998,0.86499999999999999,0.875,0.55219047619047623,0.56028571428571428,0.56838095238095243,0.5754285714285714,0.58247619047619037,0.5754285714285714,0.56838095238095221,17.522499999999997,{"$f":"Z10*E10+($A$4-80)*AG10*$A$8/1000","v":17.366249999999997},{"$f":"AA10*G10+($A$4-80)*AH10*$A$8/1000","v":17.201000000000001},17.047874999999998,16.88625,16.608000000000001,16.318749999999998]
[null,63,20.8,18.720000000000002,20.399999999999999,18.564,20,18.400000000000002,19.55,18.279250000000001,19.100000000000001,18.145,18.600000000000001,17.856000000000002,18.100000000000001,17.557000000000002,null,0.42020202020202024,0.41212121212121211,0.40404040404040403,0.39494949494949494,0.3858585858585859,0.37575757575757579,0.36565656565656568,0.9,0.91,0.92,0.93500000000000005,0.95,0.96,0.97,0.55466666666666675,0.56304761904761913,0.57142857142857151,0.5767619047619047,0.58209523809523789,0.56685714285714262,0.55161904761904734,18.720000000000002,{"$f":"Z11*E11+($A$4-80)*AG11*$A$8/1000","v":18.564},{"$f":"AA11*G11+($A$4-80)*AH11*$A$8/1000","v":18.400000000000002},{"$f":"AB11*I11+($A$4-80)*AI11*$A$8/1000","v":18.279250000000001},18.145,17.856000000000002,17.557000000000002]
[815,71,25.4,16.001999999999999,24.900000000000002,16.060500000000001,24.4,16.103999999999999,23.799999999999997,15.826999999999998,23.2,15.544,22.6,15.481000000000002,22,15.399999999999999,null,0.5131313131313131,0.50303030303030305,0.49292929292929288,0.48080808080808074,0.46868686868686865,0.45656565656565662,0.44444444444444442,0.63,0.64500000000000002,0.66,0.66500000000000004,0.67,0.68500000000000005,0.7,0.67733333333333345,0.70466666666666677,0.73200000000000021,0.71400000000000019,0.69600000000000006,0.73299999999999987,0.7699999999999998,{"$f":"Y12*C12+($A$4-80)*AF12*$A$12/1000","v":16.001999999999999},{"$f":"Z12*E12+($A$4-80)*AG12*$A$12/1000","v":16.060500000000001},{"$f":"AA12*G12+($A$4-80)*AH12*$A$12/1000","v":16.103999999999999},{"$f":"AB12*I12+($A$4-80)*AI12*$A$12/1000","v":15.826999999999998},{"$f":"AC12*K12+($A$4-80)*AJ12*$A$12/1000","v":15.544},{"$f":"AD12*M12+($A$4-80)*AK12*$A$12/1000","v":15.481000000000002},{"$f":"AE12*O12+($A$4-80)*AL12*$A$12/1000","v":15.399999999999999}]
[null,67,24,19.919999999999998,23.5,19.857499999999998,23,19.78,22.4,19.488,21.8,19.184000000000001,21.200000000000003,18.974000000000004,20.6,18.746000000000002,null,0.48484848484848486,0.47474747474747475,0.46464646464646464,0.4525252525252525,0.44040404040404041,0.42828282828282832,0.41616161616161618,0.83,0.84499999999999997,0.86,0.87,0.88,0.89500000000000002,0.91,0.67999999999999972,0.70416666666666639,0.72833333333333317,0.72749999999999981,0.72666666666666657,0.72383333333333355,0.72100000000000042,{"$f":"Y13*C13+($A$4-80)*AF13*$A$12/1000","v":19.919999999999998},{"$f":"Z13*E13+($A$4-80)*AG13*$A$12/1000","v":19.857499999999998},{"$f":"AA13*G13+($A$4-80)*AH13*$A$12/1000","v":19.78},{"$f":"AB13*I13+($A$4-80)*AI13*$A$12/1000","v":19.488},{"$f":"AC13*K13+($A$4-80)*AJ13*$A$12/1000","v":19.184000000000001},{"$f":"AD13*M13+($A$4-80)*AK13*$A$12/1000","v":18.974000000000004},{"$f":"AE13*O13+($A$4-80)*AL13*$A$12/1000","v":18.746000000000002}]
[null,65,23.5,21.502500000000001,23.05,21.263625000000001,22.6,21.018000000000001,22.049999999999997,20.61675,21.5,20.209999999999997,20.950000000000003,19.850125000000002,20.399999999999999,19.481999999999999,null,0.47474747474747475,0.46565656565656566,0.45656565656565662,0.44545454545454538,0.43434343434343436,0.42323232323232329,0.41212121212121211,0.91500000000000004,0.92249999999999999,0.92999999999999994,0.93500000000000005,0.94,0.94750000000000001,0.95500000000000007,0.60833333333333317,0.59724999999999984,0.5861666666666665,0.56308333333333316,0.53999999999999992,0.50075000000000014,0.4615000000000003,21.502500000000001,{"$f":"Z14*E14+($A$4-80)*AG14*$A$12/1000","v":21.263625000000001},{"$f":"AA14*G14+($A$4-80)*AH14*$A$12/1000","v":21.018000000000001},20.61675,20.209999999999997,19.850125000000002,19.481999999999999]
[null,63,23,23,22.6,22.6,22.2,22.2,21.7,21.7,21.2,21.2,20.7,20.7,20.2,20.2,null,0.46464646464646464,0.45656565656565662,0.44848484848484849,0.43838383838383838,0.42828282828282827,0.41818181818181815,0.40808080808080804,1,1,1,1,1,1,1,0.53666666666666663,0.49033333333333329,0.44399999999999995,0.39866666666666661,0.35333333333333328,0.27766666666666673,0.20200000000000021,23,{"$f":"Z15*E15+($A$4-80)*AG15*$A$12/1000","v":22.6},{"$f":"AA15*G15+($A$4-80)*AH15*$A$12/1000","v":22.2},21.7,21.2,20.7,20.2]
[990,71,26.2,18.077999999999999,25.6,17.791999999999998,25,17.5,24.4,17.323999999999998,23.8,17.135999999999999,23.200000000000003,16.936,22.6,16.724,null,0.52929292929292926,0.51717171717171717,0.50505050505050508,0.49292929292929288,0.4808080808080808,0.46868686868686876,0.45656565656565662,0.69,0.69499999999999995,0.7,0.71,0.72,0.73,0.74,0.73748148148148129,0.73911111111111094,0.74074074074074059,0.74059259259259247,0.74044444444444424,0.73851851851851835,0.73659259259259247,{"$f":"Y16*C16+($A$4-80)*AF16*$A$16/1000","v":18.077999999999999},{"$f":"Z16*E16+($A$4-80)*AG16*$A$16/1000","v":17.791999999999998},{"$f":"AA16*G16+($A$4-80)*AH16*$A$16/1000","v":17.5},{"$f":"AB16*I16+($A$4-80)*AI16*$A$16/1000","v":17.323999999999998},{"$f":"AC16*K16+($A$4-80)*AJ16*$A$16/1000","v":17.135999999999999},{"$f":"AD16*M16+($A$4-80)*AK16*$A$16/1000","v":16.936},{"$f":"AE16*O16+($A$4-80)*AL16*$A$16/1000","v":16.724}]
[null,67,24.8,22.32,24.3,22.113000000000003,23.8,21.896000000000001,23.200000000000003,21.692000000000004,22.6,21.47,22,21.23,21.4,20.971999999999998,null,0.50101010101010102,0.49090909090909091,0.4808080808080808,0.46868686868686876,0.45656565656565662,0.44444444444444442,0.43232323232323228,0.9,0.91,0.92,0.93500000000000005,0.95,0.96499999999999997,0.98,0.73481481481481514,0.73762962962962986,0.74044444444444468,0.73851851851851857,0.73659259259259247,0.73288888888888881,0.72918518518518516,{"$f":"Y17*C17+($A$4-80)*AF17*$A$16/1000","v":22.32},{"$f":"Z17*E17+($A$4-80)*AG17*$A$16/1000","v":22.113000000000003},{"$f":"AA17*G17+($A$4-80)*AH17*$A$16/1000","v":21.896000000000001},{"$f":"AB17*I17+($A$4-80)*AI17*$A$16/1000","v":21.692000000000004},{"$f":"AC17*K17+($A$4-80)*AJ17*$A$16/1000","v":21.47},{"$f":"AD17*M17+($A$4-80)*AK17*$A$16/1000","v":21.23},{"$f":"AE17*O17+($A$4-80)*AL17*$A$16/1000","v":20.971999999999998}]
[null,65,24.5,23.274999999999999,24.049999999999997,22.967749999999999,23.6,22.655999999999999,23.05,22.300875000000001,22.5,21.9375,21.9,21.516749999999998,21.299999999999997,21.086999999999996,null,0.49494949494949497,0.48585858585858582,0.47676767676767678,0.46565656565656566,0.45454545454545453,0.44242424242424239,0.43030303030303024,0.95,0.95500000000000007,0.96,0.96750000000000003,0.97499999999999998,0.98249999999999993,0.99,0.51081481481481494,0.48385185185185198,0.45688888888888912,0.43748148148148158,0.41807407407407404,0.39133333333333331,0.36459259259259258,23.274999999999999,{"$f":"Z18*E18+($A$4-80)*AG18*$A$16/1000","v":22.967749999999999},{"$f":"AA18*G18+($A$4-80)*AH18*$A$16/1000","v":22.655999999999999},22.300875000000001,21.9375,21.516749999999998,21.086999999999996]
[null,63,24.2,24.2,23.799999999999997,23.799999999999997,23.4,23.4,22.9,22.9,22.4,22.4,21.799999999999997,21.799999999999997,21.2,21.2,null,0.48888888888888887,0.48080808080808074,0.47272727272727272,0.46262626262626261,0.4525252525252525,0.44040404040404035,0.42828282828282827,1,1,1,1,1,1,1,0.28681481481481469,0.2300740740740741,0.17333333333333351,0.13644444444444459,9.9555555555555647E-2,4.9777777777777824E-2,0,24.2,{"$f":"Z19*E19+($A$4-80)*AG19*$A$16/1000","v":23.799999999999997},{"$f":"AA19*G19+($A$4-80)*AH19*$A$16/1000","v":23.4},22.9,22.4,21.799999999999997,21.2]

{"sheet":"XC25(low)_60","index":14,"n_rows":19,"n_cols":45,"rows_kept":19,"cut":false,"hidden":true,"merged":[[2,0,2,1],[2,2,2,15],[3,2,3,3],[3,4,3,5],[3,6,3,7],[3,8,3,9],[3,10,3,11],[3,12,3,13],[3,14,3,15],[5,2,6,2],[5,3,6,3],[5,4,6,4],[5,5,6,5],[5,6,6,6],[5,7,6,7],[5,8,6,8],[4,0,6,0],[4,1,6,1],[4,2,4,3],[4,4,4,5],[4,6,4,7],[4,8,4,9],[5,9,6,9],[5,10,6,10],[5,11,6,11],[5,12,6,12],[5,13,6,13],[5,14,6,14],[5,15,6,15],[4,10,4,11],[4,12,4,13],[4,14,4,15],[7,0,10,0],[11,0,14,0],[15,0,18,0],[22,4,22,15],[23,4,23,5],[23,6,23,7],[23,8,23,9],[23,10,23,11],[23,12,23,13],[23,14,23,15],[25,12,26,12],[25,13,26,13],[25,14,26,14],[25,15,26,15],[27,0,30,0],[31,0,34,0],[24,12,24,13],[24,14,24,15],[25,4,26,4],[25,5,26,5],[25,6,26,6],[25,7,26,7],[25,8,26,8],[25,9,26,9],[25,10,26,10],[25,11,26,11],[24,0,26,0],[24,1,26,1],[24,4,24,5],[24,6,24,7],[24,8,24,9],[24,10,24,11],[35,0,38,0],[41,0,42,1],[41,4,41,15],[42,4,42,5],[42,6,42,7],[42,8,42,9],[42,10,42,11],[42,12,42,13],[42,14,42,15],[44,12,45,12],[44,13,45,13],[44,14,45,14],[44,15,45,15],[46,0,49,0],[50,0,53,0],[43,12,43,13],[43,14,43,15],[44,4,45,4],[44,5,45,5],[44,6,45,6],[44,7,45,7],[44,8,45,8],[44,9,45,9],[44,10,45,10],[44,11,45,11],[43,0,45,0],[43,1,45,1],[43,4,43,5],[43,6,43,7],[43,8,43,9],[43,10,43,11],[54,0,57,0],[60,0,61,1],[60,4,60,15],[61,4,61,5],[61,6,61,7],[61,8,61,9],[61,10,61,11],[61,12,61,13],[61,14,61,15],[63,12,64,12],[63,13,64,13],[63,14,64,14],[63,15,64,15],[65,0,68,0],[69,0,72,0],[62,12,62,13],[62,14,62,15],[63,4,64,4],[63,5,64,5],[63,6,64,6],[63,7,64,7],[63,8,64,8],[63,9,64,9],[63,10,64,10],[63,11,64,11],[62,0,64,0],[62,1,64,1],[62,4,62,5],[62,6,62,7],[62,8,62,9],[62,10,62,11],[73,0,76,0],[79,0,80,1],[79,4,79,15],[80,4,80,5],[80,6,80,7],[80,8,80,9],[80,10,80,11],[80,12,80,13],[80,14,80,15],[82,12,83,12],[82,13,83,13],[82,14,83,14],[82,15,83,15],[84,0,87,0],[88,0,91,0],[81,12,81,13],[81,14,81,15],[82,4,83,4],[82,5,83,5],[82,6,83,6],[82,7,83,7],[82,8,83,8],[82,9,83,9],[82,10,83,10],[82,11,83,11],[81,0,83,0],[81,1,83,1],[81,4,81,5],[81,6,81,7],[81,8,81,9],[81,10,81,11],[92,0,95,0],[98,0,99,1],[98,4,98,15],[99,4,99,5],[99,6,99,7],[99,8,99,9],[99,10,99,11],[99,12,99,13],[99,14,99,15],[101,12,102,12],[101,13,102,13],[101,14,102,14],[101,15,102,15],[103,0,106,0],[107,0,110,0],[100,12,100,13],[100,14,100,15],[101,4,102,4],[101,5,102,5],[101,6,102,6],[101,7,102,7],[101,8,102,8],[101,9,102,9],[101,10,102,10],[101,11,102,11],[100,0,102,0],[100,1,102,1],[100,4,100,5],[100,6,100,7],[100,8,100,9],[100,10,100,11],[111,0,114,0],[117,0,118,1],[117,4,117,15],[118,4,118,5],[118,6,118,7],[118,8,118,9],[118,10,118,11],[118,12,118,13],[118,14,118,15],[130,0,133,0],[120,12,121,12],[120,13,121,13],[120,14,121,14],[120,15,121,15],[122,0,125,0],[126,0,129,0],[119,12,119,13],[119,14,119,15],[120,4,121,4],[120,5,121,5],[120,6,121,6],[120,7,121,7],[120,8,121,8],[120,9,121,9],[120,10,121,10],[120,11,121,11],[119,0,121,0],[119,1,121,1],[119,4,119,5],[119,6,119,7],[119,8,119,9],[119,10,119,11]]}
[]
["XC25(low)_60",60]
["Evaporator Air \n",null,"Condenser  Entering Air Temperature ˚F"]
[80,"°F DB",75,null,80,null,85,null,90,null,95,null,100,null,105]
["CFM","EWB†\n˚F","Capacity Mbtuh",null,"Capacity Mbtuh",null,"Capacity Mbtuh",null,"Capacity Mbtuh",null,"Capacity Mbtuh",null,"Capacity Mbtuh",null,"Capacity Mbtuh"]
[null,null,"Total","Sens.","Total","Sens.","Total","Sens.","Total","Sens.","Total","Sens.","Total","Sens.","Total","Sens."]
[null,null,null,null,null,null,null,null,null,null,null,null,null,null,null,null,null,"Total Factors",null,null,null,null,null,null,"Sens. %",null,null,null,null,null,null,"IDB Adj",null,null,null,null,null,null,"Sens Calc"]
[630,71,{"$f":"R8*$B$2","v":27.2},{"$f":"IF(AM8>C8,C8,AM8)","v":15.232000000000001},{"$f":"S8*$B$2","v":26.6},{"$f":"IF(AN8>E8,E8,AN8)","v":15.029},{"$f":"T8*$B$2","v":26},{"$f":"IF(AO8>G8,G8,AO8)","v":14.819999999999999},{"$f":"U8*$B$2","v":25.3},{"$f":"IF(AP8>I8,I8,AP8)","v":14.547499999999999},{"$f":"V8*$B$2","v":24.6},{"$f":"IF(AQ8>K8,K8,AQ8)","v":14.268000000000001},{"$f":"W8*$B$2","v":24},{"$f":"IF(AR8>M8,M8,AR8)","v":14.04},{"$f":"X8*$B$2","v":23.4},{"$f":"IF(AS8>O8,O8,AS8)","v":13.805999999999999},null,0.45333333333333331,0.44333333333333336,0.43333333333333335,0.42166666666666669,0.41000000000000003,0.4,0.38999999999999996,0.56000000000000005,0.56499999999999995,0.56999999999999995,0.57499999999999996,0.57999999999999996,0.58499999999999996,0.59,0.621714285714286,0.60799999999999998,0.59428571428571397,0.60171428571428542,0.60914285714285699,0.61657142857142833,0.62399999999999978,{"$f":"Y8*C8+($A$4-80)*AF8*$A$8/1000","v":15.232000000000001},{"$f":"Z8*E8+($A$4-80)*AG8*$A$8/1000","v":15.029},{"$f":"AA8*G8+($A$4-80)*AH8*$A$8/1000","v":14.819999999999999},{"$f":"AB8*I8+($A$4-80)*AI8*$A$8/1000","v":14.547499999999999},{"$f":"AC8*K8+($A$4-80)*AJ8*$A$8/1000","v":14.268000000000001},{"$f":"AD8*M8+($A$4-80)*AK8*$A$8/1000","v":14.04},{"$f":"AE8*O8+($A$4-80)*AL8*$A$8/1000","v":13.805999999999999}]
[null,67,25.8,18.317999999999998,25.200000000000003,{"$f":"IF(AN9>E9,E9,AN9)","v":18.018000000000001},24.6,{"$f":"IF(AO9>G9,G9,AO9)","v":17.712},23.9,{"$f":"IF(AP9>I9,I9,AP9)","v":17.446999999999999},23.2,{"$f":"IF(AQ9>K9,K9,AQ9)","v":17.167999999999999},22.6,{"$f":"IF(AR9>M9,M9,AR9)","v":16.837},22,{"$f":"IF(AS9>O9,O9,AS9)","v":16.5},null,0.43,0.42000000000000004,0.41000000000000003,0.39833333333333332,0.38666666666666666,0.37666666666666671,0.36666666666666664,0.71,0.71499999999999997,0.72,0.73,0.74,0.745,0.75,0.6388571428571429,0.62400000000000011,0.60914285714285721,0.61390476190476195,0.61866666666666681,0.60266666666666668,0.58666666666666667,{"$f":"Y9*C9+($A$4-80)*AF9*$A$8/1000","v":18.317999999999998},{"$f":"Z9*E9+($A$4-80)*AG9*$A$8/1000","v":18.018000000000001},{"$f":"AA9*G9+($A$4-80)*AH9*$A$8/1000","v":17.712},{"$f":"AB9*I9+($A$4-80)*AI9*$A$8/1000","v":17.446999999999999},{"$f":"AC9*K9+($A$4-80)*AJ9*$A$8/1000","v":17.167999999999999},{"$f":"AD9*M9+($A$4-80)*AK9*$A$8/1000","v":16.837},{"$f":"AE9*O9+($A$4-80)*AL9*$A$8/1000","v":16.5}]
[null,65,25.1,19.703499999999998,24.5,19.416249999999998,23.9,19.12,23.25,18.890625,22.6,18.645,22,18.315000000000001,21.4,17.975999999999999,null,0.41833333333333333,0.40833333333333333,0.39833333333333332,0.38750000000000001,0.37666666666666671,0.36666666666666664,0.35666666666666663,0.78499999999999992,0.79249999999999998,0.8,0.8125,0.82499999999999996,0.83250000000000002,0.84000000000000008,0.62152380952380959,0.61771428571428577,0.61390476190476195,0.61876190476190485,0.62361904761904774,0.60704761904761917,0.5904761904761906,19.703499999999998,{"$f":"Z10*E10+($A$4-80)*AG10*$A$8/1000","v":19.416249999999998},{"$f":"AA10*G10+($A$4-80)*AH10*$A$8/1000","v":19.12},18.890625,18.645,18.315000000000001,17.975999999999999]
[null,63,24.4,20.983999999999998,23.799999999999997,20.705999999999996,23.2,20.416,22.6,20.227,22,20.02,21.4,19.687999999999999,20.8,19.344000000000001,null,0.40666666666666662,0.39666666666666661,0.38666666666666666,0.37666666666666671,0.36666666666666664,0.35666666666666663,0.34666666666666668,0.86,0.87,0.88,0.89500000000000002,0.91,0.92,0.93,0.60419047619047617,0.61142857142857143,0.61866666666666681,0.62361904761904774,0.62857142857142878,0.61142857142857165,0.59428571428571442,20.983999999999998,{"$f":"Z11*E11+($A$4-80)*AG11*$A$8/1000","v":20.705999999999996},{"$f":"AA11*G11+($A$4-80)*AH11*$A$8/1000","v":20.416},{"$f":"AB11*I11+($A$4-80)*AI11*$A$8/1000","v":20.227},20.02,19.687999999999999,19.344000000000001]
[915,71,29.4,18.227999999999998,28.7,17.9375,28,17.64,27.3,17.472000000000001,26.6,17.290000000000003,25.9,16.964500000000001,25.2,16.632000000000001,null,0.49,0.47833333333333333,0.46666666666666667,0.45500000000000002,0.44333333333333336,0.43166666666666664,0.42,0.62,0.625,0.63,0.64,0.65,0.65500000000000003,0.66,0.73499999999999999,0.76416666666666666,0.79333333333333333,0.77350000000000008,0.75366666666666682,0.75483333333333347,0.75600000000000012,{"$f":"Y12*C12+($A$4-80)*AF12*$A$12/1000","v":18.227999999999998},{"$f":"Z12*E12+($A$4-80)*AG12*$A$12/1000","v":17.9375},{"$f":"AA12*G12+($A$4-80)*AH12*$A$12/1000","v":17.64},{"$f":"AB12*I12+($A$4-80)*AI12*$A$12/1000","v":17.472000000000001},{"$f":"AC12*K12+($A$4-80)*AJ12*$A$12/1000","v":17.290000000000003},{"$f":"AD12*M12+($A$4-80)*AK12*$A$12/1000","v":16.964500000000001},{"$f":"AE12*O12+($A$4-80)*AL12*$A$12/1000","v":16.632000000000001}]
[null,67,28,22.400000000000002,27.3,22.113000000000003,26.6,21.812000000000001,26,21.58,25.4,21.335999999999999,24.7,20.994999999999997,24,20.64,null,0.46666666666666667,0.45500000000000002,0.44333333333333336,0.43333333333333335,0.42333333333333328,0.41166666666666668,0.4,0.8,0.81,0.82,0.83,0.84,0.85,0.86,0.79333333333333356,0.77349999999999997,0.75366666666666637,0.75783333333333314,0.76199999999999979,0.74099999999999977,0.71999999999999975,{"$f":"Y13*C13+($A$4-80)*AF13*$A$12/1000","v":22.400000000000002},{"$f":"Z13*E13+($A$4-80)*AG13*$A$12/1000","v":22.113000000000003},{"$f":"AA13*G13+($A$4-80)*AH13*$A$12/1000","v":21.812000000000001},{"$f":"AB13*I13+($A$4-80)*AI13*$A$12/1000","v":21.58},{"$f":"AC13*K13+($A$4-80)*AJ13*$A$12/1000","v":21.335999999999999},{"$f":"AD13*M13+($A$4-80)*AK13*$A$12/1000","v":20.994999999999997},{"$f":"AE13*O13+($A$4-80)*AL13*$A$12/1000","v":20.64}]
[null,65,27.3,24.297000000000001,26.65,23.984999999999999,26,23.659999999999997,25.4,23.241,24.799999999999997,22.815999999999995,24.15,22.338750000000001,23.5,21.854999999999997,null,0.45500000000000002,0.44416666666666665,0.43333333333333335,0.42333333333333328,0.41333333333333327,0.40249999999999997,0.39166666666666666,0.89,0.9,0.90999999999999992,0.91500000000000004,0.91999999999999993,0.92500000000000004,0.92999999999999994,0.75133333333333352,0.73341666666666672,0.71549999999999991,0.68941666666666657,0.66333333333333333,0.61708333333333321,0.57083333333333319,24.297000000000001,{"$f":"Z14*E14+($A$4-80)*AG14*$A$12/1000","v":23.984999999999999},{"$f":"AA14*G14+($A$4-80)*AH14*$A$12/1000","v":23.659999999999997},23.241,22.815999999999995,22.338750000000001,21.854999999999997]
[null,63,26.6,26.068000000000001,26,25.74,25.4,25.4,24.799999999999997,24.799999999999997,24.2,24.2,23.6,23.6,23,23,null,0.44333333333333336,0.43333333333333335,0.42333333333333328,0.41333333333333327,0.40333333333333332,0.39333333333333337,0.38333333333333336,0.98,0.99,1,1,1,1,1,0.70933333333333348,0.69333333333333347,0.67733333333333345,0.62100000000000011,0.56466666666666676,0.4931666666666667,0.42166666666666663,26.068000000000001,{"$f":"Z15*E15+($A$4-80)*AG15*$A$12/1000","v":25.74},{"$f":"AA15*G15+($A$4-80)*AH15*$A$12/1000","v":25.4},24.799999999999997,24.2,23.6,23]
[1100,71,30.399999999999995,20.063999999999997,29.7,19.750499999999999,29,19.43,28.2,19.175999999999998,27.4,18.905999999999999,26.7,18.689999999999998,26,18.46,null,0.5066666666666666,0.495,0.48333333333333334,0.47,0.45666666666666667,0.44500000000000001,0.43333333333333335,0.66,0.66500000000000004,0.67,0.67999999999999994,0.69,0.7,0.71,0.85570370370370386,0.81451851851851864,0.77333333333333354,0.79259259259259252,0.8118518518518516,0.79111111111111088,0.77037037037037026,{"$f":"Y16*C16+($A$4-80)*AF16*$A$16/1000","v":20.063999999999997},{"$f":"Z16*E16+($A$4-80)*AG16*$A$16/1000","v":19.750499999999999},{"$f":"AA16*G16+($A$4-80)*AH16*$A$16/1000","v":19.43},{"$f":"AB16*I16+($A$4-80)*AI16*$A$16/1000","v":19.175999999999998},{"$f":"AC16*K16+($A$4-80)*AJ16*$A$16/1000","v":18.905999999999999},{"$f":"AD16*M16+($A$4-80)*AK16*$A$16/1000","v":18.689999999999998},{"$f":"AE16*O16+($A$4-80)*AL16*$A$16/1000","v":18.46}]
[null,67,29,24.65,28.3,24.479500000000002,27.6,24.288,26.9,23.940999999999999,26.2,23.58,25.4,23.241,24.6,22.878000000000004,null,0.48333333333333334,0.47166666666666668,0.46,0.44833333333333331,0.43666666666666665,0.42333333333333328,0.41000000000000003,0.85,0.86499999999999999,0.88,0.89,0.9,0.91500000000000004,0.93,0.81629629629629608,0.81703703703703678,0.81777777777777749,0.79703703703703699,0.7762962962962966,0.77081481481481506,0.76533333333333353,{"$f":"Y17*C17+($A$4-80)*AF17*$A$16/1000","v":24.65},{"$f":"Z17*E17+($A$4-80)*AG17*$A$16/1000","v":24.479500000000002},{"$f":"AA17*G17+($A$4-80)*AH17*$A$16/1000","v":24.288},{"$f":"AB17*I17+($A$4-80)*AI17*$A$16/1000","v":23.940999999999999},{"$f":"AC17*K17+($A$4-80)*AJ17*$A$16/1000","v":23.58},{"$f":"AD17*M17+($A$4-80)*AK17*$A$16/1000","v":23.241},{"$f":"AE17*O17+($A$4-80)*AL17*$A$16/1000","v":22.878000000000004}]
[null,65,28.4,26.27,27.75,25.876874999999998,27.1,25.474,26.45,24.995250000000002,25.799999999999997,24.509999999999994,25.099999999999998,24.033249999999999,24.4,23.545999999999999,null,0.47333333333333333,0.46250000000000002,0.45166666666666672,0.4408333333333333,0.42999999999999994,0.41833333333333328,0.40666666666666662,0.92500000000000004,0.9325,0.94,0.94500000000000006,0.95,0.95750000000000002,0.96500000000000008,0.67585185185185181,0.64088888888888884,0.60592592592592576,0.56288888888888877,0.5198518518518519,0.48711111111111122,0.45437037037037054,26.27,{"$f":"Z18*E18+($A$4-80)*AG18*$A$16/1000","v":25.876874999999998},{"$f":"AA18*G18+($A$4-80)*AH18*$A$16/1000","v":25.474},24.995250000000002,24.509999999999994,24.033249999999999,23.545999999999999]
[null,63,27.8,27.8,27.200000000000003,27.200000000000003,26.6,26.6,26,26,25.4,25.4,24.799999999999997,24.799999999999997,24.2,24.2,null,0.46333333333333332,0.45333333333333337,0.44333333333333336,0.43333333333333335,0.42333333333333328,0.41333333333333327,0.40333333333333332,1,1,1,1,1,1,1,0.53540740740740755,0.46474074074074079,0.39407407407407402,0.32874074074074067,0.26340740740740726,0.20340740740740737,0.14340740740740751,27.8,{"$f":"Z19*E19+($A$4-80)*AG19*$A$16/1000","v":27.200000000000003},{"$f":"AA19*G19+($A$4-80)*AH19*$A$16/1000","v":26.6},26,25.4,24.799999999999997,24.2]

{"sheet":"Form","index":15,"n_rows":53,"n_cols":16,"rows_kept":53,"cut":false,"hidden":true,"merged":[[28,15,29,15],[27,4,27,5],[34,0,37,0],[28,13,29,13],[28,10,29,10],[27,14,27,15],[28,14,29,14],[38,0,41,0],[27,12,27,13],[28,4,29,4],[28,5,29,5],[28,6,29,6],[28,7,29,7],[30,0,33,0],[27,8,27,9],[27,10,27,11],[28,12,29,12],[27,0,29,0],[28,11,29,11],[52,1,52,4],[28,2,29,2],[28,3,29,3],[28,9,29,9],[28,8,29,8],[27,1,29,1],[27,2,27,3],[27,6,27,7],[46,9,46,11],[1,3,1,8],[2,3,2,8],[13,0,13,15],[26,14,26,15],[26,10,26,11],[18,6,18,11],[26,4,26,5],[26,12,26,13],[26,8,26,9],[25,2,25,15],[25,0,25,1],[26,2,26,3],[17,6,17,11],[26,6,26,7],[14,0,14,15]]}
[]
[null,null,"Select Lennox Condenser:  "]
[null,null,"ADP Evaporator:  ",null,null,null,null,null,null,null,null,null,null,24]
[null,null,"Nominal Capacity:  ",null,"(Mbtuh)",null,null,null,null,null,null,"Condenser Entering Air Temperature: ",null,"(°F) Dry Bulb, 75°F to 105°F"]
[null,null,"AHRI Rated Capacity:  ",null,"(Mbtuh) @ 95 ˚F & 80/67 ˚F conditions",null,null,null,null,null,null,"Evaporator Air Flow (CFM): ",null,null,"to"]
[null,null,"Entering Evaporator Air (DB):  ",null,"(°F) Dry Bulb -- 80°F Standard",null,null,null,null,null,null,"Entering Evaporator Air (WB):  ",null,"(°F) Wet Bulb, 63°F to 71°F"]
[null,null,null,null,null,null,null,null,null,null,null,null,null,48]
[null,null,null,null,null,null,null,null,null,null,null,null,null,"CFM"]
[]
[]
[]
[]
[]
["Extended Ratings"]
["Low Stage"]
[]
[]
[null,null,null,null,null,"Lennox Condenser :  "]
[null,null,null,null,null,"ADP Evaporator:  "]
[null,null,null,null,null,"Condenser Entering Air Temperature: ",null,"(°F) Dry Bulb, 75°F to 105°F"]
[null,null,null,null,null,"Evaporator Air Flow:",null,"CFM"]
[null,null,null,null,null,"Entering Evaporator Air (DB):  ",null,"(°F) Dry Bulb"]
[null,null,null,null,null,"Entering Evaporator Air (WB):  ",null,"(°F) Wet Bulb, 63°F to 71°F"]
[null,null,null,null,null,"AHRI Rated Capacity:  ",null,"(Mbtuh) @ 95 ˚F & 80/67 ˚F conditions"]
[]
["Evaporator Air \n",null,"Condenser  Entering Air Temperature ˚F"]
[80,"°F DB",75,null,80,null,85,null,90,null,95,null,100,null,105]
["CFM","EWB†\n˚F","Capacity Mbtuh",null,"Capacity Mbtuh",null,"Capacity Mbtuh",null,"Capacity Mbtuh",null,"Capacity Mbtuh",null,"Capacity Mbtuh",null,"Capacity Mbtuh"]
[null,null,"Total","Sens.","Total","Sens.","Total","Sens.","Total","Sens.","Total","Sens.","Total","Sens.","Total","Sens."]
[]
[]
[]
[]
[]
[]
[]
[]
[]
[]
[]
[]
[]
[]
[null,null,null,"Condenser Entering Air Temperature: ",null,"(°F) Dry Bulb, 75°F to 105°F",null,null,null,"CAPACITY IN MBTUH UNDER SPECIFIC CONDITIONS LISTED"]
[null,null,null,"Evaporator Air Flow:",null,"CFM",null,null,null,null,"TOTAL"]
[null,null,null,"Entering Evaporator Air (WB):  ",null,"(°F) Wet Bulb, 63°F to 71°F",null,null,null,null,"SENSIBLE"]
[null,null,null,null,null,null,null,null,null,"Low Stage"]
["Notes:","† Entering Wet Bulb"]
[null,"Extended ratings are not certified.  They are calculated based upon typical condenser performance curves and are for engineering information only."]
[null,"When the required data fall between the published data, interpolation may be performed. Extrapolation is not an acceptable practice."]
[null,"Displayed sensible capacity has been adjusted based upon indoor DB.  Sensible capacity will increase with higher indoor DB and decrease with lower indoor DB."]
[null,"The magnitude of the adjustment depends partially on evaporator air flow, with greater adjustment at higher CFM."]
["Printed:",null,null,null,null,null,null,null,null,null,null,null,null,null,null,"LLS-19-A"]

{"sheet":"Instructions","index":16,"n_rows":44,"n_cols":5,"rows_kept":44,"cut":false,"hidden":true,"merged":[]}
[]
[]
[]
[]
[]
[]
[null,"This spreadsheet generates capacity information for ADP rated matches at other than nominal conditions."]
[null,"The information is provided is not certified and is provided for engineering use only."]
[]
[null,"The latest version will allways be available at:  www.adpnow.com/extratings/"]
[]
[null,"In order to generate an extended rating, you will need the following information:"]
[null,null,"Condenser model number"]
[null,null,"ADP coil model number"]
[null,null,"Nominal capacity"]
[null,null,"Rated capacity (from AHRI database)"]
[null,null,"Condenser entering air dry bulb temperature"]
[null,null,"Indoor entering air dry bulb temperature"]
[null,null,"Indoor entering air wet bulb temperature"]
[null,null,"Indoor airflow"]
[]
[null,"Select the condenser series and nominal tonnage form the drop down lists."]
[null,"Enter the remaining information in the correct cells. Note there are limits on the range of values allowed."]
[null,"Click on \"Calculate\" to calculate the extended ratings."]
[null,"The table will show capacities for various conditions.  The capacities at the specific design point are "]
[null,"at the bottom of the page."]
[null,"From this point you may:"]
[null,null,"Click \"Clear\" to clear the form and start over."]
[null,null,"Click \"Print\" to print a copy of the data."]
[null,null,"Click \"Copy\" to copy the data to a new spreadsheet and save it in the same directory."]
[]
[null,"Notes:","Displayed sensible capacity has been adjusted based upon indoor DB. Sensible capacity will"]
[null,null,"increase with higher indoor DB and decrease with lower indoor DB.  The magnitude of the "]
[null,null,"adjustment depends partially on evaporator air flow, with greater adjustment at higher CFM."]
[]
[null,null,"This spreadsheet is for the Low Stage only of multiple stage Lennox equipment matched "]
[null,null,"with ADP products.  For High Stage extended ratings, use the standard spreadsheet."]
[]
[null,"Versions:","LLS-13-A","2013-08-12","Initial public release"]
[null,null,"LLS-14-A","2013-12-31","Renewed date key through 2014"]
[null,null,"LLS-14-B","2014-07-23","Corrected EWB range on some XC16 units"]
[null,null,"LLS-15-A","2015-01-31","Renewed date key through 2015"]
[null,null,"LLS-16-A","2016-03-22","Renewed date key through 2016"]
[null,null,"LLS-19-A","2019-05-20","New Version"]

{"sheet":"Prompt","index":17,"n_rows":17,"n_cols":2,"rows_kept":17,"cut":false,"hidden":false,"merged":[]}
[]
[]
[]
[]
[]
[null,"In order to use this spreadsheet, "]
[null,"Please enable Macros in your security settings."]
[]
[null,"Enabling Macros in Excel 2007"]
[null,"1. In Excel, click the Office button in the upper left corner of the screen."]
[null,"2. Click the \"Excel Options\" button in the lower right."]
[null,"3. Click the \"Trust Center\" button on the left. Then, at the bottom right, select \"Trust Center Settings\" as shown below."]
[null,"4. In the next window, select \"Macro Settings,\" then select the radio button for \"Disable all macros with notification.\""]
[null,"5. When openning this spreadsheet, you will see a warning like this in the menu bar:"]
[]
[]
[null,"6. Select \"Enable this content\" and click \"Okay\".  The spreadsheet will now be functional."]