{"text_format":"1","workbook":"xlsx","n_sheets":25,"sheets":["notes","Options","Calcs","14ACXS_18","14ACXS_24","14ACXS_30","14ACXS_36","14ACXS_42","XC16S_24","XC16S_36","XC16S_48","XC16S_60","XC20_24","XC20_36","XC20_48","XC20_60","SL18XC_24","SL18XC_30","SL18XC_36","SL18XC_42","SL18XC_48","SL18XC_60","Form","Instructions","Prompt"],"not_rendered":{"charts":0,"images":7,"macros":1,"external_links":0,"defined_names":7,"comments":0,"pivot_tables":0},"unopened":[],"bounds":{"document_bytes":16777216,"sheet_cells":100000,"rows_first":2000,"rows_last":500,"rows_between":2000,"halvings":0,"cell_chars":16384,"cell_head_chars":4096},"cells_cut":0,"cells_raw":0,"read":"whole","date_system":"1900"}

{"sheet":"notes","index":0,"n_rows":65,"n_cols":16,"rows_kept":65,"cut":false,"hidden":true,"merged":[]}
[]
[null,null,null,null,null,null,null,{"$f":"SUM(H3:H8)","v":0}]
[null,null,600,24,600,1000,{"$f":"IF(Form!$D$4=D3,1,0)","v":0},{"$f":"IF(G3=1,IF(OR(E3>Form!M$5,F3<Form!M$5),1,0),0)","v":0}]
[null,null,800,30,800,1200,{"$f":"IF(Form!$D$4=D4,1,0)","v":0},{"$f":"IF(G4=1,IF(OR(E4>Form!M$5,F4<Form!M$5),1,0),0)","v":0}]
[null,null,1000,36,1000,1400,{"$f":"IF(Form!$D$4=D5,1,0)","v":0},{"$f":"IF(G5=1,IF(OR(E5>Form!M$5,F5<Form!M$5),1,0),0)","v":0}]
[null,null,1200,42,1200,1600,{"$f":"IF(Form!$D$4=D6,1,0)","v":0},{"$f":"IF(G6=1,IF(OR(E6>Form!M$5,F6<Form!M$5),1,0),0)","v":0}]
[null,null,1400,48,1400,1800,{"$f":"IF(Form!$D$4=D7,1,0)","v":0},{"$f":"IF(G7=1,IF(OR(E7>Form!M$5,F7<Form!M$5),1,0),0)","v":0}]
[null,null,1600,60,1600,2000,{"$f":"IF(Form!$D$4=D8,1,0)","v":0},{"$f":"IF(G8=1,IF(OR(E8>Form!M$5,F8<Form!M$5),1,0),0)","v":0}]
[null,null,1800]
[null,null,2000]
[]
[]
[null,null,null,"Total"]
[null,{"$f":"Form!M5+Form!M6","v":0},null,null,{"$f":"E31","v":0},{"$f":"F31","v":0},0,0,0,0,0,{"$f":"SUM(E14:K14)","v":0},null,null,null,58]
[null,null,null,null,{"$f":"Form!C27","v":85},{"$f":"Form!E27","v":95},{"$f":"Form!G27","v":100},{"$f":"Form!I27","v":105},{"$f":"Form!K27","v":110},{"$f":"Form!M27","v":115},{"$f":"Form!O27","v":125}]
[{"$f":"C16+D16","v":0},{"$f":"P16","v":0},{"$f":"Form!A31","v":0},{"$f":"Form!B31","v":0},{"$f":"Form!C31","v":0},{"$f":"Form!E31","v":0},{"$f":"Form!G31","v":0},{"$f":"Form!I31","v":0},{"$f":"Form!K31","v":0},{"$f":"Form!M31","v":0},{"$f":"Form!O31","v":0},{"$f":"Form!$M$5+Form!M$6","v":0},{"$f":"IF(C16+D16=Form!M$5+Form!M$6,1,0)","v":1},{"$f":"IF(A16<L16,1,0)","v":0},{"$f":"IF(A16>L16,2,0)","v":0},{"$f":"IF(AND(N16=1,N17=0),1,0)+IF(AND(O15=0,O16=2),2,0)","v":0}]
[{"$f":"C17+D17","v":0},{"$f":"P17","v":0},{"$f":"C16","v":0},{"$f":"Form!B32","v":0},{"$f":"Form!C32","v":0},{"$f":"Form!E32","v":0},{"$f":"Form!G32","v":0},{"$f":"Form!I32","v":0},{"$f":"Form!K32","v":0},{"$f":"Form!M32","v":0},{"$f":"Form!O32","v":0},{"$f":"Form!$M$5+Form!M$6","v":0},{"$f":"IF(C17+D17=Form!M$5+Form!M$6,1,0)","v":1},{"$f":"IF(A17<L17,1,0)","v":0},{"$f":"IF(A17>L17,2,0)","v":0},{"$f":"IF(AND(N17=1,N18=0),1,0)+IF(AND(O16=0,O17=2),2,0)","v":0}]
[0,0,{"$f":"C17","v":0},{"$f":"Form!B33","v":0},{"$f":"Form!C33","v":0},{"$f":"Form!E33","v":0},{"$f":"Form!G33","v":0},{"$f":"Form!I33","v":0},{"$f":"Form!K33","v":0},{"$f":"Form!M33","v":0},{"$f":"Form!O33","v":0},{"$f":"Form!$M$5+Form!M$6","v":0},{"$f":"IF(C18+D18=Form!M$5+Form!M$6,1,0)","v":1},0,{"$f":"IF(A18>L18,2,0)","v":0},{"$f":"IF(AND(N18=1,N19=0),1,0)+IF(AND(O17=0,O18=2),2,0)","v":0}]
[0,0,{"$f":"C18","v":0},{"$f":"Form!B34","v":0},{"$f":"Form!C34","v":0},{"$f":"Form!E34","v":0},{"$f":"Form!G34","v":0},{"$f":"Form!I34","v":0},{"$f":"Form!K34","v":0},{"$f":"Form!M34","v":0},{"$f":"Form!O34","v":0},{"$f":"Form!$M$5+Form!M$6","v":0},{"$f":"IF(C19+D19=Form!M$5+Form!M$6,1,0)","v":1},0,{"$f":"IF(A19>L19,2,0)","v":0},{"$f":"IF(AND(N19=1,N20=0),1,0)+IF(AND(O18=0,O19=2),2,0)","v":0}]
[0,0,{"$f":"Form!A35","v":0},{"$f":"Form!B35","v":0},{"$f":"Form!C35","v":0},{"$f":"Form!E35","v":0},{"$f":"Form!G35","v":0},{"$f":"Form!I35","v":0},{"$f":"Form!K35","v":0},{"$f":"Form!M35","v":0},{"$f":"Form!O35","v":0},{"$f":"Form!$M$5+Form!M$6","v":0},{"$f":"IF(C20+D20=Form!M$5+Form!M$6,1,0)","v":1},0,{"$f":"IF(A20>L20,2,0)","v":0},{"$f":"IF(AND(N20=1,N21=0),1,0)+IF(AND(O19=0,O20=2),2,0)","v":0}]
[0,0,{"$f":"C20","v":0},{"$f":"Form!B36","v":0},{"$f":"Form!C36","v":0},{"$f":"Form!E36","v":0},{"$f":"Form!G36","v":0},{"$f":"Form!I36","v":0},{"$f":"Form!K36","v":0},{"$f":"Form!M36","v":0},{"$f":"Form!O36","v":0},{"$f":"Form!$M$5+Form!M$6","v":0},{"$f":"IF(C21+D21=Form!M$5+Form!M$6,1,0)","v":1},0,{"$f":"IF(A21>L21,2,0)","v":0},{"$f":"IF(AND(N21=1,N22=0),1,0)+IF(AND(O20=0,O21=2),2,0)","v":0}]
[0,0,{"$f":"C21","v":0},{"$f":"Form!B37","v":0},{"$f":"Form!C37","v":0},{"$f":"Form!E37","v":0},{"$f":"Form!G37","v":0},{"$f":"Form!I37","v":0},{"$f":"Form!K37","v":0},{"$f":"Form!M37","v":0},{"$f":"Form!O37","v":0},{"$f":"Form!$M$5+Form!M$6","v":0},{"$f":"IF(C22+D22=Form!M$5+Form!M$6,1,0)","v":1},0,0,0]
[0,0,{"$f":"C22","v":0},{"$f":"Form!B38","v":0},{"$f":"Form!C38","v":0},{"$f":"Form!E38","v":0},{"$f":"Form!G38","v":0},{"$f":"Form!I38","v":0},{"$f":"Form!K38","v":0},{"$f":"Form!M38","v":0},{"$f":"Form!O38","v":0},{"$f":"Form!$M$5+Form!M$6","v":0},{"$f":"IF(C23+D23=Form!M$5+Form!M$6,1,0)","v":1},0,0,0]
[0,0,{"$f":"Form!A39","v":0},{"$f":"Form!B39","v":0},{"$f":"Form!C39","v":0},{"$f":"Form!E39","v":0},{"$f":"Form!G39","v":0},{"$f":"Form!I39","v":0},{"$f":"Form!K39","v":0},{"$f":"Form!M39","v":0},{"$f":"Form!O39","v":0},{"$f":"Form!$M$5+Form!M$6","v":0},{"$f":"IF(C24+D24=Form!M$5+Form!M$6,1,0)","v":1},0,0,0]
[0,0,{"$f":"C24","v":0},{"$f":"Form!B40","v":0},{"$f":"Form!C40","v":0},{"$f":"Form!E40","v":0},{"$f":"Form!G40","v":0},{"$f":"Form!I40","v":0},{"$f":"Form!K40","v":0},{"$f":"Form!M40","v":0},{"$f":"Form!O40","v":0},{"$f":"Form!$M$5+Form!M$6","v":0},{"$f":"IF(C25+D25=Form!M$5+Form!M$6,1,0)","v":1},0,0,0]
[0,0,{"$f":"C25","v":0},{"$f":"Form!B41","v":0},{"$f":"Form!C41","v":0},{"$f":"Form!E41","v":0},{"$f":"Form!G41","v":0},{"$f":"Form!I41","v":0},{"$f":"Form!K41","v":0},{"$f":"Form!M41","v":0},{"$f":"Form!O41","v":0},{"$f":"Form!$M$5+Form!M$6","v":0},{"$f":"IF(C26+D26=Form!M$5+Form!M$6,1,0)","v":1},0,0,0]
[0,0,{"$f":"C26","v":0},{"$f":"Form!B42","v":0},{"$f":"Form!C42","v":0},{"$f":"Form!E42","v":0},{"$f":"Form!G42","v":0},{"$f":"Form!I42","v":0},{"$f":"Form!K42","v":0},{"$f":"Form!M42","v":0},{"$f":"Form!O42","v":0},{"$f":"Form!$M$5+Form!M$6","v":0},{"$f":"IF(C27+D27=Form!M$5+Form!M$6,1,0)","v":1},0,0,0]
[0,{"$f":"SUM(B16:B27)","v":0}]
[null,null,null,null,null,{"$f":"IF(AND(F15>Form!$M$4,E15<Form!$M$4),2,0)","v":0},{"$f":"IF(AND(G15>Form!$M$4,F15<Form!$M$4),2,0)","v":0},{"$f":"IF(AND(H15>Form!$M$4,G15<Form!$M$4),2,0)","v":0},{"$f":"IF(AND(I15>Form!$M$4,H15<Form!$M$4),2,0)","v":0},{"$f":"IF(AND(J15>Form!$M$4,I15<Form!$M$4),2,0)","v":0},{"$f":"IF(AND(K15>Form!$M$4,J15<Form!$M$4),2,0)","v":0}]
[null,null,{"$f":"HLOOKUP(1,E14:K15,2,FALSE)","v":{"$error":"#N/A"}},null,{"$f":"IF(F29=2,1,0)","v":0},{"$f":"IF(G29=2,1,0)","v":0},0,0,0,0,0]
[null,null,{"$f":"HLOOKUP(2,E14:K15,2,FALSE)","v":{"$error":"#N/A"}},null,{"$f":"SUM(E29:E30)","v":0},0,0,0,0,0,0]
[null,{"$f":"(VLOOKUP(1,B14:K27,3,FALSE))","v":{"$error":"#N/A"}},{"$f":"IF(ISERROR(B32),0,B32)","v":0},null,{"$f":"(C34-C35)/(C32-C33)*(Form!$M$6-C33)+C35","v":{"$error":"#N/A"}},{"$f":"(C36-C37)/(C32-C33)*(Form!M6-C33)+C37","v":{"$error":"#N/A"}}]
[null,{"$f":"VLOOKUP(2,B14:K27,3,FALSE)","v":{"$error":"#N/A"}},{"$f":"IF(ISERROR(B33),0,B33)","v":0},null,{"$f":"IF(AND(B28=0,L14=3),VLOOKUP(Form!$M$5+Form!$M$6,notes!A14:K27,MATCH(1,notes!A14:K14,FALSE),FALSE),0)","v":0},{"$f":"IF(AND(B28=0,L14=3),VLOOKUP(Form!$M$5+Form!$M$6,notes!A14:K27,MATCH(2,notes!A14:K14,FALSE),FALSE),0)","v":0},null,null,"exactly"]
[null,{"$f":"VLOOKUP(1,B14:K27,MATCH(1,B14:K14,FALSE),FALSE)","v":{"$error":"#N/A"}},{"$f":"MIN(B34,B36)","v":{"$error":"#N/A"}},null,{"$f":"IF(ISERROR(E32),E33,E32)","v":0},{"$f":"IF(ISERROR(F32),F33,F32)","v":0},null,null,"x","y","err1","err2","err3","ans"]
[null,{"$f":"VLOOKUP(2,B14:K27,MATCH(1,B14:K14,FALSE),FALSE)","v":{"$error":"#N/A"}},{"$f":"MAX(B35,B37)","v":{"$error":"#N/A"}},null,{"$f":"MIN(E34:F34)","v":0},{"$f":"MAX(E34:F34)","v":0},null,null,"y","y",{"$f":"IF(ISERROR(VLOOKUP(Form!$M$5+Form!$M$6,notes!A15:K27,MATCH(Form!$M$4,notes!A15:K15,FALSE),FALSE)),0,VLOOKUP(Form!$M$5+Form!$M$6,notes!A15:K27,MATCH(Form!$M$4,notes!A15:K15,FALSE),FALSE))","v":0},null,null,{"$f":"SUM(K35:M35)","v":0}]
[null,{"$f":"VLOOKUP(1,B14:K27,MATCH(2,B14:K14,FALSE),FALSE)","v":{"$error":"#N/A"}},{"$f":"MAX(B36,B34)","v":{"$error":"#N/A"}},null,{"$f":"(E35-F35)/(C31-C30)*(Form!$M$4-C30)+F35","v":{"$error":"#N/A"}},null,null,null,"y","n",null,null,null,{"$f":"SUM(K36:M36)","v":0}]
[null,{"$f":"VLOOKUP(2,B14:K27,MATCH(2,B14:K14,FALSE),FALSE)","v":{"$error":"#N/A"}},{"$f":"MIN(B35,B37)","v":{"$error":"#N/A"}},null,null,null,null,null,"n","n",{"$f":"IF(OR(E36>100000,E36<=0),0,E36)","v":{"$error":"#N/A"}},{"$f":"IF(K37<>0,0,MIN(E32:F32))","v":{"$error":"#N/A"}},{"$f":"IF(AND(L37=0,K37=0),C34,0)","v":{"$error":"#N/A"}},{"$f":"SUM(K37:M37)","v":{"$error":"#N/A"}}]
[null,null,null,null,null,null,null,null,null,null,null,null,null,{"$f":"IF(ISERROR(N37),N35,N37)","v":0}]
[]
[]
["sens",null,null,null,{"$f":"E58","v":0},{"$f":"F58","v":0},0,0,0,0,0,{"$f":"SUM(E41:K41)","v":0}]
[null,null,null,null,{"$f":"E15","v":85},{"$f":"F15","v":95},100,105,110,115,125]
[{"$f":"C43+D43","v":0},{"$f":"P43","v":0},{"$f":"C16","v":0},{"$f":"D16","v":0},{"$f":"Form!D31","v":0},{"$f":"Form!F31","v":0},{"$f":"Form!H31","v":0},{"$f":"Form!J31","v":0},{"$f":"Form!L31","v":0},{"$f":"Form!N31","v":0},{"$f":"Form!P31","v":0},{"$f":"Form!$M$5+Form!M$6","v":0},{"$f":"IF(C43+D43=Form!M$5+Form!M$6,1,0)","v":1},{"$f":"IF(A43<L43,1,0)","v":0},{"$f":"IF(A43>L43,2,0)","v":0},{"$f":"IF(AND(N43=1,N44=0),1,0)+IF(AND(O42=0,O43=2),2,0)","v":0}]
[{"$f":"C44+D44","v":0},{"$f":"P44","v":0},{"$f":"C17","v":0},{"$f":"D17","v":0},{"$f":"Form!D32","v":0},{"$f":"Form!F32","v":0},{"$f":"Form!H32","v":0},{"$f":"Form!J32","v":0},{"$f":"Form!L32","v":0},{"$f":"Form!N32","v":0},{"$f":"Form!P32","v":0},{"$f":"Form!$M$5+Form!M$6","v":0},{"$f":"IF(C44+D44=Form!M$5+Form!M$6,1,0)","v":1},{"$f":"IF(A44<L44,1,0)","v":0},{"$f":"IF(A44>L44,2,0)","v":0},{"$f":"IF(AND(N44=1,N45=0),1,0)+IF(AND(O43=0,O44=2),2,0)","v":0}]
[{"$f":"C45+D45","v":0},0,0,0,{"$f":"Form!D33","v":0},{"$f":"Form!F33","v":0},{"$f":"Form!H33","v":0},{"$f":"Form!J33","v":0},{"$f":"Form!L33","v":0},{"$f":"Form!N33","v":0},{"$f":"Form!P33","v":0},{"$f":"Form!$M$5+Form!M$6","v":0},{"$f":"IF(C45+D45=Form!M$5+Form!M$6,1,0)","v":1},0,{"$f":"IF(A45>L45,2,0)","v":0},{"$f":"IF(AND(N45=1,N46=0),1,0)+IF(AND(O44=0,O45=2),2,0)","v":0}]
[0,0,0,0,{"$f":"Form!D34","v":0},{"$f":"Form!F34","v":0},{"$f":"Form!H34","v":0},{"$f":"Form!J34","v":0},{"$f":"Form!L34","v":0},{"$f":"Form!N34","v":0},{"$f":"Form!P34","v":0},{"$f":"Form!$M$5+Form!M$6","v":0},{"$f":"IF(C46+D46=Form!M$5+Form!M$6,1,0)","v":1},0,{"$f":"IF(A46>L46,2,0)","v":0},{"$f":"IF(AND(N46=1,N47=0),1,0)+IF(AND(O45=0,O46=2),2,0)","v":0}]
[0,0,0,0,{"$f":"Form!D35","v":0},{"$f":"Form!F35","v":0},{"$f":"Form!H35","v":0},{"$f":"Form!J35","v":0},{"$f":"Form!L35","v":0},{"$f":"Form!N35","v":0},{"$f":"Form!P35","v":0},{"$f":"Form!$M$5+Form!M$6","v":0},{"$f":"IF(C47+D47=Form!M$5+Form!M$6,1,0)","v":1},0,{"$f":"IF(A47>L47,2,0)","v":0},{"$f":"IF(AND(N47=1,N48=0),1,0)+IF(AND(O46=0,O47=2),2,0)","v":0}]
[0,0,0,0,{"$f":"Form!D36","v":0},{"$f":"Form!F36","v":0},{"$f":"Form!H36","v":0},{"$f":"Form!J36","v":0},{"$f":"Form!L36","v":0},{"$f":"Form!N36","v":0},{"$f":"Form!P36","v":0},{"$f":"Form!$M$5+Form!M$6","v":0},{"$f":"IF(C48+D48=Form!M$5+Form!M$6,1,0)","v":1},0,{"$f":"IF(A48>L48,2,0)","v":0},{"$f":"IF(AND(N48=1,N49=0),1,0)+IF(AND(O47=0,O48=2),2,0)","v":0}]
[0,0,0,0,{"$f":"Form!D37","v":0},{"$f":"Form!F37","v":0},{"$f":"Form!H37","v":0},{"$f":"Form!J37","v":0},{"$f":"Form!L37","v":0},{"$f":"Form!N37","v":0},{"$f":"Form!P37","v":0},{"$f":"Form!$M$5+Form!M$6","v":0},{"$f":"IF(C49+D49=Form!M$5+Form!M$6,1,0)","v":1},0,0,0]
[0,0,0,0,{"$f":"Form!D38","v":0},{"$f":"Form!F38","v":0},{"$f":"Form!H38","v":0},{"$f":"Form!J38","v":0},{"$f":"Form!L38","v":0},{"$f":"Form!N38","v":0},{"$f":"Form!P38","v":0},{"$f":"Form!$M$5+Form!M$6","v":0},{"$f":"IF(C50+D50=Form!M$5+Form!M$6,1,0)","v":1},0,0,0]
[0,0,0,0,{"$f":"Form!D39","v":0},{"$f":"Form!F39","v":0},{"$f":"Form!H39","v":0},{"$f":"Form!J39","v":0},{"$f":"Form!L39","v":0},{"$f":"Form!N39","v":0},{"$f":"Form!P39","v":0},{"$f":"Form!$M$5+Form!M$6","v":0},{"$f":"IF(C51+D51=Form!M$5+Form!M$6,1,0)","v":1},0,0,0]
[0,0,0,0,{"$f":"Form!D40","v":0},{"$f":"Form!F40","v":0},{"$f":"Form!H40","v":0},{"$f":"Form!J40","v":0},{"$f":"Form!L40","v":0},{"$f":"Form!N40","v":0},{"$f":"Form!P40","v":0},{"$f":"Form!$M$5+Form!M$6","v":0},{"$f":"IF(C52+D52=Form!M$5+Form!M$6,1,0)","v":1},0,0,0]
[0,0,0,0,{"$f":"Form!D41","v":0},{"$f":"Form!F41","v":0},{"$f":"Form!H41","v":0},{"$f":"Form!J41","v":0},{"$f":"Form!L41","v":0},{"$f":"Form!N41","v":0},{"$f":"Form!P41","v":0},{"$f":"Form!$M$5+Form!M$6","v":0},{"$f":"IF(C53+D53=Form!M$5+Form!M$6,1,0)","v":1},0,0,0]
[0,0,0,0,{"$f":"Form!D42","v":0},{"$f":"Form!F42","v":0},{"$f":"Form!H42","v":0},{"$f":"Form!J42","v":0},{"$f":"Form!L42","v":0},{"$f":"Form!N42","v":0},{"$f":"Form!P42","v":0},{"$f":"Form!$M$5+Form!M$6","v":0},{"$f":"IF(C54+D54=Form!M$5+Form!M$6,1,0)","v":1},0,0,0]
[0,{"$f":"SUM(B43:B54)","v":0}]
[null,null,null,null,null,{"$f":"IF(AND(F42>Form!$M$4,E42<Form!$M$4),2,0)","v":0},{"$f":"IF(AND(G42>Form!$M$4,F42<Form!$M$4),2,0)","v":0},{"$f":"IF(AND(H42>Form!$M$4,G42<Form!$M$4),2,0)","v":0},{"$f":"IF(AND(I42>Form!$M$4,H42<Form!$M$4),2,0)","v":0},{"$f":"IF(AND(J42>Form!$M$4,I42<Form!$M$4),2,0)","v":0},{"$f":"IF(AND(K42>Form!$M$4,J42<Form!$M$4),2,0)","v":0}]
[null,null,{"$f":"HLOOKUP(1,E41:K42,2,FALSE)","v":{"$error":"#N/A"}},null,{"$f":"IF(F56=2,1,0)","v":0},{"$f":"IF(G56=2,1,0)","v":0},0,0,0,0,0]
[null,null,{"$f":"HLOOKUP(2,E41:K42,2,FALSE)","v":{"$error":"#N/A"}},null,{"$f":"SUM(E56:E57)","v":0},0,0,0,0,0,0]
[null,{"$f":"(VLOOKUP(1,B41:K54,3,FALSE))","v":{"$error":"#N/A"}},{"$f":"IF(ISERROR(B59),0,B59)","v":0},null,{"$f":"(C61-C62)/(C59-C60)*(Form!$M$6-C60)+C62","v":{"$error":"#N/A"}},{"$f":"(C63-C64)/(C59-C60)*(Form!M6-C60)+C64","v":{"$error":"#N/A"}}]
[null,{"$f":"VLOOKUP(2,B41:K54,3,FALSE)","v":{"$error":"#N/A"}},{"$f":"IF(ISERROR(B60),0,B60)","v":0},null,{"$f":"IF(AND(B55=0,L41=3),VLOOKUP(Form!$M$5+Form!$M$6,notes!A41:K54,MATCH(1,notes!A41:K41,FALSE),FALSE),0)","v":0},{"$f":"IF(AND(B55=0,L41=3),VLOOKUP(Form!$M$5+Form!$M$6,notes!A41:K54,MATCH(2,notes!A41:K41,FALSE),FALSE),0)","v":0},null,null,"exactly"]
[null,{"$f":"VLOOKUP(1,B41:K54,MATCH(1,B41:K41,FALSE),FALSE)","v":{"$error":"#N/A"}},{"$f":"MIN(B61,B63)","v":{"$error":"#N/A"}},null,{"$f":"IF(ISERROR(E59),E60,E59)","v":0},{"$f":"IF(ISERROR(F59),F60,F59)","v":0},null,null,"x","y","err1","err2","err3","ans"]
[null,{"$f":"VLOOKUP(2,B41:K54,MATCH(1,B41:K41,FALSE),FALSE)","v":{"$error":"#N/A"}},{"$f":"MAX(B62,B64)","v":{"$error":"#N/A"}},null,{"$f":"MIN(E61:F61)","v":0},{"$f":"MAX(E61:F61)","v":0},null,null,"y","y",{"$f":"IF(ISERROR(VLOOKUP(Form!$M$5+Form!$M$6,notes!A42:K54,MATCH(Form!$M$4,notes!A42:K42,FALSE),FALSE)),0,VLOOKUP(Form!$M$5+Form!$M$6,notes!A42:K54,MATCH(Form!$M$4,notes!A42:K42,FALSE),FALSE))","v":0},null,null,{"$f":"SUM(K62:M62)","v":0}]
[null,{"$f":"VLOOKUP(1,B41:K54,MATCH(2,B41:K41,FALSE),FALSE)","v":{"$error":"#N/A"}},{"$f":"MAX(B63,B61)","v":{"$error":"#N/A"}},null,{"$f":"(E62-F62)/(C58-C57)*(Form!$M$4-C57)+F62","v":{"$error":"#N/A"}},null,null,null,"y","n",null,null,null,{"$f":"SUM(K63:M63)","v":0}]
[null,{"$f":"VLOOKUP(2,B41:K54,MATCH(2,B41:K41,FALSE),FALSE)","v":{"$error":"#N/A"}},{"$f":"MIN(B62,B64)","v":{"$error":"#N/A"}},null,null,null,null,null,"n","n",{"$f":"IF(OR(E63>100000,E63<=0),0,E63)","v":{"$error":"#N/A"}},{"$f":"IF(K64<>0,0,MIN(E59:F59))","v":{"$error":"#N/A"}},{"$f":"IF(AND(L64=0,K64=0),C61,0)","v":{"$error":"#N/A"}},{"$f":"SUM(K64:M64)","v":{"$error":"#N/A"}}]
[null,{"$f":"VLOOKUP(Form!M32+Form!M33,A41:K54,MATCH(2,A41:K41,FALSE),FALSE)","v":{"$error":"#N/A"}},null,null,null,null,null,null,null,null,null,null,null,{"$f":"IF(ISERROR(N64),N62,N64)","v":0}]

{"sheet":"Options","index":1,"n_rows":4,"n_cols":1,"rows_kept":4,"cut":false,"hidden":true,"merged":[]}
["14ACXS"]
["SL18XC"]
["XC16S"]
["XC20"]

{"sheet":"Calcs","index":2,"n_rows":21,"n_cols":7,"rows_kept":21,"cut":false,"hidden":true,"merged":[[0,4,0,9],[1,4,1,9]]}
[null,null,null,"Condenser :  "]
[null,null,null,"ADP Evaporator:  "]
[null,null,null,"Condenser Entering Air Temperature: ",100,"(°F) Dry Bulb, 85°F to 115°F"]
[null,null,null,"Evaporator Air Flow:",1265,"CFM"]
[null,null,null,"Entering Evaporator Air (DB):  ",77.5,"(°F) Dry Bulb"]
[null,null,null,"Entering Evaporator Air (WB):  ",60.6,"(°F) Wet Bulb, 63°F to 71°F"]
[]
[]
["Total"]
[28.549999999999997,"1200 60.6"]
[]
[null,"Diff 200",{"$f":"A10-A14","v":0.30799999999999983},"Diff 1 cfm",{"$f":"C12/200","v":1.5399999999999991E-3},"  1265 total",{"$f":"A10-(65*E12)","v":28.449899999999996}]
[]
[28.241999999999997,"1400 60.6"]
[]
["Sens"]
[25.319999999999997,"1200 60.6"]
[]
[null,"Diff 200",{"$f":"A17-A21","v":0.55439999999999756},"Diff 1 cfm",{"$f":"C19/200","v":2.771999999999988E-3},"  1265 Sens",{"$f":"A17-(65*E19)","v":25.139819999999997}]
[]
[24.765599999999999,"1400 60.6"]

{"sheet":"14ACXS_18","index":3,"n_rows":19,"n_cols":45,"rows_kept":19,"cut":false,"hidden":true,"merged":[[130,0,133,0],[120,12,121,12],[120,13,121,13],[120,14,121,14],[120,15,121,15],[122,0,125,0],[126,0,129,0],[119,12,119,13],[119,14,119,15],[120,4,121,4],[120,5,121,5],[120,6,121,6],[120,7,121,7],[120,8,121,8],[120,9,121,9],[120,10,121,10],[120,11,121,11],[119,0,121,0],[119,1,121,1],[119,4,119,5],[119,6,119,7],[119,8,119,9],[119,10,119,11],[111,0,114,0],[117,0,118,1],[117,4,117,15],[118,4,118,5],[118,6,118,7],[118,8,118,9],[118,10,118,11],[118,12,118,13],[118,14,118,15],[101,12,102,12],[101,13,102,13],[101,14,102,14],[101,15,102,15],[103,0,106,0],[107,0,110,0],[100,12,100,13],[100,14,100,15],[101,4,102,4],[101,5,102,5],[101,6,102,6],[101,7,102,7],[101,8,102,8],[101,9,102,9],[101,10,102,10],[101,11,102,11],[100,0,102,0],[100,1,102,1],[100,4,100,5],[100,6,100,7],[100,8,100,9],[100,10,100,11],[92,0,95,0],[98,0,99,1],[98,4,98,15],[99,4,99,5],[99,6,99,7],[99,8,99,9],[99,10,99,11],[99,12,99,13],[99,14,99,15],[82,12,83,12],[82,13,83,13],[82,14,83,14],[82,15,83,15],[84,0,87,0],[88,0,91,0],[81,12,81,13],[81,14,81,15],[82,4,83,4],[82,5,83,5],[82,6,83,6],[82,7,83,7],[82,8,83,8],[82,9,83,9],[82,10,83,10],[82,11,83,11],[81,0,83,0],[81,1,83,1],[81,4,81,5],[81,6,81,7],[81,8,81,9],[81,10,81,11],[73,0,76,0],[79,0,80,1],[79,4,79,15],[80,4,80,5],[80,6,80,7],[80,8,80,9],[80,10,80,11],[80,12,80,13],[80,14,80,15],[63,12,64,12],[63,13,64,13],[63,14,64,14],[63,15,64,15],[65,0,68,0],[69,0,72,0],[62,12,62,13],[62,14,62,15],[63,4,64,4],[63,5,64,5],[63,6,64,6],[63,7,64,7],[63,8,64,8],[63,9,64,9],[63,10,64,10],[63,11,64,11],[62,0,64,0],[62,1,64,1],[62,4,62,5],[62,6,62,7],[62,8,62,9],[62,10,62,11],[54,0,57,0],[60,0,61,1],[60,4,60,15],[61,4,61,5],[61,6,61,7],[61,8,61,9],[61,10,61,11],[61,12,61,13],[61,14,61,15],[44,12,45,12],[44,13,45,13],[44,14,45,14],[44,15,45,15],[46,0,49,0],[50,0,53,0],[43,12,43,13],[43,14,43,15],[44,4,45,4],[44,5,45,5],[44,6,45,6],[44,7,45,7],[44,8,45,8],[44,9,45,9],[44,10,45,10],[44,11,45,11],[43,0,45,0],[43,1,45,1],[43,4,43,5],[43,6,43,7],[43,8,43,9],[43,10,43,11],[35,0,38,0],[41,0,42,1],[41,4,41,15],[42,4,42,5],[42,6,42,7],[42,8,42,9],[42,10,42,11],[42,12,42,13],[42,14,42,15],[25,12,26,12],[25,13,26,13],[25,14,26,14],[25,15,26,15],[27,0,30,0],[31,0,34,0],[24,12,24,13],[24,14,24,15],[25,4,26,4],[25,5,26,5],[25,6,26,6],[25,7,26,7],[25,8,26,8],[25,9,26,9],[25,10,26,10],[25,11,26,11],[24,0,26,0],[24,1,26,1],[24,4,24,5],[24,6,24,7],[24,8,24,9],[24,10,24,11],[7,0,10,0],[11,0,14,0],[15,0,18,0],[22,4,22,15],[23,4,23,5],[23,6,23,7],[23,8,23,9],[23,10,23,11],[23,12,23,13],[23,14,23,15],[5,10,6,10],[5,11,6,11],[5,12,6,12],[5,13,6,13],[5,14,6,14],[5,15,6,15],[4,10,4,11],[4,12,4,13],[4,14,4,15],[5,2,6,2],[5,3,6,3],[5,4,6,4],[5,5,6,5],[5,6,6,6],[5,7,6,7],[5,8,6,8],[4,0,6,0],[4,1,6,1],[4,2,4,3],[4,4,4,5],[4,6,4,7],[4,8,4,9],[5,9,6,9],[2,0,2,1],[2,2,2,15],[3,2,3,3],[3,4,3,5],[3,6,3,7],[3,8,3,9],[3,10,3,11],[3,12,3,13],[3,14,3,15]]}
[]
["14ACXS_18"]
["Evaporator Air \n",null,"Condenser  Entering Air Temperature ˚F"]
[80,"°F DB",85,null,95,null,100,null,105,null,110,null,115,null,125]
["CFM","EWB†\n˚F","Capacity Mbtuh",null,"Capacity Mbtuh",null,"Capacity Mbtuh",null,"Capacity Mbtuh",null,"Capacity Mbtuh",null,"Capacity Mbtuh",null,"Capacity Mbtuh"]
[null,null,"Total","Sens.","Total","Sens.","Total","Sens.","Total","Sens.","Total","Sens.","Total","Sens.","Total","Sens."]
[null,null,null,null,null,null,null,null,null,null,null,null,null,null,null,null,null,"Total Factors",null,null,null,null,null,null,"Sens. %",null,null,null,null,null,null,"IDB Adj",null,null,null,null,null,null,"Sens Calc"]
[525,71,{"$f":"R8*$E$13","v":19.356783919597991},{"$f":"IF(AM8>C8,C8,AM8)","v":11.226934673366834},{"$f":"S8*$E$13","v":18.452261306532662},{"$f":"IF(AN8>E8,E8,AN8)","v":11.071356783919597},{"$f":"T8*$E$13","v":18},{"$f":"IF(AO8>G8,G8,AO8)","v":10.89},{"$f":"U8*$E$13","v":17.547738693467338},{"$f":"IF(AP8>I8,I8,AP8)","v":10.704120603015076},{"$f":"V8*$E$13","v":17.05025125628141},{"$f":"IF(AQ8>K8,K8,AQ8)","v":10.485904522613067},{"$f":"W8*$E$13","v":16.552763819095478},{"$f":"IF(AR8>M8,M8,AR8)","v":10.262713567839196},{"$f":"X8*$E$13","v":15.467336683417088},{"$f":"IF(AS8>O8,O8,AS8)","v":9.8990954773869362},null,1.0753768844221105,1.0251256281407035,1,0.97487437185929648,0.94723618090452277,0.91959798994974884,0.85929648241206047,0.57999999999999996,0.6,0.60499999999999998,0.61,0.61499999999999999,0.62,0.64,0.97828571428571365,1.0102857142857142,1.0224761904761905,1.0346666666666666,1.0053333333333334,0.9760000000000002,0.97714285714285742,{"$f":"Y8*C8+($A$4-80)*AF8*$A$8/1000","v":11.226934673366834},{"$f":"Z8*E8+($A$4-80)*AG8*$A$8/1000","v":11.071356783919597},{"$f":"AA8*G8+($A$4-80)*AH8*$A$8/1000","v":10.89},{"$f":"AB8*I8+($A$4-80)*AI8*$A$8/1000","v":10.704120603015076},{"$f":"AC8*K8+($A$4-80)*AJ8*$A$8/1000","v":10.485904522613067},{"$f":"AD8*M8+($A$4-80)*AK8*$A$8/1000","v":10.262713567839196},{"$f":"AE8*O8+($A$4-80)*AL8*$A$8/1000","v":9.8990954773869362}]
[null,67,18.271356783919597,13.338090452261305,{"$f":"S9*$E$13","v":17.547738693467338},{"$f":"IF(AN9>E9,E9,AN9)","v":13.160804020100503},17.095477386934675,{"$f":"IF(AO9>G9,G9,AO9)","v":12.90708542713568},16.643216080402009,{"$f":"IF(AP9>I9,I9,AP9)","v":12.648844221105527},16.145728643216085,{"$f":"IF(AQ9>K9,K9,AQ9)","v":12.432211055276385},15.648241206030153,{"$f":"IF(AR9>M9,M9,AR9)","v":12.205628140703521},14.653266331658291,{"$f":"IF(AS9>O9,O9,AS9)","v":11.869145728643216},null,1.0150753768844221,0.97487437185929648,0.94974874371859297,0.92462311557788945,0.89698492462311574,0.86934673366834181,0.81407035175879394,0.73,0.75,0.755,0.76,0.77,0.78,0.81,1.0003809523809524,1.0346666666666666,1.008,0.98133333333333339,0.95200000000000007,0.92266666666666675,0.98742857142857166,{"$f":"Y9*C9+($A$4-80)*AF9*$A$8/1000","v":13.338090452261305},{"$f":"Z9*E9+($A$4-80)*AG9*$A$8/1000","v":13.160804020100503},{"$f":"AA9*G9+($A$4-80)*AH9*$A$8/1000","v":12.90708542713568},{"$f":"AB9*I9+($A$4-80)*AI9*$A$8/1000","v":12.648844221105527},{"$f":"AC9*K9+($A$4-80)*AJ9*$A$8/1000","v":12.432211055276385},{"$f":"AD9*M9+($A$4-80)*AK9*$A$8/1000","v":12.205628140703521},{"$f":"AE9*O9+($A$4-80)*AL9*$A$8/1000","v":11.869145728643216}]
[null,63,17.366834170854272,15.456482412060302,{"$f":"S10*$E$13","v":16.552763819095478},15.063015075376885,16.145728643216085,14.854070351758798,15.738693467336685,14.636984924623118,15.28643216080402,14.445678391959801,14.834170854271356,14.240804020100502,13.8391959798995,13.700804020100506,null,0.96482412060301515,0.91959798994974884,0.89698492462311574,0.87437185929648242,0.84924623115577891,0.82412060301507539,0.76884422110552775,0.89,0.91,0.92,0.93,0.94500000000000006,0.96,0.99,0.95085714285714285,0.9760000000000002,0.95200000000000007,0.92799999999999994,0.93257142857142816,0.93714285714285639,0.93257142857142872,15.456482412060302,{"$f":"Z10*E10+($A$4-80)*AG10*$A$8/1000","v":15.063015075376885},{"$f":"AA10*G10+($A$4-80)*AH10*$A$8/1000","v":14.854070351758798},14.636984924623118,14.445678391959801,14.240804020100502,13.700804020100506]
[null,59,16.733668341708544,16.733668341708544,{"$f":"S11*$E$13","v":16.100502512562816},16.100502512562816,15.738693467336685,15.738693467336685,15.376884422110553,15.376884422110553,15.015075376884425,15.015075376884425,14.653266331658291,14.653266331658291,13.8391959798995,13.8391959798995,null,0.92964824120603018,0.89447236180904532,0.87437185929648242,0.85427135678391963,0.83417085427135695,0.81407035175879394,0.76884422110552775,1,1,1,1,1,1,1,0.56380952380952365,0.40685714285714319,0.30057142857142882,0.19428571428571448,0.12800000000000011,6.1714285714285763E-2,0,16.733668341708544,{"$f":"Z11*E11+($A$4-80)*AG11*$A$8/1000","v":16.100502512562816},{"$f":"AA11*G11+($A$4-80)*AH11*$A$8/1000","v":15.738693467336685},{"$f":"AB11*I11+($A$4-80)*AI11*$A$8/1000","v":15.376884422110553},15.015075376884425,14.653266331658291,13.8391959798995]
[600,71,19.899497487437188,12.138693467336685,{"$f":"S12*$E$13","v":18.994974874371863},11.776884422110555,18.497487437185928,11.560929648241205,18,11.34,17.502512562814072,11.114095477386936,17.005025125628144,10.883216080402013,15.829145728643217,10.447236180904524,null,1.1055276381909549,1.0552763819095479,1.0276381909547738,1,0.97236180904522629,0.94472361809045236,0.87939698492462315,0.61,0.62,0.625,0.63,0.63500000000000001,0.64,0.66,0.95333333333333348,0.9800000000000002,0.95433333333333348,0.92866666666666675,0.93433333333333346,0.94000000000000028,0.93333333333333368,{"$f":"Y12*C12+($A$4-80)*AF12*$A$12/1000","v":12.138693467336685},{"$f":"Z12*E12+($A$4-80)*AG12*$A$12/1000","v":11.776884422110555},{"$f":"AA12*G12+($A$4-80)*AH12*$A$12/1000","v":11.560929648241205},{"$f":"AB12*I12+($A$4-80)*AI12*$A$12/1000","v":11.34},{"$f":"AC12*K12+($A$4-80)*AJ12*$A$12/1000","v":11.114095477386936},{"$f":"AD12*M12+($A$4-80)*AK12*$A$12/1000","v":10.883216080402013},{"$f":"AE12*O12+($A$4-80)*AL12*$A$12/1000","v":10.447236180904524}]
[null,67,18.814070351758794,14.298693467336683,18,14.040000000000001,17.547738693467338,13.862713567839197,17.095477386934675,13.676381909547741,16.597989949748747,13.444371859296487,16.100502512562816,13.202412060301508,15.015075376884425,12.762814070351761,null,1.0452261306532664,1,0.97487437185929648,0.94974874371859297,0.92211055276381926,0.89447236180904532,0.83417085427135695,0.76,0.78,0.79,0.8,0.81,0.82,0.85,0.97066666666666668,0.99500000000000022,0.9700000000000002,0.94500000000000006,0.94716666666666638,0.9493333333333327,0.94066666666666632,{"$f":"Y13*C13+($A$4-80)*AF13*$A$12/1000","v":14.298693467336683},{"$f":"Z13*E13+($A$4-80)*AG13*$A$12/1000","v":14.040000000000001},{"$f":"AA13*G13+($A$4-80)*AH13*$A$12/1000","v":13.862713567839197},{"$f":"AB13*I13+($A$4-80)*AI13*$A$12/1000","v":13.676381909547741},{"$f":"AC13*K13+($A$4-80)*AJ13*$A$12/1000","v":13.444371859296487},{"$f":"AD13*M13+($A$4-80)*AK13*$A$12/1000","v":13.202412060301508},{"$f":"AE13*O13+($A$4-80)*AL13*$A$12/1000","v":12.762814070351761}]
[null,63,17.909547738693469,16.655879396984925,{"$f":"S14*$E$13","v":17.095477386934675},16.240703517587942,16.643216080402009,16.060703517587939,16.190954773869347,15.867135678391959,15.738693467336685,15.581306532663318,15.28643216080402,15.28643216080402,14.381909547738696,14.381909547738696,null,0.99497487437185939,0.94974874371859297,0.92462311557788945,0.89949748743718594,0.87437185929648242,0.84924623115577891,0.79899497487437199,0.93,0.95,0.96499999999999997,0.98,0.99,1,1,0.92400000000000004,0.94499999999999929,0.94983333333333309,0.95466666666666677,0.92800000000000016,0.90133333333333343,0.63600000000000001,16.655879396984925,{"$f":"Z14*E14+($A$4-80)*AG14*$A$12/1000","v":16.240703517587942},{"$f":"AA14*G14+($A$4-80)*AH14*$A$12/1000","v":16.060703517587939},15.867135678391959,15.581306532663318,15.28643216080402,14.381909547738696]
[null,59,17.457286432160807,17.457286432160807,16.824120603015079,16.824120603015079,16.462311557788947,16.462311557788947,16.100502512562816,16.100502512562816,15.693467336683421,15.693467336683421,15.28643216080402,15.28643216080402,14.381909547738696,14.381909547738696,null,0.96984924623115587,0.93467336683417102,0.91457286432160823,0.89447236180904532,0.87185929648241223,0.84924623115577891,0.79899497487437199,1,1,1,1,1,1,1,0.25733333333333358,6.2000000000000069E-2,3.1000000000000034E-2,0,0,0,0,17.457286432160807,{"$f":"Z15*E15+($A$4-80)*AG15*$A$12/1000","v":16.824120603015079},{"$f":"AA15*G15+($A$4-80)*AH15*$A$12/1000","v":16.462311557788947},16.100502512562816,15.693467336683421,15.28643216080402,14.381909547738696]
[675,71,20.442211055276388,12.878592964824124,19.356783919597991,12.388341708542715,18.904522613065325,12.193417085427134,18.452261306532662,11.993969849246231,17.8643216080402,11.701130653266331,17.276381909547741,11.40241206030151,16.100502512562816,11.27035175879397,null,1.1356783919597992,1.0753768844221105,1.050251256281407,1.0251256281407035,0.99246231155778897,0.95979899497487453,0.89447236180904532,0.63,0.64,0.64500000000000002,0.65,0.65500000000000003,0.66,0.7,1.0044444444444447,0.95111111111111135,0.95911111111111125,0.96711111111111114,0.9362962962962964,0.90548148148148166,0.94933333333333303,{"$f":"Y16*C16+($A$4-80)*AF16*$A$16/1000","v":12.878592964824124},{"$f":"Z16*E16+($A$4-80)*AG16*$A$16/1000","v":12.388341708542715},{"$f":"AA16*G16+($A$4-80)*AH16*$A$16/1000","v":12.193417085427134},{"$f":"AB16*I16+($A$4-80)*AI16*$A$16/1000","v":11.993969849246231},{"$f":"AC16*K16+($A$4-80)*AJ16*$A$16/1000","v":11.701130653266331},{"$f":"AD16*M16+($A$4-80)*AK16*$A$16/1000","v":11.40241206030151},{"$f":"AE16*O16+($A$4-80)*AL16*$A$16/1000","v":11.27035175879397}]
[null,67,19.356783919597991,15.291859296482412,18.452261306532662,14.946331658291458,17.954773869346738,14.722914572864326,17.457286432160807,14.489547738693469,16.959798994974875,14.331030150753769,16.462311557788947,14.157587939698494,15.28643216080402,13.604924623115579,null,1.0753768844221105,1.0251256281407035,0.9974874371859298,0.96984924623115587,0.94221105527638194,0.91457286432160811,0.84924623115577891,0.79,0.81,0.82000000000000006,0.83,0.84499999999999997,0.86,0.89,0.95111111111111135,0.96711111111111114,0.96962962962962951,0.97214814814814787,0.97140740740740705,0.97066666666666634,0.95140740740740759,{"$f":"Y17*C17+($A$4-80)*AF17*$A$16/1000","v":15.291859296482412},{"$f":"Z17*E17+($A$4-80)*AG17*$A$16/1000","v":14.946331658291458},{"$f":"AA17*G17+($A$4-80)*AH17*$A$16/1000","v":14.722914572864326},{"$f":"AB17*I17+($A$4-80)*AI17*$A$16/1000","v":14.489547738693469},{"$f":"AC17*K17+($A$4-80)*AJ17*$A$16/1000","v":14.331030150753769},{"$f":"AD17*M17+($A$4-80)*AK17*$A$16/1000","v":14.157587939698494},{"$f":"AE17*O17+($A$4-80)*AL17*$A$16/1000","v":13.604924623115579}]
[null,63,18.271356783919597,17.723216080402008,17.457286432160807,17.282713567839199,17.05025125628141,16.965000000000003,16.643216080402009,16.643216080402009,16.236180904522616,16.236180904522616,15.829145728643217,15.829145728643217,14.834170854271356,14.834170854271356,null,1.0150753768844221,0.96984924623115587,0.94723618090452277,0.92462311557788945,0.90201005025125636,0.87939698492462315,0.82412060301507539,0.97,0.99,0.995,1,1,1,1,0.8977777777777779,0.9149629629629632,0.86637037037037046,0.81777777777777783,0.72,0.62222222222222223,0.38874074074074055,17.723216080402008,{"$f":"Z18*E18+($A$4-80)*AG18*$A$16/1000","v":17.282713567839199},{"$f":"AA18*G18+($A$4-80)*AH18*$A$16/1000","v":16.965000000000003},16.643216080402009,16.236180904522616,15.829145728643217,14.834170854271356]
[null,59,18.090452261306535,18.090452261306535,17.366834170854272,17.366834170854272,17.005025125628137,17.005025125628137,16.643216080402009,16.643216080402009,16.190954773869347,16.190954773869347,15.738693467336685,15.738693467336685,14.834170854271356,14.834170854271356,null,1.0050251256281408,0.96482412060301515,0.94472361809045213,0.92462311557788945,0.89949748743718594,0.87437185929648242,0.82412060301507539,1,1,1,1,1,1,1,0,0,0,0,0,0,0,18.090452261306535,{"$f":"Z19*E19+($A$4-80)*AG19*$A$16/1000","v":17.366834170854272},{"$f":"AA19*G19+($A$4-80)*AH19*$A$16/1000","v":17.005025125628137},16.643216080402009,16.190954773869347,15.738693467336685,14.834170854271356]

{"sheet":"14ACXS_24","index":4,"n_rows":19,"n_cols":45,"rows_kept":19,"cut":false,"hidden":true,"merged":[[130,0,133,0],[120,12,121,12],[120,13,121,13],[120,14,121,14],[120,15,121,15],[122,0,125,0],[126,0,129,0],[119,12,119,13],[119,14,119,15],[120,4,121,4],[120,5,121,5],[120,6,121,6],[120,7,121,7],[120,8,121,8],[120,9,121,9],[120,10,121,10],[120,11,121,11],[119,0,121,0],[119,1,121,1],[119,4,119,5],[119,6,119,7],[119,8,119,9],[119,10,119,11],[111,0,114,0],[117,0,118,1],[117,4,117,15],[118,4,118,5],[118,6,118,7],[118,8,118,9],[118,10,118,11],[118,12,118,13],[118,14,118,15],[101,12,102,12],[101,13,102,13],[101,14,102,14],[101,15,102,15],[103,0,106,0],[107,0,110,0],[100,12,100,13],[100,14,100,15],[101,4,102,4],[101,5,102,5],[101,6,102,6],[101,7,102,7],[101,8,102,8],[101,9,102,9],[101,10,102,10],[101,11,102,11],[100,0,102,0],[100,1,102,1],[100,4,100,5],[100,6,100,7],[100,8,100,9],[100,10,100,11],[92,0,95,0],[98,0,99,1],[98,4,98,15],[99,4,99,5],[99,6,99,7],[99,8,99,9],[99,10,99,11],[99,12,99,13],[99,14,99,15],[82,12,83,12],[82,13,83,13],[82,14,83,14],[82,15,83,15],[84,0,87,0],[88,0,91,0],[81,12,81,13],[81,14,81,15],[82,4,83,4],[82,5,83,5],[82,6,83,6],[82,7,83,7],[82,8,83,8],[82,9,83,9],[82,10,83,10],[82,11,83,11],[81,0,83,0],[81,1,83,1],[81,4,81,5],[81,6,81,7],[81,8,81,9],[81,10,81,11],[73,0,76,0],[79,0,80,1],[79,4,79,15],[80,4,80,5],[80,6,80,7],[80,8,80,9],[80,10,80,11],[80,12,80,13],[80,14,80,15],[63,12,64,12],[63,13,64,13],[63,14,64,14],[63,15,64,15],[65,0,68,0],[69,0,72,0],[62,12,62,13],[62,14,62,15],[63,4,64,4],[63,5,64,5],[63,6,64,6],[63,7,64,7],[63,8,64,8],[63,9,64,9],[63,10,64,10],[63,11,64,11],[62,0,64,0],[62,1,64,1],[62,4,62,5],[62,6,62,7],[62,8,62,9],[62,10,62,11],[54,0,57,0],[60,0,61,1],[60,4,60,15],[61,4,61,5],[61,6,61,7],[61,8,61,9],[61,10,61,11],[61,12,61,13],[61,14,61,15],[44,12,45,12],[44,13,45,13],[44,14,45,14],[44,15,45,15],[46,0,49,0],[50,0,53,0],[43,12,43,13],[43,14,43,15],[44,4,45,4],[44,5,45,5],[44,6,45,6],[44,7,45,7],[44,8,45,8],[44,9,45,9],[44,10,45,10],[44,11,45,11],[43,0,45,0],[43,1,45,1],[43,4,43,5],[43,6,43,7],[43,8,43,9],[43,10,43,11],[35,0,38,0],[41,0,42,1],[41,4,41,15],[42,4,42,5],[42,6,42,7],[42,8,42,9],[42,10,42,11],[42,12,42,13],[42,14,42,15],[25,12,26,12],[25,13,26,13],[25,14,26,14],[25,15,26,15],[27,0,30,0],[31,0,34,0],[24,12,24,13],[24,14,24,15],[25,4,26,4],[25,5,26,5],[25,6,26,6],[25,7,26,7],[25,8,26,8],[25,9,26,9],[25,10,26,10],[25,11,26,11],[24,0,26,0],[24,1,26,1],[24,4,24,5],[24,6,24,7],[24,8,24,9],[24,10,24,11],[7,0,10,0],[11,0,14,0],[15,0,18,0],[22,4,22,15],[23,4,23,5],[23,6,23,7],[23,8,23,9],[23,10,23,11],[23,12,23,13],[23,14,23,15],[5,10,6,10],[5,11,6,11],[5,12,6,12],[5,13,6,13],[5,14,6,14],[5,15,6,15],[4,10,4,11],[4,12,4,13],[4,14,4,15],[5,2,6,2],[5,3,6,3],[5,4,6,4],[5,5,6,5],[5,6,6,6],[5,7,6,7],[5,8,6,8],[4,0,6,0],[4,1,6,1],[4,2,4,3],[4,4,4,5],[4,6,4,7],[4,8,4,9],[5,9,6,9],[2,0,2,1],[2,2,2,15],[3,2,3,3],[3,4,3,5],[3,6,3,7],[3,8,3,9],[3,10,3,11],[3,12,3,13],[3,14,3,15]]}
[]
["14ACXS_24"]
["Evaporator Air \n",null,"Condenser  Entering Air Temperature ˚F"]
[80,"°F DB",85,null,95,null,100,null,105,null,110,null,115,null,125]
["CFM","EWB†\n˚F","Capacity Mbtuh",null,"Capacity Mbtuh",null,"Capacity Mbtuh",null,"Capacity Mbtuh",null,"Capacity Mbtuh",null,"Capacity Mbtuh",null,"Capacity Mbtuh"]
[null,null,"Total","Sens.","Total","Sens.","Total","Sens.","Total","Sens.","Total","Sens.","Total","Sens.","Total","Sens."]
[null,null,null,null,null,null,null,null,null,null,null,null,null,null,null,null,null,"Total Factors",null,null,null,null,null,null,"Sens. %",null,null,null,null,null,null,"IDB Adj",null,null,null,null,null,null,"Sens Calc"]
[700,71,{"$f":"R8*$E$13","v":50.92},{"$f":"IF(AM8>C8,C8,AM8)","v":30.0428},{"$f":"S8*$E$13","v":48.64},{"$f":"IF(AN8>E8,E8,AN8)","v":29.183999999999997},{"$f":"T8*$E$13","v":47.5},{"$f":"IF(AO8>G8,G8,AO8)","v":28.974999999999998},{"$f":"U8*$E$13","v":46.36},{"$f":"IF(AP8>I8,I8,AP8)","v":28.743199999999998},{"$f":"V8*$E$13","v":44.84},{"$f":"IF(AQ8>K8,K8,AQ8)","v":28.025000000000002},{"$f":"W8*$E$13","v":43.32},{"$f":"IF(AR8>M8,M8,AR8)","v":27.291599999999999},{"$f":"X8*$E$13","v":40.28},{"$f":"IF(AS8>O8,O8,AS8)","v":26.182000000000002},null,1.0720000000000001,1.024,1,0.97599999999999998,0.94400000000000006,0.91200000000000003,0.84799999999999998,0.59,0.6,0.61,0.62,0.625,0.63,0.65,0.91885714285714282,0.95085714285714296,0.96342857142857152,0.97600000000000009,0.94400000000000017,0.91200000000000014,0.96914285714285731,{"$f":"Y8*C8+($A$4-80)*AF8*$A$8/1000","v":30.0428},{"$f":"Z8*E8+($A$4-80)*AG8*$A$8/1000","v":29.183999999999997},{"$f":"AA8*G8+($A$4-80)*AH8*$A$8/1000","v":28.974999999999998},{"$f":"AB8*I8+($A$4-80)*AI8*$A$8/1000","v":28.743199999999998},{"$f":"AC8*K8+($A$4-80)*AJ8*$A$8/1000","v":28.025000000000002},{"$f":"AD8*M8+($A$4-80)*AK8*$A$8/1000","v":27.291599999999999},{"$f":"AE8*O8+($A$4-80)*AL8*$A$8/1000","v":26.182000000000002}]
[null,67,48.26,35.229799999999997,{"$f":"S9*$E$13","v":46.36},{"$f":"IF(AN9>E9,E9,AN9)","v":34.769999999999996},45.03,{"$f":"IF(AO9>G9,G9,AO9)","v":34.222799999999999},43.7,{"$f":"IF(AP9>I9,I9,AP9)","v":33.649000000000001},42.37,{"$f":"IF(AQ9>K9,K9,AQ9)","v":33.260449999999999},41.040000000000006,{"$f":"IF(AR9>M9,M9,AR9)","v":32.832000000000008},37.809999999999995,{"$f":"IF(AS9>O9,O9,AS9)","v":31.382299999999994},null,1.016,0.97599999999999998,0.94799999999999995,0.92,0.89200000000000002,0.8640000000000001,0.79599999999999993,0.73,0.75,0.76,0.77,0.78500000000000003,0.8,0.83,0.87085714285714277,0.90628571428571414,0.91314285714285703,0.92,0.92285714285714304,0.92571428571428593,0.96657142857142808,{"$f":"Y9*C9+($A$4-80)*AF9*$A$8/1000","v":35.229799999999997},{"$f":"Z9*E9+($A$4-80)*AG9*$A$8/1000","v":34.769999999999996},{"$f":"AA9*G9+($A$4-80)*AH9*$A$8/1000","v":34.222799999999999},{"$f":"AB9*I9+($A$4-80)*AI9*$A$8/1000","v":33.649000000000001},{"$f":"AC9*K9+($A$4-80)*AJ9*$A$8/1000","v":33.260449999999999},{"$f":"AD9*M9+($A$4-80)*AK9*$A$8/1000","v":32.832000000000008},{"$f":"AE9*O9+($A$4-80)*AL9*$A$8/1000","v":31.382299999999994}]
[null,63,45.98,41.381999999999998,{"$f":"S10*$E$13","v":43.7},40.204000000000008,42.559999999999995,39.793599999999998,41.42,39.348999999999997,40.090000000000003,38.68685,38.76,37.9848,35.909999999999997,35.909999999999997,null,0.96799999999999997,0.92,0.89599999999999991,0.872,0.84400000000000008,0.81599999999999995,0.75599999999999989,0.9,0.92,0.93500000000000005,0.95,0.96499999999999997,0.98,1,0.96800000000000008,0.92,0.92714285714285705,0.93428571428571394,0.93342857142857127,0.93257142857142861,0.81,41.381999999999998,{"$f":"Z10*E10+($A$4-80)*AG10*$A$8/1000","v":40.204000000000008},{"$f":"AA10*G10+($A$4-80)*AH10*$A$8/1000","v":39.793599999999998},39.348999999999997,38.68685,37.9848,35.909999999999997]
[null,59,44.08,44.08,{"$f":"S11*$E$13","v":42.559999999999995},42.559999999999995,41.609999999999992,41.609999999999992,40.659999999999997,40.659999999999997,39.519999999999996,39.519999999999996,38.379999999999995,38.379999999999995,35.909999999999997,35.909999999999997,null,0.92799999999999994,0.89599999999999991,0.87599999999999989,0.85599999999999998,0.83199999999999985,0.80799999999999994,0.75599999999999989,1,1,1,1,1,1,1,0.46399999999999969,0.25600000000000023,0.18914285714285731,0.12228571428571437,6.1142857142857186E-2,0,0,44.08,{"$f":"Z11*E11+($A$4-80)*AG11*$A$8/1000","v":42.559999999999995},{"$f":"AA11*G11+($A$4-80)*AH11*$A$8/1000","v":41.609999999999992},{"$f":"AB11*I11+($A$4-80)*AI11*$A$8/1000","v":40.659999999999997},39.519999999999996,38.379999999999995,35.909999999999997]
[800,71,52.440000000000005,31.988400000000002,{"$f":"S12*$E$13","v":50.160000000000004},31.099200000000003,48.83,30.762899999999998,47.5,30.400000000000002,45.98,29.887,44.459999999999994,29.343599999999999,41.040000000000006,27.907200000000007,null,1.1040000000000001,1.056,1.028,1,0.96799999999999997,0.93599999999999994,0.8640000000000001,0.61,0.62,0.63,0.64,0.65,0.66,0.68,0.96600000000000019,0.92400000000000015,0.93075000000000019,0.93750000000000022,0.93675000000000019,0.93600000000000017,0.91800000000000015,{"$f":"Y12*C12+($A$4-80)*AF12*$A$12/1000","v":31.988400000000002},{"$f":"Z12*E12+($A$4-80)*AG12*$A$12/1000","v":31.099200000000003},{"$f":"AA12*G12+($A$4-80)*AH12*$A$12/1000","v":30.762899999999998},{"$f":"AB12*I12+($A$4-80)*AI12*$A$12/1000","v":30.400000000000002},{"$f":"AC12*K12+($A$4-80)*AJ12*$A$12/1000","v":29.887},{"$f":"AD12*M12+($A$4-80)*AK12*$A$12/1000","v":29.343599999999999},{"$f":"AE12*O12+($A$4-80)*AL12*$A$12/1000","v":27.907200000000007}]
[null,67,49.78,38.330600000000004,47.5,37.524999999999999,46.17,36.936,44.84,36.320400000000006,43.32,35.738999999999997,41.8,35.111999999999995,38.76,33.721199999999996,null,1.048,1,0.97199999999999998,0.94400000000000006,0.91200000000000003,0.88,0.81599999999999995,0.77,0.79,0.8,0.81,0.82499999999999996,0.84,0.87,0.91700000000000004,0.93750000000000022,0.9407500000000002,0.94400000000000028,0.96699999999999986,0.98999999999999955,0.91800000000000015,{"$f":"Y13*C13+($A$4-80)*AF13*$A$12/1000","v":38.330600000000004},{"$f":"Z13*E13+($A$4-80)*AG13*$A$12/1000","v":37.524999999999999},{"$f":"AA13*G13+($A$4-80)*AH13*$A$12/1000","v":36.936},{"$f":"AB13*I13+($A$4-80)*AI13*$A$12/1000","v":36.320400000000006},{"$f":"AC13*K13+($A$4-80)*AJ13*$A$12/1000","v":35.738999999999997},{"$f":"AD13*M13+($A$4-80)*AK13*$A$12/1000","v":35.111999999999995},{"$f":"AE13*O13+($A$4-80)*AL13*$A$12/1000","v":33.721199999999996}]
[null,63,47.12,44.292799999999993,{"$f":"S14*$E$13","v":44.84},43.046399999999998,43.7,42.607500000000002,42.559999999999995,42.134399999999992,41.23,41.023849999999996,39.9,39.9,37.43,37.43,null,0.99199999999999999,0.94400000000000006,0.92,0.89599999999999991,0.86799999999999999,0.84,0.78799999999999992,0.94,0.96,0.97499999999999998,0.99,0.995,1,1,0.92999999999999938,0.88499999999999945,0.89049999999999985,0.89600000000000013,0.81550000000000011,0.7350000000000001,0.49249999999999988,44.292799999999993,{"$f":"Z14*E14+($A$4-80)*AG14*$A$12/1000","v":43.046399999999998},{"$f":"AA14*G14+($A$4-80)*AH14*$A$12/1000","v":42.607500000000002},42.134399999999992,41.023849999999996,39.9,37.43]
[null,59,45.98,45.98,44.08,44.08,43.129999999999995,43.129999999999995,42.18,42.18,41.040000000000006,41.040000000000006,39.9,39.9,37.24,37.24,null,0.96799999999999997,0.92799999999999994,0.90799999999999992,0.88800000000000001,0.8640000000000001,0.84,0.78400000000000003,1,1,1,1,1,1,1,0.18150000000000016,5.8000000000000045E-2,2.9000000000000022E-2,0,0,0,0,45.98,{"$f":"Z15*E15+($A$4-80)*AG15*$A$12/1000","v":44.08},{"$f":"AA15*G15+($A$4-80)*AH15*$A$12/1000","v":43.129999999999995},42.18,41.040000000000006,39.9,37.24]
[900,71,53.58,33.755400000000002,50.92,33.097999999999999,49.59,32.481450000000002,48.26,31.851600000000001,46.74,31.315800000000003,45.220000000000006,30.749600000000008,41.8,29.677999999999997,null,1.1279999999999999,1.0720000000000001,1.044,1.016,0.9840000000000001,0.95200000000000007,0.88,0.63,0.65,0.65500000000000003,0.66,0.67,0.68,0.71,0.87733333333333341,0.95288888888888923,0.92800000000000038,0.90311111111111142,0.90111111111111142,0.89911111111111142,0.92888888888888865,{"$f":"Y16*C16+($A$4-80)*AF16*$A$16/1000","v":33.755400000000002},{"$f":"Z16*E16+($A$4-80)*AG16*$A$16/1000","v":33.097999999999999},{"$f":"AA16*G16+($A$4-80)*AH16*$A$16/1000","v":32.481450000000002},{"$f":"AB16*I16+($A$4-80)*AI16*$A$16/1000","v":31.851600000000001},{"$f":"AC16*K16+($A$4-80)*AJ16*$A$16/1000","v":31.315800000000003},{"$f":"AD16*M16+($A$4-80)*AK16*$A$16/1000","v":30.749600000000008},{"$f":"AE16*O16+($A$4-80)*AL16*$A$16/1000","v":29.677999999999997}]
[null,67,50.92,40.736000000000004,48.64,39.884799999999998,47.31,39.267299999999999,45.98,38.623199999999997,44.459999999999994,38.013299999999994,42.94,37.357799999999997,39.520000000000003,36.358400000000003,null,1.0720000000000001,1.024,0.996,0.96799999999999997,0.93599999999999994,0.90400000000000003,0.83200000000000007,0.8,0.82,0.83,0.84,0.85499999999999998,0.87,0.92,0.89333333333333342,0.91022222222222193,0.91222222222222182,0.91422222222222183,0.90911111111111109,0.90400000000000036,0.92444444444444485,{"$f":"Y17*C17+($A$4-80)*AF17*$A$16/1000","v":40.736000000000004},{"$f":"Z17*E17+($A$4-80)*AG17*$A$16/1000","v":39.884799999999998},{"$f":"AA17*G17+($A$4-80)*AH17*$A$16/1000","v":39.267299999999999},{"$f":"AB17*I17+($A$4-80)*AI17*$A$16/1000","v":38.623199999999997},{"$f":"AC17*K17+($A$4-80)*AJ17*$A$16/1000","v":38.013299999999994},{"$f":"AD17*M17+($A$4-80)*AK17*$A$16/1000","v":37.357799999999997},{"$f":"AE17*O17+($A$4-80)*AL17*$A$16/1000","v":36.358400000000003}]
[null,63,48.26,47.294799999999995,45.98,45.98,44.84,44.84,43.7,43.7,42.559999999999995,42.559999999999995,41.42,41.42,38.379999999999995,38.379999999999995,null,1.016,0.96799999999999997,0.94400000000000006,0.92,0.89599999999999991,0.872,0.80799999999999994,0.98,1,1,1,1,1,1,0.90311111111111142,0.86044444444444468,0.76244444444444459,0.6644444444444445,0.57444444444444442,0.4844444444444444,0.26933333333333359,47.294799999999995,{"$f":"Z18*E18+($A$4-80)*AG18*$A$16/1000","v":45.98},{"$f":"AA18*G18+($A$4-80)*AH18*$A$16/1000","v":44.84},43.7,42.559999999999995,41.42,38.379999999999995]
[null,59,47.88,47.88,45.98,45.98,44.84,44.84,43.7,43.7,42.37,42.37,41.040000000000006,41.040000000000006,38.379999999999995,38.379999999999995,null,1.008,0.96799999999999997,0.94400000000000006,0.92,0.89200000000000002,0.8640000000000001,0.80799999999999994,1,1,1,1,1,1,1,0,0,0,0,0,0,0,47.88,{"$f":"Z19*E19+($A$4-80)*AG19*$A$16/1000","v":45.98},{"$f":"AA19*G19+($A$4-80)*AH19*$A$16/1000","v":44.84},43.7,42.37,41.040000000000006,38.379999999999995]

{"sheet":"14ACXS_30","index":5,"n_rows":19,"n_cols":45,"rows_kept":19,"cut":false,"hidden":true,"merged":[[130,0,133,0],[120,12,121,12],[120,13,121,13],[120,14,121,14],[120,15,121,15],[122,0,125,0],[126,0,129,0],[119,12,119,13],[119,14,119,15],[120,4,121,4],[120,5,121,5],[120,6,121,6],[120,7,121,7],[120,8,121,8],[120,9,121,9],[120,10,121,10],[120,11,121,11],[119,0,121,0],[119,1,121,1],[119,4,119,5],[119,6,119,7],[119,8,119,9],[119,10,119,11],[111,0,114,0],[117,0,118,1],[117,4,117,15],[118,4,118,5],[118,6,118,7],[118,8,118,9],[118,10,118,11],[118,12,118,13],[118,14,118,15],[101,12,102,12],[101,13,102,13],[101,14,102,14],[101,15,102,15],[103,0,106,0],[107,0,110,0],[100,12,100,13],[100,14,100,15],[101,4,102,4],[101,5,102,5],[101,6,102,6],[101,7,102,7],[101,8,102,8],[101,9,102,9],[101,10,102,10],[101,11,102,11],[100,0,102,0],[100,1,102,1],[100,4,100,5],[100,6,100,7],[100,8,100,9],[100,10,100,11],[92,0,95,0],[98,0,99,1],[98,4,98,15],[99,4,99,5],[99,6,99,7],[99,8,99,9],[99,10,99,11],[99,12,99,13],[99,14,99,15],[82,12,83,12],[82,13,83,13],[82,14,83,14],[82,15,83,15],[84,0,87,0],[88,0,91,0],[81,12,81,13],[81,14,81,15],[82,4,83,4],[82,5,83,5],[82,6,83,6],[82,7,83,7],[82,8,83,8],[82,9,83,9],[82,10,83,10],[82,11,83,11],[81,0,83,0],[81,1,83,1],[81,4,81,5],[81,6,81,7],[81,8,81,9],[81,10,81,11],[73,0,76,0],[79,0,80,1],[79,4,79,15],[80,4,80,5],[80,6,80,7],[80,8,80,9],[80,10,80,11],[80,12,80,13],[80,14,80,15],[63,12,64,12],[63,13,64,13],[63,14,64,14],[63,15,64,15],[65,0,68,0],[69,0,72,0],[62,12,62,13],[62,14,62,15],[63,4,64,4],[63,5,64,5],[63,6,64,6],[63,7,64,7],[63,8,64,8],[63,9,64,9],[63,10,64,10],[63,11,64,11],[62,0,64,0],[62,1,64,1],[62,4,62,5],[62,6,62,7],[62,8,62,9],[62,10,62,11],[54,0,57,0],[60,0,61,1],[60,4,60,15],[61,4,61,5],[61,6,61,7],[61,8,61,9],[61,10,61,11],[61,12,61,13],[61,14,61,15],[44,12,45,12],[44,13,45,13],[44,14,45,14],[44,15,45,15],[46,0,49,0],[50,0,53,0],[43,12,43,13],[43,14,43,15],[44,4,45,4],[44,5,45,5],[44,6,45,6],[44,7,45,7],[44,8,45,8],[44,9,45,9],[44,10,45,10],[44,11,45,11],[43,0,45,0],[43,1,45,1],[43,4,43,5],[43,6,43,7],[43,8,43,9],[43,10,43,11],[35,0,38,0],[41,0,42,1],[41,4,41,15],[42,4,42,5],[42,6,42,7],[42,8,42,9],[42,10,42,11],[42,12,42,13],[42,14,42,15],[25,12,26,12],[25,13,26,13],[25,14,26,14],[25,15,26,15],[27,0,30,0],[31,0,34,0],[24,12,24,13],[24,14,24,15],[25,4,26,4],[25,5,26,5],[25,6,26,6],[25,7,26,7],[25,8,26,8],[25,9,26,9],[25,10,26,10],[25,11,26,11],[24,0,26,0],[24,1,26,1],[24,4,24,5],[24,6,24,7],[24,8,24,9],[24,10,24,11],[7,0,10,0],[11,0,14,0],[15,0,18,0],[22,4,22,15],[23,4,23,5],[23,6,23,7],[23,8,23,9],[23,10,23,11],[23,12,23,13],[23,14,23,15],[5,10,6,10],[5,11,6,11],[5,12,6,12],[5,13,6,13],[5,14,6,14],[5,15,6,15],[4,10,4,11],[4,12,4,13],[4,14,4,15],[5,2,6,2],[5,3,6,3],[5,4,6,4],[5,5,6,5],[5,6,6,6],[5,7,6,7],[5,8,6,8],[4,0,6,0],[4,1,6,1],[4,2,4,3],[4,4,4,5],[4,6,4,7],[4,8,4,9],[5,9,6,9],[2,0,2,1],[2,2,2,15],[3,2,3,3],[3,4,3,5],[3,6,3,7],[3,8,3,9],[3,10,3,11],[3,12,3,13],[3,14,3,15]]}
[]
["14ACXS_30"]
["Evaporator Air \n",null,"Condenser  Entering Air Temperature ˚F"]
[80,"°F DB",85,null,95,null,100,null,105,null,110,null,115,null,125]
["CFM","EWB†\n˚F","Capacity Mbtuh",null,"Capacity Mbtuh",null,"Capacity Mbtuh",null,"Capacity Mbtuh",null,"Capacity Mbtuh",null,"Capacity Mbtuh",null,"Capacity Mbtuh"]
[null,null,"Total","Sens.","Total","Sens.","Total","Sens.","Total","Sens.","Total","Sens.","Total","Sens.","Total","Sens."]
[null,null,null,null,null,null,null,null,null,null,null,null,null,null,null,null,null,"Total Factors",null,null,null,null,null,null,"Sens. %",null,null,null,null,null,null,"IDB Adj",null,null,null,null,null,null,"Sens Calc"]
[875,71,{"$f":"R8*$E$13","v":51.37755102040817},{"$f":"IF(AM8>C8,C8,AM8)","v":30.312755102040818},{"$f":"S8*$E$13","v":48.792517006802726},{"$f":"IF(AN8>E8,E8,AN8)","v":29.763435374149662},{"$f":"T8*$E$13","v":47.5},{"$f":"IF(AO8>G8,G8,AO8)","v":29.212499999999999},{"$f":"U8*$E$13","v":46.207482993197281},{"$f":"IF(AP8>I8,I8,AP8)","v":28.648639455782316},{"$f":"V8*$E$13","v":44.914965986394563},{"$f":"IF(AQ8>K8,K8,AQ8)","v":28.296428571428574},{"$f":"W8*$E$13","v":43.622448979591837},{"$f":"IF(AR8>M8,M8,AR8)","v":27.918367346938776},{"$f":"X8*$E$13","v":40.391156462585037},{"$f":"IF(AS8>O8,O8,AS8)","v":26.658163265306126},null,1.0816326530612246,1.0272108843537415,1,0.97278911564625858,0.94557823129251706,0.91836734693877553,0.85034013605442182,0.59,0.61,0.61499999999999999,0.62,0.63,0.64,0.66,0.87222857142857146,0.96640000000000015,0.94080000000000008,0.91520000000000012,0.92045714285714308,0.92571428571428593,0.91428571428571448,{"$f":"Y8*C8+($A$4-80)*AF8*$A$8/1000","v":30.312755102040818},{"$f":"Z8*E8+($A$4-80)*AG8*$A$8/1000","v":29.763435374149662},{"$f":"AA8*G8+($A$4-80)*AH8*$A$8/1000","v":29.212499999999999},{"$f":"AB8*I8+($A$4-80)*AI8*$A$8/1000","v":28.648639455782316},{"$f":"AC8*K8+($A$4-80)*AJ8*$A$8/1000","v":28.296428571428574},{"$f":"AD8*M8+($A$4-80)*AK8*$A$8/1000","v":27.918367346938776},{"$f":"AE8*O8+($A$4-80)*AL8*$A$8/1000","v":26.658163265306126}]
[null,67,48.469387755102041,35.867346938775512,{"$f":"S9*$E$13","v":46.207482993197281},{"$f":"IF(AN9>E9,E9,AN9)","v":35.117687074829931},45.076530612244895,{"$f":"IF(AO9>G9,G9,AO9)","v":34.708928571428572},43.945578231292515,{"$f":"IF(AP9>I9,I9,AP9)","v":34.277551020408161},42.491496598639458,{"$f":"IF(AQ9>K9,K9,AQ9)","v":33.780739795918372},41.037414965986393,{"$f":"IF(AR9>M9,M9,AR9)","v":33.240306122448978},38.129251700680278,{"$f":"IF(AS9>O9,O9,AS9)","v":32.028571428571432},null,1.0204081632653061,0.97278911564625858,0.94897959183673464,0.92517006802721091,0.89455782312925169,0.86394557823129248,0.80272108843537426,0.74,0.76,0.77,0.78,0.79500000000000004,0.81,0.84,0.89142857142857146,0.91520000000000012,0.92388571428571442,0.93257142857142861,0.93074285714285732,0.92891428571428603,0.91702857142857119,{"$f":"Y9*C9+($A$4-80)*AF9*$A$8/1000","v":35.867346938775512},{"$f":"Z9*E9+($A$4-80)*AG9*$A$8/1000","v":35.117687074829931},{"$f":"AA9*G9+($A$4-80)*AH9*$A$8/1000","v":34.708928571428572},{"$f":"AB9*I9+($A$4-80)*AI9*$A$8/1000","v":34.277551020408161},{"$f":"AC9*K9+($A$4-80)*AJ9*$A$8/1000","v":33.780739795918372},{"$f":"AD9*M9+($A$4-80)*AK9*$A$8/1000","v":33.240306122448978},{"$f":"AE9*O9+($A$4-80)*AL9*$A$8/1000","v":32.028571428571432}]
[null,63,45.884353741496597,41.754761904761907,{"$f":"S10*$E$13","v":43.622448979591837},41.005102040816325,42.491496598639458,40.366921768707485,41.360544217687078,39.706122448979592,40.068027210884352,39.066326530612244,38.775510204081634,38.387755102040821,36.19047619047619,36.19047619047619,null,0.96598639455782309,0.91836734693877553,0.89455782312925181,0.87074829931972797,0.84353741496598644,0.81632653061224492,0.76190476190476186,0.91,0.94,0.95,0.96,0.97499999999999998,0.99,1,0.90879999999999994,0.92571428571428505,0.90171428571428514,0.87771428571428523,0.87771428571428545,0.87771428571428578,0.66559999999999997,41.754761904761907,{"$f":"Z10*E10+($A$4-80)*AG10*$A$8/1000","v":41.005102040816325},{"$f":"AA10*G10+($A$4-80)*AH10*$A$8/1000","v":40.366921768707485},39.706122448979592,39.066326530612244,38.387755102040821,36.19047619047619]
[null,59,44.591836734693878,44.591836734693878,{"$f":"S11*$E$13","v":42.653061224489797},42.653061224489797,41.683673469387756,41.683673469387756,40.714285714285715,40.714285714285715,39.583333333333336,39.583333333333336,38.452380952380956,38.452380952380956,36.19047619047619,36.19047619047619,null,0.93877551020408168,0.89795918367346939,0.87755102040816324,0.85714285714285721,0.83333333333333337,0.80952380952380953,0.76190476190476186,1,1,1,1,1,1,1,0.31542857142857172,0.18102857142857159,0.11931428571428582,5.7600000000000047E-2,2.8800000000000023E-2,0,0,44.591836734693878,{"$f":"Z11*E11+($A$4-80)*AG11*$A$8/1000","v":42.653061224489797},{"$f":"AA11*G11+($A$4-80)*AH11*$A$8/1000","v":41.683673469387756},{"$f":"AB11*I11+($A$4-80)*AI11*$A$8/1000","v":40.714285714285715},39.583333333333336,38.452380952380956,36.19047619047619]
[1000,71,52.670068027210888,32.65544217687075,{"$f":"S12*$E$13","v":50.085034013605444},31.553571428571431,48.792517006802726,31.227210884353745,47.5,30.875,46.045918367346943,30.160076530612248,44.591836734693878,29.430612244897961,41.360544217687078,28.125170068027217,null,1.1088435374149661,1.0544217687074831,1.0272108843537415,1,0.96938775510204089,0.93877551020408168,0.87074829931972797,0.62,0.63,0.64,0.65,0.65500000000000003,0.66,0.68,0.91280000000000017,0.93,0.93540000000000001,0.94080000000000008,0.91200000000000014,0.88320000000000021,0.87040000000000028,{"$f":"Y12*C12+($A$4-80)*AF12*$A$12/1000","v":32.65544217687075},{"$f":"Z12*E12+($A$4-80)*AG12*$A$12/1000","v":31.553571428571431},{"$f":"AA12*G12+($A$4-80)*AH12*$A$12/1000","v":31.227210884353745},{"$f":"AB12*I12+($A$4-80)*AI12*$A$12/1000","v":30.875},{"$f":"AC12*K12+($A$4-80)*AJ12*$A$12/1000","v":30.160076530612248},{"$f":"AD12*M12+($A$4-80)*AK12*$A$12/1000","v":29.430612244897961},{"$f":"AE12*O12+($A$4-80)*AL12*$A$12/1000","v":28.125170068027217}]
[null,67,49.761904761904766,38.814285714285717,47.5,38,46.207482993197281,37.428061224489802,44.914965986394563,36.830272108843538,43.460884353741498,36.289838435374151,42.006802721088441,35.705782312925173,38.775510204081634,34.510204081632658,null,1.0476190476190477,1,0.97278911564625858,0.94557823129251706,0.91496598639455784,0.88435374149659873,0.81632653061224492,0.78,0.8,0.81,0.82,0.83499999999999996,0.85,0.89,0.92400000000000015,0.94080000000000008,0.91519999999999979,0.8895999999999995,0.88679999999999959,0.88399999999999967,0.91200000000000025,{"$f":"Y13*C13+($A$4-80)*AF13*$A$12/1000","v":38.814285714285717},{"$f":"Z13*E13+($A$4-80)*AG13*$A$12/1000","v":38},{"$f":"AA13*G13+($A$4-80)*AH13*$A$12/1000","v":37.428061224489802},{"$f":"AB13*I13+($A$4-80)*AI13*$A$12/1000","v":36.830272108843538},{"$f":"AC13*K13+($A$4-80)*AJ13*$A$12/1000","v":36.289838435374151},{"$f":"AD13*M13+($A$4-80)*AK13*$A$12/1000","v":35.705782312925173},{"$f":"AE13*O13+($A$4-80)*AL13*$A$12/1000","v":34.510204081632658}]
[null,63,47.176870748299322,44.818027210884352,{"$f":"S14*$E$13","v":44.914965986394563},44.016666666666673,43.622448979591837,43.186224489795919,42.329931972789112,42.329931972789112,41.198979591836739,41.198979591836739,40.068027210884352,40.068027210884352,37.482993197278908,37.482993197278908,null,0.99319727891156462,0.94557823129251706,0.91836734693877553,0.891156462585034,0.86734693877551028,0.84353741496598644,0.78911564625850339,0.95,0.98,0.99,1,1,1,1,0.81759999999999944,0.88960000000000028,0.83780000000000021,0.78600000000000014,0.71540000000000004,0.64480000000000004,0.41759999999999986,44.818027210884352,{"$f":"Z14*E14+($A$4-80)*AG14*$A$12/1000","v":44.016666666666673},{"$f":"AA14*G14+($A$4-80)*AH14*$A$12/1000","v":43.186224489795919},42.329931972789112,41.198979591836739,40.068027210884352,37.482993197278908]
[null,59,46.207482993197281,46.207482993197281,44.591836734693878,44.591836734693878,43.460884353741498,43.460884353741498,42.329931972789112,42.329931972789112,41.198979591836739,41.198979591836739,40.068027210884352,40.068027210884352,37.482993197278908,37.482993197278908,null,0.97278911564625858,0.93877551020408168,0.91496598639455784,0.891156462585034,0.86734693877551028,0.84353741496598644,0.78911564625850339,1,1,1,1,1,1,1,5.7200000000000049E-2,0,0,0,0,0,0,46.207482993197281,{"$f":"Z15*E15+($A$4-80)*AG15*$A$12/1000","v":44.591836734693878},{"$f":"AA15*G15+($A$4-80)*AH15*$A$12/1000","v":43.460884353741498},42.329931972789112,41.198979591836739,40.068027210884352,37.482993197278908]
[1125,71,53.639455782312929,34.329251700680274,51.054421768707485,33.185374149659864,49.600340136054427,32.736224489795923,48.146258503401363,32.257993197278914,46.692176870748298,31.750680272108841,45.238095238095241,31.214285714285715,42.006802721088441,30.244897959183675,null,1.1292517006802723,1.0748299319727892,1.0442176870748301,1.0136054421768708,0.98299319727891155,0.95238095238095244,0.88435374149659873,0.64,0.65,0.66,0.67,0.67999999999999994,0.69,0.72,0.88533333333333353,0.84266666666666679,0.87164444444444467,0.90062222222222255,0.89831111111111106,0.89599999999999969,0.87822222222222202,{"$f":"Y16*C16+($A$4-80)*AF16*$A$16/1000","v":34.329251700680274},{"$f":"Z16*E16+($A$4-80)*AG16*$A$16/1000","v":33.185374149659864},{"$f":"AA16*G16+($A$4-80)*AH16*$A$16/1000","v":32.736224489795923},{"$f":"AB16*I16+($A$4-80)*AI16*$A$16/1000","v":32.257993197278914},{"$f":"AC16*K16+($A$4-80)*AJ16*$A$16/1000","v":31.750680272108841},{"$f":"AD16*M16+($A$4-80)*AK16*$A$16/1000","v":31.214285714285715},{"$f":"AE16*O16+($A$4-80)*AL16*$A$16/1000","v":30.244897959183675}]
[null,67,50.731292517006807,41.092346938775513,48.469387755102041,40.229591836734691,47.015306122448983,39.727933673469387,45.561224489795919,39.182653061224492,44.107142857142854,38.59375,42.653061224489797,37.961224489795917,39.421768707482997,36.662244897959191,null,1.0680272108843538,1.0204081632653061,0.98979591836734704,0.95918367346938782,0.92857142857142849,0.89795918367346939,0.82993197278911568,0.81,0.83,0.84499999999999997,0.86,0.875,0.89,0.93,0.89315555555555559,0.90666666666666629,0.90453333333333297,0.90239999999999976,0.89706666666666657,0.89173333333333338,0.86755555555555586,{"$f":"Y17*C17+($A$4-80)*AF17*$A$16/1000","v":41.092346938775513},{"$f":"Z17*E17+($A$4-80)*AG17*$A$16/1000","v":40.229591836734691},{"$f":"AA17*G17+($A$4-80)*AH17*$A$16/1000","v":39.727933673469387},{"$f":"AB17*I17+($A$4-80)*AI17*$A$16/1000","v":39.182653061224492},{"$f":"AC17*K17+($A$4-80)*AJ17*$A$16/1000","v":38.59375},{"$f":"AD17*M17+($A$4-80)*AK17*$A$16/1000","v":37.961224489795917},{"$f":"AE17*O17+($A$4-80)*AL17*$A$16/1000","v":36.662244897959191}]
[null,63,48.146258503401363,47.664795918367346,45.884353741496597,45.884353741496597,44.753401360544217,44.753401360544217,43.622448979591837,43.622448979591837,42.491496598639458,42.491496598639458,41.360544217687078,41.360544217687078,38.775510204081634,38.775510204081634,null,1.0136054421768708,0.96598639455782309,0.94217687074829937,0.91836734693877553,0.89455782312925181,0.87074829931972797,0.81632653061224492,0.99,1,1,1,1,1,1,0.84764444444444453,0.7068444444444445,0.64142222222222223,0.57599999999999996,0.47004444444444438,0.36408888888888874,0.21333333333333351,47.664795918367346,{"$f":"Z18*E18+($A$4-80)*AG18*$A$16/1000","v":45.884353741496597},{"$f":"AA18*G18+($A$4-80)*AH18*$A$16/1000","v":44.753401360544217},43.622448979591837,42.491496598639458,41.360544217687078,38.775510204081634]
[null,59,47.823129251700678,47.823129251700678,45.884353741496597,45.884353741496597,44.753401360544217,44.753401360544217,43.622448979591837,43.622448979591837,42.491496598639458,42.491496598639458,41.360544217687078,41.360544217687078,38.775510204081634,38.775510204081634,null,1.0068027210884354,0.96598639455782309,0.94217687074829937,0.91836734693877553,0.89455782312925181,0.87074829931972797,0.81632653061224492,1,1,1,1,1,1,1,0,0,0,0,0,0,0,47.823129251700678,{"$f":"Z19*E19+($A$4-80)*AG19*$A$16/1000","v":45.884353741496597},{"$f":"AA19*G19+($A$4-80)*AH19*$A$16/1000","v":44.753401360544217},43.622448979591837,42.491496598639458,41.360544217687078,38.775510204081634]

{"sheet":"14ACXS_36","index":6,"n_rows":19,"n_cols":45,"rows_kept":19,"cut":false,"hidden":true,"merged":[[130,0,133,0],[120,12,121,12],[120,13,121,13],[120,14,121,14],[120,15,121,15],[122,0,125,0],[126,0,129,0],[119,12,119,13],[119,14,119,15],[120,4,121,4],[120,5,121,5],[120,6,121,6],[120,7,121,7],[120,8,121,8],[120,9,121,9],[120,10,121,10],[120,11,121,11],[119,0,121,0],[119,1,121,1],[119,4,119,5],[119,6,119,7],[119,8,119,9],[119,10,119,11],[111,0,114,0],[117,0,118,1],[117,4,117,15],[118,4,118,5],[118,6,118,7],[118,8,118,9],[118,10,118,11],[118,12,118,13],[118,14,118,15],[101,12,102,12],[101,13,102,13],[101,14,102,14],[101,15,102,15],[103,0,106,0],[107,0,110,0],[100,12,100,13],[100,14,100,15],[101,4,102,4],[101,5,102,5],[101,6,102,6],[101,7,102,7],[101,8,102,8],[101,9,102,9],[101,10,102,10],[101,11,102,11],[100,0,102,0],[100,1,102,1],[100,4,100,5],[100,6,100,7],[100,8,100,9],[100,10,100,11],[92,0,95,0],[98,0,99,1],[98,4,98,15],[99,4,99,5],[99,6,99,7],[99,8,99,9],[99,10,99,11],[99,12,99,13],[99,14,99,15],[82,12,83,12],[82,13,83,13],[82,14,83,14],[82,15,83,15],[84,0,87,0],[88,0,91,0],[81,12,81,13],[81,14,81,15],[82,4,83,4],[82,5,83,5],[82,6,83,6],[82,7,83,7],[82,8,83,8],[82,9,83,9],[82,10,83,10],[82,11,83,11],[81,0,83,0],[81,1,83,1],[81,4,81,5],[81,6,81,7],[81,8,81,9],[81,10,81,11],[73,0,76,0],[79,0,80,1],[79,4,79,15],[80,4,80,5],[80,6,80,7],[80,8,80,9],[80,10,80,11],[80,12,80,13],[80,14,80,15],[63,12,64,12],[63,13,64,13],[63,14,64,14],[63,15,64,15],[65,0,68,0],[69,0,72,0],[62,12,62,13],[62,14,62,15],[63,4,64,4],[63,5,64,5],[63,6,64,6],[63,7,64,7],[63,8,64,8],[63,9,64,9],[63,10,64,10],[63,11,64,11],[62,0,64,0],[62,1,64,1],[62,4,62,5],[62,6,62,7],[62,8,62,9],[62,10,62,11],[54,0,57,0],[60,0,61,1],[60,4,60,15],[61,4,61,5],[61,6,61,7],[61,8,61,9],[61,10,61,11],[61,12,61,13],[61,14,61,15],[44,12,45,12],[44,13,45,13],[44,14,45,14],[44,15,45,15],[46,0,49,0],[50,0,53,0],[43,12,43,13],[43,14,43,15],[44,4,45,4],[44,5,45,5],[44,6,45,6],[44,7,45,7],[44,8,45,8],[44,9,45,9],[44,10,45,10],[44,11,45,11],[43,0,45,0],[43,1,45,1],[43,4,43,5],[43,6,43,7],[43,8,43,9],[43,10,43,11],[35,0,38,0],[41,0,42,1],[41,4,41,15],[42,4,42,5],[42,6,42,7],[42,8,42,9],[42,10,42,11],[42,12,42,13],[42,14,42,15],[25,12,26,12],[25,13,26,13],[25,14,26,14],[25,15,26,15],[27,0,30,0],[31,0,34,0],[24,12,24,13],[24,14,24,15],[25,4,26,4],[25,5,26,5],[25,6,26,6],[25,7,26,7],[25,8,26,8],[25,9,26,9],[25,10,26,10],[25,11,26,11],[24,0,26,0],[24,1,26,1],[24,4,24,5],[24,6,24,7],[24,8,24,9],[24,10,24,11],[7,0,10,0],[11,0,14,0],[15,0,18,0],[22,4,22,15],[23,4,23,5],[23,6,23,7],[23,8,23,9],[23,10,23,11],[23,12,23,13],[23,14,23,15],[5,10,6,10],[5,11,6,11],[5,12,6,12],[5,13,6,13],[5,14,6,14],[5,15,6,15],[4,10,4,11],[4,12,4,13],[4,14,4,15],[5,2,6,2],[5,3,6,3],[5,4,6,4],[5,5,6,5],[5,6,6,6],[5,7,6,7],[5,8,6,8],[4,0,6,0],[4,1,6,1],[4,2,4,3],[4,4,4,5],[4,6,4,7],[4,8,4,9],[5,9,6,9],[2,0,2,1],[2,2,2,15],[3,2,3,3],[3,4,3,5],[3,6,3,7],[3,8,3,9],[3,10,3,11],[3,12,3,13],[3,14,3,15]]}
[]
["14ACXS_36"]
["Evaporator Air \n",null,"Condenser  Entering Air Temperature ˚F"]
[80,"°F DB",85,null,95,null,100,null,105,null,110,null,115,null,125]
["CFM","EWB†\n˚F","Capacity Mbtuh",null,"Capacity Mbtuh",null,"Capacity Mbtuh",null,"Capacity Mbtuh",null,"Capacity Mbtuh",null,"Capacity Mbtuh",null,"Capacity Mbtuh"]
[null,null,"Total","Sens.","Total","Sens.","Total","Sens.","Total","Sens.","Total","Sens.","Total","Sens.","Total","Sens."]
[null,null,null,null,null,null,null,null,null,null,null,null,null,null,null,null,null,"Total Factors",null,null,null,null,null,null,"Sens. %",null,null,null,null,null,null,"IDB Adj",null,null,null,null,null,null,"Sens Calc"]
[1050,71,{"$f":"R8*$E$13","v":51.174033149171272},{"$f":"IF(AM8>C8,C8,AM8)","v":30.704419889502763},{"$f":"S8*$E$13","v":48.812154696132602},{"$f":"IF(AN8>E8,E8,AN8)","v":29.775414364640888},{"$f":"T8*$E$13","v":47.5},{"$f":"IF(AO8>G8,G8,AO8)","v":29.45},{"$f":"U8*$E$13","v":46.187845303867398},{"$f":"IF(AP8>I8,I8,AP8)","v":29.098342541436462},{"$f":"V8*$E$13","v":44.875690607734811},{"$f":"IF(AQ8>K8,K8,AQ8)","v":28.496063535911606},{"$f":"W8*$E$13","v":43.563535911602209},{"$f":"IF(AR8>M8,M8,AR8)","v":27.880662983425413},{"$f":"X8*$E$13","v":40.414364640883974},{"$f":"IF(AS8>O8,O8,AS8)","v":27.077624309392263},null,1.0773480662983426,1.0276243093922652,1,0.97237569060773477,0.94475138121546964,0.91712707182320441,0.85082872928176789,0.6,0.61,0.62,0.63,0.63500000000000001,0.64,0.67,0.96571428571428564,0.99200000000000021,0.99885714285714311,1.005714285714286,0.97714285714285742,0.94857142857142884,0.99733333333333363,{"$f":"Y8*C8+($A$4-80)*AF8*$A$8/1000","v":30.704419889502763},{"$f":"Z8*E8+($A$4-80)*AG8*$A$8/1000","v":29.775414364640888},{"$f":"AA8*G8+($A$4-80)*AH8*$A$8/1000","v":29.45},{"$f":"AB8*I8+($A$4-80)*AI8*$A$8/1000","v":29.098342541436462},{"$f":"AC8*K8+($A$4-80)*AJ8*$A$8/1000","v":28.496063535911606},{"$f":"AD8*M8+($A$4-80)*AK8*$A$8/1000","v":27.880662983425413},{"$f":"AE8*O8+($A$4-80)*AL8*$A$8/1000","v":27.077624309392263}]
[null,67,48.549723756906076,36.412292817679557,{"$f":"S9*$E$13","v":46.187845303867398},{"$f":"IF(AN9>E9,E9,AN9)","v":35.564640883977894},45.006906077348063,{"$f":"IF(AO9>G9,G9,AO9)","v":35.10538674033149},43.825966850828721,{"$f":"IF(AP9>I9,I9,AP9)","v":34.622513812154693},42.513812154696133,{"$f":"IF(AQ9>K9,K9,AQ9)","v":34.223618784530387},41.201657458563531,{"$f":"IF(AR9>M9,M9,AR9)","v":33.785359116022093},38.052486187845304,{"$f":"IF(AS9>O9,O9,AS9)","v":32.344613259668506},null,1.0220994475138121,0.97237569060773477,0.94751381215469599,0.92265193370165732,0.8950276243093922,0.86740331491712697,0.80110497237569056,0.75,0.77,0.78,0.79,0.80499999999999994,0.82,0.85,0.91619047619047622,0.93866666666666676,0.94647619047619069,0.95428571428571451,0.95561904761904748,0.95695238095238044,0.93904761904761869,{"$f":"Y9*C9+($A$4-80)*AF9*$A$8/1000","v":36.412292817679557},{"$f":"Z9*E9+($A$4-80)*AG9*$A$8/1000","v":35.564640883977894},{"$f":"AA9*G9+($A$4-80)*AH9*$A$8/1000","v":35.10538674033149},{"$f":"AB9*I9+($A$4-80)*AI9*$A$8/1000","v":34.622513812154693},{"$f":"AC9*K9+($A$4-80)*AJ9*$A$8/1000","v":34.223618784530387},{"$f":"AD9*M9+($A$4-80)*AK9*$A$8/1000","v":33.785359116022093},{"$f":"AE9*O9+($A$4-80)*AL9*$A$8/1000","v":32.344613259668506}]
[null,63,45.925414364640879,42.251381215469614,{"$f":"S10*$E$13","v":43.563535911602209},41.385359116022094,42.513812154696133,40.813259668508287,41.464088397790057,40.220165745856356,40.151933701657455,39.549654696132592,38.839779005524861,38.839779005524861,36.477900552486183,36.477900552486183,null,0.96685082872928174,0.91712707182320441,0.89502762430939231,0.8729281767955801,0.84530386740331487,0.81767955801104975,0.7679558011049723,0.92,0.95,0.96,0.97,0.98499999999999999,1,1,0.93333333333333346,0.94857142857142818,0.9257142857142856,0.90285714285714302,0.90247619047619065,0.90209523809523828,0.63542857142857145,42.251381215469614,{"$f":"Z10*E10+($A$4-80)*AG10*$A$8/1000","v":41.385359116022094},{"$f":"AA10*G10+($A$4-80)*AH10*$A$8/1000","v":40.813259668508287},40.220165745856356,39.549654696132592,38.839779005524861,36.477900552486183]
[null,59,44.613259668508285,44.613259668508285,{"$f":"S11*$E$13","v":43.038674033149164},43.038674033149164,41.988950276243095,41.988950276243095,40.939226519337012,40.939226519337012,39.889502762430929,39.889502762430929,38.839779005524861,38.839779005524861,36.477900552486183,36.477900552486183,null,0.93922651933701651,0.90607734806629814,0.88397790055248615,0.86187845303867394,0.83977900552486173,0.81767955801104975,0.7679558011049723,1,1,1,1,1,1,1,0.25904761904761925,0.12495238095238102,6.2476190476190512E-2,0,0,0,0,44.613259668508285,{"$f":"Z11*E11+($A$4-80)*AG11*$A$8/1000","v":43.038674033149164},{"$f":"AA11*G11+($A$4-80)*AH11*$A$8/1000","v":41.988950276243095},{"$f":"AB11*I11+($A$4-80)*AI11*$A$8/1000","v":40.939226519337012},39.889502762430929,38.839779005524861,36.477900552486183]
[1200,71,52.48618784530386,32.541436464088392,{"$f":"S12*$E$13","v":49.861878453038671},31.91160220994475,48.680939226519328,31.399205801104969,47.5,30.875,45.925414364640879,30.310773480662981,44.350828729281758,29.715055248618778,41.201657458563531,28.429143646408836,null,1.1049723756906076,1.0497237569060773,1.0248618784530386,1,0.96685082872928174,0.93370165745856337,0.86740331491712697,0.62,0.64,0.64500000000000002,0.65,0.66,0.67,0.69,0.93333333333333346,0.95000000000000007,0.95766666666666689,0.9653333333333336,0.96150000000000013,0.95766666666666667,0.9419999999999995,{"$f":"Y12*C12+($A$4-80)*AF12*$A$12/1000","v":32.541436464088392},{"$f":"Z12*E12+($A$4-80)*AG12*$A$12/1000","v":31.91160220994475},{"$f":"AA12*G12+($A$4-80)*AH12*$A$12/1000","v":31.399205801104969},{"$f":"AB12*I12+($A$4-80)*AI12*$A$12/1000","v":30.875},{"$f":"AC12*K12+($A$4-80)*AJ12*$A$12/1000","v":30.310773480662981},{"$f":"AD12*M12+($A$4-80)*AK12*$A$12/1000","v":29.715055248618778},{"$f":"AE12*O12+($A$4-80)*AL12*$A$12/1000","v":28.429143646408836}]
[null,67,49.861878453038671,39.39088397790055,47.5,38.475000000000001,46.187845303867398,37.874033149171268,44.875690607734811,37.24682320441989,43.432320441988949,36.700310773480659,41.988950276243095,36.110497237569064,38.839779005524861,34.955801104972373,null,1.0497237569060773,1,0.97237569060773477,0.94475138121546964,0.91436464088397784,0.88397790055248615,0.81767955801104975,0.79,0.81,0.82000000000000006,0.83,0.84499999999999997,0.86,0.9,0.95000000000000007,0.9653333333333336,0.93866666666666654,0.91199999999999959,0.93599999999999972,0.95999999999999974,0.9373333333333338,{"$f":"Y13*C13+($A$4-80)*AF13*$A$12/1000","v":39.39088397790055},{"$f":"Z13*E13+($A$4-80)*AG13*$A$12/1000","v":38.475000000000001},{"$f":"AA13*G13+($A$4-80)*AH13*$A$12/1000","v":37.874033149171268},{"$f":"AB13*I13+($A$4-80)*AI13*$A$12/1000","v":37.24682320441989},{"$f":"AC13*K13+($A$4-80)*AJ13*$A$12/1000","v":36.700310773480659},{"$f":"AD13*M13+($A$4-80)*AK13*$A$12/1000","v":36.110497237569064},{"$f":"AE13*O13+($A$4-80)*AL13*$A$12/1000","v":34.955801104972373}]
[null,63,47.237569060773474,45.820441988950272,{"$f":"S14*$E$13","v":44.875690607734811},44.426933701657461,43.694751381215461,43.476277624309382,42.513812154696133,42.513812154696133,41.464088397790057,41.464088397790057,40.414364640883974,40.414364640883974,37.790055248618785,37.790055248618785,null,0.99447513812154686,0.94475138121546964,0.91988950276243076,0.8950276243093922,0.8729281767955801,0.85082872928176789,0.79558011049723754,0.97,0.99,0.995,1,1,1,1,0.95999999999999963,0.91200000000000025,0.83400000000000007,0.75600000000000001,0.68599999999999994,0.61599999999999999,0.38399999999999979,45.820441988950272,{"$f":"Z14*E14+($A$4-80)*AG14*$A$12/1000","v":44.426933701657461},{"$f":"AA14*G14+($A$4-80)*AH14*$A$12/1000","v":43.476277624309382},42.513812154696133,41.464088397790057,40.414364640883974,37.790055248618785]
[null,59,46.450276243093917,46.450276243093917,44.613259668508285,44.613259668508285,43.563535911602209,43.563535911602209,42.513812154696133,42.513812154696133,41.464088397790057,41.464088397790057,40.414364640883974,40.414364640883974,37.790055248618785,37.790055248618785,null,0.97790055248618768,0.93922651933701651,0.91712707182320441,0.8950276243093922,0.8729281767955801,0.85082872928176789,0.79558011049723754,1,1,1,1,1,1,1,0,0,0,0,0,0,0,46.450276243093917,{"$f":"Z15*E15+($A$4-80)*AG15*$A$12/1000","v":44.613259668508285},{"$f":"AA15*G15+($A$4-80)*AH15*$A$12/1000","v":43.563535911602209},42.513812154696133,41.464088397790057,40.414364640883974,37.790055248618785]
[1350,71,53.798342541436462,34.968922651933703,51.174033149171272,33.774861878453038,49.730662983425404,33.319544198895024,48.28729281767955,32.835359116022097,46.712707182320436,32.231767955801097,45.138121546961322,31.596685082872924,41.726519337016576,30.460359116022101,null,1.1325966850828728,1.0773480662983426,1.0469613259668507,1.016574585635359,0.9834254143646407,0.95027624309392256,0.87845303867403313,0.65,0.66,0.67,0.68,0.69,0.7,0.73,0.97185185185185208,0.92444444444444462,0.9256296296296298,0.92681481481481498,0.92207407407407393,0.91733333333333289,0.98933333333333318,{"$f":"Y16*C16+($A$4-80)*AF16*$A$16/1000","v":34.968922651933703},{"$f":"Z16*E16+($A$4-80)*AG16*$A$16/1000","v":33.774861878453038},{"$f":"AA16*G16+($A$4-80)*AH16*$A$16/1000","v":33.319544198895024},{"$f":"AB16*I16+($A$4-80)*AI16*$A$16/1000","v":32.835359116022097},{"$f":"AC16*K16+($A$4-80)*AJ16*$A$16/1000","v":32.231767955801097},{"$f":"AD16*M16+($A$4-80)*AK16*$A$16/1000","v":31.596685082872924},{"$f":"AE16*O16+($A$4-80)*AL16*$A$16/1000","v":30.460359116022101}]
[null,67,50.517955801104968,41.424723756906069,48.28729281767955,40.561325966850823,46.975138121546955,40.163743093922648,45.66298342541436,39.72679558011049,44.219613259668506,39.134357734806628,42.776243093922645,38.498618784530379,39.62707182320441,37.249447513812143,null,1.0635359116022098,1.016574585635359,0.98895027624309373,0.96132596685082861,0.93093922651933703,0.90055248618784522,0.83425414364640871,0.82,0.84,0.85499999999999998,0.87,0.88500000000000001,0.9,0.94,0.91259259259259218,0.92681481481481431,0.92740740740740724,0.92800000000000016,0.92281481481481498,0.91762962962962991,0.89481481481481462,{"$f":"Y17*C17+($A$4-80)*AF17*$A$16/1000","v":41.424723756906069},{"$f":"Z17*E17+($A$4-80)*AG17*$A$16/1000","v":40.561325966850823},{"$f":"AA17*G17+($A$4-80)*AH17*$A$16/1000","v":40.163743093922648},{"$f":"AB17*I17+($A$4-80)*AI17*$A$16/1000","v":39.72679558011049},{"$f":"AC17*K17+($A$4-80)*AJ17*$A$16/1000","v":39.134357734806628},{"$f":"AD17*M17+($A$4-80)*AK17*$A$16/1000","v":38.498618784530379},{"$f":"AE17*O17+($A$4-80)*AL17*$A$16/1000","v":37.249447513812143}]
[null,63,48.28729281767955,48.28729281767955,46.187845303867398,46.187845303867398,45.006906077348063,45.006906077348063,43.825966850828721,43.825966850828721,42.645027624309392,42.645027624309392,41.464088397790057,41.464088397790057,38.839779005524861,38.839779005524861,null,1.016574585635359,0.97237569060773477,0.94751381215469599,0.92265193370165732,0.89779005524861877,0.8729281767955801,0.81767955801104975,1,1,1,1,1,1,1,0.81777777777777783,0.67792592592592604,0.61111111111111116,0.54429629629629617,0.43599999999999983,0.3277037037037035,0.13155555555555565,48.28729281767955,{"$f":"Z18*E18+($A$4-80)*AG18*$A$16/1000","v":46.187845303867398},{"$f":"AA18*G18+($A$4-80)*AH18*$A$16/1000","v":45.006906077348063},43.825966850828721,42.645027624309392,41.464088397790057,38.839779005524861]
[null,59,48.024861878453038,48.024861878453038,46.187845303867398,46.187845303867398,45.006906077348063,45.006906077348063,43.825966850828721,43.825966850828721,42.645027624309392,42.645027624309392,41.464088397790057,41.464088397790057,38.839779005524861,38.839779005524861,null,1.011049723756906,0.97237569060773477,0.94751381215469599,0.92265193370165732,0.89779005524861877,0.8729281767955801,0.81767955801104975,1,1,1,1,1,1,1,0,0,0,0,0,0,0,48.024861878453038,{"$f":"Z19*E19+($A$4-80)*AG19*$A$16/1000","v":46.187845303867398},{"$f":"AA19*G19+($A$4-80)*AH19*$A$16/1000","v":45.006906077348063},43.825966850828721,42.645027624309392,41.464088397790057,38.839779005524861]

{"sheet":"14ACXS_42","index":7,"n_rows":19,"n_cols":45,"rows_kept":19,"cut":false,"hidden":true,"merged":[[130,0,133,0],[120,12,121,12],[120,13,121,13],[120,14,121,14],[120,15,121,15],[122,0,125,0],[126,0,129,0],[119,12,119,13],[119,14,119,15],[120,4,121,4],[120,5,121,5],[120,6,121,6],[120,7,121,7],[120,8,121,8],[120,9,121,9],[120,10,121,10],[120,11,121,11],[119,0,121,0],[119,1,121,1],[119,4,119,5],[119,6,119,7],[119,8,119,9],[119,10,119,11],[111,0,114,0],[117,0,118,1],[117,4,117,15],[118,4,118,5],[118,6,118,7],[118,8,118,9],[118,10,118,11],[118,12,118,13],[118,14,118,15],[101,12,102,12],[101,13,102,13],[101,14,102,14],[101,15,102,15],[103,0,106,0],[107,0,110,0],[100,12,100,13],[100,14,100,15],[101,4,102,4],[101,5,102,5],[101,6,102,6],[101,7,102,7],[101,8,102,8],[101,9,102,9],[101,10,102,10],[101,11,102,11],[100,0,102,0],[100,1,102,1],[100,4,100,5],[100,6,100,7],[100,8,100,9],[100,10,100,11],[92,0,95,0],[98,0,99,1],[98,4,98,15],[99,4,99,5],[99,6,99,7],[99,8,99,9],[99,10,99,11],[99,12,99,13],[99,14,99,15],[82,12,83,12],[82,13,83,13],[82,14,83,14],[82,15,83,15],[84,0,87,0],[88,0,91,0],[81,12,81,13],[81,14,81,15],[82,4,83,4],[82,5,83,5],[82,6,83,6],[82,7,83,7],[82,8,83,8],[82,9,83,9],[82,10,83,10],[82,11,83,11],[81,0,83,0],[81,1,83,1],[81,4,81,5],[81,6,81,7],[81,8,81,9],[81,10,81,11],[73,0,76,0],[79,0,80,1],[79,4,79,15],[80,4,80,5],[80,6,80,7],[80,8,80,9],[80,10,80,11],[80,12,80,13],[80,14,80,15],[63,12,64,12],[63,13,64,13],[63,14,64,14],[63,15,64,15],[65,0,68,0],[69,0,72,0],[62,12,62,13],[62,14,62,15],[63,4,64,4],[63,5,64,5],[63,6,64,6],[63,7,64,7],[63,8,64,8],[63,9,64,9],[63,10,64,10],[63,11,64,11],[62,0,64,0],[62,1,64,1],[62,4,62,5],[62,6,62,7],[62,8,62,9],[62,10,62,11],[54,0,57,0],[60,0,61,1],[60,4,60,15],[61,4,61,5],[61,6,61,7],[61,8,61,9],[61,10,61,11],[61,12,61,13],[61,14,61,15],[44,12,45,12],[44,13,45,13],[44,14,45,14],[44,15,45,15],[46,0,49,0],[50,0,53,0],[43,12,43,13],[43,14,43,15],[44,4,45,4],[44,5,45,5],[44,6,45,6],[44,7,45,7],[44,8,45,8],[44,9,45,9],[44,10,45,10],[44,11,45,11],[43,0,45,0],[43,1,45,1],[43,4,43,5],[43,6,43,7],[43,8,43,9],[43,10,43,11],[35,0,38,0],[41,0,42,1],[41,4,41,15],[42,4,42,5],[42,6,42,7],[42,8,42,9],[42,10,42,11],[42,12,42,13],[42,14,42,15],[25,12,26,12],[25,13,26,13],[25,14,26,14],[25,15,26,15],[27,0,30,0],[31,0,34,0],[24,12,24,13],[24,14,24,15],[25,4,26,4],[25,5,26,5],[25,6,26,6],[25,7,26,7],[25,8,26,8],[25,9,26,9],[25,10,26,10],[25,11,26,11],[24,0,26,0],[24,1,26,1],[24,4,24,5],[24,6,24,7],[24,8,24,9],[24,10,24,11],[7,0,10,0],[11,0,14,0],[15,0,18,0],[22,4,22,15],[23,4,23,5],[23,6,23,7],[23,8,23,9],[23,10,23,11],[23,12,23,13],[23,14,23,15],[5,10,6,10],[5,11,6,11],[5,12,6,12],[5,13,6,13],[5,14,6,14],[5,15,6,15],[4,10,4,11],[4,12,4,13],[4,14,4,15],[5,2,6,2],[5,3,6,3],[5,4,6,4],[5,5,6,5],[5,6,6,6],[5,7,6,7],[5,8,6,8],[4,0,6,0],[4,1,6,1],[4,2,4,3],[4,4,4,5],[4,6,4,7],[4,8,4,9],[5,9,6,9],[2,0,2,1],[2,2,2,15],[3,2,3,3],[3,4,3,5],[3,6,3,7],[3,8,3,9],[3,10,3,11],[3,12,3,13],[3,14,3,15]]}
[]
["14ACXS_42"]
["Evaporator Air \n",null,"Condenser  Entering Air Temperature ˚F"]
[80,"°F DB",85,null,95,null,100,null,105,null,110,null,115,null,125]
["CFM","EWB†\n˚F","Capacity Mbtuh",null,"Capacity Mbtuh",null,"Capacity Mbtuh",null,"Capacity Mbtuh",null,"Capacity Mbtuh",null,"Capacity Mbtuh",null,"Capacity Mbtuh"]
[null,null,"Total","Sens.","Total","Sens.","Total","Sens.","Total","Sens.","Total","Sens.","Total","Sens.","Total","Sens."]
[null,null,null,null,null,null,null,null,null,null,null,null,null,null,null,null,null,"Total Factors",null,null,null,null,null,null,"Sens. %",null,null,null,null,null,null,"IDB Adj",null,null,null,null,null,null,"Sens Calc"]
[1225,71,{"$f":"R8*$E$13","v":50.813953488372086},{"$f":"IF(AM8>C8,C8,AM8)","v":30.488372093023251},{"$f":"S8*$E$13","v":48.604651162790702},{"$f":"IF(AN8>E8,E8,AN8)","v":29.648837209302329},{"$f":"T8*$E$13","v":47.5},{"$f":"IF(AO8>G8,G8,AO8)","v":29.212499999999999},{"$f":"U8*$E$13","v":46.395348837209298},{"$f":"IF(AP8>I8,I8,AP8)","v":28.765116279069765},{"$f":"V8*$E$13","v":45.014534883720934},{"$f":"IF(AQ8>K8,K8,AQ8)","v":28.359156976744188},{"$f":"W8*$E$13","v":43.633720930232556},{"$f":"IF(AR8>M8,M8,AR8)","v":27.925581395348836},{"$f":"X8*$E$13","v":40.430232558139537},{"$f":"IF(AS8>O8,O8,AS8)","v":26.683953488372094},null,1.069767441860465,1.0232558139534884,1,0.97674418604651159,0.94767441860465118,0.91860465116279066,0.85116279069767442,0.6,0.61,0.61499999999999999,0.62,0.63,0.64,0.66,0.97632653061224506,0.93387755102040826,0.94693877551020422,0.96000000000000019,0.96367346938775522,0.96734693877551026,0.95608163265306145,{"$f":"Y8*C8+($A$4-80)*AF8*$A$8/1000","v":30.488372093023251},{"$f":"Z8*E8+($A$4-80)*AG8*$A$8/1000","v":29.648837209302329},{"$f":"AA8*G8+($A$4-80)*AH8*$A$8/1000","v":29.212499999999999},{"$f":"AB8*I8+($A$4-80)*AI8*$A$8/1000","v":28.765116279069765},{"$f":"AC8*K8+($A$4-80)*AJ8*$A$8/1000","v":28.359156976744188},{"$f":"AD8*M8+($A$4-80)*AK8*$A$8/1000","v":27.925581395348836},{"$f":"AE8*O8+($A$4-80)*AL8*$A$8/1000","v":26.683953488372094}]
[null,67,48.604651162790702,35.967441860465122,{"$f":"S9*$E$13","v":46.395348837209298},{"$f":"IF(AN9>E9,E9,AN9)","v":35.260465116279065},45.290697674418603,{"$f":"IF(AO9>G9,G9,AO9)","v":34.873837209302323},44.186046511627907,{"$f":"IF(AP9>I9,I9,AP9)","v":34.465116279069768},42.860465116279066,{"$f":"IF(AQ9>K9,K9,AQ9)","v":33.859767441860463},41.534883720930232,{"$f":"IF(AR9>M9,M9,AR9)","v":33.227906976744187},38.662790697674417,{"$f":"IF(AS9>O9,O9,AS9)","v":32.090116279069761},null,1.0232558139534884,0.97674418604651159,0.95348837209302328,0.93023255813953487,0.9023255813953488,0.87441860465116283,0.81395348837209303,0.74,0.76,0.77,0.78,0.79,0.8,0.83,0.93387755102040826,0.96000000000000019,0.96979591836734713,0.97959183673469408,0.95020408163265335,0.92081632653061252,0.91428571428571381,{"$f":"Y9*C9+($A$4-80)*AF9*$A$8/1000","v":35.967441860465122},{"$f":"Z9*E9+($A$4-80)*AG9*$A$8/1000","v":35.260465116279065},{"$f":"AA9*G9+($A$4-80)*AH9*$A$8/1000","v":34.873837209302323},{"$f":"AB9*I9+($A$4-80)*AI9*$A$8/1000","v":34.465116279069768},{"$f":"AC9*K9+($A$4-80)*AJ9*$A$8/1000","v":33.859767441860463},{"$f":"AD9*M9+($A$4-80)*AK9*$A$8/1000","v":33.227906976744187},{"$f":"AE9*O9+($A$4-80)*AL9*$A$8/1000","v":32.090116279069761}]
[null,63,45.843023255813954,41.717151162790699,{"$f":"S10*$E$13","v":44.186046511627907},41.093023255813954,42.970930232558139,40.392674418604649,41.755813953488371,39.668023255813949,40.651162790697676,39.228372093023253,39.546511627906973,38.755581395348834,36.674418604651166,36.674418604651166,null,0.96511627906976749,0.93023255813953487,0.90465116279069768,0.87906976744186038,0.85581395348837208,0.83255813953488367,0.77209302325581397,0.91,0.93,0.94,0.95,0.96499999999999997,0.98,1,0.94857142857142873,0.97959183673469408,0.95265306122448967,0.92571428571428516,0.90122448979591807,0.8767346938775511,0.81306122448979612,41.717151162790699,{"$f":"Z10*E10+($A$4-80)*AG10*$A$8/1000","v":41.093023255813954},{"$f":"AA10*G10+($A$4-80)*AH10*$A$8/1000","v":40.392674418604649},39.668023255813949,39.228372093023253,38.755581395348834,36.674418604651166]
[null,59,44.738372093023258,44.738372093023258,{"$f":"S11*$E$13","v":43.081395348837205},43.081395348837205,42.197674418604656,42.197674418604656,41.313953488372093,41.313953488372093,40.209302325581397,40.209302325581397,39.104651162790695,39.104651162790695,36.895348837209305,36.895348837209305,null,0.94186046511627908,0.90697674418604646,0.88837209302325593,0.86976744186046506,0.84651162790697676,0.82325581395348835,0.77674418604651163,1,1,1,1,1,1,1,0.39673469387755145,0.25469387755102063,0.15787755102040829,6.1061224489795965E-2,3.0530612244897982E-2,0,0,44.738372093023258,{"$f":"Z11*E11+($A$4-80)*AG11*$A$8/1000","v":43.081395348837205},{"$f":"AA11*G11+($A$4-80)*AH11*$A$8/1000","v":42.197674418604656},{"$f":"AB11*I11+($A$4-80)*AI11*$A$8/1000","v":41.313953488372093},40.209302325581397,39.104651162790695,36.895348837209305]
[1400,71,51.918604651162788,32.189534883720931,{"$f":"S12*$E$13","v":49.709302325581397},31.316860465116282,48.604651162790702,31.106976744186049,47.5,30.875,46.119186046511622,30.208066860465113,44.738372093023258,29.527325581395353,41.313953488372093,28.093488372093024,null,1.0930232558139534,1.0465116279069768,1.0232558139534884,1,0.97093023255813948,0.94186046511627908,0.86976744186046506,0.62,0.63,0.64,0.65,0.65500000000000003,0.66,0.68,0.94000000000000017,0.90000000000000024,0.94142857142857173,0.98285714285714321,0.95428571428571463,0.92571428571428593,0.90828571428571447,{"$f":"Y12*C12+($A$4-80)*AF12*$A$12/1000","v":32.189534883720931},{"$f":"Z12*E12+($A$4-80)*AG12*$A$12/1000","v":31.316860465116282},{"$f":"AA12*G12+($A$4-80)*AH12*$A$12/1000","v":31.106976744186049},{"$f":"AB12*I12+($A$4-80)*AI12*$A$12/1000","v":30.875},{"$f":"AC12*K12+($A$4-80)*AJ12*$A$12/1000","v":30.208066860465113},{"$f":"AD12*M12+($A$4-80)*AK12*$A$12/1000","v":29.527325581395353},{"$f":"AE12*O12+($A$4-80)*AL12*$A$12/1000","v":28.093488372093024}]
[null,67,49.709302325581397,38.77325581395349,47.5,37.524999999999999,46.395348837209298,37.116279069767437,45.290697674418603,36.685465116279069,43.909883720930232,36.225654069767437,42.529069767441861,35.724418604651163,39.546511627906973,34.800930232558137,null,1.0465116279069768,1,0.97674418604651159,0.95348837209302328,0.92441860465116277,0.89534883720930236,0.83255813953488367,0.78,0.79,0.8,0.81,0.82499999999999996,0.84,0.88,0.96428571428571441,0.9214285714285716,0.90000000000000013,0.87857142857142878,0.90678571428571419,0.93499999999999961,0.97171428571428597,{"$f":"Y13*C13+($A$4-80)*AF13*$A$12/1000","v":38.77325581395349},{"$f":"Z13*E13+($A$4-80)*AG13*$A$12/1000","v":37.524999999999999},{"$f":"AA13*G13+($A$4-80)*AH13*$A$12/1000","v":37.116279069767437},{"$f":"AB13*I13+($A$4-80)*AI13*$A$12/1000","v":36.685465116279069},{"$f":"AC13*K13+($A$4-80)*AJ13*$A$12/1000","v":36.225654069767437},{"$f":"AD13*M13+($A$4-80)*AK13*$A$12/1000","v":35.724418604651163},{"$f":"AE13*O13+($A$4-80)*AL13*$A$12/1000","v":34.800930232558137}]
[null,63,47.5,45.125,{"$f":"S14*$E$13","v":45.290697674418603},43.931976744186045,44.186046511627907,43.52325581395349,43.081395348837205,43.081395348837205,41.866279069767444,41.866279069767444,40.651162790697676,40.651162790697676,38.220930232558139,38.220930232558139,null,1,0.95348837209302328,0.93023255813953487,0.90697674418604646,0.88139534883720927,0.85581395348837208,0.8046511627906977,0.95,0.97,0.98499999999999999,1,1,1,1,0.92142857142857082,0.87857142857142878,0.88500000000000023,0.89142857142857157,0.81371428571428583,0.73599999999999999,0.49428571428571427,45.125,{"$f":"Z14*E14+($A$4-80)*AG14*$A$12/1000","v":43.931976744186045},{"$f":"AA14*G14+($A$4-80)*AH14*$A$12/1000","v":43.52325581395349},43.081395348837205,41.866279069767444,40.651162790697676,38.220930232558139]
[null,59,46.395348837209298,46.395348837209298,44.738372093023258,44.738372093023258,43.909883720930232,43.909883720930232,43.081395348837205,43.081395348837205,41.866279069767444,41.866279069767444,40.651162790697676,40.651162790697676,38.220930232558139,38.220930232558139,null,0.97674418604651159,0.94186046511627908,0.92441860465116277,0.90697674418604646,0.88139534883720927,0.85581395348837208,0.8046511627906977,1,1,1,1,1,1,1,0.12000000000000011,0,0,0,0,0,0,46.395348837209298,{"$f":"Z15*E15+($A$4-80)*AG15*$A$12/1000","v":44.738372093023258},{"$f":"AA15*G15+($A$4-80)*AH15*$A$12/1000","v":43.909883720930232},43.081395348837205,41.866279069767444,40.651162790697676,38.220930232558139]
[1575,71,53.02325581395349,33.934883720930237,50.813953488372086,33.029069767441854,49.433139534883722,32.625872093023261,48.052325581395351,32.195058139534886,46.671511627906973,31.736627906976739,45.290697674418603,31.250581395348835,41.97674418604651,29.803488372093021,null,1.1162790697674418,1.069767441860465,1.0406976744186047,1.0116279069767442,0.98255813953488369,0.95348837209302328,0.88372093023255816,0.64,0.65,0.66,0.67,0.67999999999999994,0.69,0.71,0.91428571428571437,0.87619047619047641,0.90761904761904788,0.93904761904761935,0.93809523809523809,0.93714285714285683,0.86857142857142844,{"$f":"Y16*C16+($A$4-80)*AF16*$A$16/1000","v":33.934883720930237},{"$f":"Z16*E16+($A$4-80)*AG16*$A$16/1000","v":33.029069767441854},{"$f":"AA16*G16+($A$4-80)*AH16*$A$16/1000","v":32.625872093023261},{"$f":"AB16*I16+($A$4-80)*AI16*$A$16/1000","v":32.195058139534886},{"$f":"AC16*K16+($A$4-80)*AJ16*$A$16/1000","v":31.736627906976739},{"$f":"AD16*M16+($A$4-80)*AK16*$A$16/1000","v":31.250581395348835},{"$f":"AE16*O16+($A$4-80)*AL16*$A$16/1000","v":29.803488372093021}]
[null,67,50.813953488372086,41.159302325581393,48.604651162790702,40.341860465116284,47.223837209302324,39.668023255813949,45.843023255813954,38.966569767441861,44.462209302325583,38.459811046511632,43.081395348837205,37.91162790697674,40.209302325581397,36.992558139534886,null,1.069767441860465,1.0232558139534884,0.9941860465116279,0.96511627906976749,0.93604651162790697,0.90697674418604646,0.84651162790697676,0.81,0.83,0.84,0.85,0.86499999999999999,0.88,0.92,0.93460317460317466,0.94984126984126949,0.92285714285714249,0.89587301587301549,0.89365079365079358,0.89142857142857168,0.92444444444444474,{"$f":"Y17*C17+($A$4-80)*AF17*$A$16/1000","v":41.159302325581393},{"$f":"Z17*E17+($A$4-80)*AG17*$A$16/1000","v":40.341860465116284},{"$f":"AA17*G17+($A$4-80)*AH17*$A$16/1000","v":39.668023255813949},{"$f":"AB17*I17+($A$4-80)*AI17*$A$16/1000","v":38.966569767441861},{"$f":"AC17*K17+($A$4-80)*AJ17*$A$16/1000","v":38.459811046511632},{"$f":"AD17*M17+($A$4-80)*AK17*$A$16/1000","v":37.91162790697674},{"$f":"AE17*O17+($A$4-80)*AL17*$A$16/1000","v":36.992558139534886}]
[null,63,48.604651162790702,48.118604651162798,46.395348837209298,46.395348837209298,45.290697674418603,45.290697674418603,44.186046511627907,44.186046511627907,43.081395348837205,43.081395348837205,41.97674418604651,41.97674418604651,39.325581395348841,39.325581395348841,null,1.0232558139534884,0.97674418604651159,0.95348837209302328,0.93023255813953487,0.90697674418604646,0.88372093023255816,0.82790697674418612,0.99,1,1,1,1,1,1,0.89396825396825408,0.80000000000000016,0.73015873015873023,0.66031746031746041,0.5714285714285714,0.48253968253968244,0.27123809523809544,48.118604651162798,{"$f":"Z18*E18+($A$4-80)*AG18*$A$16/1000","v":46.395348837209298},{"$f":"AA18*G18+($A$4-80)*AH18*$A$16/1000","v":45.290697674418603},44.186046511627907,43.081395348837205,41.97674418604651,39.325581395348841]
[null,59,48.052325581395351,48.052325581395351,46.395348837209298,46.395348837209298,45.290697674418603,45.290697674418603,44.186046511627907,44.186046511627907,43.081395348837205,43.081395348837205,41.97674418604651,41.97674418604651,39.325581395348841,39.325581395348841,null,1.0116279069767442,0.97674418604651159,0.95348837209302328,0.93023255813953487,0.90697674418604646,0.88372093023255816,0.82790697674418612,1,1,1,1,1,1,1,0,0,0,0,0,0,0,48.052325581395351,{"$f":"Z19*E19+($A$4-80)*AG19*$A$16/1000","v":46.395348837209298},{"$f":"AA19*G19+($A$4-80)*AH19*$A$16/1000","v":45.290697674418603},44.186046511627907,43.081395348837205,41.97674418604651,39.325581395348841]

{"sheet":"XC16S_24","index":8,"n_rows":19,"n_cols":45,"rows_kept":19,"cut":false,"hidden":true,"merged":[[130,0,133,0],[120,12,121,12],[120,13,121,13],[120,14,121,14],[120,15,121,15],[122,0,125,0],[126,0,129,0],[119,12,119,13],[119,14,119,15],[120,4,121,4],[120,5,121,5],[120,6,121,6],[120,7,121,7],[120,8,121,8],[120,9,121,9],[120,10,121,10],[120,11,121,11],[119,0,121,0],[119,1,121,1],[119,4,119,5],[119,6,119,7],[119,8,119,9],[119,10,119,11],[111,0,114,0],[117,0,118,1],[117,4,117,15],[118,4,118,5],[118,6,118,7],[118,8,118,9],[118,10,118,11],[118,12,118,13],[118,14,118,15],[101,12,102,12],[101,13,102,13],[101,14,102,14],[101,15,102,15],[103,0,106,0],[107,0,110,0],[100,12,100,13],[100,14,100,15],[101,4,102,4],[101,5,102,5],[101,6,102,6],[101,7,102,7],[101,8,102,8],[101,9,102,9],[101,10,102,10],[101,11,102,11],[100,0,102,0],[100,1,102,1],[100,4,100,5],[100,6,100,7],[100,8,100,9],[100,10,100,11],[92,0,95,0],[98,0,99,1],[98,4,98,15],[99,4,99,5],[99,6,99,7],[99,8,99,9],[99,10,99,11],[99,12,99,13],[99,14,99,15],[82,12,83,12],[82,13,83,13],[82,14,83,14],[82,15,83,15],[84,0,87,0],[88,0,91,0],[81,12,81,13],[81,14,81,15],[82,4,83,4],[82,5,83,5],[82,6,83,6],[82,7,83,7],[82,8,83,8],[82,9,83,9],[82,10,83,10],[82,11,83,11],[81,0,83,0],[81,1,83,1],[81,4,81,5],[81,6,81,7],[81,8,81,9],[81,10,81,11],[73,0,76,0],[79,0,80,1],[79,4,79,15],[80,4,80,5],[80,6,80,7],[80,8,80,9],[80,10,80,11],[80,12,80,13],[80,14,80,15],[63,12,64,12],[63,13,64,13],[63,14,64,14],[63,15,64,15],[65,0,68,0],[69,0,72,0],[62,12,62,13],[62,14,62,15],[63,4,64,4],[63,5,64,5],[63,6,64,6],[63,7,64,7],[63,8,64,8],[63,9,64,9],[63,10,64,10],[63,11,64,11],[62,0,64,0],[62,1,64,1],[62,4,62,5],[62,6,62,7],[62,8,62,9],[62,10,62,11],[54,0,57,0],[60,0,61,1],[60,4,60,15],[61,4,61,5],[61,6,61,7],[61,8,61,9],[61,10,61,11],[61,12,61,13],[61,14,61,15],[44,12,45,12],[44,13,45,13],[44,14,45,14],[44,15,45,15],[46,0,49,0],[50,0,53,0],[43,12,43,13],[43,14,43,15],[44,4,45,4],[44,5,45,5],[44,6,45,6],[44,7,45,7],[44,8,45,8],[44,9,45,9],[44,10,45,10],[44,11,45,11],[43,0,45,0],[43,1,45,1],[43,4,43,5],[43,6,43,7],[43,8,43,9],[43,10,43,11],[35,0,38,0],[41,0,42,1],[41,4,41,15],[42,4,42,5],[42,6,42,7],[42,8,42,9],[42,10,42,11],[42,12,42,13],[42,14,42,15],[25,12,26,12],[25,13,26,13],[25,14,26,14],[25,15,26,15],[27,0,30,0],[31,0,34,0],[24,12,24,13],[24,14,24,15],[25,4,26,4],[25,5,26,5],[25,6,26,6],[25,7,26,7],[25,8,26,8],[25,9,26,9],[25,10,26,10],[25,11,26,11],[24,0,26,0],[24,1,26,1],[24,4,24,5],[24,6,24,7],[24,8,24,9],[24,10,24,11],[7,0,10,0],[11,0,14,0],[15,0,18,0],[22,4,22,15],[23,4,23,5],[23,6,23,7],[23,8,23,9],[23,10,23,11],[23,12,23,13],[23,14,23,15],[5,10,6,10],[5,11,6,11],[5,12,6,12],[5,13,6,13],[5,14,6,14],[5,15,6,15],[4,10,4,11],[4,12,4,13],[4,14,4,15],[5,2,6,2],[5,3,6,3],[5,4,6,4],[5,5,6,5],[5,6,6,6],[5,7,6,7],[5,8,6,8],[4,0,6,0],[4,1,6,1],[4,2,4,3],[4,4,4,5],[4,6,4,7],[4,8,4,9],[5,9,6,9],[2,0,2,1],[2,2,2,15],[3,2,3,3],[3,4,3,5],[3,6,3,7],[3,8,3,9],[3,10,3,11],[3,12,3,13],[3,14,3,15]]}
[]
["XC16S_24"]
["Evaporator Air \n",null,"Condenser  Entering Air Temperature ˚F"]
[80,"°F DB",85,null,95,null,100,null,105,null,110,null,115,null,125]
["CFM","EWB†\n˚F","Capacity Mbtuh",null,"Capacity Mbtuh",null,"Capacity Mbtuh",null,"Capacity Mbtuh",null,"Capacity Mbtuh",null,"Capacity Mbtuh",null,"Capacity Mbtuh"]
[null,null,"Total","Sens.","Total","Sens.","Total","Sens.","Total","Sens.","Total","Sens.","Total","Sens.","Total","Sens."]
[null,null,null,null,null,null,null,null,null,null,null,null,null,null,null,null,null,"Total Factors",null,null,null,null,null,null,"Sens. %",null,null,null,null,null,null,"IDB Adj",null,null,null,null,null,null,"Sens Calc"]
[780,71,{"$f":"R8*$E$13","v":51.680000000000007},{"$f":"IF(AM8>C8,C8,AM8)","v":31.008000000000003},{"$f":"S8*$E$13","v":49.02},{"$f":"IF(AN8>E8,E8,AN8)","v":29.902200000000001},{"$f":"T8*$E$13","v":47.88},{"$f":"IF(AO8>G8,G8,AO8)","v":29.446200000000001},{"$f":"U8*$E$13","v":46.74},{"$f":"IF(AP8>I8,I8,AP8)","v":28.9788},{"$f":"V8*$E$13","v":45.220000000000006},{"$f":"IF(AQ8>K8,K8,AQ8)","v":28.488600000000005},{"$f":"W8*$E$13","v":43.7},{"$f":"IF(AR8>M8,M8,AR8)","v":27.968000000000004},{"$f":"X8*$E$13","v":40.659999999999997},{"$f":"IF(AS8>O8,O8,AS8)","v":26.835599999999999},null,1.0880000000000001,1.032,1.008,0.9840000000000001,0.95200000000000007,0.92,0.85599999999999998,0.6,0.61,0.61499999999999999,0.62,0.63,0.64,0.66,0.97641025641025625,0.92615384615384633,0.93615384615384634,0.94615384615384646,0.94487179487179507,0.94358974358974368,0.93282051282051293,{"$f":"Y8*C8+($A$4-80)*AF8*$A$8/1000","v":31.008000000000003},{"$f":"Z8*E8+($A$4-80)*AG8*$A$8/1000","v":29.902200000000001},{"$f":"AA8*G8+($A$4-80)*AH8*$A$8/1000","v":29.446200000000001},{"$f":"AB8*I8+($A$4-80)*AI8*$A$8/1000","v":28.9788},{"$f":"AC8*K8+($A$4-80)*AJ8*$A$8/1000","v":28.488600000000005},{"$f":"AD8*M8+($A$4-80)*AK8*$A$8/1000","v":27.968000000000004},{"$f":"AE8*O8+($A$4-80)*AL8*$A$8/1000","v":26.835599999999999}]
[null,67,49.4,37.049999999999997,{"$f":"S9*$E$13","v":47.12},{"$f":"IF(AN9>E9,E9,AN9)","v":36.282399999999996},45.980000000000004,{"$f":"IF(AO9>G9,G9,AO9)","v":35.864400000000003},44.84,{"$f":"IF(AP9>I9,I9,AP9)","v":35.423600000000008},43.32,{"$f":"IF(AQ9>K9,K9,AQ9)","v":34.872599999999998},41.8,{"$f":"IF(AR9>M9,M9,AR9)","v":34.275999999999996},38.76,{"$f":"IF(AS9>O9,O9,AS9)","v":32.945999999999998},null,1.04,0.99199999999999999,0.96800000000000008,0.94400000000000006,0.91200000000000003,0.88,0.81599999999999995,0.75,0.77,0.78,0.79,0.80499999999999994,0.82,0.85,0.93333333333333346,0.95384615384615401,0.93076923076923102,0.90769230769230791,0.93333333333333313,0.95897435897435845,0.94153846153846121,{"$f":"Y9*C9+($A$4-80)*AF9*$A$8/1000","v":37.049999999999997},{"$f":"Z9*E9+($A$4-80)*AG9*$A$8/1000","v":36.282399999999996},{"$f":"AA9*G9+($A$4-80)*AH9*$A$8/1000","v":35.864400000000003},{"$f":"AB9*I9+($A$4-80)*AI9*$A$8/1000","v":35.423600000000008},{"$f":"AC9*K9+($A$4-80)*AJ9*$A$8/1000","v":34.872599999999998},{"$f":"AD9*M9+($A$4-80)*AK9*$A$8/1000","v":34.275999999999996},{"$f":"AE9*O9+($A$4-80)*AL9*$A$8/1000","v":32.945999999999998}]
[null,63,47.12,43.3504,{"$f":"S10*$E$13","v":44.84},42.597999999999999,43.7,41.951999999999998,42.559999999999995,41.283199999999994,41.23,40.611549999999994,39.9,39.9,37.24,37.24,null,0.99199999999999999,0.94400000000000006,0.92,0.89599999999999991,0.86799999999999999,0.84,0.78400000000000003,0.92,0.95,0.96,0.97,0.98499999999999999,1,1,0.89025641025641045,0.96820512820512783,0.94358974358974312,0.91897435897435842,0.89025641025641011,0.86153846153846181,0.65333333333333332,43.3504,{"$f":"Z10*E10+($A$4-80)*AG10*$A$8/1000","v":42.597999999999999},{"$f":"AA10*G10+($A$4-80)*AH10*$A$8/1000","v":41.951999999999998},41.283199999999994,40.611549999999994,39.9,37.24]
[null,59,45.98,45.98,{"$f":"S11*$E$13","v":44.08},44.08,43.129999999999995,43.129999999999995,42.18,42.18,41.040000000000006,41.040000000000006,39.9,39.9,37.24,37.24,null,0.96799999999999997,0.92799999999999994,0.90799999999999992,0.88800000000000001,0.8640000000000001,0.84,0.78400000000000003,1,1,1,1,1,1,1,0.24820512820512841,0.11897435897435907,5.9487179487179534E-2,0,0,0,0,45.98,{"$f":"Z11*E11+($A$4-80)*AG11*$A$8/1000","v":44.08},{"$f":"AA11*G11+($A$4-80)*AH11*$A$8/1000","v":43.129999999999995},{"$f":"AB11*I11+($A$4-80)*AI11*$A$8/1000","v":42.18},41.040000000000006,39.9,37.24]
[800,71,52.059999999999995,31.756599999999995,{"$f":"S12*$E$13","v":49.4},30.628,48.26,30.162499999999998,47.12,29.685599999999997,45.6,29.184000000000001,44.08,28.652000000000001,41.040000000000006,27.496800000000007,null,1.0959999999999999,1.04,1.016,0.99199999999999999,0.96,0.92799999999999994,0.8640000000000001,0.61,0.62,0.625,0.63,0.64,0.65,0.67,0.95900000000000007,0.97500000000000009,0.95250000000000012,0.93000000000000016,0.95800000000000018,0.9860000000000001,0.97200000000000031,{"$f":"Y12*C12+($A$4-80)*AF12*$A$12/1000","v":31.756599999999995},{"$f":"Z12*E12+($A$4-80)*AG12*$A$12/1000","v":30.628},{"$f":"AA12*G12+($A$4-80)*AH12*$A$12/1000","v":30.162499999999998},{"$f":"AB12*I12+($A$4-80)*AI12*$A$12/1000","v":29.685599999999997},{"$f":"AC12*K12+($A$4-80)*AJ12*$A$12/1000","v":29.184000000000001},{"$f":"AD12*M12+($A$4-80)*AK12*$A$12/1000","v":28.652000000000001},{"$f":"AE12*O12+($A$4-80)*AL12*$A$12/1000","v":27.496800000000007}]
[null,67,49.78,37.832799999999999,47.5,37.050000000000004,46.17,36.474299999999999,44.84,35.872000000000007,43.51,35.460649999999994,42.18,35.009399999999999,39.14,33.660400000000003,null,1.048,1,0.97199999999999998,0.94400000000000006,0.91599999999999993,0.88800000000000001,0.82400000000000007,0.76,0.78,0.79,0.8,0.81499999999999995,0.83,0.86,0.91700000000000004,0.93750000000000022,0.9407500000000002,0.94400000000000028,0.94374999999999987,0.94349999999999956,0.92699999999999971,{"$f":"Y13*C13+($A$4-80)*AF13*$A$12/1000","v":37.832799999999999},{"$f":"Z13*E13+($A$4-80)*AG13*$A$12/1000","v":37.050000000000004},{"$f":"AA13*G13+($A$4-80)*AH13*$A$12/1000","v":36.474299999999999},{"$f":"AB13*I13+($A$4-80)*AI13*$A$12/1000","v":35.872000000000007},{"$f":"AC13*K13+($A$4-80)*AJ13*$A$12/1000","v":35.460649999999994},{"$f":"AD13*M13+($A$4-80)*AK13*$A$12/1000","v":35.009399999999999},{"$f":"AE13*O13+($A$4-80)*AL13*$A$12/1000","v":33.660400000000003}]
[null,63,47.5,44.175000000000004,{"$f":"S14*$E$13","v":45.220000000000006},43.411200000000001,43.89,42.573299999999996,42.559999999999995,41.708799999999997,41.419999999999995,41.005799999999994,40.28,40.28,37.620000000000005,37.620000000000005,null,1,0.95200000000000007,0.92400000000000004,0.89599999999999991,0.87199999999999989,0.84799999999999998,0.79200000000000004,0.93,0.96,0.97,0.98,0.99,1,1,0.93750000000000022,0.95199999999999951,0.92399999999999982,0.89600000000000013,0.84550000000000014,0.79500000000000004,0.59399999999999986,44.175000000000004,{"$f":"Z14*E14+($A$4-80)*AG14*$A$12/1000","v":43.411200000000001},{"$f":"AA14*G14+($A$4-80)*AH14*$A$12/1000","v":42.573299999999996},41.708799999999997,41.005799999999994,40.28,37.620000000000005]
[null,59,46.36,46.36,44.459999999999994,44.459999999999994,43.51,43.51,42.559999999999995,42.559999999999995,41.419999999999995,41.419999999999995,40.28,40.28,37.620000000000005,37.620000000000005,null,0.97599999999999998,0.93599999999999994,0.91599999999999993,0.89599999999999991,0.87199999999999989,0.84799999999999998,0.79200000000000004,1,1,1,1,1,1,1,0.18300000000000016,5.8500000000000045E-2,2.9250000000000023E-2,0,0,0,0,46.36,{"$f":"Z15*E15+($A$4-80)*AG15*$A$12/1000","v":44.459999999999994},{"$f":"AA15*G15+($A$4-80)*AH15*$A$12/1000","v":43.51},42.559999999999995,41.419999999999995,40.28,37.620000000000005]
[925,71,53.58,33.755400000000002,50.92,32.588799999999999,49.59,31.985550000000003,48.26,31.369,46.74,30.848400000000002,45.220000000000006,30.297400000000007,42.18,29.525999999999996,null,1.1279999999999999,1.0720000000000001,1.044,1.016,0.9840000000000001,0.95200000000000007,0.88800000000000001,0.63,0.64,0.64500000000000002,0.65,0.66,0.67,0.7,0.91459459459459469,0.92713513513513546,0.90291891891891918,0.8787027027027029,0.87675675675675702,0.87481081081081113,0.9119999999999997,{"$f":"Y16*C16+($A$4-80)*AF16*$A$16/1000","v":33.755400000000002},{"$f":"Z16*E16+($A$4-80)*AG16*$A$16/1000","v":32.588799999999999},{"$f":"AA16*G16+($A$4-80)*AH16*$A$16/1000","v":31.985550000000003},{"$f":"AB16*I16+($A$4-80)*AI16*$A$16/1000","v":31.369},{"$f":"AC16*K16+($A$4-80)*AJ16*$A$16/1000","v":30.848400000000002},{"$f":"AD16*M16+($A$4-80)*AK16*$A$16/1000","v":30.297400000000007},{"$f":"AE16*O16+($A$4-80)*AL16*$A$16/1000","v":29.525999999999996}]
[null,67,51.300000000000004,40.527000000000008,48.64,39.884799999999998,47.31,39.267299999999999,45.98,38.623199999999997,44.65,38.175750000000001,43.32,37.688400000000001,39.9,36.308999999999997,null,1.08,1.024,0.996,0.96799999999999997,0.94,0.91200000000000003,0.84,0.79,0.82,0.83,0.84,0.85499999999999998,0.87,0.91,0.87567567567567584,0.94097297297297267,0.94140540540540507,0.94183783783783748,0.93924324324324293,0.9366486486486485,0.90810810810810827,{"$f":"Y17*C17+($A$4-80)*AF17*$A$16/1000","v":40.527000000000008},{"$f":"Z17*E17+($A$4-80)*AG17*$A$16/1000","v":39.884799999999998},{"$f":"AA17*G17+($A$4-80)*AH17*$A$16/1000","v":39.267299999999999},{"$f":"AB17*I17+($A$4-80)*AI17*$A$16/1000","v":38.623199999999997},{"$f":"AC17*K17+($A$4-80)*AJ17*$A$16/1000","v":38.175750000000001},{"$f":"AD17*M17+($A$4-80)*AK17*$A$16/1000","v":37.688400000000001},{"$f":"AE17*O17+($A$4-80)*AL17*$A$16/1000","v":36.308999999999997}]
[null,63,48.64,47.667200000000001,46.36,46.36,45.219999999999992,45.219999999999992,44.08,44.08,42.94,42.94,41.8,41.8,39.14,39.14,null,1.024,0.97599999999999998,0.95199999999999985,0.92799999999999994,0.90400000000000003,0.88,0.82400000000000007,0.98,1,1,1,1,1,1,0.88562162162162172,0.84410810810810821,0.77318918918918933,0.70227027027027034,0.61275675675675678,0.52324324324324323,0.31178378378378357,47.667200000000001,{"$f":"Z18*E18+($A$4-80)*AG18*$A$16/1000","v":46.36},{"$f":"AA18*G18+($A$4-80)*AH18*$A$16/1000","v":45.219999999999992},44.08,42.94,41.8,39.14]
[null,59,48.26,48.26,46.36,46.36,45.219999999999992,45.219999999999992,44.08,44.08,42.94,42.94,41.8,41.8,39.14,39.14,null,1.016,0.97599999999999998,0.95199999999999985,0.92799999999999994,0.90400000000000003,0.88,0.82400000000000007,1,1,1,1,1,1,1,0,0,0,0,0,0,0,48.26,{"$f":"Z19*E19+($A$4-80)*AG19*$A$16/1000","v":46.36},{"$f":"AA19*G19+($A$4-80)*AH19*$A$16/1000","v":45.219999999999992},44.08,42.94,41.8,39.14]

{"sheet":"XC16S_36","index":9,"n_rows":19,"n_cols":45,"rows_kept":19,"cut":false,"hidden":true,"merged":[[130,0,133,0],[120,12,121,12],[120,13,121,13],[120,14,121,14],[120,15,121,15],[122,0,125,0],[126,0,129,0],[119,12,119,13],[119,14,119,15],[120,4,121,4],[120,5,121,5],[120,6,121,6],[120,7,121,7],[120,8,121,8],[120,9,121,9],[120,10,121,10],[120,11,121,11],[119,0,121,0],[119,1,121,1],[119,4,119,5],[119,6,119,7],[119,8,119,9],[119,10,119,11],[111,0,114,0],[117,0,118,1],[117,4,117,15],[118,4,118,5],[118,6,118,7],[118,8,118,9],[118,10,118,11],[118,12,118,13],[118,14,118,15],[101,12,102,12],[101,13,102,13],[101,14,102,14],[101,15,102,15],[103,0,106,0],[107,0,110,0],[100,12,100,13],[100,14,100,15],[101,4,102,4],[101,5,102,5],[101,6,102,6],[101,7,102,7],[101,8,102,8],[101,9,102,9],[101,10,102,10],[101,11,102,11],[100,0,102,0],[100,1,102,1],[100,4,100,5],[100,6,100,7],[100,8,100,9],[100,10,100,11],[92,0,95,0],[98,0,99,1],[98,4,98,15],[99,4,99,5],[99,6,99,7],[99,8,99,9],[99,10,99,11],[99,12,99,13],[99,14,99,15],[82,12,83,12],[82,13,83,13],[82,14,83,14],[82,15,83,15],[84,0,87,0],[88,0,91,0],[81,12,81,13],[81,14,81,15],[82,4,83,4],[82,5,83,5],[82,6,83,6],[82,7,83,7],[82,8,83,8],[82,9,83,9],[82,10,83,10],[82,11,83,11],[81,0,83,0],[81,1,83,1],[81,4,81,5],[81,6,81,7],[81,8,81,9],[81,10,81,11],[73,0,76,0],[79,0,80,1],[79,4,79,15],[80,4,80,5],[80,6,80,7],[80,8,80,9],[80,10,80,11],[80,12,80,13],[80,14,80,15],[63,12,64,12],[63,13,64,13],[63,14,64,14],[63,15,64,15],[65,0,68,0],[69,0,72,0],[62,12,62,13],[62,14,62,15],[63,4,64,4],[63,5,64,5],[63,6,64,6],[63,7,64,7],[63,8,64,8],[63,9,64,9],[63,10,64,10],[63,11,64,11],[62,0,64,0],[62,1,64,1],[62,4,62,5],[62,6,62,7],[62,8,62,9],[62,10,62,11],[54,0,57,0],[60,0,61,1],[60,4,60,15],[61,4,61,5],[61,6,61,7],[61,8,61,9],[61,10,61,11],[61,12,61,13],[61,14,61,15],[44,12,45,12],[44,13,45,13],[44,14,45,14],[44,15,45,15],[46,0,49,0],[50,0,53,0],[43,12,43,13],[43,14,43,15],[44,4,45,4],[44,5,45,5],[44,6,45,6],[44,7,45,7],[44,8,45,8],[44,9,45,9],[44,10,45,10],[44,11,45,11],[43,0,45,0],[43,1,45,1],[43,4,43,5],[43,6,43,7],[43,8,43,9],[43,10,43,11],[35,0,38,0],[41,0,42,1],[41,4,41,15],[42,4,42,5],[42,6,42,7],[42,8,42,9],[42,10,42,11],[42,12,42,13],[42,14,42,15],[25,12,26,12],[25,13,26,13],[25,14,26,14],[25,15,26,15],[27,0,30,0],[31,0,34,0],[24,12,24,13],[24,14,24,15],[25,4,26,4],[25,5,26,5],[25,6,26,6],[25,7,26,7],[25,8,26,8],[25,9,26,9],[25,10,26,10],[25,11,26,11],[24,0,26,0],[24,1,26,1],[24,4,24,5],[24,6,24,7],[24,8,24,9],[24,10,24,11],[7,0,10,0],[11,0,14,0],[15,0,18,0],[22,4,22,15],[23,4,23,5],[23,6,23,7],[23,8,23,9],[23,10,23,11],[23,12,23,13],[23,14,23,15],[5,10,6,10],[5,11,6,11],[5,12,6,12],[5,13,6,13],[5,14,6,14],[5,15,6,15],[4,10,4,11],[4,12,4,13],[4,14,4,15],[5,2,6,2],[5,3,6,3],[5,4,6,4],[5,5,6,5],[5,6,6,6],[5,7,6,7],[5,8,6,8],[4,0,6,0],[4,1,6,1],[4,2,4,3],[4,4,4,5],[4,6,4,7],[4,8,4,9],[5,9,6,9],[2,0,2,1],[2,2,2,15],[3,2,3,3],[3,4,3,5],[3,6,3,7],[3,8,3,9],[3,10,3,11],[3,12,3,13],[3,14,3,15]]}
[]
["XC16S_36"]
["Evaporator Air \n",null,"Condenser  Entering Air Temperature ˚F"]
[80,"°F DB",85,null,95,null,100,null,105,null,110,null,115,null,125]
["CFM","EWB†\n˚F","Capacity Mbtuh",null,"Capacity Mbtuh",null,"Capacity Mbtuh",null,"Capacity Mbtuh",null,"Capacity Mbtuh",null,"Capacity Mbtuh",null,"Capacity Mbtuh"]
[null,null,"Total","Sens.","Total","Sens.","Total","Sens.","Total","Sens.","Total","Sens.","Total","Sens.","Total","Sens."]
[null,null,null,null,null,null,null,null,null,null,null,null,null,null,null,null,null,"Total Factors",null,null,null,null,null,null,"Sens. %",null,null,null,null,null,null,"IDB Adj",null,null,null,null,null,null,"Sens Calc"]
[1055,71,{"$f":"R8*$E$13","v":50.531914893617021},{"$f":"IF(AM8>C8,C8,AM8)","v":29.308510638297872},{"$f":"S8*$E$13","v":48.636968085106375},{"$f":"IF(AN8>E8,E8,AN8)","v":28.69581117021276},{"$f":"T8*$E$13","v":47.310505319148938},{"$f":"IF(AO8>G8,G8,AO8)","v":28.149750664893617},{"$f":"U8*$E$13","v":45.984042553191486},{"$f":"IF(AP8>I8,I8,AP8)","v":27.590425531914892},{"$f":"V8*$E$13","v":44.594414893617014},{"$f":"IF(AQ8>K8,K8,AQ8)","v":27.202593085106379},{"$f":"W8*$E$13","v":43.204787234042556},{"$f":"IF(AR8>M8,M8,AR8)","v":26.786968085106384},{"$f":"X8*$E$13","v":39.920212765957451},{"$f":"IF(AS8>O8,O8,AS8)","v":25.54893617021277},null,1.0638297872340425,1.0239361702127658,0.9960106382978724,0.96808510638297862,0.93882978723404242,0.90957446808510645,0.84042553191489366,0.57999999999999996,0.59,0.59499999999999997,0.6,0.61,0.62,0.64,0.90995260663507049,0.94881516587677694,0.92293838862559219,0.89706161137440754,0.93478672985782008,0.9725118483412325,0.95848341232227496,{"$f":"Y8*C8+($A$4-80)*AF8*$A$8/1000","v":29.308510638297872},{"$f":"Z8*E8+($A$4-80)*AG8*$A$8/1000","v":28.69581117021276},{"$f":"AA8*G8+($A$4-80)*AH8*$A$8/1000","v":28.149750664893617},{"$f":"AB8*I8+($A$4-80)*AI8*$A$8/1000","v":27.590425531914892},{"$f":"AC8*K8+($A$4-80)*AJ8*$A$8/1000","v":27.202593085106379},{"$f":"AD8*M8+($A$4-80)*AK8*$A$8/1000","v":26.786968085106384},{"$f":"AE8*O8+($A$4-80)*AL8*$A$8/1000","v":25.54893617021277}]
[null,67,48.005319148936174,35.043882978723403,{"$f":"S9*$E$13","v":45.984042553191486},{"$f":"IF(AN9>E9,E9,AN9)","v":34.028191489361703},44.847074468085104,{"$f":"IF(AO9>G9,G9,AO9)","v":33.635305851063826},43.710106382978722,{"$f":"IF(AP9>I9,I9,AP9)","v":33.219680851063828},42.320478723404257,{"$f":"IF(AQ9>K9,K9,AQ9)","v":32.798371010638299},40.930851063829785,{"$f":"IF(AR9>M9,M9,AR9)","v":32.335372340425529},37.646276595744681,{"$f":"IF(AS9>O9,O9,AS9)","v":30.493484042553192},null,1.0106382978723405,0.96808510638297862,0.94414893617021278,0.92021276595744683,0.89095744680851063,0.86170212765957444,0.79255319148936165,0.73,0.74,0.75,0.76,0.77500000000000002,0.79,0.81,1.008530805687204,0.96606635071090052,0.94218009478672993,0.91829383886255933,0.9505213270142181,0.98274881516587698,0.90388625592417071,{"$f":"Y9*C9+($A$4-80)*AF9*$A$8/1000","v":35.043882978723403},{"$f":"Z9*E9+($A$4-80)*AG9*$A$8/1000","v":34.028191489361703},{"$f":"AA9*G9+($A$4-80)*AH9*$A$8/1000","v":33.635305851063826},{"$f":"AB9*I9+($A$4-80)*AI9*$A$8/1000","v":33.219680851063828},{"$f":"AC9*K9+($A$4-80)*AJ9*$A$8/1000","v":32.798371010638299},{"$f":"AD9*M9+($A$4-80)*AK9*$A$8/1000","v":32.335372340425529},{"$f":"AE9*O9+($A$4-80)*AL9*$A$8/1000","v":30.493484042553192}]
[null,63,45.478723404255319,40.476063829787236,{"$f":"S10*$E$13","v":43.457446808510632},39.546276595744679,42.320478723404257,39.146442819148938,41.183510638297875,38.712499999999999,39.920212765957451,38.123803191489365,38.656914893617021,37.49720744680851,35.625,35.625,null,0.95744680851063824,0.91489361702127647,0.89095744680851063,0.86702127659574468,0.84042553191489366,0.81382978723404253,0.75,0.89,0.91,0.92500000000000004,0.94,0.95499999999999996,0.97,1,0.95545023696682485,0.91298578199052138,0.91999999999999971,0.92701421800947803,0.92758293838862516,0.92815165876777217,0.85535545023696691,40.476063829787236,{"$f":"Z10*E10+($A$4-80)*AG10*$A$8/1000","v":39.546276595744679},{"$f":"AA10*G10+($A$4-80)*AH10*$A$8/1000","v":39.146442819148938},38.712499999999999,38.123803191489365,37.49720744680851,35.625]
[null,59,43.962765957446798,43.962765957446798,{"$f":"S11*$E$13","v":42.194148936170208},42.194148936170208,41.183510638297875,41.183510638297875,40.172872340425528,40.172872340425528,39.162234042553187,39.162234042553187,38.151595744680847,38.151595744680847,35.625,35.625,null,0.92553191489361686,0.88829787234042545,0.86702127659574468,0.8457446808510638,0.82446808510638292,0.80319148936170204,0.75,1,1,1,1,1,1,1,0.52777251184834095,0.31658767772511875,0.24872037914691963,0.18085308056872054,9.0426540284360271E-2,0,0,43.962765957446798,{"$f":"Z11*E11+($A$4-80)*AG11*$A$8/1000","v":42.194148936170208},{"$f":"AA11*G11+($A$4-80)*AH11*$A$8/1000","v":41.183510638297875},{"$f":"AB11*I11+($A$4-80)*AI11*$A$8/1000","v":40.172872340425528},39.162234042553187,38.151595744680847,35.625]
[1250,71,52.426861702127653,31.980385638297868,{"$f":"S12*$E$13","v":49.900265957446805},30.938164893617021,48.700132978723396,30.681083776595738,47.5,30.400000000000002,45.857712765957444,29.578224734042553,44.215425531914896,28.740026595744684,40.930851063829785,27.832978723404256,null,1.103723404255319,1.050531914893617,1.0252659574468084,1,0.96542553191489355,0.93085106382978722,0.86170212765957444,0.61,0.62,0.63,0.64,0.64500000000000002,0.65,0.68,0.9296000000000002,0.88480000000000003,0.92368000000000006,0.96256000000000019,0.92928000000000033,0.89600000000000035,0.93312000000000028,{"$f":"Y12*C12+($A$4-80)*AF12*$A$12/1000","v":31.980385638297868},{"$f":"Z12*E12+($A$4-80)*AG12*$A$12/1000","v":30.938164893617021},{"$f":"AA12*G12+($A$4-80)*AH12*$A$12/1000","v":30.681083776595738},{"$f":"AB12*I12+($A$4-80)*AI12*$A$12/1000","v":30.400000000000002},{"$f":"AC12*K12+($A$4-80)*AJ12*$A$12/1000","v":29.578224734042553},{"$f":"AD12*M12+($A$4-80)*AK12*$A$12/1000","v":28.740026595744684},{"$f":"AE12*O12+($A$4-80)*AL12*$A$12/1000","v":27.832978723404256}]
[null,67,49.900265957446805,38.423204787234042,47.5,37.524999999999999,46.236702127659576,36.98936170212766,44.973404255319146,36.428457446808508,43.457446808510646,35.852393617021278,41.941489361702125,35.230851063829782,38.909574468085104,33.851329787234043,null,1.050531914893617,1,0.97340425531914898,0.94680851063829785,0.91489361702127669,0.88297872340425532,0.81914893617021278,0.77,0.79,0.8,0.81,0.82499999999999996,0.84,0.87,0.88480000000000003,0.96256000000000019,0.93696000000000024,0.91136000000000017,0.93375999999999992,0.95615999999999968,0.88704000000000016,{"$f":"Y13*C13+($A$4-80)*AF13*$A$12/1000","v":38.423204787234042},{"$f":"Z13*E13+($A$4-80)*AG13*$A$12/1000","v":37.524999999999999},{"$f":"AA13*G13+($A$4-80)*AH13*$A$12/1000","v":36.98936170212766},{"$f":"AB13*I13+($A$4-80)*AI13*$A$12/1000","v":36.428457446808508},{"$f":"AC13*K13+($A$4-80)*AJ13*$A$12/1000","v":35.852393617021278},{"$f":"AD13*M13+($A$4-80)*AK13*$A$12/1000","v":35.230851063829782},{"$f":"AE13*O13+($A$4-80)*AL13*$A$12/1000","v":33.851329787234043}]
[null,63,47.247340425531917,44.412500000000001,{"$f":"S14*$E$13","v":45.226063829787229},43.869281914893612,43.962765957446798,43.083510638297859,42.699468085106375,42.272473404255308,41.309840425531917,41.103291223404256,39.920212765957451,39.920212765957451,37.393617021276597,37.393617021276597,null,0.99468085106382975,0.95212765957446799,0.92553191489361686,0.89893617021276584,0.86968085106382986,0.84042553191489366,0.78723404255319152,0.94,0.97,0.98,0.99,0.995,1,1,0.89759999999999962,0.91647999999999963,0.89087999999999989,0.86528000000000005,0.78656000000000004,0.70784000000000002,0.47359999999999991,44.412500000000001,{"$f":"Z14*E14+($A$4-80)*AG14*$A$12/1000","v":43.869281914893612},{"$f":"AA14*G14+($A$4-80)*AH14*$A$12/1000","v":43.083510638297859},42.272473404255308,41.103291223404256,39.920212765957451,37.393617021276597]
[null,59,46.236702127659576,46.236702127659576,44.468085106382979,44.468085106382979,43.457446808510646,43.457446808510646,42.446808510638299,42.446808510638299,41.309840425531917,41.309840425531917,40.172872340425528,40.172872340425528,37.393617021276597,37.393617021276597,null,0.97340425531914898,0.93617021276595747,0.91489361702127669,0.8936170212765957,0.86968085106382986,0.8457446808510638,0.78723404255319152,1,1,1,1,1,1,1,0.11712000000000011,0,0,0,0,0,0,46.236702127659576,{"$f":"Z15*E15+($A$4-80)*AG15*$A$12/1000","v":44.468085106382979},{"$f":"AA15*G15+($A$4-80)*AH15*$A$12/1000","v":43.457446808510646},42.446808510638299,41.309840425531917,40.172872340425528,37.393617021276597]
[1390,71,53.690159574468083,33.824800531914896,51.163563829787236,32.744680851063833,49.584441489361701,31.981964760638299,48.005319148936174,31.203457446808514,46.489361702127653,30.682978723404251,44.973404255319146,30.132180851063829,41.688829787234042,29.182180851063826,null,1.1303191489361701,1.0771276595744681,1.0438829787234043,1.0106382978723405,0.97872340425531901,0.94680851063829785,0.87765957446808507,0.63,0.64,0.64500000000000002,0.65,0.66,0.67,0.7,0.91726618705035978,0.87410071942446066,0.87446043165467646,0.87482014388489215,0.87280575539568361,0.87079136690647507,0.90215827338129462,{"$f":"Y16*C16+($A$4-80)*AF16*$A$16/1000","v":33.824800531914896},{"$f":"Z16*E16+($A$4-80)*AG16*$A$16/1000","v":32.744680851063833},{"$f":"AA16*G16+($A$4-80)*AH16*$A$16/1000","v":31.981964760638299},{"$f":"AB16*I16+($A$4-80)*AI16*$A$16/1000","v":31.203457446808514},{"$f":"AC16*K16+($A$4-80)*AJ16*$A$16/1000","v":30.682978723404251},{"$f":"AD16*M16+($A$4-80)*AK16*$A$16/1000","v":30.132180851063829},{"$f":"AE16*O16+($A$4-80)*AL16*$A$16/1000","v":29.182180851063826}]
[null,67,50.531914893617021,39.920212765957451,48.005319148936174,38.884308510638306,46.868351063829785,38.666389627659569,45.73138297872341,38.414361702127664,44.215425531914896,37.804188829787236,42.699468085106375,37.148537234042543,39.414893617021278,35.867553191489364,null,1.0638297872340425,1.0106382978723405,0.98670212765957444,0.9627659574468086,0.93085106382978722,0.89893617021276584,0.82978723404255317,0.79,0.81,0.82499999999999996,0.84,0.85499999999999998,0.87,0.91,0.8633093525179858,0.87482014388489215,0.88014388489208617,0.8854676258992803,0.9047482014388486,0.92402877697841701,0.89784172661870532,{"$f":"Y17*C17+($A$4-80)*AF17*$A$16/1000","v":39.920212765957451},{"$f":"Z17*E17+($A$4-80)*AG17*$A$16/1000","v":38.884308510638306},{"$f":"AA17*G17+($A$4-80)*AH17*$A$16/1000","v":38.666389627659569},{"$f":"AB17*I17+($A$4-80)*AI17*$A$16/1000","v":38.414361702127664},{"$f":"AC17*K17+($A$4-80)*AJ17*$A$16/1000","v":37.804188829787236},{"$f":"AD17*M17+($A$4-80)*AK17*$A$16/1000","v":37.148537234042543},{"$f":"AE17*O17+($A$4-80)*AL17*$A$16/1000","v":35.867553191489364}]
[null,63,48.636968085106375,47.66422872340425,45.984042553191486,45.984042553191486,44.847074468085104,44.847074468085104,43.710106382978722,43.710106382978722,42.446808510638299,42.446808510638299,41.183510638297875,41.183510638297875,38.40425531914893,38.40425531914893,null,1.0239361702127658,0.96808510638297862,0.94414893617021278,0.92021276595744683,0.8936170212765957,0.86702127659574468,0.80851063829787229,0.98,1,1,1,1,1,1,0.88633093525179873,0.83798561151079143,0.76748201438848929,0.69697841726618714,0.60647482014388499,0.51597122302158271,0.306187050359712,47.66422872340425,{"$f":"Z18*E18+($A$4-80)*AG18*$A$16/1000","v":45.984042553191486},{"$f":"AA18*G18+($A$4-80)*AH18*$A$16/1000","v":44.847074468085104},43.710106382978722,42.446808510638299,41.183510638297875,38.40425531914893]
[null,59,47.752659574468083,47.752659574468083,45.73138297872341,45.73138297872341,44.72074468085107,44.72074468085107,43.710106382978722,43.710106382978722,42.446808510638299,42.446808510638299,41.183510638297875,41.183510638297875,38.40425531914893,38.40425531914893,null,1.0053191489361701,0.9627659574468086,0.94148936170212782,0.92021276595744683,0.8936170212765957,0.86702127659574468,0.80851063829787229,1,1,1,1,1,1,1,0,0,0,0,0,0,0,47.752659574468083,{"$f":"Z19*E19+($A$4-80)*AG19*$A$16/1000","v":45.73138297872341},{"$f":"AA19*G19+($A$4-80)*AH19*$A$16/1000","v":44.72074468085107},43.710106382978722,42.446808510638299,41.183510638297875,38.40425531914893]

{"sheet":"XC16S_48","index":10,"n_rows":19,"n_cols":45,"rows_kept":19,"cut":false,"hidden":true,"merged":[[130,0,133,0],[120,12,121,12],[120,13,121,13],[120,14,121,14],[120,15,121,15],[122,0,125,0],[126,0,129,0],[119,12,119,13],[119,14,119,15],[120,4,121,4],[120,5,121,5],[120,6,121,6],[120,7,121,7],[120,8,121,8],[120,9,121,9],[120,10,121,10],[120,11,121,11],[119,0,121,0],[119,1,121,1],[119,4,119,5],[119,6,119,7],[119,8,119,9],[119,10,119,11],[111,0,114,0],[117,0,118,1],[117,4,117,15],[118,4,118,5],[118,6,118,7],[118,8,118,9],[118,10,118,11],[118,12,118,13],[118,14,118,15],[101,12,102,12],[101,13,102,13],[101,14,102,14],[101,15,102,15],[103,0,106,0],[107,0,110,0],[100,12,100,13],[100,14,100,15],[101,4,102,4],[101,5,102,5],[101,6,102,6],[101,7,102,7],[101,8,102,8],[101,9,102,9],[101,10,102,10],[101,11,102,11],[100,0,102,0],[100,1,102,1],[100,4,100,5],[100,6,100,7],[100,8,100,9],[100,10,100,11],[92,0,95,0],[98,0,99,1],[98,4,98,15],[99,4,99,5],[99,6,99,7],[99,8,99,9],[99,10,99,11],[99,12,99,13],[99,14,99,15],[82,12,83,12],[82,13,83,13],[82,14,83,14],[82,15,83,15],[84,0,87,0],[88,0,91,0],[81,12,81,13],[81,14,81,15],[82,4,83,4],[82,5,83,5],[82,6,83,6],[82,7,83,7],[82,8,83,8],[82,9,83,9],[82,10,83,10],[82,11,83,11],[81,0,83,0],[81,1,83,1],[81,4,81,5],[81,6,81,7],[81,8,81,9],[81,10,81,11],[73,0,76,0],[79,0,80,1],[79,4,79,15],[80,4,80,5],[80,6,80,7],[80,8,80,9],[80,10,80,11],[80,12,80,13],[80,14,80,15],[63,12,64,12],[63,13,64,13],[63,14,64,14],[63,15,64,15],[65,0,68,0],[69,0,72,0],[62,12,62,13],[62,14,62,15],[63,4,64,4],[63,5,64,5],[63,6,64,6],[63,7,64,7],[63,8,64,8],[63,9,64,9],[63,10,64,10],[63,11,64,11],[62,0,64,0],[62,1,64,1],[62,4,62,5],[62,6,62,7],[62,8,62,9],[62,10,62,11],[54,0,57,0],[60,0,61,1],[60,4,60,15],[61,4,61,5],[61,6,61,7],[61,8,61,9],[61,10,61,11],[61,12,61,13],[61,14,61,15],[44,12,45,12],[44,13,45,13],[44,14,45,14],[44,15,45,15],[46,0,49,0],[50,0,53,0],[43,12,43,13],[43,14,43,15],[44,4,45,4],[44,5,45,5],[44,6,45,6],[44,7,45,7],[44,8,45,8],[44,9,45,9],[44,10,45,10],[44,11,45,11],[43,0,45,0],[43,1,45,1],[43,4,43,5],[43,6,43,7],[43,8,43,9],[43,10,43,11],[35,0,38,0],[41,0,42,1],[41,4,41,15],[42,4,42,5],[42,6,42,7],[42,8,42,9],[42,10,42,11],[42,12,42,13],[42,14,42,15],[25,12,26,12],[25,13,26,13],[25,14,26,14],[25,15,26,15],[27,0,30,0],[31,0,34,0],[24,12,24,13],[24,14,24,15],[25,4,26,4],[25,5,26,5],[25,6,26,6],[25,7,26,7],[25,8,26,8],[25,9,26,9],[25,10,26,10],[25,11,26,11],[24,0,26,0],[24,1,26,1],[24,4,24,5],[24,6,24,7],[24,8,24,9],[24,10,24,11],[7,0,10,0],[11,0,14,0],[15,0,18,0],[22,4,22,15],[23,4,23,5],[23,6,23,7],[23,8,23,9],[23,10,23,11],[23,12,23,13],[23,14,23,15],[5,10,6,10],[5,11,6,11],[5,12,6,12],[5,13,6,13],[5,14,6,14],[5,15,6,15],[4,10,4,11],[4,12,4,13],[4,14,4,15],[5,2,6,2],[5,3,6,3],[5,4,6,4],[5,5,6,5],[5,6,6,6],[5,7,6,7],[5,8,6,8],[4,0,6,0],[4,1,6,1],[4,2,4,3],[4,4,4,5],[4,6,4,7],[4,8,4,9],[5,9,6,9],[2,0,2,1],[2,2,2,15],[3,2,3,3],[3,4,3,5],[3,6,3,7],[3,8,3,9],[3,10,3,11],[3,12,3,13],[3,14,3,15]]}
[]
["XC16S_48"]
["Evaporator Air \n",null,"Condenser  Entering Air Temperature ˚F"]
[80,"°F DB",85,null,95,null,100,null,105,null,110,null,115,null,125]
["CFM","EWB†\n˚F","Capacity Mbtuh",null,"Capacity Mbtuh",null,"Capacity Mbtuh",null,"Capacity Mbtuh",null,"Capacity Mbtuh",null,"Capacity Mbtuh",null,"Capacity Mbtuh"]
[null,null,"Total","Sens.","Total","Sens.","Total","Sens.","Total","Sens.","Total","Sens.","Total","Sens.","Total","Sens."]
[null,null,null,null,null,null,null,null,null,null,null,null,null,null,null,null,null,"Total Factors",null,null,null,null,null,null,"Sens. %",null,null,null,null,null,null,"IDB Adj",null,null,null,null,null,null,"Sens Calc"]
[1460,71,{"$f":"R8*$E$13","v":51.37755102040817},{"$f":"IF(AM8>C8,C8,AM8)","v":31.340306122448983},{"$f":"S8*$E$13","v":48.954081632653057},{"$f":"IF(AN8>E8,E8,AN8)","v":30.351530612244897},{"$f":"T8*$E$13","v":47.5},{"$f":"IF(AO8>G8,G8,AO8)","v":29.925000000000001},{"$f":"U8*$E$13","v":46.045918367346935},{"$f":"IF(AP8>I8,I8,AP8)","v":29.469387755102041},{"$f":"V8*$E$13","v":44.591836734693878},{"$f":"IF(AQ8>K8,K8,AQ8)","v":28.98469387755102},{"$f":"W8*$E$13","v":43.137755102040813},{"$f":"IF(AR8>M8,M8,AR8)","v":28.47091836734694},{"$f":"X8*$E$13","v":39.744897959183675},{"$f":"IF(AS8>O8,O8,AS8)","v":27.026530612244901},null,1.0816326530612246,1.0306122448979591,1,0.96938775510204078,0.93877551020408168,0.90816326530612246,0.83673469387755106,0.61,0.62,0.63,0.64,0.65,0.66,0.68,1.0164383561643837,0.96849315068493158,1.0047945205479454,1.0410958904109591,1.0386986301369865,1.0363013698630139,1.0109589041095892,{"$f":"Y8*C8+($A$4-80)*AF8*$A$8/1000","v":31.340306122448983},{"$f":"Z8*E8+($A$4-80)*AG8*$A$8/1000","v":30.351530612244897},{"$f":"AA8*G8+($A$4-80)*AH8*$A$8/1000","v":29.925000000000001},{"$f":"AB8*I8+($A$4-80)*AI8*$A$8/1000","v":29.469387755102041},{"$f":"AC8*K8+($A$4-80)*AJ8*$A$8/1000","v":28.98469387755102},{"$f":"AD8*M8+($A$4-80)*AK8*$A$8/1000","v":28.47091836734694},{"$f":"AE8*O8+($A$4-80)*AL8*$A$8/1000","v":27.026530612244901}]
[null,67,48.954081632653057,37.205102040816321,{"$f":"S9*$E$13","v":46.530612244897959},{"$f":"IF(AN9>E9,E9,AN9)","v":36.293877551020408},45.076530612244902,{"$f":"IF(AO9>G9,G9,AO9)","v":35.835841836734701},43.622448979591837,{"$f":"IF(AP9>I9,I9,AP9)","v":35.33418367346939},42.168367346938773,{"$f":"IF(AQ9>K9,K9,AQ9)","v":34.788903061224488},40.714285714285715,{"$f":"IF(AR9>M9,M9,AR9)","v":34.200000000000003},37.806122448979593,{"$f":"IF(AS9>O9,O9,AS9)","v":32.891326530612247},null,1.0306122448979591,0.97959183673469385,0.94897959183673475,0.91836734693877553,0.88775510204081631,0.8571428571428571,0.79591836734693877,0.76,0.78,0.79500000000000004,0.81,0.82499999999999996,0.84,0.87,0.96849315068493158,0.98630136986301387,0.98630136986301387,0.98630136986301387,0.98219178082191771,0.97808219178082156,0.96164383561643862,{"$f":"Y9*C9+($A$4-80)*AF9*$A$8/1000","v":37.205102040816321},{"$f":"Z9*E9+($A$4-80)*AG9*$A$8/1000","v":36.293877551020408},{"$f":"AA9*G9+($A$4-80)*AH9*$A$8/1000","v":35.835841836734701},{"$f":"AB9*I9+($A$4-80)*AI9*$A$8/1000","v":35.33418367346939},{"$f":"AC9*K9+($A$4-80)*AJ9*$A$8/1000","v":34.788903061224488},{"$f":"AD9*M9+($A$4-80)*AK9*$A$8/1000","v":34.200000000000003},{"$f":"AE9*O9+($A$4-80)*AL9*$A$8/1000","v":32.891326530612247}]
[null,63,46.530612244897959,43.738775510204079,{"$f":"S10*$E$13","v":44.107142857142861},42.342857142857142,42.895408163265301,41.823022959183668,41.683673469387756,41.266836734693875,40.471938775510203,40.269579081632649,39.260204081632658,39.260204081632658,36.448979591836732,36.448979591836732,null,0.97959183673469385,0.9285714285714286,0.90306122448979587,0.87755102040816324,0.85204081632653061,0.82653061224489799,0.76734693877551019,0.94,0.96,0.97499999999999998,0.99,0.995,1,1,0.98630136986301298,0.93493150684931448,0.93869863013698618,0.94246575342465777,0.85958904109589063,0.77671232876712337,0.51506849315068481,43.738775510204079,{"$f":"Z10*E10+($A$4-80)*AG10*$A$8/1000","v":42.342857142857142},{"$f":"AA10*G10+($A$4-80)*AH10*$A$8/1000","v":41.823022959183668},41.266836734693875,40.269579081632649,39.260204081632658,36.448979591836732]
[null,59,45.561224489795919,45.561224489795919,{"$f":"S11*$E$13","v":43.622448979591837},43.622448979591837,42.410714285714285,42.410714285714285,41.198979591836732,41.198979591836732,40.229591836734699,40.229591836734699,39.260204081632658,39.260204081632658,36.448979591836732,36.448979591836732,null,0.95918367346938771,0.91836734693877553,0.8928571428571429,0.86734693877551017,0.84693877551020413,0.82653061224489799,0.76734693877551019,1,1,1,1,1,1,1,0.19315068493150703,6.1643835616438408E-2,3.0821917808219204E-2,0,0,0,0,45.561224489795919,{"$f":"Z11*E11+($A$4-80)*AG11*$A$8/1000","v":43.622448979591837},{"$f":"AA11*G11+($A$4-80)*AH11*$A$8/1000","v":42.410714285714285},{"$f":"AB11*I11+($A$4-80)*AI11*$A$8/1000","v":41.198979591836732},40.229591836734699,39.260204081632658,36.448979591836732]
[1595,71,52.346938775510196,32.455102040816321,{"$f":"S12*$E$13","v":49.438775510204081},31.640816326530611,47.984693877551017,30.950127551020408,46.530612244897959,30.244897959183675,45.076530612244902,29.750510204081635,43.622448979591837,29.227040816326532,40.229591836734699,28.160714285714288,null,1.1020408163265305,1.0408163265306123,1.010204081632653,0.97959183673469385,0.94897959183673475,0.91836734693877553,0.84693877551020413,0.62,0.64,0.64500000000000002,0.65,0.66,0.67,0.7,0.94796238244514108,1.0231974921630096,0.99310344827586228,0.96300940438871496,0.96112852664576831,0.95924764890282166,0.98871473354231942,{"$f":"Y12*C12+($A$4-80)*AF12*$A$12/1000","v":32.455102040816321},{"$f":"Z12*E12+($A$4-80)*AG12*$A$12/1000","v":31.640816326530611},{"$f":"AA12*G12+($A$4-80)*AH12*$A$12/1000","v":30.950127551020408},{"$f":"AB12*I12+($A$4-80)*AI12*$A$12/1000","v":30.244897959183675},{"$f":"AC12*K12+($A$4-80)*AJ12*$A$12/1000","v":29.750510204081635},{"$f":"AD12*M12+($A$4-80)*AK12*$A$12/1000","v":29.227040816326532},{"$f":"AE12*O12+($A$4-80)*AL12*$A$12/1000","v":28.160714285714288}]
[null,67,49.923469387755098,39.439540816326527,47.5,38.475000000000001,46.045918367346935,37.757653061224488,44.591836734693878,37.011224489795914,43.137755102040813,36.667091836734691,41.683673469387756,36.264795918367348,38.29081632653061,34.461734693877553,null,1.0510204081632653,1,0.96938775510204078,0.93877551020408168,0.90816326530612246,0.87755102040816324,0.80612244897959184,0.79,0.81,0.82000000000000006,0.83,0.85,0.87,0.9,1.033228840125392,0.98307210031347969,0.95297805642633193,0.92288401253918428,0.94670846394984309,0.9705329153605019,0.94106583072100358,{"$f":"Y13*C13+($A$4-80)*AF13*$A$12/1000","v":39.439540816326527},{"$f":"Z13*E13+($A$4-80)*AG13*$A$12/1000","v":38.475000000000001},{"$f":"AA13*G13+($A$4-80)*AH13*$A$12/1000","v":37.757653061224488},{"$f":"AB13*I13+($A$4-80)*AI13*$A$12/1000","v":37.011224489795914},{"$f":"AC13*K13+($A$4-80)*AJ13*$A$12/1000","v":36.667091836734691},{"$f":"AD13*M13+($A$4-80)*AK13*$A$12/1000","v":36.264795918367348},{"$f":"AE13*O13+($A$4-80)*AL13*$A$12/1000","v":34.461734693877553}]
[null,63,47.5,46.074999999999996,{"$f":"S14*$E$13","v":45.076530612244902},44.625765306122453,43.864795918367342,43.645471938775508,42.653061224489797,42.653061224489797,41.198979591836732,41.198979591836732,39.744897959183675,39.744897959183675,37.321428571428569,37.321428571428569,null,1,0.94897959183673475,0.92346938775510201,0.89795918367346939,0.86734693877551017,0.83673469387755106,0.7857142857142857,0.97,0.99,0.995,1,1,1,1,0.98307210031347902,0.93291536050156754,0.85266457680250785,0.77241379310344827,0.66896551724137931,0.56551724137931025,0.33793103448275835,46.074999999999996,{"$f":"Z14*E14+($A$4-80)*AG14*$A$12/1000","v":44.625765306122453},{"$f":"AA14*G14+($A$4-80)*AH14*$A$12/1000","v":43.645471938775508},42.653061224489797,41.198979591836732,39.744897959183675,37.321428571428569]
[null,59,47.015306122448976,47.015306122448976,44.591836734693878,44.591836734693878,43.622448979591837,43.622448979591837,42.653061224489797,42.653061224489797,41.441326530612244,41.441326530612244,40.229591836734699,40.229591836734699,37.321428571428569,37.321428571428569,null,0.98979591836734693,0.93877551020408168,0.91836734693877553,0.89795918367346939,0.87244897959183676,0.84693877551020413,0.7857142857142857,1,1,1,1,1,1,1,0,0,0,0,0,0,0,47.015306122448976,{"$f":"Z15*E15+($A$4-80)*AG15*$A$12/1000","v":44.591836734693878},{"$f":"AA15*G15+($A$4-80)*AH15*$A$12/1000","v":43.622448979591837},42.653061224489797,41.441326530612244,40.229591836734699,37.321428571428569]
[1815,71,53.801020408163268,34.970663265306122,50.892857142857139,34.098214285714285,49.196428571428577,33.453571428571429,47.5,32.774999999999999,46.045918367346935,32.232142857142854,44.591836734693878,31.660204081632653,41.198979591836732,30.487244897959183,null,1.1326530612244898,1.0714285714285714,1.0357142857142858,1,0.96938775510204078,0.93877551020408168,0.86734693877551017,0.65,0.67,0.67999999999999994,0.69,0.7,0.71,0.74,0.97851239669421519,0.98347107438016557,0.97768595041322315,0.97190082644628062,0.96749311294765816,0.96308539944903571,0.98347107438016512,{"$f":"Y16*C16+($A$4-80)*AF16*$A$16/1000","v":34.970663265306122},{"$f":"Z16*E16+($A$4-80)*AG16*$A$16/1000","v":34.098214285714285},{"$f":"AA16*G16+($A$4-80)*AH16*$A$16/1000","v":33.453571428571429},{"$f":"AB16*I16+($A$4-80)*AI16*$A$16/1000","v":32.774999999999999},{"$f":"AC16*K16+($A$4-80)*AJ16*$A$16/1000","v":32.232142857142854},{"$f":"AD16*M16+($A$4-80)*AK16*$A$16/1000","v":31.660204081632653},{"$f":"AE16*O16+($A$4-80)*AL16*$A$16/1000","v":30.487244897959183}]
[null,67,51.37755102040817,42.643367346938781,48.469387755102041,41.198979591836732,47.015306122448976,40.668239795918367,45.561224489795919,40.093877551020405,44.107142857142861,39.47589285714286,42.653061224489797,38.814285714285717,39.260204081632658,37.689795918367352,null,1.0816326530612246,1.0204081632653061,0.98979591836734693,0.95918367346938771,0.9285714285714286,0.89795918367346939,0.82653061224489799,0.83,0.85,0.86499999999999999,0.88,0.89500000000000002,0.91,0.96,0.93443526170798841,0.93663911845729997,0.93443526170798896,0.93223140495867796,0.92672176308539966,0.92121212121212148,0.937190082644628,{"$f":"Y17*C17+($A$4-80)*AF17*$A$16/1000","v":42.643367346938781},{"$f":"Z17*E17+($A$4-80)*AG17*$A$16/1000","v":41.198979591836732},{"$f":"AA17*G17+($A$4-80)*AH17*$A$16/1000","v":40.668239795918367},{"$f":"AB17*I17+($A$4-80)*AI17*$A$16/1000","v":40.093877551020405},{"$f":"AC17*K17+($A$4-80)*AJ17*$A$16/1000","v":39.47589285714286},{"$f":"AD17*M17+($A$4-80)*AK17*$A$16/1000","v":38.814285714285717},{"$f":"AE17*O17+($A$4-80)*AL17*$A$16/1000","v":37.689795918367352}]
[null,63,48.954081632653057,48.954081632653057,46.530612244897959,46.530612244897959,45.318877551020407,45.318877551020407,44.107142857142861,44.107142857142861,42.653061224489797,42.653061224489797,41.198979591836732,41.198979591836732,38.775510204081634,38.775510204081634,null,1.0306122448979591,0.97959183673469385,0.95408163265306123,0.9285714285714286,0.89795918367346939,0.86734693877551017,0.81632653061224492,1,1,1,1,1,1,1,0.834710743801653,0.68760330578512396,0.5944903581267218,0.50137741046831952,0.39118457300275489,0.28099173553719031,8.8154269972451876E-2,48.954081632653057,{"$f":"Z18*E18+($A$4-80)*AG18*$A$16/1000","v":46.530612244897959},{"$f":"AA18*G18+($A$4-80)*AH18*$A$16/1000","v":45.318877551020407},44.107142857142861,42.653061224489797,41.198979591836732,38.775510204081634]
[null,59,48.954081632653057,48.954081632653057,46.530612244897959,46.530612244897959,45.318877551020407,45.318877551020407,44.107142857142861,44.107142857142861,42.653061224489797,42.653061224489797,41.198979591836732,41.198979591836732,38.775510204081634,38.775510204081634,null,1.0306122448979591,0.97959183673469385,0.95408163265306123,0.9285714285714286,0.89795918367346939,0.86734693877551017,0.81632653061224492,1,1,1,1,1,1,1,0,0,0,0,0,0,0,48.954081632653057,{"$f":"Z19*E19+($A$4-80)*AG19*$A$16/1000","v":46.530612244897959},{"$f":"AA19*G19+($A$4-80)*AH19*$A$16/1000","v":45.318877551020407},44.107142857142861,42.653061224489797,41.198979591836732,38.775510204081634]

{"sheet":"XC16S_60","index":11,"n_rows":19,"n_cols":45,"rows_kept":19,"cut":false,"hidden":true,"merged":[[130,0,133,0],[120,12,121,12],[120,13,121,13],[120,14,121,14],[120,15,121,15],[122,0,125,0],[126,0,129,0],[119,12,119,13],[119,14,119,15],[120,4,121,4],[120,5,121,5],[120,6,121,6],[120,7,121,7],[120,8,121,8],[120,9,121,9],[120,10,121,10],[120,11,121,11],[119,0,121,0],[119,1,121,1],[119,4,119,5],[119,6,119,7],[119,8,119,9],[119,10,119,11],[111,0,114,0],[117,0,118,1],[117,4,117,15],[118,4,118,5],[118,6,118,7],[118,8,118,9],[118,10,118,11],[118,12,118,13],[118,14,118,15],[101,12,102,12],[101,13,102,13],[101,14,102,14],[101,15,102,15],[103,0,106,0],[107,0,110,0],[100,12,100,13],[100,14,100,15],[101,4,102,4],[101,5,102,5],[101,6,102,6],[101,7,102,7],[101,8,102,8],[101,9,102,9],[101,10,102,10],[101,11,102,11],[100,0,102,0],[100,1,102,1],[100,4,100,5],[100,6,100,7],[100,8,100,9],[100,10,100,11],[92,0,95,0],[98,0,99,1],[98,4,98,15],[99,4,99,5],[99,6,99,7],[99,8,99,9],[99,10,99,11],[99,12,99,13],[99,14,99,15],[82,12,83,12],[82,13,83,13],[82,14,83,14],[82,15,83,15],[84,0,87,0],[88,0,91,0],[81,12,81,13],[81,14,81,15],[82,4,83,4],[82,5,83,5],[82,6,83,6],[82,7,83,7],[82,8,83,8],[82,9,83,9],[82,10,83,10],[82,11,83,11],[81,0,83,0],[81,1,83,1],[81,4,81,5],[81,6,81,7],[81,8,81,9],[81,10,81,11],[73,0,76,0],[79,0,80,1],[79,4,79,15],[80,4,80,5],[80,6,80,7],[80,8,80,9],[80,10,80,11],[80,12,80,13],[80,14,80,15],[63,12,64,12],[63,13,64,13],[63,14,64,14],[63,15,64,15],[65,0,68,0],[69,0,72,0],[62,12,62,13],[62,14,62,15],[63,4,64,4],[63,5,64,5],[63,6,64,6],[63,7,64,7],[63,8,64,8],[63,9,64,9],[63,10,64,10],[63,11,64,11],[62,0,64,0],[62,1,64,1],[62,4,62,5],[62,6,62,7],[62,8,62,9],[62,10,62,11],[54,0,57,0],[60,0,61,1],[60,4,60,15],[61,4,61,5],[61,6,61,7],[61,8,61,9],[61,10,61,11],[61,12,61,13],[61,14,61,15],[44,12,45,12],[44,13,45,13],[44,14,45,14],[44,15,45,15],[46,0,49,0],[50,0,53,0],[43,12,43,13],[43,14,43,15],[44,4,45,4],[44,5,45,5],[44,6,45,6],[44,7,45,7],[44,8,45,8],[44,9,45,9],[44,10,45,10],[44,11,45,11],[43,0,45,0],[43,1,45,1],[43,4,43,5],[43,6,43,7],[43,8,43,9],[43,10,43,11],[35,0,38,0],[41,0,42,1],[41,4,41,15],[42,4,42,5],[42,6,42,7],[42,8,42,9],[42,10,42,11],[42,12,42,13],[42,14,42,15],[25,12,26,12],[25,13,26,13],[25,14,26,14],[25,15,26,15],[27,0,30,0],[31,0,34,0],[24,12,24,13],[24,14,24,15],[25,4,26,4],[25,5,26,5],[25,6,26,6],[25,7,26,7],[25,8,26,8],[25,9,26,9],[25,10,26,10],[25,11,26,11],[24,0,26,0],[24,1,26,1],[24,4,24,5],[24,6,24,7],[24,8,24,9],[24,10,24,11],[7,0,10,0],[11,0,14,0],[15,0,18,0],[22,4,22,15],[23,4,23,5],[23,6,23,7],[23,8,23,9],[23,10,23,11],[23,12,23,13],[23,14,23,15],[5,10,6,10],[5,11,6,11],[5,12,6,12],[5,13,6,13],[5,14,6,14],[5,15,6,15],[4,10,4,11],[4,12,4,13],[4,14,4,15],[5,2,6,2],[5,3,6,3],[5,4,6,4],[5,5,6,5],[5,6,6,6],[5,7,6,7],[5,8,6,8],[4,0,6,0],[4,1,6,1],[4,2,4,3],[4,4,4,5],[4,6,4,7],[4,8,4,9],[5,9,6,9],[2,0,2,1],[2,2,2,15],[3,2,3,3],[3,4,3,5],[3,6,3,7],[3,8,3,9],[3,10,3,11],[3,12,3,13],[3,14,3,15]]}
[]
["XC16S_60"]
["Evaporator Air \n",null,"Condenser  Entering Air Temperature ˚F"]
[80,"°F DB",85,null,95,null,100,null,105,null,110,null,115,null,125]
["CFM","EWB†\n˚F","Capacity Mbtuh",null,"Capacity Mbtuh",null,"Capacity Mbtuh",null,"Capacity Mbtuh",null,"Capacity Mbtuh",null,"Capacity Mbtuh",null,"Capacity Mbtuh"]
[null,null,"Total","Sens.","Total","Sens.","Total","Sens.","Total","Sens.","Total","Sens.","Total","Sens.","Total","Sens."]
[null,null,null,null,null,null,null,null,null,null,null,null,null,null,null,null,null,"Total Factors",null,null,null,null,null,null,"Sens. %",null,null,null,null,null,null,"IDB Adj",null,null,null,null,null,null,"Sens Calc"]
[1575,71,{"$f":"R8*$E$13","v":51.092436974789912},{"$f":"IF(AM8>C8,C8,AM8)","v":29.633613445378145},{"$f":"S8*$E$13","v":48.697478991596633},{"$f":"IF(AN8>E8,E8,AN8)","v":28.731512605042013},{"$f":"T8*$E$13","v":47.5},{"$f":"IF(AO8>G8,G8,AO8)","v":28.262499999999999},{"$f":"U8*$E$13","v":46.30252100840336},{"$f":"IF(AP8>I8,I8,AP8)","v":27.781512605042014},{"$f":"V8*$E$13","v":45.105042016806721},{"$f":"IF(AQ8>K8,K8,AQ8)","v":27.288550420168065},{"$f":"W8*$E$13","v":43.907563025210088},{"$f":"IF(AR8>M8,M8,AR8)","v":26.783613445378155},{"$f":"X8*$E$13","v":40.714285714285715},{"$f":"IF(AS8>O8,O8,AS8)","v":25.650000000000002},null,1.0756302521008403,1.0252100840336134,1,0.97478991596638653,0.94957983193277307,0.92436974789915971,0.8571428571428571,0.57999999999999996,0.59,0.59499999999999997,0.6,0.60499999999999998,0.61,0.63,0.97523809523809468,1.0069841269841266,0.98222222222222211,0.95746031746031757,0.96761904761904782,0.97777777777777797,0.97142857142857153,{"$f":"Y8*C8+($A$4-80)*AF8*$A$8/1000","v":29.633613445378145},{"$f":"Z8*E8+($A$4-80)*AG8*$A$8/1000","v":28.731512605042013},{"$f":"AA8*G8+($A$4-80)*AH8*$A$8/1000","v":28.262499999999999},{"$f":"AB8*I8+($A$4-80)*AI8*$A$8/1000","v":27.781512605042014},{"$f":"AC8*K8+($A$4-80)*AJ8*$A$8/1000","v":27.288550420168065},{"$f":"AD8*M8+($A$4-80)*AK8*$A$8/1000","v":26.783613445378155},{"$f":"AE8*O8+($A$4-80)*AL8*$A$8/1000","v":25.650000000000002}]
[null,67,48.298319327731093,34.774789915966387,{"$f":"S9*$E$13","v":46.30252100840336},{"$f":"IF(AN9>E9,E9,AN9)","v":33.800840336134449},45.105042016806721,{"$f":"IF(AO9>G9,G9,AO9)","v":33.377731092436974},43.907563025210088,{"$f":"IF(AP9>I9,I9,AP9)","v":32.930672268907564},42.710084033613448,{"$f":"IF(AQ9>K9,K9,AQ9)","v":32.459663865546219},41.512605042016808,{"$f":"IF(AR9>M9,M9,AR9)","v":31.964705882352945},38.718487394957982,{"$f":"IF(AS9>O9,O9,AS9)","v":30.974789915966387},null,1.0168067226890756,0.97478991596638653,0.94957983193277307,0.92436974789915971,0.89915966386554624,0.87394957983193278,0.81512605042016806,0.72,0.73,0.74,0.75,0.76,0.77,0.8,0.92190476190476189,0.95746031746031757,0.96761904761904782,0.97777777777777797,0.98412698412698418,0.99047619047619051,0.98539682539682549,{"$f":"Y9*C9+($A$4-80)*AF9*$A$8/1000","v":34.774789915966387},{"$f":"Z9*E9+($A$4-80)*AG9*$A$8/1000","v":33.800840336134449},{"$f":"AA9*G9+($A$4-80)*AH9*$A$8/1000","v":33.377731092436974},{"$f":"AB9*I9+($A$4-80)*AI9*$A$8/1000","v":32.930672268907564},{"$f":"AC9*K9+($A$4-80)*AJ9*$A$8/1000","v":32.459663865546219},{"$f":"AD9*M9+($A$4-80)*AK9*$A$8/1000","v":31.964705882352945},{"$f":"AE9*O9+($A$4-80)*AL9*$A$8/1000","v":30.974789915966387}]
[null,63,45.504201680672274,39.588655462184882,{"$f":"S10*$E$13","v":43.508403361344534},39.157563025210081,42.510504201680675,38.684558823529414,41.512605042016808,38.191596638655469,40.315126050420169,37.69464285714286,39.117647058823529,37.161764705882348,36.323529411764703,35.597058823529409,null,0.95798319327731096,0.91596638655462181,0.89495798319327735,0.87394957983193278,0.84873949579831931,0.82352941176470584,0.76470588235294112,0.87,0.9,0.91,0.92,0.93500000000000005,0.95,0.98,0.94095238095238098,0.96888888888888902,0.97968253968253971,0.99047619047619051,0.9930158730158728,0.99555555555555508,0.92444444444444451,39.588655462184882,{"$f":"Z10*E10+($A$4-80)*AG10*$A$8/1000","v":39.157563025210081},{"$f":"AA10*G10+($A$4-80)*AH10*$A$8/1000","v":38.684558823529414},38.191596638655469,37.69464285714286,37.161764705882348,35.597058823529409]
[null,59,43.508403361344534,43.508403361344534,{"$f":"S11*$E$13","v":41.911764705882355},41.911764705882355,41.113445378151262,41.113445378151262,40.315126050420169,40.315126050420169,39.317226890756302,39.317226890756302,38.319327731092436,38.319327731092436,35.924369747899156,35.924369747899156,null,0.91596638655462181,0.88235294117647056,0.86554621848739499,0.84873949579831931,0.82773109243697474,0.80672268907563027,0.75630252100840334,1,1,1,1,1,1,1,0.62285714285714266,0.4666666666666664,0.3936507936507937,0.32063492063492094,0.22126984126984148,0.12190476190476202,0,43.508403361344534,{"$f":"Z11*E11+($A$4-80)*AG11*$A$8/1000","v":41.911764705882355},{"$f":"AA11*G11+($A$4-80)*AH11*$A$8/1000","v":41.113445378151262},{"$f":"AB11*I11+($A$4-80)*AI11*$A$8/1000","v":40.315126050420169},39.317226890756302,38.319327731092436,35.924369747899156]
[1800,71,52.689075630252105,31.613445378151262,{"$f":"S12*$E$13","v":50.294117647058826},30.679411764705883,49.096638655462186,30.194432773109245,47.899159663865547,29.69747899159664,46.502100840336134,29.296323529411765,45.105042016806721,28.867226890756303,41.911764705882355,27.661764705882355,null,1.1092436974789917,1.0588235294117647,1.0336134453781514,1.0084033613445378,0.97899159663865543,0.94957983193277307,0.88235294117647056,0.6,0.61,0.61499999999999999,0.62,0.63,0.64,0.66,0.95333333333333325,0.98,0.95666666666666678,0.93333333333333346,0.93750000000000022,0.94166666666666687,0.99166666666666692,{"$f":"Y12*C12+($A$4-80)*AF12*$A$12/1000","v":31.613445378151262},{"$f":"Z12*E12+($A$4-80)*AG12*$A$12/1000","v":30.679411764705883},{"$f":"AA12*G12+($A$4-80)*AH12*$A$12/1000","v":30.194432773109245},{"$f":"AB12*I12+($A$4-80)*AI12*$A$12/1000","v":29.69747899159664},{"$f":"AC12*K12+($A$4-80)*AJ12*$A$12/1000","v":29.296323529411765},{"$f":"AD12*M12+($A$4-80)*AK12*$A$12/1000","v":28.867226890756303},{"$f":"AE12*O12+($A$4-80)*AL12*$A$12/1000","v":27.661764705882355}]
[null,67,49.894957983193279,37.42121848739496,47.5,36.1,46.30252100840336,35.652941176470591,45.105042016806721,35.181932773109246,43.907563025210088,34.906512605042025,42.710084033613448,34.595168067226894,39.516806722689076,33.194117647058825,null,1.0504201680672269,1,0.97478991596638653,0.94957983193277307,0.92436974789915971,0.89915966386554624,0.83193277310924374,0.75,0.76,0.77,0.78,0.79500000000000004,0.81,0.84,0.97222222222222221,0.92555555555555558,0.93361111111111117,0.94166666666666687,0.94638888888888917,0.95111111111111135,0.9349999999999995,{"$f":"Y13*C13+($A$4-80)*AF13*$A$12/1000","v":37.42121848739496},{"$f":"Z13*E13+($A$4-80)*AG13*$A$12/1000","v":36.1},{"$f":"AA13*G13+($A$4-80)*AH13*$A$12/1000","v":35.652941176470591},{"$f":"AB13*I13+($A$4-80)*AI13*$A$12/1000","v":35.181932773109246},{"$f":"AC13*K13+($A$4-80)*AJ13*$A$12/1000","v":34.906512605042025},{"$f":"AD13*M13+($A$4-80)*AK13*$A$12/1000","v":34.595168067226894},{"$f":"AE13*O13+($A$4-80)*AL13*$A$12/1000","v":33.194117647058825}]
[null,63,47.100840336134453,43.332773109243696,{"$f":"S14*$E$13","v":45.105042016806721},42.398739495798317,43.907563025210088,41.712184873949582,42.710084033613448,41.001680672268911,41.512605042016808,40.47478991596639,40.315126050420169,39.911974789915966,37.521008403361343,37.521008403361343,null,0.99159663865546221,0.94957983193277307,0.92436974789915971,0.89915966386554624,0.87394957983193278,0.84873949579831931,0.78991596638655459,0.92,0.94,0.95,0.96,0.97499999999999998,0.99,1,0.91777777777777803,0.9416666666666661,0.91666666666666607,0.89166666666666616,0.89472222222222197,0.8977777777777779,0.73111111111111127,43.332773109243696,{"$f":"Z14*E14+($A$4-80)*AG14*$A$12/1000","v":42.398739495798317},{"$f":"AA14*G14+($A$4-80)*AH14*$A$12/1000","v":41.712184873949582},41.001680672268911,40.47478991596639,39.911974789915966,37.521008403361343]
[null,59,45.504201680672274,45.504201680672274,43.907563025210088,43.907563025210088,43.109243697478995,43.109243697478995,42.310924369747902,42.310924369747902,41.113445378151262,41.113445378151262,39.915966386554622,39.915966386554622,37.521008403361343,37.521008403361343,null,0.95798319327731096,0.92436974789915971,0.90756302521008403,0.89075630252100846,0.86554621848739499,0.84033613445378152,0.78991596638655459,1,1,1,1,1,1,1,0.31666666666666698,0.18333333333333349,9.1666666666666743E-2,0,0,0,0,45.504201680672274,{"$f":"Z15*E15+($A$4-80)*AG15*$A$12/1000","v":43.907563025210088},{"$f":"AA15*G15+($A$4-80)*AH15*$A$12/1000","v":43.109243697478995},42.310924369747902,41.113445378151262,39.915966386554622,37.521008403361343]
[2000,71,53.886554621848738,33.409663865546214,51.491596638655459,32.439705882352939,50.294117647058826,31.936764705882354,49.096638655462186,31.4218487394958,47.5,30.875,45.903361344537814,30.29621848739496,43.109243697478995,29.31428571428572,null,1.134453781512605,1.0840336134453781,1.0588235294117647,1.0336134453781514,1,0.96638655462184875,0.90756302521008403,0.62,0.63,0.63500000000000001,0.64,0.65,0.66,0.68,0.94500000000000006,0.96750000000000003,0.94500000000000006,0.9225000000000001,0.92125000000000012,0.92000000000000015,0.91800000000000015,{"$f":"Y16*C16+($A$4-80)*AF16*$A$16/1000","v":33.409663865546214},{"$f":"Z16*E16+($A$4-80)*AG16*$A$16/1000","v":32.439705882352939},{"$f":"AA16*G16+($A$4-80)*AH16*$A$16/1000","v":31.936764705882354},{"$f":"AB16*I16+($A$4-80)*AI16*$A$16/1000","v":31.4218487394958},{"$f":"AC16*K16+($A$4-80)*AJ16*$A$16/1000","v":30.875},{"$f":"AD16*M16+($A$4-80)*AK16*$A$16/1000","v":30.29621848739496},{"$f":"AE16*O16+($A$4-80)*AL16*$A$16/1000","v":29.31428571428572}]
[null,67,51.092436974789912,39.852100840336135,48.697478991596633,38.957983193277308,47.5,38.475000000000001,46.30252100840336,37.968067226890753,44.905462184873947,37.271533613445378,43.508403361344534,36.547058823529404,40.315126050420169,35.477310924369746,null,1.0756302521008403,1.0252100840336134,1,0.97478991596638653,0.94537815126050417,0.91596638655462181,0.84873949579831931,0.78,0.8,0.81,0.82,0.83,0.84,0.88,0.96000000000000019,0.9760000000000002,0.95199999999999996,0.9279999999999996,0.92724999999999969,0.92649999999999966,0.95950000000000024,{"$f":"Y17*C17+($A$4-80)*AF17*$A$16/1000","v":39.852100840336135},{"$f":"Z17*E17+($A$4-80)*AG17*$A$16/1000","v":38.957983193277308},{"$f":"AA17*G17+($A$4-80)*AH17*$A$16/1000","v":38.475000000000001},{"$f":"AB17*I17+($A$4-80)*AI17*$A$16/1000","v":37.968067226890753},{"$f":"AC17*K17+($A$4-80)*AJ17*$A$16/1000","v":37.271533613445378},{"$f":"AD17*M17+($A$4-80)*AK17*$A$16/1000","v":36.547058823529404},{"$f":"AE17*O17+($A$4-80)*AL17*$A$16/1000","v":35.477310924369746}]
[null,63,48.298319327731093,45.883403361344534,45.903361344537814,44.985294117647058,44.905462184873947,44.456407563025209,43.907563025210088,43.907563025210088,42.710084033613448,42.710084033613448,41.512605042016808,41.512605042016808,38.718487394957982,38.718487394957982,null,1.0168067226890756,0.96638655462184875,0.94537815126050417,0.92436974789915971,0.89915966386554624,0.87394957983193278,0.81512605042016806,0.95,0.98,0.99,1,1,1,1,0.90749999999999942,0.92000000000000015,0.90000000000000013,0.88000000000000023,0.77800000000000002,0.67599999999999993,0.48499999999999988,45.883403361344534,{"$f":"Z18*E18+($A$4-80)*AG18*$A$16/1000","v":44.985294117647058},{"$f":"AA18*G18+($A$4-80)*AH18*$A$16/1000","v":44.456407563025209},43.907563025210088,42.710084033613448,41.512605042016808,38.718487394957982]
[null,59,47.5,47.5,45.504201680672274,45.504201680672274,44.506302521008401,44.506302521008401,43.508403361344534,43.508403361344534,42.510504201680675,42.510504201680675,41.512605042016808,41.512605042016808,39.117647058823529,39.117647058823529,null,1,0.95798319327731096,0.93697478991596639,0.91596638655462181,0.89495798319327735,0.87394957983193278,0.82352941176470584,1,1,1,1,1,1,1,5.9500000000000053E-2,0,0,0,0,0,0,47.5,{"$f":"Z19*E19+($A$4-80)*AG19*$A$16/1000","v":45.504201680672274},{"$f":"AA19*G19+($A$4-80)*AH19*$A$16/1000","v":44.506302521008401},43.508403361344534,42.510504201680675,41.512605042016808,39.117647058823529]

{"sheet":"XC20_24","index":12,"n_rows":19,"n_cols":45,"rows_kept":19,"cut":false,"hidden":true,"merged":[[130,0,133,0],[120,12,121,12],[120,13,121,13],[120,14,121,14],[120,15,121,15],[122,0,125,0],[126,0,129,0],[119,12,119,13],[119,14,119,15],[120,4,121,4],[120,5,121,5],[120,6,121,6],[120,7,121,7],[120,8,121,8],[120,9,121,9],[120,10,121,10],[120,11,121,11],[119,0,121,0],[119,1,121,1],[119,4,119,5],[119,6,119,7],[119,8,119,9],[119,10,119,11],[111,0,114,0],[117,0,118,1],[117,4,117,15],[118,4,118,5],[118,6,118,7],[118,8,118,9],[118,10,118,11],[118,12,118,13],[118,14,118,15],[101,12,102,12],[101,13,102,13],[101,14,102,14],[101,15,102,15],[103,0,106,0],[107,0,110,0],[100,12,100,13],[100,14,100,15],[101,4,102,4],[101,5,102,5],[101,6,102,6],[101,7,102,7],[101,8,102,8],[101,9,102,9],[101,10,102,10],[101,11,102,11],[100,0,102,0],[100,1,102,1],[100,4,100,5],[100,6,100,7],[100,8,100,9],[100,10,100,11],[92,0,95,0],[98,0,99,1],[98,4,98,15],[99,4,99,5],[99,6,99,7],[99,8,99,9],[99,10,99,11],[99,12,99,13],[99,14,99,15],[82,12,83,12],[82,13,83,13],[82,14,83,14],[82,15,83,15],[84,0,87,0],[88,0,91,0],[81,12,81,13],[81,14,81,15],[82,4,83,4],[82,5,83,5],[82,6,83,6],[82,7,83,7],[82,8,83,8],[82,9,83,9],[82,10,83,10],[82,11,83,11],[81,0,83,0],[81,1,83,1],[81,4,81,5],[81,6,81,7],[81,8,81,9],[81,10,81,11],[73,0,76,0],[79,0,80,1],[79,4,79,15],[80,4,80,5],[80,6,80,7],[80,8,80,9],[80,10,80,11],[80,12,80,13],[80,14,80,15],[63,12,64,12],[63,13,64,13],[63,14,64,14],[63,15,64,15],[65,0,68,0],[69,0,72,0],[62,12,62,13],[62,14,62,15],[63,4,64,4],[63,5,64,5],[63,6,64,6],[63,7,64,7],[63,8,64,8],[63,9,64,9],[63,10,64,10],[63,11,64,11],[62,0,64,0],[62,1,64,1],[62,4,62,5],[62,6,62,7],[62,8,62,9],[62,10,62,11],[54,0,57,0],[60,0,61,1],[60,4,60,15],[61,4,61,5],[61,6,61,7],[61,8,61,9],[61,10,61,11],[61,12,61,13],[61,14,61,15],[44,12,45,12],[44,13,45,13],[44,14,45,14],[44,15,45,15],[46,0,49,0],[50,0,53,0],[43,12,43,13],[43,14,43,15],[44,4,45,4],[44,5,45,5],[44,6,45,6],[44,7,45,7],[44,8,45,8],[44,9,45,9],[44,10,45,10],[44,11,45,11],[43,0,45,0],[43,1,45,1],[43,4,43,5],[43,6,43,7],[43,8,43,9],[43,10,43,11],[35,0,38,0],[41,0,42,1],[41,4,41,15],[42,4,42,5],[42,6,42,7],[42,8,42,9],[42,10,42,11],[42,12,42,13],[42,14,42,15],[25,12,26,12],[25,13,26,13],[25,14,26,14],[25,15,26,15],[27,0,30,0],[31,0,34,0],[24,12,24,13],[24,14,24,15],[25,4,26,4],[25,5,26,5],[25,6,26,6],[25,7,26,7],[25,8,26,8],[25,9,26,9],[25,10,26,10],[25,11,26,11],[24,0,26,0],[24,1,26,1],[24,4,24,5],[24,6,24,7],[24,8,24,9],[24,10,24,11],[7,0,10,0],[11,0,14,0],[15,0,18,0],[22,4,22,15],[23,4,23,5],[23,6,23,7],[23,8,23,9],[23,10,23,11],[23,12,23,13],[23,14,23,15],[5,10,6,10],[5,11,6,11],[5,12,6,12],[5,13,6,13],[5,14,6,14],[5,15,6,15],[4,10,4,11],[4,12,4,13],[4,14,4,15],[5,2,6,2],[5,3,6,3],[5,4,6,4],[5,5,6,5],[5,6,6,6],[5,7,6,7],[5,8,6,8],[4,0,6,0],[4,1,6,1],[4,2,4,3],[4,4,4,5],[4,6,4,7],[4,8,4,9],[5,9,6,9],[2,0,2,1],[2,2,2,15],[3,2,3,3],[3,4,3,5],[3,6,3,7],[3,8,3,9],[3,10,3,11],[3,12,3,13],[3,14,3,15]]}
[]
["XC20_24"]
["Evaporator Air \n",null,"Condenser  Entering Air Temperature ˚F"]
[80,"°F DB",85,null,95,null,100,null,105,null,110,null,115,null,125]
["CFM","EWB†\n˚F","Capacity Mbtuh",null,"Capacity Mbtuh",null,"Capacity Mbtuh",null,"Capacity Mbtuh",null,"Capacity Mbtuh",null,"Capacity Mbtuh",null,"Capacity Mbtuh"]
[null,null,"Total","Sens.","Total","Sens.","Total","Sens.","Total","Sens.","Total","Sens.","Total","Sens.","Total","Sens."]
[null,null,null,null,null,null,null,null,null,null,null,null,null,null,null,null,null,"Total Factors",null,null,null,null,null,null,"Sens. %",null,null,null,null,null,null,"IDB Adj",null,null,null,null,null,null,"Sens Calc"]
[425,71,{"$f":"R8*$E$13","v":45.16393442622951},{"$f":"IF(AM8>C8,C8,AM8)","v":23.936885245901642},{"$f":"S8*$E$13","v":43.217213114754102},{"$f":"IF(AN8>E8,E8,AN8)","v":23.337295081967216},{"$f":"T8*$E$13","v":42.243852459016395},{"$f":"IF(AO8>G8,G8,AO8)","v":22.811680327868856},{"$f":"U8*$E$13","v":41.270491803278695},{"$f":"IF(AP8>I8,I8,AP8)","v":22.286065573770497},{"$f":"V8*$E$13","v":40.005122950819668},{"$f":"IF(AQ8>K8,K8,AQ8)","v":21.802792008196722},{"$f":"W8*$E$13","v":38.739754098360656},{"$f":"IF(AR8>M8,M8,AR8)","v":21.306864754098363},{"$f":"X8*$E$13","v":36.014344262295083},{"$f":"IF(AS8>O8,O8,AS8)","v":20.168032786885249},null,0.9508196721311476,0.9098360655737705,0.88934426229508201,0.86885245901639352,0.84221311475409832,0.81557377049180324,0.75819672131147542,0.53,0.54,0.54,0.54,0.54500000000000004,0.55000000000000004,0.56000000000000005,1.0917647058823532,1.1491764705882357,1.1232941176470592,1.0974117647058828,1.0637647058823534,1.0301176470588238,1.0447058823529418,{"$f":"Y8*C8+($A$4-80)*AF8*$A$8/1000","v":23.936885245901642},{"$f":"Z8*E8+($A$4-80)*AG8*$A$8/1000","v":23.337295081967216},{"$f":"AA8*G8+($A$4-80)*AH8*$A$8/1000","v":22.811680327868856},{"$f":"AB8*I8+($A$4-80)*AI8*$A$8/1000","v":22.286065573770497},{"$f":"AC8*K8+($A$4-80)*AJ8*$A$8/1000","v":21.802792008196722},{"$f":"AD8*M8+($A$4-80)*AK8*$A$8/1000","v":21.306864754098363},{"$f":"AE8*O8+($A$4-80)*AL8*$A$8/1000","v":20.168032786885249}]
[null,67,42.827868852459019,27.838114754098363,{"$f":"S9*$E$13","v":40.881147540983612},{"$f":"IF(AN9>E9,E9,AN9)","v":26.981557377049185},39.907786885245905,{"$f":"IF(AO9>G9,G9,AO9)","v":26.538678278688529},38.934426229508198,{"$f":"IF(AP9>I9,I9,AP9)","v":26.086065573770494},37.86372950819672,{"$f":"IF(AQ9>K9,K9,AQ9)","v":25.558017418032787},36.793032786885249,{"$f":"IF(AR9>M9,M9,AR9)","v":25.019262295081973},34.067622950819676,{"$f":"IF(AS9>O9,O9,AS9)","v":23.847336065573771},null,0.90163934426229508,0.8606557377049181,0.84016393442622961,0.81967213114754101,0.79713114754098358,0.77459016393442626,0.71721311475409844,0.65,0.66,0.66500000000000004,0.67,0.67500000000000004,0.68,0.7,1.0352941176470585,1.0870588235294114,1.0611764705882352,1.0352941176470587,1.0068235294117649,0.9783529411764712,0.98823529411764721,{"$f":"Y9*C9+($A$4-80)*AF9*$A$8/1000","v":27.838114754098363},{"$f":"Z9*E9+($A$4-80)*AG9*$A$8/1000","v":26.981557377049185},{"$f":"AA9*G9+($A$4-80)*AH9*$A$8/1000","v":26.538678278688529},{"$f":"AB9*I9+($A$4-80)*AI9*$A$8/1000","v":26.086065573770494},{"$f":"AC9*K9+($A$4-80)*AJ9*$A$8/1000","v":25.558017418032787},{"$f":"AD9*M9+($A$4-80)*AK9*$A$8/1000","v":25.019262295081973},{"$f":"AE9*O9+($A$4-80)*AL9*$A$8/1000","v":23.847336065573771}]
[null,63,40.491803278688529,31.583606557377053,{"$f":"S10*$E$13","v":38.545081967213122},30.836065573770497,37.669057377049185,30.323591188524595,36.793032786885249,29.802356557377053,35.722336065573778,29.292315573770502,34.6516393442623,28.760860655737709,32.120901639344261,27.623975409836063,null,0.85245901639344268,0.8114754098360657,0.79303278688524603,0.77459016393442626,0.75204918032786894,0.72950819672131151,0.67622950819672134,0.78,0.8,0.80500000000000005,0.81,0.82000000000000006,0.83,0.86,0.97882352941176465,1.0249411764705891,1.0016470588235302,0.9783529411764712,0.99176470588235333,1.0051764705882353,1.0094117647058825,31.583606557377053,{"$f":"Z10*E10+($A$4-80)*AG10*$A$8/1000","v":30.836065573770497},{"$f":"AA10*G10+($A$4-80)*AH10*$A$8/1000","v":30.323591188524595},29.802356557377053,29.292315573770502,28.760860655737709,27.623975409836063]
[null,59,37.961065573770497,35.303790983606568,{"$f":"S11*$E$13","v":36.209016393442624},34.39856557377049,35.430327868852466,34.013114754098368,34.6516393442623,33.612090163934432,33.678278688524593,33.004713114754097,32.704918032786892,32.377868852459024,30.563524590163933,30.563524590163933,null,0.79918032786885251,0.76229508196721318,0.74590163934426246,0.72950819672131151,0.70901639344262302,0.68852459016393452,0.64344262295081966,0.93,0.95,0.96,0.97,0.98,0.99,1,1.0094117647058833,1.0503529411764705,1.0277647058823529,1.0051764705882353,0.9769411764705882,0.94870588235294118,0.73882352941176455,35.303790983606568,{"$f":"Z11*E11+($A$4-80)*AG11*$A$8/1000","v":34.39856557377049},{"$f":"AA11*G11+($A$4-80)*AH11*$A$8/1000","v":34.013114754098368},{"$f":"AB11*I11+($A$4-80)*AI11*$A$8/1000","v":33.612090163934432},33.004713114754097,32.377868852459024,30.563524590163933]
[800,71,52.950819672131153,32.300000000000004,{"$f":"S12*$E$13","v":50.22540983606558},31.139754098360658,48.86270491803279,30.539190573770494,47.5,29.925000000000001,45.942622950819676,29.403278688524594,44.385245901639344,28.850409836065573,40.881147540983612,27.799180327868857,null,1.1147540983606559,1.057377049180328,1.028688524590164,1,0.96721311475409844,0.93442622950819676,0.8606557377049181,0.61,0.62,0.625,0.63,0.64,0.65,0.68,1.0199999999999998,0.96750000000000014,0.97175000000000011,0.97600000000000009,0.97250000000000014,0.96900000000000019,0.99750000000000039,{"$f":"Y12*C12+($A$4-80)*AF12*$A$12/1000","v":32.300000000000004},{"$f":"Z12*E12+($A$4-80)*AG12*$A$12/1000","v":31.139754098360658},{"$f":"AA12*G12+($A$4-80)*AH12*$A$12/1000","v":30.539190573770494},{"$f":"AB12*I12+($A$4-80)*AI12*$A$12/1000","v":29.925000000000001},{"$f":"AC12*K12+($A$4-80)*AJ12*$A$12/1000","v":29.403278688524594},{"$f":"AD12*M12+($A$4-80)*AK12*$A$12/1000","v":28.850409836065573},{"$f":"AE12*O12+($A$4-80)*AL12*$A$12/1000","v":27.799180327868857}]
[null,67,50.22540983606558,38.673565573770496,47.5,37.524999999999999,46.331967213114751,37.065573770491802,45.16393442622951,36.582786885245902,43.606557377049178,35.975409836065573,42.049180327868854,35.321311475409836,38.545081967213122,33.91967213114755,null,1.057377049180328,1,0.97540983606557374,0.9508196721311476,0.91803278688524592,0.88524590163934436,0.8114754098360657,0.77,0.79,0.8,0.81,0.82499999999999996,0.84,0.88,0.96750000000000014,0.97600000000000009,0.98100000000000009,0.9860000000000001,0.97899999999999987,0.97199999999999975,0.94050000000000034,{"$f":"Y13*C13+($A$4-80)*AF13*$A$12/1000","v":38.673565573770496},{"$f":"Z13*E13+($A$4-80)*AG13*$A$12/1000","v":37.524999999999999},{"$f":"AA13*G13+($A$4-80)*AH13*$A$12/1000","v":37.065573770491802},{"$f":"AB13*I13+($A$4-80)*AI13*$A$12/1000","v":36.582786885245902},{"$f":"AC13*K13+($A$4-80)*AJ13*$A$12/1000","v":35.975409836065573},{"$f":"AD13*M13+($A$4-80)*AK13*$A$12/1000","v":35.321311475409836},{"$f":"AE13*O13+($A$4-80)*AL13*$A$12/1000","v":33.91967213114755}]
[null,63,47.110655737704917,44.755122950819668,{"$f":"S14*$E$13","v":45.16393442622951},44.260655737704916,43.801229508196727,43.363217213114758,42.438524590163937,42.438524590163937,41.270491803278695,41.270491803278695,40.102459016393453,40.102459016393453,37.377049180327866,37.377049180327866,null,0.99180327868852458,0.9508196721311476,0.92213114754098369,0.89344262295081978,0.86885245901639363,0.84426229508196737,0.78688524590163933,0.95,0.98,0.99,1,1,1,1,0.90749999999999942,0.98599999999999943,0.92899999999999983,0.87200000000000022,0.79650000000000021,0.72100000000000009,0.43199999999999983,44.755122950819668,{"$f":"Z14*E14+($A$4-80)*AG14*$A$12/1000","v":44.260655737704916},{"$f":"AA14*G14+($A$4-80)*AH14*$A$12/1000","v":43.363217213114758},42.438524590163937,41.270491803278695,40.102459016393453,37.377049180327866]
[null,59,46.331967213114758,46.331967213114758,44.774590163934427,44.774590163934427,43.606557377049178,43.606557377049178,42.438524590163937,42.438524590163937,41.270491803278695,41.270491803278695,40.102459016393453,40.102459016393453,37.182377049180332,37.182377049180332,null,0.97540983606557385,0.94262295081967218,0.91803278688524592,0.89344262295081978,0.86885245901639363,0.84426229508196737,0.78278688524590179,1,1,1,1,1,1,1,0.11900000000000012,0,0,0,0,0,0,46.331967213114758,{"$f":"Z15*E15+($A$4-80)*AG15*$A$12/1000","v":44.774590163934427},{"$f":"AA15*G15+($A$4-80)*AH15*$A$12/1000","v":43.606557377049178},42.438524590163937,41.270491803278695,40.102459016393453,37.182377049180332]
[900,71,53.729508196721319,33.84959016393443,51.393442622950822,32.891803278688528,49.836065573770497,32.144262295081973,48.278688524590166,31.381147540983608,46.721311475409841,31.069672131147545,45.16393442622951,30.711475409836069,41.659836065573771,29.578483606557377,null,1.1311475409836067,1.0819672131147542,1.0491803278688525,1.0163934426229508,0.98360655737704927,0.9508196721311476,0.87704918032786883,0.63,0.64,0.64500000000000002,0.65,0.66500000000000004,0.68,0.71,0.98133333333333361,0.9973333333333334,0.96711111111111125,0.9368888888888891,0.95822222222222242,0.97955555555555573,0.99866666666666637,{"$f":"Y16*C16+($A$4-80)*AF16*$A$16/1000","v":33.84959016393443},{"$f":"Z16*E16+($A$4-80)*AG16*$A$16/1000","v":32.891803278688528},{"$f":"AA16*G16+($A$4-80)*AH16*$A$16/1000","v":32.144262295081973},{"$f":"AB16*I16+($A$4-80)*AI16*$A$16/1000","v":31.381147540983608},{"$f":"AC16*K16+($A$4-80)*AJ16*$A$16/1000","v":31.069672131147545},{"$f":"AD16*M16+($A$4-80)*AK16*$A$16/1000","v":30.711475409836069},{"$f":"AE16*O16+($A$4-80)*AL16*$A$16/1000","v":29.578483606557377}]
[null,67,51.004098360655739,40.803278688524593,48.668032786885256,39.907786885245905,47.305327868852459,39.499948770491798,45.942622950819676,39.051229508196727,44.385245901639344,38.393237704918029,42.827868852459019,37.688524590163937,39.32377049180328,36.57110655737705,null,1.0737704918032787,1.0245901639344264,0.99590163934426235,0.96721311475409844,0.93442622950819676,0.90163934426229508,0.82786885245901642,0.8,0.82,0.83499999999999996,0.85,0.86499999999999999,0.88,0.93,0.9315555555555558,0.94444444444444409,0.97044444444444422,0.99644444444444435,0.96266666666666678,0.92888888888888921,0.98755555555555596,{"$f":"Y17*C17+($A$4-80)*AF17*$A$16/1000","v":40.803278688524593},{"$f":"Z17*E17+($A$4-80)*AG17*$A$16/1000","v":39.907786885245905},{"$f":"AA17*G17+($A$4-80)*AH17*$A$16/1000","v":39.499948770491798},{"$f":"AB17*I17+($A$4-80)*AI17*$A$16/1000","v":39.051229508196727},{"$f":"AC17*K17+($A$4-80)*AJ17*$A$16/1000","v":38.393237704918029},{"$f":"AD17*M17+($A$4-80)*AK17*$A$16/1000","v":37.688524590163937},{"$f":"AE17*O17+($A$4-80)*AL17*$A$16/1000","v":36.57110655737705}]
[null,63,48.278688524590166,47.795901639344265,46.331967213114758,46.331967213114758,45.163934426229517,45.163934426229517,43.995901639344268,43.995901639344268,42.827868852459019,42.827868852459019,41.659836065573771,41.659836065573771,38.545081967213122,38.545081967213122,null,1.0163934426229508,0.97540983606557385,0.95081967213114771,0.92622950819672145,0.90163934426229508,0.87704918032786883,0.8114754098360657,0.99,1,1,1,1,1,1,0.88177777777777799,0.84622222222222243,0.74955555555555575,0.65288888888888896,0.54044444444444439,0.42799999999999988,0.2200000000000002,47.795901639344265,{"$f":"Z18*E18+($A$4-80)*AG18*$A$16/1000","v":46.331967213114758},{"$f":"AA18*G18+($A$4-80)*AH18*$A$16/1000","v":45.163934426229517},43.995901639344268,42.827868852459019,41.659836065573771,38.545081967213122]
[null,59,48.278688524590166,48.278688524590166,45.942622950819676,45.942622950819676,44.969262295081975,44.969262295081975,43.995901639344268,43.995901639344268,42.633196721311471,42.633196721311471,41.270491803278695,41.270491803278695,38.545081967213122,38.545081967213122,null,1.0163934426229508,0.96721311475409844,0.94672131147540994,0.92622950819672145,0.89754098360655732,0.86885245901639352,0.8114754098360657,1,1,1,1,1,1,1,0,0,0,0,0,0,0,48.278688524590166,{"$f":"Z19*E19+($A$4-80)*AG19*$A$16/1000","v":45.942622950819676},{"$f":"AA19*G19+($A$4-80)*AH19*$A$16/1000","v":44.969262295081975},43.995901639344268,42.633196721311471,41.270491803278695,38.545081967213122]

{"sheet":"XC20_36","index":13,"n_rows":19,"n_cols":45,"rows_kept":19,"cut":false,"hidden":true,"merged":[[130,0,133,0],[120,12,121,12],[120,13,121,13],[120,14,121,14],[120,15,121,15],[122,0,125,0],[126,0,129,0],[119,12,119,13],[119,14,119,15],[120,4,121,4],[120,5,121,5],[120,6,121,6],[120,7,121,7],[120,8,121,8],[120,9,121,9],[120,10,121,10],[120,11,121,11],[119,0,121,0],[119,1,121,1],[119,4,119,5],[119,6,119,7],[119,8,119,9],[119,10,119,11],[111,0,114,0],[117,0,118,1],[117,4,117,15],[118,4,118,5],[118,6,118,7],[118,8,118,9],[118,10,118,11],[118,12,118,13],[118,14,118,15],[101,12,102,12],[101,13,102,13],[101,14,102,14],[101,15,102,15],[103,0,106,0],[107,0,110,0],[100,12,100,13],[100,14,100,15],[101,4,102,4],[101,5,102,5],[101,6,102,6],[101,7,102,7],[101,8,102,8],[101,9,102,9],[101,10,102,10],[101,11,102,11],[100,0,102,0],[100,1,102,1],[100,4,100,5],[100,6,100,7],[100,8,100,9],[100,10,100,11],[92,0,95,0],[98,0,99,1],[98,4,98,15],[99,4,99,5],[99,6,99,7],[99,8,99,9],[99,10,99,11],[99,12,99,13],[99,14,99,15],[82,12,83,12],[82,13,83,13],[82,14,83,14],[82,15,83,15],[84,0,87,0],[88,0,91,0],[81,12,81,13],[81,14,81,15],[82,4,83,4],[82,5,83,5],[82,6,83,6],[82,7,83,7],[82,8,83,8],[82,9,83,9],[82,10,83,10],[82,11,83,11],[81,0,83,0],[81,1,83,1],[81,4,81,5],[81,6,81,7],[81,8,81,9],[81,10,81,11],[73,0,76,0],[79,0,80,1],[79,4,79,15],[80,4,80,5],[80,6,80,7],[80,8,80,9],[80,10,80,11],[80,12,80,13],[80,14,80,15],[63,12,64,12],[63,13,64,13],[63,14,64,14],[63,15,64,15],[65,0,68,0],[69,0,72,0],[62,12,62,13],[62,14,62,15],[63,4,64,4],[63,5,64,5],[63,6,64,6],[63,7,64,7],[63,8,64,8],[63,9,64,9],[63,10,64,10],[63,11,64,11],[62,0,64,0],[62,1,64,1],[62,4,62,5],[62,6,62,7],[62,8,62,9],[62,10,62,11],[54,0,57,0],[60,0,61,1],[60,4,60,15],[61,4,61,5],[61,6,61,7],[61,8,61,9],[61,10,61,11],[61,12,61,13],[61,14,61,15],[44,12,45,12],[44,13,45,13],[44,14,45,14],[44,15,45,15],[46,0,49,0],[50,0,53,0],[43,12,43,13],[43,14,43,15],[44,4,45,4],[44,5,45,5],[44,6,45,6],[44,7,45,7],[44,8,45,8],[44,9,45,9],[44,10,45,10],[44,11,45,11],[43,0,45,0],[43,1,45,1],[43,4,43,5],[43,6,43,7],[43,8,43,9],[43,10,43,11],[35,0,38,0],[41,0,42,1],[41,4,41,15],[42,4,42,5],[42,6,42,7],[42,8,42,9],[42,10,42,11],[42,12,42,13],[42,14,42,15],[25,12,26,12],[25,13,26,13],[25,14,26,14],[25,15,26,15],[27,0,30,0],[31,0,34,0],[24,12,24,13],[24,14,24,15],[25,4,26,4],[25,5,26,5],[25,6,26,6],[25,7,26,7],[25,8,26,8],[25,9,26,9],[25,10,26,10],[25,11,26,11],[24,0,26,0],[24,1,26,1],[24,4,24,5],[24,6,24,7],[24,8,24,9],[24,10,24,11],[7,0,10,0],[11,0,14,0],[15,0,18,0],[22,4,22,15],[23,4,23,5],[23,6,23,7],[23,8,23,9],[23,10,23,11],[23,12,23,13],[23,14,23,15],[5,10,6,10],[5,11,6,11],[5,12,6,12],[5,13,6,13],[5,14,6,14],[5,15,6,15],[4,10,4,11],[4,12,4,13],[4,14,4,15],[5,2,6,2],[5,3,6,3],[5,4,6,4],[5,5,6,5],[5,6,6,6],[5,7,6,7],[5,8,6,8],[4,0,6,0],[4,1,6,1],[4,2,4,3],[4,4,4,5],[4,6,4,7],[4,8,4,9],[5,9,6,9],[2,0,2,1],[2,2,2,15],[3,2,3,3],[3,4,3,5],[3,6,3,7],[3,8,3,9],[3,10,3,11],[3,12,3,13],[3,14,3,15]]}
[]
["XC20_36"]
["Evaporator Air \n",null,"Condenser  Entering Air Temperature ˚F"]
[80,"°F DB",85,null,95,null,100,null,105,null,110,null,115,null,125]
["CFM","EWB†\n˚F","Capacity Mbtuh",null,"Capacity Mbtuh",null,"Capacity Mbtuh",null,"Capacity Mbtuh",null,"Capacity Mbtuh",null,"Capacity Mbtuh",null,"Capacity Mbtuh"]
[null,null,"Total","Sens.","Total","Sens.","Total","Sens.","Total","Sens.","Total","Sens.","Total","Sens.","Total","Sens."]
[null,null,null,null,null,null,null,null,null,null,null,null,null,null,null,null,null,"Total Factors",null,null,null,null,null,null,"Sens. %",null,null,null,null,null,null,"IDB Adj",null,null,null,null,null,null,"Sens Calc"]
[640,71,{"$f":"R8*$E$13","v":45.084745762711869},{"$f":"IF(AM8>C8,C8,AM8)","v":24.34576271186441},{"$f":"S8*$E$13","v":43.206214689265543},{"$f":"IF(AN8>E8,E8,AN8)","v":23.331355932203394},{"$f":"T8*$E$13","v":42.132768361581924},{"$f":"IF(AO8>G8,G8,AO8)","v":22.962358757062152},{"$f":"U8*$E$13","v":41.059322033898304},{"$f":"IF(AP8>I8,I8,AP8)","v":22.582627118644069},{"$f":"V8*$E$13","v":39.717514124293785},{"$f":"IF(AQ8>K8,K8,AQ8)","v":22.043220338983051},{"$f":"W8*$E$13","v":38.375706214689274},{"$f":"IF(AR8>M8,M8,AR8)","v":21.490395480225995},{"$f":"X8*$E$13","v":34.887005649717516},{"$f":"IF(AS8>O8,O8,AS8)","v":20.234463276836159},null,0.94915254237288138,0.90960451977401147,0.88700564971751417,0.86440677966101698,0.83615819209039555,0.80790960451977412,0.7344632768361582,0.54,0.54,0.54500000000000004,0.55000000000000004,0.55500000000000005,0.56000000000000005,0.57999999999999996,1.1550000000000005,1.0062500000000005,1.0290625000000004,1.0518750000000003,1.0621875000000003,1.0725000000000005,1.0562499999999995,{"$f":"Y8*C8+($A$4-80)*AF8*$A$8/1000","v":24.34576271186441},{"$f":"Z8*E8+($A$4-80)*AG8*$A$8/1000","v":23.331355932203394},{"$f":"AA8*G8+($A$4-80)*AH8*$A$8/1000","v":22.962358757062152},{"$f":"AB8*I8+($A$4-80)*AI8*$A$8/1000","v":22.582627118644069},{"$f":"AC8*K8+($A$4-80)*AJ8*$A$8/1000","v":22.043220338983051},{"$f":"AD8*M8+($A$4-80)*AK8*$A$8/1000","v":21.490395480225995},{"$f":"AE8*O8+($A$4-80)*AL8*$A$8/1000","v":20.234463276836159}]
[null,67,42.93785310734463,28.338983050847457,{"$f":"S9*$E$13","v":40.790960451977398},{"$f":"IF(AN9>E9,E9,AN9)","v":27.329943502824857},39.717514124293785,{"$f":"IF(AO9>G9,G9,AO9)","v":26.809322033898308},38.644067796610173,{"$f":"IF(AP9>I9,I9,AP9)","v":26.277966101694918},37.302259887005654,{"$f":"IF(AQ9>K9,K9,AQ9)","v":25.7385593220339},35.960451977401128,{"$f":"IF(AR9>M9,M9,AR9)","v":25.172316384180789},32.740112994350284,{"$f":"IF(AS9>O9,O9,AS9)","v":23.900282485875707},null,0.903954802259887,0.85875706214689262,0.83615819209039555,0.81355932203389836,0.78531073446327693,0.75706214689265539,0.68926553672316382,0.66,0.67,0.67500000000000004,0.68,0.69,0.7,0.73,0.99999999999999978,1.0449999999999997,1.0175000000000003,0.99000000000000088,0.9975000000000005,1.0050000000000001,1.0675000000000001,{"$f":"Y9*C9+($A$4-80)*AF9*$A$8/1000","v":28.338983050847457},{"$f":"Z9*E9+($A$4-80)*AG9*$A$8/1000","v":27.329943502824857},{"$f":"AA9*G9+($A$4-80)*AH9*$A$8/1000","v":26.809322033898308},{"$f":"AB9*I9+($A$4-80)*AI9*$A$8/1000","v":26.277966101694918},{"$f":"AC9*K9+($A$4-80)*AJ9*$A$8/1000","v":25.7385593220339},{"$f":"AD9*M9+($A$4-80)*AK9*$A$8/1000","v":25.172316384180789},{"$f":"AE9*O9+($A$4-80)*AL9*$A$8/1000","v":23.900282485875707}]
[null,63,40.254237288135599,32.203389830508478,{"$f":"S10*$E$13","v":38.375706214689274},31.084322033898314,37.302259887005654,30.774364406779664,36.228813559322035,30.432203389830509,34.887005649717516,29.653954802259886,33.545197740112997,28.848870056497177,30.324858757062152,27.595621468926559,null,0.84745762711864414,0.80790960451977412,0.78531073446327693,0.76271186440677974,0.7344632768361582,0.70621468926553677,0.63841807909604531,0.8,0.81,0.82499999999999996,0.84,0.85,0.86,0.91,1.0312500000000009,0.98312500000000091,1.0400000000000005,1.0968750000000003,1.0562500000000001,1.015625,1.0593750000000002,32.203389830508478,{"$f":"Z10*E10+($A$4-80)*AG10*$A$8/1000","v":31.084322033898314},{"$f":"AA10*G10+($A$4-80)*AH10*$A$8/1000","v":30.774364406779664},30.432203389830509,29.653954802259886,28.848870056497177,27.595621468926559]
[null,59,37.83898305084746,35.947033898305087,{"$f":"S11*$E$13","v":35.960451977401128},34.881638418079092,34.887005649717516,34.363700564971751,33.813559322033896,33.813559322033896,32.874293785310734,32.874293785310734,31.935028248587571,31.935028248587571,29.251412429378536,29.251412429378536,null,0.79661016949152541,0.75706214689265539,0.7344632768361582,0.71186440677966101,0.69209039548022599,0.67231638418079098,0.61581920903954812,0.95,0.97,0.98499999999999999,1,1,1,1,1.0574999999999999,1.0050000000000001,1.014375,1.0237499999999999,0.88374999999999981,0.7437499999999998,0.34062500000000034,35.947033898305087,{"$f":"Z11*E11+($A$4-80)*AG11*$A$8/1000","v":34.881638418079092},{"$f":"AA11*G11+($A$4-80)*AH11*$A$8/1000","v":34.363700564971751},{"$f":"AB11*I11+($A$4-80)*AI11*$A$8/1000","v":33.813559322033896},32.874293785310734,31.935028248587571,29.251412429378536]
[1250,71,52.33050847457627,31.921610169491522,{"$f":"S12*$E$13","v":50.183615819209038},31.615677966101693,48.841807909604526,31.258757062146898,47.5,30.875,45.889830508474581,30.287288135593226,44.279661016949156,29.667372881355938,40.254237288135599,28.580508474576273,null,1.1016949152542372,1.0564971751412429,1.0282485875706215,1,0.96610169491525433,0.93220338983050854,0.84745762711864414,0.61,0.63,0.64,0.65,0.66,0.67,0.71,0.87360000000000004,0.95744000000000007,0.96016000000000012,0.96288000000000018,0.95664000000000016,0.95040000000000013,1.0079999999999998,{"$f":"Y12*C12+($A$4-80)*AF12*$A$12/1000","v":31.921610169491522},{"$f":"Z12*E12+($A$4-80)*AG12*$A$12/1000","v":31.615677966101693},{"$f":"AA12*G12+($A$4-80)*AH12*$A$12/1000","v":31.258757062146898},{"$f":"AB12*I12+($A$4-80)*AI12*$A$12/1000","v":30.875},{"$f":"AC12*K12+($A$4-80)*AJ12*$A$12/1000","v":30.287288135593226},{"$f":"AD12*M12+($A$4-80)*AK12*$A$12/1000","v":29.667372881355938},{"$f":"AE12*O12+($A$4-80)*AL12*$A$12/1000","v":28.580508474576273}]
[null,67,49.915254237288138,39.433050847457629,47.5,38.475000000000001,46.158192090395481,38.08050847457627,44.816384180790962,37.645762711864407,43.206214689265543,37.157344632768364,41.596045197740118,36.604519774011301,37.570621468926554,34.940677966101696,null,1.0508474576271187,1,0.97175141242937857,0.94350282485875703,0.90960451977401147,0.87570621468926557,0.79096045197740117,0.79,0.81,0.82499999999999996,0.84,0.86,0.88,0.93,0.95232000000000028,0.90624000000000005,0.9340799999999998,0.96191999999999955,0.97695999999999961,0.99199999999999977,0.94080000000000052,{"$f":"Y13*C13+($A$4-80)*AF13*$A$12/1000","v":39.433050847457629},{"$f":"Z13*E13+($A$4-80)*AG13*$A$12/1000","v":38.475000000000001},{"$f":"AA13*G13+($A$4-80)*AH13*$A$12/1000","v":38.08050847457627},{"$f":"AB13*I13+($A$4-80)*AI13*$A$12/1000","v":37.645762711864407},{"$f":"AC13*K13+($A$4-80)*AJ13*$A$12/1000","v":37.157344632768364},{"$f":"AD13*M13+($A$4-80)*AK13*$A$12/1000","v":36.604519774011301},{"$f":"AE13*O13+($A$4-80)*AL13*$A$12/1000","v":34.940677966101696}]
[null,63,47.5,46.074999999999996,{"$f":"S14*$E$13","v":45.084745762711869},44.633898305084749,43.877118644067799,43.657733050847462,42.66949152542373,42.66949152542373,41.327683615819211,41.327683615819211,39.985875706214692,39.985875706214692,36.765536723163841,36.765536723163841,null,1,0.94915254237288138,0.92372881355932213,0.89830508474576276,0.87005649717514133,0.84180790960451979,0.77401129943502822,0.97,0.99,0.995,1,1,1,1,0.84960000000000002,0.80640000000000023,0.73392000000000013,0.66144000000000014,0.54527999999999999,0.42911999999999978,0.17536000000000015,46.074999999999996,{"$f":"Z14*E14+($A$4-80)*AG14*$A$12/1000","v":44.633898305084749},{"$f":"AA14*G14+($A$4-80)*AH14*$A$12/1000","v":43.657733050847462},42.66949152542373,41.327683615819211,39.985875706214692,36.765536723163841]
[null,59,46.963276836158194,46.963276836158194,44.816384180790962,44.816384180790962,43.74293785310735,43.74293785310735,42.66949152542373,42.66949152542373,41.327683615819211,41.327683615819211,39.985875706214692,39.985875706214692,36.765536723163841,36.765536723163841,null,0.98870056497175141,0.94350282485875703,0.92090395480225995,0.89830508474576276,0.87005649717514133,0.84180790960451979,0.77401129943502822,1,1,1,1,1,1,1,0,0,0,0,0,0,0,46.963276836158194,{"$f":"Z15*E15+($A$4-80)*AG15*$A$12/1000","v":44.816384180790962},{"$f":"AA15*G15+($A$4-80)*AH15*$A$12/1000","v":43.74293785310735},42.66949152542373,41.327683615819211,39.985875706214692,36.765536723163841]
[1300,71,52.33050847457627,32.968220338983052,50.451977401129945,32.289265536723164,49.110169491525433,31.921610169491533,47.768361581920907,31.527118644067802,46.158192090395488,30.925988700564979,44.548022598870062,30.292655367231646,40.254237288135599,28.580508474576273,null,1.1016949152542372,1.0621468926553672,1.0338983050847459,1.0056497175141244,0.97175141242937868,0.9378531073446329,0.84745762711864414,0.63,0.64,0.65,0.66,0.67,0.68,0.71,0.96000000000000019,0.92553846153846164,0.95569230769230795,0.98584615384615426,0.9781538461538466,0.97046153846153882,0.9230769230769228,{"$f":"Y16*C16+($A$4-80)*AF16*$A$16/1000","v":32.968220338983052},{"$f":"Z16*E16+($A$4-80)*AG16*$A$16/1000","v":32.289265536723164},{"$f":"AA16*G16+($A$4-80)*AH16*$A$16/1000","v":31.921610169491533},{"$f":"AB16*I16+($A$4-80)*AI16*$A$16/1000","v":31.527118644067802},{"$f":"AC16*K16+($A$4-80)*AJ16*$A$16/1000","v":30.925988700564979},{"$f":"AD16*M16+($A$4-80)*AK16*$A$16/1000","v":30.292655367231646},{"$f":"AE16*O16+($A$4-80)*AL16*$A$16/1000","v":28.580508474576273}]
[null,67,50.451977401129945,40.361581920903959,47.768361581920907,39.647740112994349,46.426553672316388,38.998305084745766,45.084745762711869,38.322033898305087,43.474576271186443,37.822881355932203,41.864406779661017,37.259322033898307,37.83898305084746,35.947033898305087,null,1.0621468926553672,1.0056497175141244,0.97740112994350292,0.94915254237288138,0.9152542372881356,0.88135593220338981,0.79661016949152541,0.8,0.83,0.84,0.85,0.87,0.89,0.95,0.92553846153846164,0.98584615384615359,0.95815384615384591,0.93046153846153812,0.94523076923076921,0.9600000000000003,0.95446153846153825,{"$f":"Y17*C17+($A$4-80)*AF17*$A$16/1000","v":40.361581920903959},{"$f":"Z17*E17+($A$4-80)*AG17*$A$16/1000","v":39.647740112994349},{"$f":"AA17*G17+($A$4-80)*AH17*$A$16/1000","v":38.998305084745766},{"$f":"AB17*I17+($A$4-80)*AI17*$A$16/1000","v":38.322033898305087},{"$f":"AC17*K17+($A$4-80)*AJ17*$A$16/1000","v":37.822881355932203},{"$f":"AD17*M17+($A$4-80)*AK17*$A$16/1000","v":37.259322033898307},{"$f":"AE17*O17+($A$4-80)*AL17*$A$16/1000","v":35.947033898305087}]
[null,63,47.768361581920907,46.812994350282487,45.621468926553675,45.621468926553675,44.413841807909613,44.413841807909613,43.206214689265543,43.206214689265543,41.864406779661024,41.864406779661024,40.522598870056498,40.522598870056498,37.033898305084747,37.033898305084747,null,1.0056497175141244,0.96045197740112997,0.93502824858757072,0.90960451977401147,0.88135593220338992,0.85310734463276838,0.77966101694915257,0.98,1,1,1,1,1,1,0.82153846153846155,0.7846153846153846,0.68953846153846154,0.59446153846153849,0.48307692307692296,0.37169230769230749,0.12738461538461548,46.812994350282487,{"$f":"Z18*E18+($A$4-80)*AG18*$A$16/1000","v":45.621468926553675},{"$f":"AA18*G18+($A$4-80)*AH18*$A$16/1000","v":44.413841807909613},43.206214689265543,41.864406779661024,40.522598870056498,37.033898305084747]
[null,59,47.5,47.5,45.353107344632768,45.353107344632768,44.279661016949156,44.279661016949156,43.206214689265543,43.206214689265543,41.864406779661024,41.864406779661024,40.522598870056498,40.522598870056498,37.033898305084747,37.033898305084747,null,1,0.95480225988700562,0.93220338983050854,0.90960451977401147,0.88135593220338992,0.85310734463276838,0.77966101694915257,1,1,1,1,1,1,1,0,0,0,0,0,0,0,47.5,{"$f":"Z19*E19+($A$4-80)*AG19*$A$16/1000","v":45.353107344632768},{"$f":"AA19*G19+($A$4-80)*AH19*$A$16/1000","v":44.279661016949156},43.206214689265543,41.864406779661024,40.522598870056498,37.033898305084747]

{"sheet":"XC20_48","index":14,"n_rows":19,"n_cols":45,"rows_kept":19,"cut":false,"hidden":true,"merged":[[130,0,133,0],[120,12,121,12],[120,13,121,13],[120,14,121,14],[120,15,121,15],[122,0,125,0],[126,0,129,0],[119,12,119,13],[119,14,119,15],[120,4,121,4],[120,5,121,5],[120,6,121,6],[120,7,121,7],[120,8,121,8],[120,9,121,9],[120,10,121,10],[120,11,121,11],[119,0,121,0],[119,1,121,1],[119,4,119,5],[119,6,119,7],[119,8,119,9],[119,10,119,11],[111,0,114,0],[117,0,118,1],[117,4,117,15],[118,4,118,5],[118,6,118,7],[118,8,118,9],[118,10,118,11],[118,12,118,13],[118,14,118,15],[101,12,102,12],[101,13,102,13],[101,14,102,14],[101,15,102,15],[103,0,106,0],[107,0,110,0],[100,12,100,13],[100,14,100,15],[101,4,102,4],[101,5,102,5],[101,6,102,6],[101,7,102,7],[101,8,102,8],[101,9,102,9],[101,10,102,10],[101,11,102,11],[100,0,102,0],[100,1,102,1],[100,4,100,5],[100,6,100,7],[100,8,100,9],[100,10,100,11],[92,0,95,0],[98,0,99,1],[98,4,98,15],[99,4,99,5],[99,6,99,7],[99,8,99,9],[99,10,99,11],[99,12,99,13],[99,14,99,15],[82,12,83,12],[82,13,83,13],[82,14,83,14],[82,15,83,15],[84,0,87,0],[88,0,91,0],[81,12,81,13],[81,14,81,15],[82,4,83,4],[82,5,83,5],[82,6,83,6],[82,7,83,7],[82,8,83,8],[82,9,83,9],[82,10,83,10],[82,11,83,11],[81,0,83,0],[81,1,83,1],[81,4,81,5],[81,6,81,7],[81,8,81,9],[81,10,81,11],[73,0,76,0],[79,0,80,1],[79,4,79,15],[80,4,80,5],[80,6,80,7],[80,8,80,9],[80,10,80,11],[80,12,80,13],[80,14,80,15],[63,12,64,12],[63,13,64,13],[63,14,64,14],[63,15,64,15],[65,0,68,0],[69,0,72,0],[62,12,62,13],[62,14,62,15],[63,4,64,4],[63,5,64,5],[63,6,64,6],[63,7,64,7],[63,8,64,8],[63,9,64,9],[63,10,64,10],[63,11,64,11],[62,0,64,0],[62,1,64,1],[62,4,62,5],[62,6,62,7],[62,8,62,9],[62,10,62,11],[54,0,57,0],[60,0,61,1],[60,4,60,15],[61,4,61,5],[61,6,61,7],[61,8,61,9],[61,10,61,11],[61,12,61,13],[61,14,61,15],[44,12,45,12],[44,13,45,13],[44,14,45,14],[44,15,45,15],[46,0,49,0],[50,0,53,0],[43,12,43,13],[43,14,43,15],[44,4,45,4],[44,5,45,5],[44,6,45,6],[44,7,45,7],[44,8,45,8],[44,9,45,9],[44,10,45,10],[44,11,45,11],[43,0,45,0],[43,1,45,1],[43,4,43,5],[43,6,43,7],[43,8,43,9],[43,10,43,11],[35,0,38,0],[41,0,42,1],[41,4,41,15],[42,4,42,5],[42,6,42,7],[42,8,42,9],[42,10,42,11],[42,12,42,13],[42,14,42,15],[25,12,26,12],[25,13,26,13],[25,14,26,14],[25,15,26,15],[27,0,30,0],[31,0,34,0],[24,12,24,13],[24,14,24,15],[25,4,26,4],[25,5,26,5],[25,6,26,6],[25,7,26,7],[25,8,26,8],[25,9,26,9],[25,10,26,10],[25,11,26,11],[24,0,26,0],[24,1,26,1],[24,4,24,5],[24,6,24,7],[24,8,24,9],[24,10,24,11],[7,0,10,0],[11,0,14,0],[15,0,18,0],[22,4,22,15],[23,4,23,5],[23,6,23,7],[23,8,23,9],[23,10,23,11],[23,12,23,13],[23,14,23,15],[5,10,6,10],[5,11,6,11],[5,12,6,12],[5,13,6,13],[5,14,6,14],[5,15,6,15],[4,10,4,11],[4,12,4,13],[4,14,4,15],[5,2,6,2],[5,3,6,3],[5,4,6,4],[5,5,6,5],[5,6,6,6],[5,7,6,7],[5,8,6,8],[4,0,6,0],[4,1,6,1],[4,2,4,3],[4,4,4,5],[4,6,4,7],[4,8,4,9],[5,9,6,9],[2,0,2,1],[2,2,2,15],[3,2,3,3],[3,4,3,5],[3,6,3,7],[3,8,3,9],[3,10,3,11],[3,12,3,13],[3,14,3,15]]}
[]
["XC20_48"]
["Evaporator Air \n",null,"Condenser  Entering Air Temperature ˚F"]
[80,"°F DB",85,null,95,null,100,null,105,null,110,null,115,null,125]
["CFM","EWB†\n˚F","Capacity Mbtuh",null,"Capacity Mbtuh",null,"Capacity Mbtuh",null,"Capacity Mbtuh",null,"Capacity Mbtuh",null,"Capacity Mbtuh",null,"Capacity Mbtuh"]
[null,null,"Total","Sens.","Total","Sens.","Total","Sens.","Total","Sens.","Total","Sens.","Total","Sens.","Total","Sens."]
[null,null,null,null,null,null,null,null,null,null,null,null,null,null,null,null,null,"Total Factors",null,null,null,null,null,null,"Sens. %",null,null,null,null,null,null,"IDB Adj",null,null,null,null,null,null,"Sens Calc"]
[900,71,{"$f":"R8*$E$13","v":46},{"$f":"IF(AM8>C8,C8,AM8)","v":24.840000000000003},{"$f":"S8*$E$13","v":44.5},{"$f":"IF(AN8>E8,E8,AN8)","v":24.475000000000001},{"$f":"T8*$E$13","v":43.25},{"$f":"IF(AO8>G8,G8,AO8)","v":23.787500000000001},{"$f":"U8*$E$13","v":42},{"$f":"IF(AP8>I8,I8,AP8)","v":23.1},{"$f":"V8*$E$13","v":40.75},{"$f":"IF(AQ8>K8,K8,AQ8)","v":22.616250000000001},{"$f":"W8*$E$13","v":39.5},{"$f":"IF(AR8>M8,M8,AR8)","v":22.12},{"$f":"X8*$E$13","v":35.6},{"$f":"IF(AS8>O8,O8,AS8)","v":20.648},null,0.96842105263157896,0.93684210526315792,0.91052631578947374,0.88421052631578945,0.85789473684210527,0.83157894736842108,0.74947368421052629,0.54,0.55000000000000004,0.55000000000000004,0.55000000000000004,0.55500000000000005,0.56000000000000005,0.57999999999999996,1.124444444444445,1.0877777777777782,1.1038888888888894,1.1200000000000006,1.0866666666666673,1.0533333333333339,1.0284444444444441,{"$f":"Y8*C8+($A$4-80)*AF8*$A$8/1000","v":24.840000000000003},{"$f":"Z8*E8+($A$4-80)*AG8*$A$8/1000","v":24.475000000000001},{"$f":"AA8*G8+($A$4-80)*AH8*$A$8/1000","v":23.787500000000001},{"$f":"AB8*I8+($A$4-80)*AI8*$A$8/1000","v":23.1},{"$f":"AC8*K8+($A$4-80)*AJ8*$A$8/1000","v":22.616250000000001},{"$f":"AD8*M8+($A$4-80)*AK8*$A$8/1000","v":22.12},{"$f":"AE8*O8+($A$4-80)*AL8*$A$8/1000","v":20.648}]
[null,67,44,29.48,{"$f":"S9*$E$13","v":42},{"$f":"IF(AN9>E9,E9,AN9)","v":28.560000000000002},41,{"$f":"IF(AO9>G9,G9,AO9)","v":28.085000000000001},40,{"$f":"IF(AP9>I9,I9,AP9)","v":27.599999999999998},38.700000000000003,{"$f":"IF(AQ9>K9,K9,AQ9)","v":26.8965},37.4,{"$f":"IF(AR9>M9,M9,AR9)","v":26.179999999999996},33.799999999999997,{"$f":"IF(AS9>O9,O9,AS9)","v":24.673999999999996},null,0.9263157894736842,0.88421052631578945,0.86315789473684212,0.84210526315789469,0.8147368421052632,0.7873684210526315,0.71157894736842098,0.67,0.68,0.68500000000000005,0.69,0.69499999999999995,0.7,0.73,1.0755555555555556,1.1199999999999999,1.0933333333333333,1.0666666666666667,1.032,0.9973333333333334,0.97644444444444445,{"$f":"Y9*C9+($A$4-80)*AF9*$A$8/1000","v":29.48},{"$f":"Z9*E9+($A$4-80)*AG9*$A$8/1000","v":28.560000000000002},{"$f":"AA9*G9+($A$4-80)*AH9*$A$8/1000","v":28.085000000000001},{"$f":"AB9*I9+($A$4-80)*AI9*$A$8/1000","v":27.599999999999998},{"$f":"AC9*K9+($A$4-80)*AJ9*$A$8/1000","v":26.8965},{"$f":"AD9*M9+($A$4-80)*AK9*$A$8/1000","v":26.179999999999996},{"$f":"AE9*O9+($A$4-80)*AL9*$A$8/1000","v":24.673999999999996}]
[null,63,41.5,33.200000000000003,{"$f":"S10*$E$13","v":40},32.799999999999997,39,32.174999999999997,38,31.54,36.6,30.927,35.200000000000003,30.272000000000002,31.8,28.62,null,0.87368421052631584,0.84210526315789469,0.82105263157894737,0.8,0.77052631578947373,0.74105263157894741,0.66947368421052633,0.8,0.82,0.82499999999999996,0.83,0.84499999999999997,0.86,0.9,1.0144444444444454,1.0666666666666667,1.04,1.0133333333333334,1.0151111111111111,1.016888888888889,0.98933333333333362,33.200000000000003,{"$f":"Z10*E10+($A$4-80)*AG10*$A$8/1000","v":32.799999999999997},{"$f":"AA10*G10+($A$4-80)*AH10*$A$8/1000","v":32.174999999999997},31.54,30.927,30.272000000000002,28.62]
[null,59,39,37.049999999999997,{"$f":"S11*$E$13","v":37.6},36.472000000000001,36.700000000000003,35.966000000000001,35.799999999999997,35.442,34.700000000000003,34.526500000000006,33.6,33.6,31,31,null,0.82105263157894737,0.79157894736842105,0.77263157894736845,0.75368421052631573,0.73052631578947369,0.70736842105263165,0.65263157894736845,0.95,0.97,0.98,0.99,0.995,1,1,0.95333333333333314,1.0026666666666664,0.97866666666666635,0.95466666666666644,0.85066666666666646,0.74666666666666659,0.41333333333333372,37.049999999999997,{"$f":"Z11*E11+($A$4-80)*AG11*$A$8/1000","v":36.472000000000001},{"$f":"AA11*G11+($A$4-80)*AH11*$A$8/1000","v":35.966000000000001},{"$f":"AB11*I11+($A$4-80)*AI11*$A$8/1000","v":35.442},34.526500000000006,33.6,31]
[1580,71,52,31.72,{"$f":"S12*$E$13","v":50},31,48.5,30.555,47,30.080000000000002,45.25,29.412500000000001,43.5,28.71,39,26.909999999999997,null,1.0947368421052632,1.0526315789473684,1.0210526315789474,0.98947368421052628,0.95263157894736838,0.91578947368421049,0.82105263157894737,0.61,0.62,0.63,0.64,0.65,0.66,0.69,0.98734177215189844,0.94936708860759511,0.98037974683544327,1.0113924050632914,1.0012658227848104,0.99113924050632929,0.93797468354430369,{"$f":"Y12*C12+($A$4-80)*AF12*$A$12/1000","v":31.72},{"$f":"Z12*E12+($A$4-80)*AG12*$A$12/1000","v":31},{"$f":"AA12*G12+($A$4-80)*AH12*$A$12/1000","v":30.555},{"$f":"AB12*I12+($A$4-80)*AI12*$A$12/1000","v":30.080000000000002},{"$f":"AC12*K12+($A$4-80)*AJ12*$A$12/1000","v":29.412500000000001},{"$f":"AD12*M12+($A$4-80)*AK12*$A$12/1000","v":28.71},{"$f":"AE12*O12+($A$4-80)*AL12*$A$12/1000","v":26.909999999999997}]
[null,67,49.499999999999993,38.609999999999992,47.5,38,46.25,37.462500000000006,45,36.9,43.25,36.113749999999996,41.5,35.274999999999999,37.200000000000003,33.480000000000004,null,1.0421052631578946,1,0.97368421052631582,0.94736842105263153,0.91052631578947374,0.87368421052631584,0.78315789473684216,0.78,0.8,0.81,0.82,0.83499999999999996,0.85,0.9,1.0025316455696205,1.0221518987341773,0.99525316455696189,0.96835443037974644,0.95696202531645524,0.94556962025316404,0.94177215189873464,{"$f":"Y13*C13+($A$4-80)*AF13*$A$12/1000","v":38.609999999999992},{"$f":"Z13*E13+($A$4-80)*AG13*$A$12/1000","v":38},{"$f":"AA13*G13+($A$4-80)*AH13*$A$12/1000","v":37.462500000000006},{"$f":"AB13*I13+($A$4-80)*AI13*$A$12/1000","v":36.9},{"$f":"AC13*K13+($A$4-80)*AJ13*$A$12/1000","v":36.113749999999996},{"$f":"AD13*M13+($A$4-80)*AK13*$A$12/1000","v":35.274999999999999},{"$f":"AE13*O13+($A$4-80)*AL13*$A$12/1000","v":33.480000000000004}]
[null,63,47,45.12,{"$f":"S14*$E$13","v":45},44.1,44,43.56,43,43,41.5,41.5,40,40,36.4,36.4,null,0.98947368421052628,0.94736842105263153,0.9263157894736842,0.90526315789473688,0.87368421052631584,0.84210526315789469,0.76631578947368417,0.96,0.98,0.99,1,1,1,1,0.9518987341772146,0.91139240506329122,0.8911392405063292,0.87088607594936729,0.76455696202531653,0.65822784810126578,0.36860759493670869,45.12,{"$f":"Z14*E14+($A$4-80)*AG14*$A$12/1000","v":44.1},{"$f":"AA14*G14+($A$4-80)*AH14*$A$12/1000","v":43.56},43,41.5,40,36.4]
[null,59,46.5,46.5,44.5,44.5,43.5,43.5,42.5,42.5,41.25,41.25,40,40,36.4,36.4,null,0.97894736842105268,0.93684210526315792,0.91578947368421049,0.89473684210526316,0.86842105263157898,0.84210526315789469,0.76631578947368417,1,1,1,1,1,1,1,5.8860759493670936E-2,0,0,0,0,0,0,46.5,{"$f":"Z15*E15+($A$4-80)*AG15*$A$12/1000","v":44.5},{"$f":"AA15*G15+($A$4-80)*AH15*$A$12/1000","v":43.5},42.5,41.25,40,36.4]
[1725,71,52.999999999999993,33.389999999999993,50.5,32.32,49.249999999999993,32.012499999999996,48,31.68,46,30.82,44,29.92,39.5,28.044999999999998,null,1.1157894736842104,1.0631578947368421,1.0368421052631578,1.0105263157894737,0.96842105263157896,0.9263157894736842,0.83157894736842108,0.63,0.64,0.65,0.66,0.67,0.68,0.71,0.98318840579710176,0.99536231884058013,0.99855072463768146,1.0017391304347829,0.98550724637681197,0.96927536231884093,0.91594202898550703,{"$f":"Y16*C16+($A$4-80)*AF16*$A$16/1000","v":33.389999999999993},{"$f":"Z16*E16+($A$4-80)*AG16*$A$16/1000","v":32.32},{"$f":"AA16*G16+($A$4-80)*AH16*$A$16/1000","v":32.012499999999996},{"$f":"AB16*I16+($A$4-80)*AI16*$A$16/1000","v":31.68},{"$f":"AC16*K16+($A$4-80)*AJ16*$A$16/1000","v":30.82},{"$f":"AD16*M16+($A$4-80)*AK16*$A$16/1000","v":29.92},{"$f":"AE16*O16+($A$4-80)*AL16*$A$16/1000","v":28.044999999999998}]
[null,67,50.5,40.400000000000006,48,39.36,46.75,39.036249999999995,45.5,38.674999999999997,43.75,37.84375,42,36.96,37.799999999999997,35.531999999999996,null,1.0631578947368421,1.0105263157894737,0.98421052631578942,0.95789473684210524,0.92105263157894735,0.88421052631578945,0.79578947368421049,0.8,0.82,0.83499999999999996,0.85,0.86499999999999999,0.88,0.94,0.93681159420289872,0.94608695652173869,0.97420289855072428,1.0023188405797099,0.96376811594202905,0.92521739130434821,0.9641739130434781,{"$f":"Y17*C17+($A$4-80)*AF17*$A$16/1000","v":40.400000000000006},{"$f":"Z17*E17+($A$4-80)*AG17*$A$16/1000","v":39.36},{"$f":"AA17*G17+($A$4-80)*AH17*$A$16/1000","v":39.036249999999995},{"$f":"AB17*I17+($A$4-80)*AI17*$A$16/1000","v":38.674999999999997},{"$f":"AC17*K17+($A$4-80)*AJ17*$A$16/1000","v":37.84375},{"$f":"AD17*M17+($A$4-80)*AK17*$A$16/1000","v":36.96},{"$f":"AE17*O17+($A$4-80)*AL17*$A$16/1000","v":35.531999999999996}]
[null,63,48,47.04,46,46,44.75,44.75,43.5,43.5,42.25,42.25,41,41,37.200000000000003,37.200000000000003,null,1.0105263157894737,0.96842105263157896,0.94210526315789478,0.91578947368421049,0.88947368421052631,0.86315789473684212,0.78315789473684216,0.98,1,1,1,1,1,1,0.8904347826086958,0.85333333333333339,0.75449275362318846,0.65565217391304353,0.5655072463768116,0.47536231884057956,0.17252173913043498,47.04,{"$f":"Z18*E18+($A$4-80)*AG18*$A$16/1000","v":46},{"$f":"AA18*G18+($A$4-80)*AH18*$A$16/1000","v":44.75},43.5,42.25,41,37.200000000000003]
[null,59,47.5,47.5,45.5,45.5,44.5,44.5,43.5,43.5,42,42,40.5,40.5,37.200000000000003,37.200000000000003,null,1,0.95789473684210524,0.93684210526315792,0.91578947368421049,0.88421052631578945,0.85263157894736841,0.78315789473684216,1,1,1,1,1,1,1,0,0,0,0,0,0,0,47.5,{"$f":"Z19*E19+($A$4-80)*AG19*$A$16/1000","v":45.5},{"$f":"AA19*G19+($A$4-80)*AH19*$A$16/1000","v":44.5},43.5,42,40.5,37.200000000000003]

{"sheet":"XC20_60","index":15,"n_rows":19,"n_cols":45,"rows_kept":19,"cut":false,"hidden":true,"merged":[[130,0,133,0],[120,12,121,12],[120,13,121,13],[120,14,121,14],[120,15,121,15],[122,0,125,0],[126,0,129,0],[119,12,119,13],[119,14,119,15],[120,4,121,4],[120,5,121,5],[120,6,121,6],[120,7,121,7],[120,8,121,8],[120,9,121,9],[120,10,121,10],[120,11,121,11],[119,0,121,0],[119,1,121,1],[119,4,119,5],[119,6,119,7],[119,8,119,9],[119,10,119,11],[111,0,114,0],[117,0,118,1],[117,4,117,15],[118,4,118,5],[118,6,118,7],[118,8,118,9],[118,10,118,11],[118,12,118,13],[118,14,118,15],[101,12,102,12],[101,13,102,13],[101,14,102,14],[101,15,102,15],[103,0,106,0],[107,0,110,0],[100,12,100,13],[100,14,100,15],[101,4,102,4],[101,5,102,5],[101,6,102,6],[101,7,102,7],[101,8,102,8],[101,9,102,9],[101,10,102,10],[101,11,102,11],[100,0,102,0],[100,1,102,1],[100,4,100,5],[100,6,100,7],[100,8,100,9],[100,10,100,11],[92,0,95,0],[98,0,99,1],[98,4,98,15],[99,4,99,5],[99,6,99,7],[99,8,99,9],[99,10,99,11],[99,12,99,13],[99,14,99,15],[82,12,83,12],[82,13,83,13],[82,14,83,14],[82,15,83,15],[84,0,87,0],[88,0,91,0],[81,12,81,13],[81,14,81,15],[82,4,83,4],[82,5,83,5],[82,6,83,6],[82,7,83,7],[82,8,83,8],[82,9,83,9],[82,10,83,10],[82,11,83,11],[81,0,83,0],[81,1,83,1],[81,4,81,5],[81,6,81,7],[81,8,81,9],[81,10,81,11],[73,0,76,0],[79,0,80,1],[79,4,79,15],[80,4,80,5],[80,6,80,7],[80,8,80,9],[80,10,80,11],[80,12,80,13],[80,14,80,15],[63,12,64,12],[63,13,64,13],[63,14,64,14],[63,15,64,15],[65,0,68,0],[69,0,72,0],[62,12,62,13],[62,14,62,15],[63,4,64,4],[63,5,64,5],[63,6,64,6],[63,7,64,7],[63,8,64,8],[63,9,64,9],[63,10,64,10],[63,11,64,11],[62,0,64,0],[62,1,64,1],[62,4,62,5],[62,6,62,7],[62,8,62,9],[62,10,62,11],[54,0,57,0],[60,0,61,1],[60,4,60,15],[61,4,61,5],[61,6,61,7],[61,8,61,9],[61,10,61,11],[61,12,61,13],[61,14,61,15],[44,12,45,12],[44,13,45,13],[44,14,45,14],[44,15,45,15],[46,0,49,0],[50,0,53,0],[43,12,43,13],[43,14,43,15],[44,4,45,4],[44,5,45,5],[44,6,45,6],[44,7,45,7],[44,8,45,8],[44,9,45,9],[44,10,45,10],[44,11,45,11],[43,0,45,0],[43,1,45,1],[43,4,43,5],[43,6,43,7],[43,8,43,9],[43,10,43,11],[35,0,38,0],[41,0,42,1],[41,4,41,15],[42,4,42,5],[42,6,42,7],[42,8,42,9],[42,10,42,11],[42,12,42,13],[42,14,42,15],[25,12,26,12],[25,13,26,13],[25,14,26,14],[25,15,26,15],[27,0,30,0],[31,0,34,0],[24,12,24,13],[24,14,24,15],[25,4,26,4],[25,5,26,5],[25,6,26,6],[25,7,26,7],[25,8,26,8],[25,9,26,9],[25,10,26,10],[25,11,26,11],[24,0,26,0],[24,1,26,1],[24,4,24,5],[24,6,24,7],[24,8,24,9],[24,10,24,11],[7,0,10,0],[11,0,14,0],[15,0,18,0],[22,4,22,15],[23,4,23,5],[23,6,23,7],[23,8,23,9],[23,10,23,11],[23,12,23,13],[23,14,23,15],[5,10,6,10],[5,11,6,11],[5,12,6,12],[5,13,6,13],[5,14,6,14],[5,15,6,15],[4,10,4,11],[4,12,4,13],[4,14,4,15],[5,2,6,2],[5,3,6,3],[5,4,6,4],[5,5,6,5],[5,6,6,6],[5,7,6,7],[5,8,6,8],[4,0,6,0],[4,1,6,1],[4,2,4,3],[4,4,4,5],[4,6,4,7],[4,8,4,9],[5,9,6,9],[2,0,2,1],[2,2,2,15],[3,2,3,3],[3,4,3,5],[3,6,3,7],[3,8,3,9],[3,10,3,11],[3,12,3,13],[3,14,3,15]]}
[]
["XC20_60"]
["Evaporator Air \n",null,"Condenser  Entering Air Temperature ˚F"]
[80,"°F DB",85,null,95,null,100,null,105,null,110,null,115,null,125]
["CFM","EWB†\n˚F","Capacity Mbtuh",null,"Capacity Mbtuh",null,"Capacity Mbtuh",null,"Capacity Mbtuh",null,"Capacity Mbtuh",null,"Capacity Mbtuh",null,"Capacity Mbtuh"]
[null,null,"Total","Sens.","Total","Sens.","Total","Sens.","Total","Sens.","Total","Sens.","Total","Sens.","Total","Sens."]
[null,null,null,null,null,null,null,null,null,null,null,null,null,null,null,null,null,"Total Factors",null,null,null,null,null,null,"Sens. %",null,null,null,null,null,null,"IDB Adj",null,null,null,null,null,null,"Sens Calc"]
[1070,71,{"$f":"R8*$E$13","v":45.876068376068375},{"$f":"IF(AM8>C8,C8,AM8)","v":24.314316239316241},{"$f":"S8*$E$13","v":44.252136752136757},{"$f":"IF(AN8>E8,E8,AN8)","v":23.896153846153851},{"$f":"T8*$E$13","v":43.440170940170937},{"$f":"IF(AO8>G8,G8,AO8)","v":23.457692307692309},{"$f":"U8*$E$13","v":42.628205128205131},{"$f":"IF(AP8>I8,I8,AP8)","v":23.019230769230774},{"$f":"V8*$E$13","v":41.613247863247864},{"$f":"IF(AQ8>K8,K8,AQ8)","v":22.679220085470089},{"$f":"W8*$E$13","v":40.598290598290596},{"$f":"IF(AR8>M8,M8,AR8)","v":22.32905982905983},{"$f":"X8*$E$13","v":19.649572649572647},{"$f":"IF(AS8>O8,O8,AS8)","v":14.344188034188033},null,0.96581196581196582,0.93162393162393164,0.9145299145299145,0.89743589743589747,0.87606837606837606,0.85470085470085466,0.41367521367521365,0.53,0.54,0.54,0.54,0.54500000000000004,0.55000000000000004,0.73,0.95046728971962657,1.1205607476635517,1.0509345794392526,0.98130841121495349,1.004672897196262,1.0280373831775702,0.9499065420560745,{"$f":"Y8*C8+($A$4-80)*AF8*$A$8/1000","v":24.314316239316241},{"$f":"Z8*E8+($A$4-80)*AG8*$A$8/1000","v":23.896153846153851},{"$f":"AA8*G8+($A$4-80)*AH8*$A$8/1000","v":23.457692307692309},{"$f":"AB8*I8+($A$4-80)*AI8*$A$8/1000","v":23.019230769230774},{"$f":"AC8*K8+($A$4-80)*AJ8*$A$8/1000","v":22.679220085470089},{"$f":"AD8*M8+($A$4-80)*AK8*$A$8/1000","v":22.32905982905983},{"$f":"AE8*O8+($A$4-80)*AL8*$A$8/1000","v":14.344188034188033}]
[null,67,43.846153846153847,28.5,{"$f":"S9*$E$13","v":42.222222222222221},{"$f":"IF(AN9>E9,E9,AN9)","v":27.866666666666667},41.410256410256409,{"$f":"IF(AO9>G9,G9,AO9)","v":27.537820512820513},40.598290598290596,{"$f":"IF(AP9>I9,I9,AP9)","v":27.200854700854702},39.583333333333336,{"$f":"IF(AQ9>K9,K9,AQ9)","v":26.718750000000004},38.568376068376068,{"$f":"IF(AR9>M9,M9,AR9)","v":26.226495726495727},18.512820512820515,{"$f":"IF(AS9>O9,O9,AS9)","v":17.9574358974359},null,0.92307692307692313,0.88888888888888884,0.87179487179487181,0.85470085470085466,0.83333333333333337,0.81196581196581197,0.38974358974358975,0.65,0.66,0.66500000000000004,0.67,0.67500000000000004,0.68,0.97,1.009345794392523,0.97196261682242979,0.99999999999999989,1.02803738317757,1.0023364485981312,0.97663551401869264,0.98018691588785045,{"$f":"Y9*C9+($A$4-80)*AF9*$A$8/1000","v":28.5},{"$f":"Z9*E9+($A$4-80)*AG9*$A$8/1000","v":27.866666666666667},{"$f":"AA9*G9+($A$4-80)*AH9*$A$8/1000","v":27.537820512820513},{"$f":"AB9*I9+($A$4-80)*AI9*$A$8/1000","v":27.200854700854702},{"$f":"AC9*K9+($A$4-80)*AJ9*$A$8/1000","v":26.718750000000004},{"$f":"AD9*M9+($A$4-80)*AK9*$A$8/1000","v":26.226495726495727},{"$f":"AE9*O9+($A$4-80)*AL9*$A$8/1000","v":17.9574358974359}]
[null,63,41.410256410256409,32.299999999999997,{"$f":"S10*$E$13","v":39.786324786324791},31.829059829059833,38.974358974358971,31.374358974358973,38.162393162393165,30.911538461538466,37.350427350427353,30.627350427350432,36.53846153846154,30.326923076923077,18.350427350427353,18.350427350427353,null,0.87179487179487181,0.83760683760683763,0.82051282051282048,0.80341880341880345,0.78632478632478631,0.76923076923076927,0.38632478632478634,0.78,0.8,0.80500000000000005,0.81,0.82000000000000006,0.83,1,0.95327102803738295,1.0074766355140197,0.98691588785046824,0.96635514018691682,0.98785046728972004,1.0093457943925233,4.2242990654205649E-2,32.299999999999997,{"$f":"Z10*E10+($A$4-80)*AG10*$A$8/1000","v":31.829059829059833},{"$f":"AA10*G10+($A$4-80)*AH10*$A$8/1000","v":31.374358974358973},30.911538461538466,30.627350427350432,30.326923076923077,18.350427350427353]
[null,59,38.974358974358971,36.246153846153845,{"$f":"S11*$E$13","v":37.756410256410255},35.491025641025637,36.944444444444443,35.097222222222221,36.13247863247863,34.687179487179485,35.320512820512825,34.260897435897441,34.508547008547005,33.818376068376061,18.350427350427353,18.350427350427353,null,0.82051282051282048,0.79487179487179482,0.77777777777777779,0.76068376068376065,0.74358974358974361,0.72649572649572647,0.38632478632478634,0.93,0.94,0.95,0.96,0.97,0.98,1,0.98691588785046813,0.9560747663551401,0.97710280373831782,0.99813084112149542,0.97570093457943929,0.95327102803738317,0,36.246153846153845,{"$f":"Z11*E11+($A$4-80)*AG11*$A$8/1000","v":35.491025641025637},{"$f":"AA11*G11+($A$4-80)*AH11*$A$8/1000","v":35.097222222222221},{"$f":"AB11*I11+($A$4-80)*AI11*$A$8/1000","v":34.687179487179485},34.260897435897441,33.818376068376061,18.350427350427353]
[1825,71,52.371794871794876,30.899358974358975,{"$f":"S12*$E$13","v":50.341880341880341},30.205128205128204,49.123931623931625,29.719978632478632,47.905982905982903,29.222649572649569,46.891025641025642,28.837980769230768,45.876068376068375,28.443162393162392,21.111111111111111,19,null,1.1025641025641026,1.0598290598290598,1.0341880341880343,1.0085470085470085,0.98717948717948723,0.96581196581196582,0.44444444444444442,0.59,0.6,0.60499999999999998,0.61,0.61499999999999999,0.62,0.9,0.91890410958904067,0.95123287671232848,0.96054794520547915,0.96986301369862982,0.94931506849315062,0.9287671232876713,0.9117808219178084,{"$f":"Y12*C12+($A$4-80)*AF12*$A$12/1000","v":30.899358974358975},{"$f":"Z12*E12+($A$4-80)*AG12*$A$12/1000","v":30.205128205128204},{"$f":"AA12*G12+($A$4-80)*AH12*$A$12/1000","v":29.719978632478632},{"$f":"AB12*I12+($A$4-80)*AI12*$A$12/1000","v":29.222649572649569},{"$f":"AC12*K12+($A$4-80)*AJ12*$A$12/1000","v":28.837980769230768},{"$f":"AD12*M12+($A$4-80)*AK12*$A$12/1000","v":28.443162393162392},{"$f":"AE12*O12+($A$4-80)*AL12*$A$12/1000","v":19}]
[null,67,49.529914529914535,36.652136752136755,47.5,36.1,46.485042735042732,35.561057692307692,45.470085470085472,35.011965811965815,44.455128205128204,34.674999999999997,43.440170940170937,34.317735042735045,20.786324786324787,20.786324786324787,null,1.0427350427350428,1,0.9786324786324786,0.95726495726495731,0.9358974358974359,0.9145299145299145,0.43760683760683761,0.74,0.76,0.76500000000000001,0.77,0.78,0.79,1,0.86904109589041101,0.96164383561643851,0.94109589041095898,0.92054794520547956,0.92931506849315082,0.93808219178082219,0.25249315068493144,{"$f":"Y13*C13+($A$4-80)*AF13*$A$12/1000","v":36.652136752136755},{"$f":"Z13*E13+($A$4-80)*AG13*$A$12/1000","v":36.1},{"$f":"AA13*G13+($A$4-80)*AH13*$A$12/1000","v":35.561057692307692},{"$f":"AB13*I13+($A$4-80)*AI13*$A$12/1000","v":35.011965811965815},{"$f":"AC13*K13+($A$4-80)*AJ13*$A$12/1000","v":34.674999999999997},{"$f":"AD13*M13+($A$4-80)*AK13*$A$12/1000","v":34.317735042735045},{"$f":"AE13*O13+($A$4-80)*AL13*$A$12/1000","v":20.786324786324787}]
[null,63,47.094017094017097,42.855555555555561,{"$f":"S14*$E$13","v":45.470085470085472},42.287179487179493,44.455128205128204,41.78782051282051,43.440170940170937,41.268162393162385,42.425213675213676,40.728205128205126,41.410256410256409,40.167948717948718,20.623931623931622,20.623931623931622,null,0.99145299145299148,0.95726495726495731,0.9358974358974359,0.9145299145299145,0.89316239316239321,0.87179487179487181,0.43418803418803414,0.91,0.93,0.94,0.95,0.96,0.97,1,0.88986301369863019,0.92054794520547956,0.8999999999999998,0.87945205479452004,0.88684931506849263,0.89424657534246532,0,42.855555555555561,{"$f":"Z14*E14+($A$4-80)*AG14*$A$12/1000","v":42.287179487179493},{"$f":"AA14*G14+($A$4-80)*AH14*$A$12/1000","v":41.78782051282051},41.268162393162385,40.728205128205126,40.167948717948718,20.623931623931622]
[null,59,45.876068376068375,45.876068376068375,44.252136752136757,44.252136752136757,43.440170940170937,43.440170940170937,42.628205128205131,42.628205128205131,41.613247863247864,41.613247863247864,40.598290598290596,40.598290598290596,20.623931623931622,20.623931623931622,null,0.96581196581196582,0.93162393162393164,0.9145299145299145,0.89743589743589747,0.87606837606837606,0.85470085470085466,0.43418803418803414,1,1,1,1,1,1,1,0.37150684931506883,0.23890410958904132,0.17698630136986318,0.11506849315068503,5.7534246575342514E-2,0,0,45.876068376068375,{"$f":"Z15*E15+($A$4-80)*AG15*$A$12/1000","v":44.252136752136757},{"$f":"AA15*G15+($A$4-80)*AH15*$A$12/1000","v":43.440170940170937},42.628205128205131,41.613247863247864,40.598290598290596,20.623931623931622]
[1900,71,52.777777777777779,31.666666666666664,50.341880341880341,30.205128205128204,49.32692307692308,30.089423076923079,48.311965811965806,29.953418803418799,47.297008547008545,29.560630341880341,46.282051282051285,29.157692307692308,21.273504273504273,19.571623931623932,null,1.1111111111111112,1.0598290598290598,1.0384615384615385,1.017094017094017,0.99572649572649574,0.97435897435897434,0.44786324786324783,0.6,0.6,0.61,0.62,0.625,0.63,0.92,0.95789473684210502,0.91368421052631554,0.95789473684210491,1.0021052631578944,0.98105263157894729,0.96000000000000019,0.91010526315789486,{"$f":"Y16*C16+($A$4-80)*AF16*$A$16/1000","v":31.666666666666664},{"$f":"Z16*E16+($A$4-80)*AG16*$A$16/1000","v":30.205128205128204},{"$f":"AA16*G16+($A$4-80)*AH16*$A$16/1000","v":30.089423076923079},{"$f":"AB16*I16+($A$4-80)*AI16*$A$16/1000","v":29.953418803418799},{"$f":"AC16*K16+($A$4-80)*AJ16*$A$16/1000","v":29.560630341880341},{"$f":"AD16*M16+($A$4-80)*AK16*$A$16/1000","v":29.157692307692308},{"$f":"AE16*O16+($A$4-80)*AL16*$A$16/1000","v":19.571623931623932}]
[null,67,49.935897435897438,37.45192307692308,47.905982905982903,36.887606837606839,47.094017094017097,36.497863247863251,46.282051282051285,36.1,45.064102564102562,35.600641025641025,43.846153846153847,35.07692307692308,20.786324786324787,20.786324786324787,null,1.0512820512820513,1.0085470085470085,0.99145299145299148,0.97435897435897434,0.94871794871794868,0.92307692307692313,0.43760683760683761,0.75,0.77,0.77500000000000002,0.78,0.79,0.8,1,0.9063157894736843,0.93157894736842117,0.91578947368421071,0.90000000000000013,0.90473684210526328,0.90947368421052655,0.21557894736842098,{"$f":"Y17*C17+($A$4-80)*AF17*$A$16/1000","v":37.45192307692308},{"$f":"Z17*E17+($A$4-80)*AG17*$A$16/1000","v":36.887606837606839},{"$f":"AA17*G17+($A$4-80)*AH17*$A$16/1000","v":36.497863247863251},{"$f":"AB17*I17+($A$4-80)*AI17*$A$16/1000","v":36.1},{"$f":"AC17*K17+($A$4-80)*AJ17*$A$16/1000","v":35.600641025641025},{"$f":"AD17*M17+($A$4-80)*AK17*$A$16/1000","v":35.07692307692308},{"$f":"AE17*O17+($A$4-80)*AL17*$A$16/1000","v":20.786324786324787}]
[null,63,47.5,43.7,45.876068376068375,43.123504273504267,44.861111111111107,42.61805555555555,43.846153846153847,42.092307692307692,42.831196581196579,41.546260683760678,41.816239316239319,40.979914529914531,20.786324786324787,20.786324786324787,null,1,0.96581196581196582,0.94444444444444442,0.92307692307692313,0.90170940170940173,0.88034188034188032,0.43760683760683761,0.92,0.94,0.95,0.96,0.97,0.98,1,0.86210526315789493,0.89210526315789418,0.87236842105263102,0.85263157894736774,0.83289473684210502,0.8131578947368423,0,43.7,{"$f":"Z18*E18+($A$4-80)*AG18*$A$16/1000","v":43.123504273504267},{"$f":"AA18*G18+($A$4-80)*AH18*$A$16/1000","v":42.61805555555555},42.092307692307692,41.546260683760678,40.979914529914531,20.786324786324787]
[null,59,46.282051282051285,46.282051282051285,44.658119658119659,44.658119658119659,43.846153846153847,43.846153846153847,43.034188034188034,43.034188034188034,42.222222222222221,42.222222222222221,41.410256410256409,41.410256410256409,20.786324786324787,20.786324786324787,null,0.97435897435897434,0.94017094017094016,0.92307692307692313,0.90598290598290598,0.88888888888888884,0.87179487179487181,0.43760683760683761,1,1,1,1,1,1,1,0.30000000000000027,0.17368421052631597,0.11473684210526328,5.5789473684210576E-2,2.7894736842105288E-2,0,0,46.282051282051285,{"$f":"Z19*E19+($A$4-80)*AG19*$A$16/1000","v":44.658119658119659},{"$f":"AA19*G19+($A$4-80)*AH19*$A$16/1000","v":43.846153846153847},43.034188034188034,42.222222222222221,41.410256410256409,20.786324786324787]

{"sheet":"SL18XC_24","index":16,"n_rows":19,"n_cols":45,"rows_kept":19,"cut":false,"hidden":true,"merged":[[130,0,133,0],[120,12,121,12],[120,13,121,13],[120,14,121,14],[120,15,121,15],[122,0,125,0],[126,0,129,0],[119,12,119,13],[119,14,119,15],[120,4,121,4],[120,5,121,5],[120,6,121,6],[120,7,121,7],[120,8,121,8],[120,9,121,9],[120,10,121,10],[120,11,121,11],[119,0,121,0],[119,1,121,1],[119,4,119,5],[119,6,119,7],[119,8,119,9],[119,10,119,11],[111,0,114,0],[117,0,118,1],[117,4,117,15],[118,4,118,5],[118,6,118,7],[118,8,118,9],[118,10,118,11],[118,12,118,13],[118,14,118,15],[101,12,102,12],[101,13,102,13],[101,14,102,14],[101,15,102,15],[103,0,106,0],[107,0,110,0],[100,12,100,13],[100,14,100,15],[101,4,102,4],[101,5,102,5],[101,6,102,6],[101,7,102,7],[101,8,102,8],[101,9,102,9],[101,10,102,10],[101,11,102,11],[100,0,102,0],[100,1,102,1],[100,4,100,5],[100,6,100,7],[100,8,100,9],[100,10,100,11],[92,0,95,0],[98,0,99,1],[98,4,98,15],[99,4,99,5],[99,6,99,7],[99,8,99,9],[99,10,99,11],[99,12,99,13],[99,14,99,15],[82,12,83,12],[82,13,83,13],[82,14,83,14],[82,15,83,15],[84,0,87,0],[88,0,91,0],[81,12,81,13],[81,14,81,15],[82,4,83,4],[82,5,83,5],[82,6,83,6],[82,7,83,7],[82,8,83,8],[82,9,83,9],[82,10,83,10],[82,11,83,11],[81,0,83,0],[81,1,83,1],[81,4,81,5],[81,6,81,7],[81,8,81,9],[81,10,81,11],[73,0,76,0],[79,0,80,1],[79,4,79,15],[80,4,80,5],[80,6,80,7],[80,8,80,9],[80,10,80,11],[80,12,80,13],[80,14,80,15],[63,12,64,12],[63,13,64,13],[63,14,64,14],[63,15,64,15],[65,0,68,0],[69,0,72,0],[62,12,62,13],[62,14,62,15],[63,4,64,4],[63,5,64,5],[63,6,64,6],[63,7,64,7],[63,8,64,8],[63,9,64,9],[63,10,64,10],[63,11,64,11],[62,0,64,0],[62,1,64,1],[62,4,62,5],[62,6,62,7],[62,8,62,9],[62,10,62,11],[54,0,57,0],[60,0,61,1],[60,4,60,15],[61,4,61,5],[61,6,61,7],[61,8,61,9],[61,10,61,11],[61,12,61,13],[61,14,61,15],[44,12,45,12],[44,13,45,13],[44,14,45,14],[44,15,45,15],[46,0,49,0],[50,0,53,0],[43,12,43,13],[43,14,43,15],[44,4,45,4],[44,5,45,5],[44,6,45,6],[44,7,45,7],[44,8,45,8],[44,9,45,9],[44,10,45,10],[44,11,45,11],[43,0,45,0],[43,1,45,1],[43,4,43,5],[43,6,43,7],[43,8,43,9],[43,10,43,11],[35,0,38,0],[41,0,42,1],[41,4,41,15],[42,4,42,5],[42,6,42,7],[42,8,42,9],[42,10,42,11],[42,12,42,13],[42,14,42,15],[25,12,26,12],[25,13,26,13],[25,14,26,14],[25,15,26,15],[27,0,30,0],[31,0,34,0],[24,12,24,13],[24,14,24,15],[25,4,26,4],[25,5,26,5],[25,6,26,6],[25,7,26,7],[25,8,26,8],[25,9,26,9],[25,10,26,10],[25,11,26,11],[24,0,26,0],[24,1,26,1],[24,4,24,5],[24,6,24,7],[24,8,24,9],[24,10,24,11],[7,0,10,0],[11,0,14,0],[15,0,18,0],[22,4,22,15],[23,4,23,5],[23,6,23,7],[23,8,23,9],[23,10,23,11],[23,12,23,13],[23,14,23,15],[5,10,6,10],[5,11,6,11],[5,12,6,12],[5,13,6,13],[5,14,6,14],[5,15,6,15],[4,10,4,11],[4,12,4,13],[4,14,4,15],[5,2,6,2],[5,3,6,3],[5,4,6,4],[5,5,6,5],[5,6,6,6],[5,7,6,7],[5,8,6,8],[4,0,6,0],[4,1,6,1],[4,2,4,3],[4,4,4,5],[4,6,4,7],[4,8,4,9],[5,9,6,9],[2,0,2,1],[2,2,2,15],[3,2,3,3],[3,4,3,5],[3,6,3,7],[3,8,3,9],[3,10,3,11],[3,12,3,13],[3,14,3,15]]}
[]
["SL18XC_24"]
["Evaporator Air \n",null,"Condenser  Entering Air Temperature ˚F"]
[80,"°F DB",85,null,95,null,100,null,105,null,110,null,115,null,125]
["CFM","EWB†\n˚F","Capacity Mbtuh",null,"Capacity Mbtuh",null,"Capacity Mbtuh",null,"Capacity Mbtuh",null,"Capacity Mbtuh",null,"Capacity Mbtuh",null,"Capacity Mbtuh"]
[null,null,"Total","Sens.","Total","Sens.","Total","Sens.","Total","Sens.","Total","Sens.","Total","Sens.","Total","Sens."]
[null,null,null,null,null,null,null,null,null,null,null,null,null,null,null,null,null,"Total Factors",null,null,null,null,null,null,"Sens. %",null,null,null,null,null,null,"IDB Adj",null,null,null,null,null,null,"Sens Calc"]
[700,71,{"$f":"R8*$E$13","v":50.720338983050837},{"$f":"IF(AM8>C8,C8,AM8)","v":29.924999999999994},{"$f":"S8*$E$13","v":48.305084745762713},{"$f":"IF(AN8>E8,E8,AN8)","v":28.983050847457626},{"$f":"T8*$E$13","v":47.298728813559315},{"$f":"IF(AO8>G8,G8,AO8)","v":28.615730932203384},{"$f":"U8*$E$13","v":46.292372881355931},{"$f":"IF(AP8>I8,I8,AP8)","v":28.238347457627118},{"$f":"V8*$E$13","v":44.883474576271183},{"$f":"IF(AQ8>K8,K8,AQ8)","v":27.827754237288133},{"$f":"W8*$E$13","v":43.474576271186443},{"$f":"IF(AR8>M8,M8,AR8)","v":27.388983050847461},{"$f":"X8*$E$13","v":40.656779661016948},{"$f":"IF(AS8>O8,O8,AS8)","v":26.020338983050848},null,1.0677966101694913,1.0169491525423728,0.99576271186440668,0.97457627118644063,0.94491525423728806,0.9152542372881356,0.85593220338983045,0.59,0.6,0.60499999999999998,0.61,0.62,0.63,0.64,0.86399999999999999,0.89142857142857146,0.872857142857143,0.85428571428571443,0.85914285714285732,0.86400000000000021,0.80800000000000016,{"$f":"Y8*C8+($A$4-80)*AF8*$A$8/1000","v":29.924999999999994},{"$f":"Z8*E8+($A$4-80)*AG8*$A$8/1000","v":28.983050847457626},{"$f":"AA8*G8+($A$4-80)*AH8*$A$8/1000","v":28.615730932203384},{"$f":"AB8*I8+($A$4-80)*AI8*$A$8/1000","v":28.238347457627118},{"$f":"AC8*K8+($A$4-80)*AJ8*$A$8/1000","v":27.827754237288133},{"$f":"AD8*M8+($A$4-80)*AK8*$A$8/1000","v":27.388983050847461},{"$f":"AE8*O8+($A$4-80)*AL8*$A$8/1000","v":26.020338983050848}]
[null,67,48.305084745762713,35.262711864406782,{"$f":"S9*$E$13","v":46.292372881355931},{"$f":"IF(AN9>E9,E9,AN9)","v":34.256355932203391},45.084745762711862,{"$f":"IF(AO9>G9,G9,AO9)","v":33.813559322033896},43.877118644067792,{"$f":"IF(AP9>I9,I9,AP9)","v":33.34661016949152},42.66949152542373,{"$f":"IF(AQ9>K9,K9,AQ9)","v":32.855508474576276},41.461864406779661,{"$f":"IF(AR9>M9,M9,AR9)","v":32.340254237288136},38.442796610169495,{"$f":"IF(AS9>O9,O9,AS9)","v":30.754237288135599},null,1.0169491525423728,0.97457627118644063,0.94915254237288127,0.92372881355932202,0.89830508474576276,0.8728813559322034,0.80932203389830515,0.73,0.74,0.75,0.76,0.77,0.78,0.8,0.82285714285714273,0.78857142857142848,0.83028571428571429,0.87200000000000011,0.84800000000000009,0.82400000000000007,0.76400000000000001,{"$f":"Y9*C9+($A$4-80)*AF9*$A$8/1000","v":35.262711864406782},{"$f":"Z9*E9+($A$4-80)*AG9*$A$8/1000","v":34.256355932203391},{"$f":"AA9*G9+($A$4-80)*AH9*$A$8/1000","v":33.813559322033896},{"$f":"AB9*I9+($A$4-80)*AI9*$A$8/1000","v":33.34661016949152},{"$f":"AC9*K9+($A$4-80)*AJ9*$A$8/1000","v":32.855508474576276},{"$f":"AD9*M9+($A$4-80)*AK9*$A$8/1000","v":32.340254237288136},{"$f":"AE9*O9+($A$4-80)*AL9*$A$8/1000","v":30.754237288135599}]
[null,63,45.487288135593218,39.5739406779661,{"$f":"S10*$E$13","v":43.474576271186443},38.692372881355936,42.468220338983052,38.433739406779665,41.461864406779661,38.14491525423729,40.254237288135592,37.637711864406782,39.046610169491522,37.094279661016948,36.430084745762713,35.701483050847457,null,0.9576271186440678,0.9152542372881356,0.89406779661016955,0.8728813559322034,0.84745762711864403,0.82203389830508466,0.76694915254237295,0.87,0.89,0.90500000000000003,0.92,0.93500000000000005,0.95,0.98,0.77485714285714291,0.80228571428571449,0.81314285714285728,0.82400000000000007,0.8277142857142854,0.83142857142857085,0.77571428571428591,39.5739406779661,{"$f":"Z10*E10+($A$4-80)*AG10*$A$8/1000","v":38.692372881355936},{"$f":"AA10*G10+($A$4-80)*AH10*$A$8/1000","v":38.433739406779665},38.14491525423729,37.637711864406782,37.094279661016948,35.701483050847457]
[null,59,43.877118644067792,43.877118644067792,{"$f":"S11*$E$13","v":42.266949152542374},42.266949152542374,41.461864406779661,41.461864406779661,40.656779661016948,40.656779661016948,39.650423728813557,39.650423728813557,38.644067796610166,38.644067796610166,36.430084745762713,36.430084745762713,null,0.92372881355932202,0.88983050847457623,0.8728813559322034,0.85593220338983045,0.83474576271186429,0.81355932203389825,0.76694915254237295,1,1,1,1,1,1,1,0.56057142857142839,0.41999999999999965,0.3542857142857142,0.28857142857142881,0.19914285714285732,0.10971428571428581,0,43.877118644067792,{"$f":"Z11*E11+($A$4-80)*AG11*$A$8/1000","v":42.266949152542374},{"$f":"AA11*G11+($A$4-80)*AH11*$A$8/1000","v":41.461864406779661},{"$f":"AB11*I11+($A$4-80)*AI11*$A$8/1000","v":40.656779661016948},39.650423728813557,38.644067796610166,36.430084745762713]
[800,71,51.927966101694913,31.676059322033897,{"$f":"S12*$E$13","v":49.915254237288131},30.947457627118641,48.707627118644076,30.442266949152547,47.5,29.925000000000001,46.091101694915245,29.267849576271182,44.682203389830505,28.596610169491523,41.461864406779661,27.364830508474576,null,1.0932203389830508,1.0508474576271185,1.0254237288135595,1,0.97033898305084731,0.94067796610169485,0.8728813559322034,0.61,0.62,0.625,0.63,0.63500000000000001,0.64,0.66,0.83850000000000002,0.80600000000000005,0.81600000000000017,0.82600000000000029,0.8015000000000001,0.77700000000000002,0.77250000000000019,{"$f":"Y12*C12+($A$4-80)*AF12*$A$12/1000","v":31.676059322033897},{"$f":"Z12*E12+($A$4-80)*AG12*$A$12/1000","v":30.947457627118641},{"$f":"AA12*G12+($A$4-80)*AH12*$A$12/1000","v":30.442266949152547},{"$f":"AB12*I12+($A$4-80)*AI12*$A$12/1000","v":29.925000000000001},{"$f":"AC12*K12+($A$4-80)*AJ12*$A$12/1000","v":29.267849576271182},{"$f":"AD12*M12+($A$4-80)*AK12*$A$12/1000","v":28.596610169491523},{"$f":"AE12*O12+($A$4-80)*AL12*$A$12/1000","v":27.364830508474576}]
[null,67,49.512711864406775,37.134533898305079,47.5,36.1,46.292372881355931,35.645127118644069,45.084745762711862,35.166101694915255,43.675847457627114,34.503919491525423,42.266949152542374,33.813559322033903,39.449152542372879,32.742796610169485,null,1.0423728813559321,1,0.97457627118644063,0.94915254237288127,0.9194915254237287,0.88983050847457623,0.83050847457627119,0.75,0.76,0.77,0.78,0.79,0.8,0.83,0.7995000000000001,0.76700000000000024,0.77550000000000008,0.78400000000000003,0.75950000000000006,0.7350000000000001,0.7839999999999997,{"$f":"Y13*C13+($A$4-80)*AF13*$A$12/1000","v":37.134533898305079},{"$f":"Z13*E13+($A$4-80)*AG13*$A$12/1000","v":36.1},{"$f":"AA13*G13+($A$4-80)*AH13*$A$12/1000","v":35.645127118644069},{"$f":"AB13*I13+($A$4-80)*AI13*$A$12/1000","v":35.166101694915255},{"$f":"AC13*K13+($A$4-80)*AJ13*$A$12/1000","v":34.503919491525423},{"$f":"AD13*M13+($A$4-80)*AK13*$A$12/1000","v":33.813559322033903},{"$f":"AE13*O13+($A$4-80)*AL13*$A$12/1000","v":32.742796610169485}]
[null,63,47.097457627118636,42.858686440677964,{"$f":"S14*$E$13","v":44.682203389830505},41.554449152542375,43.675847457627114,41.055296610169485,42.669491525423723,40.536016949152533,41.461864406779661,40.010699152542372,40.254237288135592,39.449152542372879,37.83898305084746,37.83898305084746,null,0.99152542372881347,0.94067796610169485,0.9194915254237287,0.89830508474576265,0.8728813559322034,0.84745762711864403,0.79661016949152541,0.91,0.93,0.94,0.95,0.96499999999999997,0.98,1,0.81899999999999995,0.77700000000000002,0.75949999999999984,0.74199999999999955,0.74599999999999977,0.75000000000000011,0.65800000000000014,42.858686440677964,{"$f":"Z14*E14+($A$4-80)*AG14*$A$12/1000","v":41.554449152542375},{"$f":"AA14*G14+($A$4-80)*AH14*$A$12/1000","v":41.055296610169485},40.536016949152533,40.010699152542372,39.449152542372879,37.83898305084746]
[null,59,45.889830508474574,45.889830508474574,44.279661016949149,44.279661016949149,43.273305084745758,43.273305084745758,42.266949152542374,42.266949152542374,41.260593220338976,41.260593220338976,40.254237288135592,40.254237288135592,37.637711864406775,37.637711864406775,null,0.96610169491525422,0.93220338983050843,0.91101694915254228,0.88983050847457623,0.86864406779661008,0.84745762711864403,0.79237288135593209,1,1,1,1,1,1,1,0.3420000000000003,0.2200000000000002,0.16250000000000014,0.10500000000000009,5.2500000000000047E-2,0,0,45.889830508474574,{"$f":"Z15*E15+($A$4-80)*AG15*$A$12/1000","v":44.279661016949149},{"$f":"AA15*G15+($A$4-80)*AH15*$A$12/1000","v":43.273305084745758},42.266949152542374,41.260593220338976,40.254237288135592,37.637711864406775]
[900,71,53.135593220338976,32.944067796610163,51.122881355932194,32.207415254237283,49.713983050847453,31.568379237288134,48.305084745762713,30.915254237288138,46.896186440677965,30.482521186440678,45.487288135593218,30.021610169491524,42.266949152542374,28.741525423728817,null,1.1186440677966101,1.0762711864406778,1.0466101694915253,1.0169491525423728,0.98728813559322026,0.9576271186440678,0.88983050847457623,0.62,0.63,0.63500000000000001,0.64,0.65,0.66,0.68,0.76266666666666671,0.73377777777777775,0.74022222222222223,0.7466666666666667,0.75000000000000011,0.75333333333333352,0.74666666666666681,{"$f":"Y16*C16+($A$4-80)*AF16*$A$16/1000","v":32.944067796610163},{"$f":"Z16*E16+($A$4-80)*AG16*$A$16/1000","v":32.207415254237283},{"$f":"AA16*G16+($A$4-80)*AH16*$A$16/1000","v":31.568379237288134},{"$f":"AB16*I16+($A$4-80)*AI16*$A$16/1000","v":30.915254237288138},{"$f":"AC16*K16+($A$4-80)*AJ16*$A$16/1000","v":30.482521186440678},{"$f":"AD16*M16+($A$4-80)*AK16*$A$16/1000","v":30.021610169491524},{"$f":"AE16*O16+($A$4-80)*AL16*$A$16/1000","v":28.741525423728817}]
[null,67,50.720338983050837,39.054661016949147,48.305084745762713,38.161016949152547,47.097457627118636,37.677966101694913,45.889830508474574,37.170762711864406,44.480932203389834,36.474364406779664,43.072033898305079,35.749788135593214,40.052966101694906,34.846080508474572,null,1.0677966101694913,1.0169491525423728,0.99152542372881347,0.96610169491525422,0.93644067796610175,0.90677966101694907,0.84322033898305071,0.77,0.79,0.8,0.81,0.82000000000000006,0.83,0.87,0.78400000000000003,0.80000000000000016,0.78000000000000014,0.76000000000000012,0.76044444444444426,0.7608888888888885,0.79600000000000015,{"$f":"Y17*C17+($A$4-80)*AF17*$A$16/1000","v":39.054661016949147},{"$f":"Z17*E17+($A$4-80)*AG17*$A$16/1000","v":38.161016949152547},{"$f":"AA17*G17+($A$4-80)*AH17*$A$16/1000","v":37.677966101694913},{"$f":"AB17*I17+($A$4-80)*AI17*$A$16/1000","v":37.170762711864406},{"$f":"AC17*K17+($A$4-80)*AJ17*$A$16/1000","v":36.474364406779664},{"$f":"AD17*M17+($A$4-80)*AK17*$A$16/1000","v":35.749788135593214},{"$f":"AE17*O17+($A$4-80)*AL17*$A$16/1000","v":34.846080508474572}]
[null,63,47.902542372881356,45.028389830508473,45.889830508474574,44.054237288135589,44.883474576271183,43.536970338983046,43.877118644067792,42.999576271186434,42.66949152542373,42.242796610169492,41.461864406779661,41.461864406779661,39.046610169491522,39.046610169491522,null,1.0084745762711864,0.96610169491525422,0.94491525423728806,0.92372881355932202,0.89830508474576276,0.8728813559322034,0.82203389830508466,0.94,0.96,0.97,0.98,0.99,1,1,0.793333333333333,0.75999999999999956,0.74333333333333318,0.72666666666666679,0.68377777777777782,0.64088888888888895,0.4742222222222221,45.028389830508473,{"$f":"Z18*E18+($A$4-80)*AG18*$A$16/1000","v":44.054237288135589},{"$f":"AA18*G18+($A$4-80)*AH18*$A$16/1000","v":43.536970338983046},42.999576271186434,42.242796610169492,41.461864406779661,39.046610169491522]
[null,59,47.5,47.5,45.487288135593218,45.487288135593218,44.682203389830512,44.682203389830512,43.877118644067792,43.877118644067792,42.66949152542373,42.66949152542373,41.461864406779661,41.461864406779661,38.845338983050844,38.845338983050844,null,1,0.9576271186440678,0.94067796610169496,0.92372881355932202,0.89830508474576276,0.8728813559322034,0.81779661016949146,1,1,1,1,1,1,1,0.15733333333333346,5.0222222222222272E-2,2.5111111111111136E-2,0,0,0,0,47.5,{"$f":"Z19*E19+($A$4-80)*AG19*$A$16/1000","v":45.487288135593218},{"$f":"AA19*G19+($A$4-80)*AH19*$A$16/1000","v":44.682203389830512},43.877118644067792,42.66949152542373,41.461864406779661,38.845338983050844]

{"sheet":"SL18XC_30","index":17,"n_rows":19,"n_cols":45,"rows_kept":19,"cut":false,"hidden":true,"merged":[[130,0,133,0],[120,12,121,12],[120,13,121,13],[120,14,121,14],[120,15,121,15],[122,0,125,0],[126,0,129,0],[119,12,119,13],[119,14,119,15],[120,4,121,4],[120,5,121,5],[120,6,121,6],[120,7,121,7],[120,8,121,8],[120,9,121,9],[120,10,121,10],[120,11,121,11],[119,0,121,0],[119,1,121,1],[119,4,119,5],[119,6,119,7],[119,8,119,9],[119,10,119,11],[111,0,114,0],[117,0,118,1],[117,4,117,15],[118,4,118,5],[118,6,118,7],[118,8,118,9],[118,10,118,11],[118,12,118,13],[118,14,118,15],[101,12,102,12],[101,13,102,13],[101,14,102,14],[101,15,102,15],[103,0,106,0],[107,0,110,0],[100,12,100,13],[100,14,100,15],[101,4,102,4],[101,5,102,5],[101,6,102,6],[101,7,102,7],[101,8,102,8],[101,9,102,9],[101,10,102,10],[101,11,102,11],[100,0,102,0],[100,1,102,1],[100,4,100,5],[100,6,100,7],[100,8,100,9],[100,10,100,11],[92,0,95,0],[98,0,99,1],[98,4,98,15],[99,4,99,5],[99,6,99,7],[99,8,99,9],[99,10,99,11],[99,12,99,13],[99,14,99,15],[82,12,83,12],[82,13,83,13],[82,14,83,14],[82,15,83,15],[84,0,87,0],[88,0,91,0],[81,12,81,13],[81,14,81,15],[82,4,83,4],[82,5,83,5],[82,6,83,6],[82,7,83,7],[82,8,83,8],[82,9,83,9],[82,10,83,10],[82,11,83,11],[81,0,83,0],[81,1,83,1],[81,4,81,5],[81,6,81,7],[81,8,81,9],[81,10,81,11],[73,0,76,0],[79,0,80,1],[79,4,79,15],[80,4,80,5],[80,6,80,7],[80,8,80,9],[80,10,80,11],[80,12,80,13],[80,14,80,15],[63,12,64,12],[63,13,64,13],[63,14,64,14],[63,15,64,15],[65,0,68,0],[69,0,72,0],[62,12,62,13],[62,14,62,15],[63,4,64,4],[63,5,64,5],[63,6,64,6],[63,7,64,7],[63,8,64,8],[63,9,64,9],[63,10,64,10],[63,11,64,11],[62,0,64,0],[62,1,64,1],[62,4,62,5],[62,6,62,7],[62,8,62,9],[62,10,62,11],[54,0,57,0],[60,0,61,1],[60,4,60,15],[61,4,61,5],[61,6,61,7],[61,8,61,9],[61,10,61,11],[61,12,61,13],[61,14,61,15],[44,12,45,12],[44,13,45,13],[44,14,45,14],[44,15,45,15],[46,0,49,0],[50,0,53,0],[43,12,43,13],[43,14,43,15],[44,4,45,4],[44,5,45,5],[44,6,45,6],[44,7,45,7],[44,8,45,8],[44,9,45,9],[44,10,45,10],[44,11,45,11],[43,0,45,0],[43,1,45,1],[43,4,43,5],[43,6,43,7],[43,8,43,9],[43,10,43,11],[35,0,38,0],[41,0,42,1],[41,4,41,15],[42,4,42,5],[42,6,42,7],[42,8,42,9],[42,10,42,11],[42,12,42,13],[42,14,42,15],[25,12,26,12],[25,13,26,13],[25,14,26,14],[25,15,26,15],[27,0,30,0],[31,0,34,0],[24,12,24,13],[24,14,24,15],[25,4,26,4],[25,5,26,5],[25,6,26,6],[25,7,26,7],[25,8,26,8],[25,9,26,9],[25,10,26,10],[25,11,26,11],[24,0,26,0],[24,1,26,1],[24,4,24,5],[24,6,24,7],[24,8,24,9],[24,10,24,11],[7,0,10,0],[11,0,14,0],[15,0,18,0],[22,4,22,15],[23,4,23,5],[23,6,23,7],[23,8,23,9],[23,10,23,11],[23,12,23,13],[23,14,23,15],[5,10,6,10],[5,11,6,11],[5,12,6,12],[5,13,6,13],[5,14,6,14],[5,15,6,15],[4,10,4,11],[4,12,4,13],[4,14,4,15],[5,2,6,2],[5,3,6,3],[5,4,6,4],[5,5,6,5],[5,6,6,6],[5,7,6,7],[5,8,6,8],[4,0,6,0],[4,1,6,1],[4,2,4,3],[4,4,4,5],[4,6,4,7],[4,8,4,9],[5,9,6,9],[2,0,2,1],[2,2,2,15],[3,2,3,3],[3,4,3,5],[3,6,3,7],[3,8,3,9],[3,10,3,11],[3,12,3,13],[3,14,3,15]]}
[]
["SL18XC_30"]
["Evaporator Air \n",null,"Condenser  Entering Air Temperature ˚F"]
[80,"°F DB",85,null,95,null,100,null,105,null,110,null,115,null,125]
["CFM","EWB†\n˚F","Capacity Mbtuh",null,"Capacity Mbtuh",null,"Capacity Mbtuh",null,"Capacity Mbtuh",null,"Capacity Mbtuh",null,"Capacity Mbtuh",null,"Capacity Mbtuh"]
[null,null,"Total","Sens.","Total","Sens.","Total","Sens.","Total","Sens.","Total","Sens.","Total","Sens.","Total","Sens."]
[null,null,null,null,null,null,null,null,null,null,null,null,null,null,null,null,null,"Total Factors",null,null,null,null,null,null,"Sens. %",null,null,null,null,null,null,"IDB Adj",null,null,null,null,null,null,"Sens Calc"]
[875,71,{"$f":"R8*$E$13","v":34.057142857142857},{"$f":"IF(AM8>C8,C8,AM8)","v":20.434285714285714},{"$f":"S8*$E$13","v":32.68571428571429},{"$f":"IF(AN8>E8,E8,AN8)","v":19.938285714285715},{"$f":"T8*$E$13","v":31.885714285714283},{"$f":"IF(AO8>G8,G8,AO8)","v":19.609714285714283},{"$f":"U8*$E$13","v":31.085714285714285},{"$f":"IF(AP8>I8,I8,AP8)","v":19.273142857142858},{"$f":"V8*$E$13","v":30.171428571428571},{"$f":"IF(AQ8>K8,K8,AQ8)","v":19.007999999999999},{"$f":"W8*$E$13","v":29.25714285714286},{"$f":"IF(AR8>M8,M8,AR8)","v":18.72457142857143},{"$f":"X8*$E$13","v":27.428571428571427},{"$f":"IF(AS8>O8,O8,AS8)","v":18.102857142857143},null,1.0642857142857143,1.0214285714285716,0.99642857142857133,0.97142857142857142,0.94285714285714284,0.91428571428571437,0.8571428571428571,0.6,0.61,0.61499999999999999,0.62,0.63,0.64,0.66,0.81737142857142864,0.84982857142857149,0.82902857142857145,0.80822857142857152,0.81371428571428583,0.81920000000000004,0.82285714285714295,{"$f":"Y8*C8+($A$4-80)*AF8*$A$8/1000","v":20.434285714285714},{"$f":"Z8*E8+($A$4-80)*AG8*$A$8/1000","v":19.938285714285715},{"$f":"AA8*G8+($A$4-80)*AH8*$A$8/1000","v":19.609714285714283},{"$f":"AB8*I8+($A$4-80)*AI8*$A$8/1000","v":19.273142857142858},{"$f":"AC8*K8+($A$4-80)*AJ8*$A$8/1000","v":19.007999999999999},{"$f":"AD8*M8+($A$4-80)*AK8*$A$8/1000","v":18.72457142857143},{"$f":"AE8*O8+($A$4-80)*AL8*$A$8/1000","v":18.102857142857143}]
[null,67,32.68571428571429,24.187428571428576,{"$f":"S9*$E$13","v":31.085714285714285},{"$f":"IF(AN9>E9,E9,AN9)","v":23.625142857142858},30.400000000000002,{"$f":"IF(AO9>G9,G9,AO9)","v":23.256000000000004},29.714285714285715,{"$f":"IF(AP9>I9,I9,AP9)","v":22.880000000000003},28.914285714285715,{"$f":"IF(AQ9>K9,K9,AQ9)","v":22.697714285714287},28.114285714285717,{"$f":"IF(AR9>M9,M9,AR9)","v":22.491428571428575},26.057142857142857,{"$f":"IF(AS9>O9,O9,AS9)","v":21.366857142857143},null,1.0214285714285716,0.97142857142857142,0.95000000000000007,0.9285714285714286,0.90357142857142858,0.87857142857142867,0.81428571428571428,0.74,0.76,0.76500000000000001,0.77,0.78500000000000003,0.8,0.82,0.78445714285714285,0.80822857142857152,0.79039999999999999,0.77257142857142846,0.80800000000000005,0.84342857142857164,0.78171428571428525,{"$f":"Y9*C9+($A$4-80)*AF9*$A$8/1000","v":24.187428571428576},{"$f":"Z9*E9+($A$4-80)*AG9*$A$8/1000","v":23.625142857142858},{"$f":"AA9*G9+($A$4-80)*AH9*$A$8/1000","v":23.256000000000004},{"$f":"AB9*I9+($A$4-80)*AI9*$A$8/1000","v":22.880000000000003},{"$f":"AC9*K9+($A$4-80)*AJ9*$A$8/1000","v":22.697714285714287},{"$f":"AD9*M9+($A$4-80)*AK9*$A$8/1000","v":22.491428571428575},{"$f":"AE9*O9+($A$4-80)*AL9*$A$8/1000","v":21.366857142857143}]
[null,63,30.857142857142858,27.462857142857143,{"$f":"S10*$E$13","v":29.485714285714288},27.126857142857144,28.800000000000004,26.784000000000002,28.114285714285717,26.427428571428575,27.314285714285713,26.085142857142856,26.514285714285712,25.718857142857139,24.914285714285715,24.665142857142857,null,0.9642857142857143,0.92142857142857149,0.90000000000000013,0.87857142857142867,0.85357142857142854,0.82857142857142851,0.77857142857142858,0.89,0.92,0.92999999999999994,0.94,0.95499999999999996,0.97,0.99,0.80228571428571438,0.82560000000000022,0.80639999999999978,0.78719999999999946,0.79131428571428541,0.79542857142857148,0.74742857142857166,27.462857142857143,{"$f":"Z10*E10+($A$4-80)*AG10*$A$8/1000","v":27.126857142857144},{"$f":"AA10*G10+($A$4-80)*AH10*$A$8/1000","v":26.784000000000002},26.427428571428575,26.085142857142856,25.718857142857139,24.665142857142857]
[null,59,29.942857142857143,29.942857142857143,{"$f":"S11*$E$13","v":29.028571428571428},29.028571428571428,28.342857142857138,28.342857142857138,27.657142857142855,27.657142857142855,27.085714285714285,27.085714285714285,26.514285714285712,26.514285714285712,24.914285714285715,24.914285714285715,null,0.93571428571428572,0.90714285714285714,0.88571428571428557,0.86428571428571421,0.84642857142857142,0.82857142857142851,0.77857142857142858,1,1,1,1,1,1,1,0.41919999999999974,0.29028571428571454,0.22811428571428591,0.16594285714285728,0.10948571428571438,5.3028571428571473E-2,0,29.942857142857143,{"$f":"Z11*E11+($A$4-80)*AG11*$A$8/1000","v":29.028571428571428},{"$f":"AA11*G11+($A$4-80)*AH11*$A$8/1000","v":28.342857142857138},{"$f":"AB11*I11+($A$4-80)*AI11*$A$8/1000","v":27.657142857142855},27.085714285714285,26.514285714285712,24.914285714285715]
[1000,71,34.971428571428575,21.682285714285715,{"$f":"S12*$E$13","v":33.6},21.168000000000003,32.799999999999997,20.827999999999999,32,20.48,31.085714285714285,20.205714285714286,30.171428571428571,19.913142857142859,28.114285714285717,19.117714285714289,null,1.092857142857143,1.05,1.0249999999999999,1,0.97142857142857142,0.94285714285714284,0.87857142857142867,0.62,0.63,0.63500000000000001,0.64,0.65,0.66,0.68,0.79560000000000008,0.82320000000000015,0.80360000000000009,0.78400000000000003,0.78800000000000003,0.79200000000000004,0.78720000000000012,{"$f":"Y12*C12+($A$4-80)*AF12*$A$12/1000","v":21.682285714285715},{"$f":"Z12*E12+($A$4-80)*AG12*$A$12/1000","v":21.168000000000003},{"$f":"AA12*G12+($A$4-80)*AH12*$A$12/1000","v":20.827999999999999},{"$f":"AB12*I12+($A$4-80)*AI12*$A$12/1000","v":20.48},{"$f":"AC12*K12+($A$4-80)*AJ12*$A$12/1000","v":20.205714285714286},{"$f":"AD12*M12+($A$4-80)*AK12*$A$12/1000","v":19.913142857142859},{"$f":"AE12*O12+($A$4-80)*AL12*$A$12/1000","v":19.117714285714289}]
[null,67,33.371428571428574,25.696000000000002,32,24.96,31.2,24.648,30.400000000000002,24.320000000000004,29.485714285714288,24.030857142857144,28.571428571428573,23.714285714285715,26.74285714285714,22.99885714285714,null,1.0428571428571429,1,0.97499999999999998,0.95000000000000007,0.92142857142857149,0.8928571428571429,0.83571428571428563,0.77,0.78,0.79,0.8,0.81499999999999995,0.83,0.86,0.81759999999999999,0.78400000000000003,0.76440000000000008,0.74480000000000013,0.77239999999999986,0.7999999999999996,0.79560000000000008,{"$f":"Y13*C13+($A$4-80)*AF13*$A$12/1000","v":25.696000000000002},{"$f":"Z13*E13+($A$4-80)*AG13*$A$12/1000","v":24.96},{"$f":"AA13*G13+($A$4-80)*AH13*$A$12/1000","v":24.648},{"$f":"AB13*I13+($A$4-80)*AI13*$A$12/1000","v":24.320000000000004},{"$f":"AC13*K13+($A$4-80)*AJ13*$A$12/1000","v":24.030857142857144},{"$f":"AD13*M13+($A$4-80)*AK13*$A$12/1000","v":23.714285714285715},{"$f":"AE13*O13+($A$4-80)*AL13*$A$12/1000","v":22.99885714285714}]
[null,63,31.771428571428572,29.547428571428572,{"$f":"S14*$E$13","v":30.400000000000002},29.184000000000001,29.599999999999998,28.711999999999996,28.8,28.224,28.114285714285717,27.83314285714286,27.428571428571427,27.428571428571427,25.828571428571429,25.828571428571429,null,0.99285714285714288,0.95000000000000007,0.92499999999999993,0.9,0.87857142857142867,0.8571428571428571,0.80714285714285716,0.93,0.96,0.97,0.98,0.99,1,1,0.77840000000000009,0.7979999999999996,0.80219999999999991,0.80640000000000023,0.7632000000000001,0.72000000000000008,0.54239999999999999,29.547428571428572,{"$f":"Z14*E14+($A$4-80)*AG14*$A$12/1000","v":29.184000000000001},{"$f":"AA14*G14+($A$4-80)*AH14*$A$12/1000","v":28.711999999999996},28.224,27.83314285714286,27.428571428571427,25.828571428571429]
[null,59,31.314285714285713,31.314285714285713,29.942857142857143,29.942857142857143,29.37142857142857,29.37142857142857,28.8,28.8,28.114285714285717,28.114285714285717,27.428571428571427,27.428571428571427,25.828571428571429,25.828571428571429,null,0.97857142857142854,0.93571428571428572,0.91785714285714282,0.9,0.87857142857142867,0.8571428571428571,0.80714285714285716,1,1,1,1,1,1,1,0.2192000000000002,0.10480000000000009,5.2400000000000044E-2,0,0,0,0,31.314285714285713,{"$f":"Z15*E15+($A$4-80)*AG15*$A$12/1000","v":29.942857142857143},{"$f":"AA15*G15+($A$4-80)*AH15*$A$12/1000","v":29.37142857142857},28.8,28.114285714285717,27.428571428571427,25.828571428571429]
[1125,71,35.885714285714286,22.966857142857144,34.285714285714285,22.285714285714285,33.371428571428574,21.858285714285717,32.457142857142856,21.421714285714284,31.542857142857144,21.133714285714287,30.62857142857143,20.827428571428573,28.571428571428573,20,null,1.1214285714285714,1.0714285714285714,1.0428571428571429,1.0142857142857142,0.98571428571428577,0.95714285714285718,0.8928571428571429,0.64,0.65,0.65500000000000003,0.66,0.67,0.68,0.7,0.83733333333333348,0.80000000000000016,0.77866666666666684,0.75733333333333341,0.7598222222222224,0.76231111111111127,0.7555555555555552,{"$f":"Y16*C16+($A$4-80)*AF16*$A$16/1000","v":22.966857142857144},{"$f":"Z16*E16+($A$4-80)*AG16*$A$16/1000","v":22.285714285714285},{"$f":"AA16*G16+($A$4-80)*AH16*$A$16/1000","v":21.858285714285717},{"$f":"AB16*I16+($A$4-80)*AI16*$A$16/1000","v":21.421714285714284},{"$f":"AC16*K16+($A$4-80)*AJ16*$A$16/1000","v":21.133714285714287},{"$f":"AD16*M16+($A$4-80)*AK16*$A$16/1000","v":20.827428571428573},{"$f":"AE16*O16+($A$4-80)*AL16*$A$16/1000","v":20}]
[null,67,34.057142857142857,26.905142857142859,32.68571428571429,26.475428571428576,31.771428571428572,26.052571428571433,30.857142857142858,25.611428571428572,29.942857142857143,25.301714285714286,29.028571428571428,24.964571428571428,27.2,24.48,null,1.0642857142857143,1.0214285714285716,0.99285714285714288,0.9642857142857143,0.93571428571428572,0.90714285714285714,0.85,0.79,0.81,0.82000000000000006,0.83,0.84499999999999997,0.86,0.9,0.74168888888888906,0.76266666666666683,0.7653333333333332,0.76799999999999957,0.76782222222222207,0.76764444444444457,0.80391111111111135,{"$f":"Y17*C17+($A$4-80)*AF17*$A$16/1000","v":26.905142857142859},{"$f":"Z17*E17+($A$4-80)*AG17*$A$16/1000","v":26.475428571428576},{"$f":"AA17*G17+($A$4-80)*AH17*$A$16/1000","v":26.052571428571433},{"$f":"AB17*I17+($A$4-80)*AI17*$A$16/1000","v":25.611428571428572},{"$f":"AC17*K17+($A$4-80)*AJ17*$A$16/1000","v":25.301714285714286},{"$f":"AD17*M17+($A$4-80)*AK17*$A$16/1000","v":24.964571428571428},{"$f":"AE17*O17+($A$4-80)*AL17*$A$16/1000","v":24.48}]
[null,63,32.228571428571428,31.261714285714284,31.085714285714285,30.463999999999999,30.400000000000002,30.096,29.714285714285715,29.714285714285715,29.028571428571428,29.028571428571428,28.342857142857145,28.342857142857145,26.514285714285712,26.514285714285712,null,1.0071428571428571,0.97142857142857142,0.95000000000000007,0.9285714285714286,0.90714285714285714,0.88571428571428579,0.82857142857142851,0.97,0.98,0.99,1,1,1,1,0.80213333333333292,0.72533333333333339,0.70933333333333337,0.69333333333333336,0.61119999999999997,0.52906666666666669,0.37119999999999986,31.261714285714284,{"$f":"Z18*E18+($A$4-80)*AG18*$A$16/1000","v":30.463999999999999},{"$f":"AA18*G18+($A$4-80)*AH18*$A$16/1000","v":30.096},29.714285714285715,29.028571428571428,28.342857142857145,26.514285714285712]
[null,59,32.228571428571428,32.228571428571428,31.085714285714285,31.085714285714285,30.400000000000002,30.400000000000002,29.714285714285715,29.714285714285715,28.914285714285715,28.914285714285715,28.114285714285717,28.114285714285717,26.514285714285712,26.514285714285712,null,1.0071428571428571,0.97142857142857142,0.95000000000000007,0.9285714285714286,0.90357142857142858,0.87857142857142867,0.82857142857142851,1,1,1,1,1,1,1,5.0133333333333377E-2,0,0,0,0,0,0,32.228571428571428,{"$f":"Z19*E19+($A$4-80)*AG19*$A$16/1000","v":31.085714285714285},{"$f":"AA19*G19+($A$4-80)*AH19*$A$16/1000","v":30.400000000000002},29.714285714285715,28.914285714285715,28.114285714285717,26.514285714285712]

{"sheet":"SL18XC_36","index":18,"n_rows":19,"n_cols":45,"rows_kept":19,"cut":false,"hidden":true,"merged":[[130,0,133,0],[120,12,121,12],[120,13,121,13],[120,14,121,14],[120,15,121,15],[122,0,125,0],[126,0,129,0],[119,12,119,13],[119,14,119,15],[120,4,121,4],[120,5,121,5],[120,6,121,6],[120,7,121,7],[120,8,121,8],[120,9,121,9],[120,10,121,10],[120,11,121,11],[119,0,121,0],[119,1,121,1],[119,4,119,5],[119,6,119,7],[119,8,119,9],[119,10,119,11],[111,0,114,0],[117,0,118,1],[117,4,117,15],[118,4,118,5],[118,6,118,7],[118,8,118,9],[118,10,118,11],[118,12,118,13],[118,14,118,15],[101,12,102,12],[101,13,102,13],[101,14,102,14],[101,15,102,15],[103,0,106,0],[107,0,110,0],[100,12,100,13],[100,14,100,15],[101,4,102,4],[101,5,102,5],[101,6,102,6],[101,7,102,7],[101,8,102,8],[101,9,102,9],[101,10,102,10],[101,11,102,11],[100,0,102,0],[100,1,102,1],[100,4,100,5],[100,6,100,7],[100,8,100,9],[100,10,100,11],[92,0,95,0],[98,0,99,1],[98,4,98,15],[99,4,99,5],[99,6,99,7],[99,8,99,9],[99,10,99,11],[99,12,99,13],[99,14,99,15],[82,12,83,12],[82,13,83,13],[82,14,83,14],[82,15,83,15],[84,0,87,0],[88,0,91,0],[81,12,81,13],[81,14,81,15],[82,4,83,4],[82,5,83,5],[82,6,83,6],[82,7,83,7],[82,8,83,8],[82,9,83,9],[82,10,83,10],[82,11,83,11],[81,0,83,0],[81,1,83,1],[81,4,81,5],[81,6,81,7],[81,8,81,9],[81,10,81,11],[73,0,76,0],[79,0,80,1],[79,4,79,15],[80,4,80,5],[80,6,80,7],[80,8,80,9],[80,10,80,11],[80,12,80,13],[80,14,80,15],[63,12,64,12],[63,13,64,13],[63,14,64,14],[63,15,64,15],[65,0,68,0],[69,0,72,0],[62,12,62,13],[62,14,62,15],[63,4,64,4],[63,5,64,5],[63,6,64,6],[63,7,64,7],[63,8,64,8],[63,9,64,9],[63,10,64,10],[63,11,64,11],[62,0,64,0],[62,1,64,1],[62,4,62,5],[62,6,62,7],[62,8,62,9],[62,10,62,11],[54,0,57,0],[60,0,61,1],[60,4,60,15],[61,4,61,5],[61,6,61,7],[61,8,61,9],[61,10,61,11],[61,12,61,13],[61,14,61,15],[44,12,45,12],[44,13,45,13],[44,14,45,14],[44,15,45,15],[46,0,49,0],[50,0,53,0],[43,12,43,13],[43,14,43,15],[44,4,45,4],[44,5,45,5],[44,6,45,6],[44,7,45,7],[44,8,45,8],[44,9,45,9],[44,10,45,10],[44,11,45,11],[43,0,45,0],[43,1,45,1],[43,4,43,5],[43,6,43,7],[43,8,43,9],[43,10,43,11],[35,0,38,0],[41,0,42,1],[41,4,41,15],[42,4,42,5],[42,6,42,7],[42,8,42,9],[42,10,42,11],[42,12,42,13],[42,14,42,15],[25,12,26,12],[25,13,26,13],[25,14,26,14],[25,15,26,15],[27,0,30,0],[31,0,34,0],[24,12,24,13],[24,14,24,15],[25,4,26,4],[25,5,26,5],[25,6,26,6],[25,7,26,7],[25,8,26,8],[25,9,26,9],[25,10,26,10],[25,11,26,11],[24,0,26,0],[24,1,26,1],[24,4,24,5],[24,6,24,7],[24,8,24,9],[24,10,24,11],[7,0,10,0],[11,0,14,0],[15,0,18,0],[22,4,22,15],[23,4,23,5],[23,6,23,7],[23,8,23,9],[23,10,23,11],[23,12,23,13],[23,14,23,15],[5,10,6,10],[5,11,6,11],[5,12,6,12],[5,13,6,13],[5,14,6,14],[5,15,6,15],[4,10,4,11],[4,12,4,13],[4,14,4,15],[5,2,6,2],[5,3,6,3],[5,4,6,4],[5,5,6,5],[5,6,6,6],[5,7,6,7],[5,8,6,8],[4,0,6,0],[4,1,6,1],[4,2,4,3],[4,4,4,5],[4,6,4,7],[4,8,4,9],[5,9,6,9],[2,0,2,1],[2,2,2,15],[3,2,3,3],[3,4,3,5],[3,6,3,7],[3,8,3,9],[3,10,3,11],[3,12,3,13],[3,14,3,15]]}
[]
["SL18XC_36"]
["Evaporator Air \n",null,"Condenser  Entering Air Temperature ˚F"]
[80,"°F DB",85,null,95,null,100,null,105,null,110,null,115,null,125]
["CFM","EWB†\n˚F","Capacity Mbtuh",null,"Capacity Mbtuh",null,"Capacity Mbtuh",null,"Capacity Mbtuh",null,"Capacity Mbtuh",null,"Capacity Mbtuh",null,"Capacity Mbtuh"]
[null,null,"Total","Sens.","Total","Sens.","Total","Sens.","Total","Sens.","Total","Sens.","Total","Sens.","Total","Sens."]
[null,null,null,null,null,null,null,null,null,null,null,null,null,null,null,null,null,"Total Factors",null,null,null,null,null,null,"Sens. %",null,null,null,null,null,null,"IDB Adj",null,null,null,null,null,null,"Sens Calc"]
[1050,71,{"$f":"R8*$E$13","v":50.520231213872826},{"$f":"IF(AM8>C8,C8,AM8)","v":30.312138728323696},{"$f":"S8*$E$13","v":48.323699421965316},{"$f":"IF(AN8>E8,E8,AN8)","v":29.477456647398842},{"$f":"T8*$E$13","v":47.088150289017335},{"$f":"IF(AO8>G8,G8,AO8)","v":28.959212427745662},{"$f":"U8*$E$13","v":45.852601156069362},{"$f":"IF(AP8>I8,I8,AP8)","v":28.428612716763006},{"$f":"V8*$E$13","v":44.617052023121389},{"$f":"IF(AQ8>K8,K8,AQ8)","v":28.108742774566476},{"$f":"W8*$E$13","v":43.381502890173408},{"$f":"IF(AR8>M8,M8,AR8)","v":27.76416184971098},{"$f":"X8*$E$13","v":40.635838150289018},{"$f":"IF(AS8>O8,O8,AS8)","v":26.819653179190752},null,1.0635838150289016,1.0173410404624277,0.99132947976878605,0.96531791907514441,0.93930635838150289,0.91329479768786126,0.8554913294797688,0.6,0.61,0.61499999999999999,0.62,0.63,0.64,0.66,0.84114285714285708,0.87161904761904774,0.84933333333333327,0.82704761904761892,0.86495238095238092,0.90285714285714302,0.90209523809523828,{"$f":"Y8*C8+($A$4-80)*AF8*$A$8/1000","v":30.312138728323696},{"$f":"Z8*E8+($A$4-80)*AG8*$A$8/1000","v":29.477456647398842},{"$f":"AA8*G8+($A$4-80)*AH8*$A$8/1000","v":28.959212427745662},{"$f":"AB8*I8+($A$4-80)*AI8*$A$8/1000","v":28.428612716763006},{"$f":"AC8*K8+($A$4-80)*AJ8*$A$8/1000","v":28.108742774566476},{"$f":"AD8*M8+($A$4-80)*AK8*$A$8/1000","v":27.76416184971098},{"$f":"AE8*O8+($A$4-80)*AL8*$A$8/1000","v":26.819653179190752}]
[null,67,48.323699421965316,36.242774566473983,{"$f":"S9*$E$13","v":46.401734104046241},{"$f":"IF(AN9>E9,E9,AN9)","v":35.265317919075144},45.166184971098261,{"$f":"IF(AO9>G9,G9,AO9)","v":34.777962427745663},43.930635838150287,{"$f":"IF(AP9>I9,I9,AP9)","v":34.265895953757223},42.695086705202307,{"$f":"IF(AQ9>K9,K9,AQ9)","v":33.729118497109823},41.459537572254334,{"$f":"IF(AR9>M9,M9,AR9)","v":33.167630057803471},38.713872832369944,{"$f":"IF(AS9>O9,O9,AS9)","v":32.132514450867049},null,1.0173410404624277,0.97687861271676291,0.95086705202312127,0.92485549132947975,0.89884393063583812,0.87283236994219648,0.81502890173410403,0.75,0.76,0.77,0.78,0.79,0.8,0.83,0.87161904761904774,0.83695238095238089,0.8451428571428572,0.85333333333333339,0.85809523809523813,0.86285714285714288,0.85942857142857099,{"$f":"Y9*C9+($A$4-80)*AF9*$A$8/1000","v":36.242774566473983},{"$f":"Z9*E9+($A$4-80)*AG9*$A$8/1000","v":35.265317919075144},{"$f":"AA9*G9+($A$4-80)*AH9*$A$8/1000","v":34.777962427745663},{"$f":"AB9*I9+($A$4-80)*AI9*$A$8/1000","v":34.265895953757223},{"$f":"AC9*K9+($A$4-80)*AJ9*$A$8/1000","v":33.729118497109823},{"$f":"AD9*M9+($A$4-80)*AK9*$A$8/1000","v":33.167630057803471},{"$f":"AE9*O9+($A$4-80)*AL9*$A$8/1000","v":32.132514450867049}]
[null,63,46.127167630057798,41.975722543352596,{"$f":"S10*$E$13","v":44.205202312138731},41.11083815028902,43.106936416184972,40.520520231213872,42.008670520231213,39.908236994219649,40.910404624277454,39.478540462427745,39.812138728323696,39.015895953757223,37.066473988439306,37.066473988439306,null,0.97109826589595372,0.93063583815028905,0.90751445086705207,0.88439306358381509,0.86127167630057799,0.83815028901734101,0.78034682080924855,0.91,0.93,0.94,0.95,0.96499999999999997,0.98,1,0.89600000000000013,0.85866666666666691,0.8664761904761904,0.87428571428571389,0.87904761904761886,0.88380952380952393,0.77142857142857157,41.975722543352596,{"$f":"Z10*E10+($A$4-80)*AG10*$A$8/1000","v":41.11083815028902},{"$f":"AA10*G10+($A$4-80)*AH10*$A$8/1000","v":40.520520231213872},39.908236994219649,39.478540462427745,39.015895953757223,37.066473988439306]
[null,59,45.028901734104039,45.028901734104039,{"$f":"S11*$E$13","v":43.381502890173408},43.381502890173408,42.420520231213871,42.420520231213871,41.459537572254334,41.459537572254334,40.498554913294797,40.498554913294797,39.537572254335259,39.537572254335259,37.066473988439306,37.066473988439306,null,0.94797687861271662,0.91329479768786126,0.89306358381502882,0.87283236994219648,0.85260115606936415,0.83236994219653182,0.78034682080924855,1,1,1,1,1,1,1,0.37485714285714317,0.24076190476190501,0.17790476190476207,0.11504761904761913,5.7523809523809567E-2,0,0,45.028901734104039,{"$f":"Z11*E11+($A$4-80)*AG11*$A$8/1000","v":43.381502890173408},{"$f":"AA11*G11+($A$4-80)*AH11*$A$8/1000","v":42.420520231213871},{"$f":"AB11*I11+($A$4-80)*AI11*$A$8/1000","v":41.459537572254334},40.498554913294797,39.537572254335259,37.066473988439306]
[1200,71,51.893063583815028,32.173699421965317,{"$f":"S12*$E$13","v":49.69653179190751},31.308815028901734,48.46098265895953,30.772723988439303,47.225433526011557,30.224277456647396,45.852601156069362,29.804190751445088,44.47976878612716,29.356647398843926,41.459537572254334,28.19248554913295,null,1.0924855491329479,1.046242774566474,1.0202312138728322,0.9942196531791907,0.96531791907514441,0.93641618497109813,0.87283236994219648,0.62,0.63,0.63500000000000001,0.64,0.65,0.66,0.68,0.81899999999999995,0.84466666666666679,0.82366666666666677,0.80266666666666664,0.83333333333333348,0.86400000000000021,0.8556666666666668,{"$f":"Y12*C12+($A$4-80)*AF12*$A$12/1000","v":32.173699421965317},{"$f":"Z12*E12+($A$4-80)*AG12*$A$12/1000","v":31.308815028901734},{"$f":"AA12*G12+($A$4-80)*AH12*$A$12/1000","v":30.772723988439303},{"$f":"AB12*I12+($A$4-80)*AI12*$A$12/1000","v":30.224277456647396},{"$f":"AC12*K12+($A$4-80)*AJ12*$A$12/1000","v":29.804190751445088},{"$f":"AD12*M12+($A$4-80)*AK12*$A$12/1000","v":29.356647398843926},{"$f":"AE12*O12+($A$4-80)*AL12*$A$12/1000","v":28.19248554913295}]
[null,67,49.69653179190751,38.763294797687863,47.5,37.524999999999999,46.264450867052027,37.01156069364162,45.028901734104039,36.473410404624275,43.793352601156066,36.129515895953752,42.557803468208093,35.748554913294797,39.812138728323696,34.636560693641613,null,1.046242774566474,1,0.97398843930635848,0.94797687861271662,0.9219653179190751,0.89595375722543347,0.83815028901734101,0.78,0.79,0.8,0.81,0.82499999999999996,0.84,0.87,0.90500000000000025,0.86500000000000021,0.84250000000000003,0.82,0.8491666666666664,0.87833333333333297,0.87000000000000022,{"$f":"Y13*C13+($A$4-80)*AF13*$A$12/1000","v":38.763294797687863},{"$f":"Z13*E13+($A$4-80)*AG13*$A$12/1000","v":37.524999999999999},{"$f":"AA13*G13+($A$4-80)*AH13*$A$12/1000","v":37.01156069364162},{"$f":"AB13*I13+($A$4-80)*AI13*$A$12/1000","v":36.473410404624275},{"$f":"AC13*K13+($A$4-80)*AJ13*$A$12/1000","v":36.129515895953752},{"$f":"AD13*M13+($A$4-80)*AK13*$A$12/1000","v":35.748554913294797},{"$f":"AE13*O13+($A$4-80)*AL13*$A$12/1000","v":34.636560693641613}]
[null,63,47.5,44.65,{"$f":"S14*$E$13","v":45.303468208092482},43.944364161849705,44.342485549132938,43.455635838150279,43.381502890173408,42.947687861271675,42.145953757225435,41.935223988439304,40.910404624277454,40.910404624277454,38.439306358381501,38.439306358381501,null,1,0.95375722543352592,0.93352601156069348,0.91329479768786126,0.88728323699421974,0.86127167630057799,0.80924855491329473,0.94,0.97,0.98,0.99,0.995,1,1,0.80733333333333279,0.87999999999999967,0.86133333333333328,0.84266666666666679,0.76900000000000013,0.69533333333333347,0.5133333333333332,44.65,{"$f":"Z14*E14+($A$4-80)*AG14*$A$12/1000","v":43.944364161849705},{"$f":"AA14*G14+($A$4-80)*AH14*$A$12/1000","v":43.455635838150279},42.947687861271675,41.935223988439304,40.910404624277454,38.439306358381501]
[null,59,46.676300578034677,46.676300578034677,45.028901734104039,45.028901734104039,44.067919075144502,44.067919075144502,43.106936416184965,43.106936416184965,42.008670520231213,42.008670520231213,40.910404624277454,40.910404624277454,38.439306358381501,38.439306358381501,null,0.98265895953757221,0.94797687861271662,0.92774566473988418,0.90751445086705196,0.88439306358381509,0.86127167630057799,0.80924855491329473,1,1,1,1,1,1,1,0.11333333333333344,5.4666666666666704E-2,2.7333333333333352E-2,0,0,0,0,46.676300578034677,{"$f":"Z15*E15+($A$4-80)*AG15*$A$12/1000","v":45.028901734104039},{"$f":"AA15*G15+($A$4-80)*AH15*$A$12/1000","v":44.067919075144502},43.106936416184965,42.008670520231213,40.910404624277454,38.439306358381501]
[1350,71,52.854046242774565,33.826589595375722,50.794797687861269,33.016618497109825,49.421965317919074,32.618497109826592,48.049132947976872,32.192919075144509,46.676300578034677,31.506502890173408,45.303468208092482,30.806358381502889,42.283236994219656,30.021098265895954,null,1.1127167630057804,1.0693641618497109,1.0404624277456647,1.0115606936416184,0.98265895953757221,0.95375722543352592,0.89017341040462428,0.64,0.65,0.66,0.67,0.67500000000000004,0.68,0.71,0.85555555555555574,0.8222222222222223,0.82592592592592617,0.82962962962962994,0.83037037037037065,0.83111111111111136,0.86696296296296271,{"$f":"Y16*C16+($A$4-80)*AF16*$A$16/1000","v":33.826589595375722},{"$f":"Z16*E16+($A$4-80)*AG16*$A$16/1000","v":33.016618497109825},{"$f":"AA16*G16+($A$4-80)*AH16*$A$16/1000","v":32.618497109826592},{"$f":"AB16*I16+($A$4-80)*AI16*$A$16/1000","v":32.192919075144509},{"$f":"AC16*K16+($A$4-80)*AJ16*$A$16/1000","v":31.506502890173408},{"$f":"AD16*M16+($A$4-80)*AK16*$A$16/1000","v":30.806358381502889},{"$f":"AE16*O16+($A$4-80)*AL16*$A$16/1000","v":30.021098265895954}]
[null,67,50.794797687861269,40.635838150289018,48.323699421965316,39.625433526011555,47.088150289017335,39.318605491329471,45.852601156069362,38.974710982658955,44.617052023121389,38.370664739884397,43.381502890173408,37.741907514450865,40.361271676300575,36.325144508670519,null,1.0693641618497109,1.0173410404624277,0.99132947976878605,0.96531791907514441,0.93930635838150289,0.91329479768786126,0.8497109826589595,0.8,0.82,0.83499999999999996,0.85,0.86,0.87,0.9,0.8222222222222223,0.8343703703703701,0.83777777777777751,0.84118518518518481,0.84192592592592586,0.8426666666666669,0.82755555555555571,{"$f":"Y17*C17+($A$4-80)*AF17*$A$16/1000","v":40.635838150289018},{"$f":"Z17*E17+($A$4-80)*AG17*$A$16/1000","v":39.625433526011555},{"$f":"AA17*G17+($A$4-80)*AH17*$A$16/1000","v":39.318605491329471},{"$f":"AB17*I17+($A$4-80)*AI17*$A$16/1000","v":38.974710982658955},{"$f":"AC17*K17+($A$4-80)*AJ17*$A$16/1000","v":38.370664739884397},{"$f":"AD17*M17+($A$4-80)*AK17*$A$16/1000","v":37.741907514450865},{"$f":"AE17*O17+($A$4-80)*AL17*$A$16/1000","v":36.325144508670519}]
[null,63,48.598265895953759,47.62630057803468,46.676300578034677,46.209537572254327,45.440751445086704,45.213547687861272,44.205202312138731,44.205202312138731,43.106936416184972,43.106936416184972,42.008670520231213,42.008670520231213,39.537572254335259,39.537572254335259,null,1.023121387283237,0.98265895953757221,0.95664739884393069,0.93063583815028905,0.90751445086705207,0.88439306358381509,0.83236994219653182,0.98,0.99,0.995,1,1,1,1,0.78666666666666674,0.75555555555555554,0.71170370370370373,0.66785185185185203,0.58325925925925937,0.49866666666666659,0.29866666666666647,47.62630057803468,{"$f":"Z18*E18+($A$4-80)*AG18*$A$16/1000","v":46.209537572254327},{"$f":"AA18*G18+($A$4-80)*AH18*$A$16/1000","v":45.213547687861272},44.205202312138731,43.106936416184972,42.008670520231213,39.537572254335259]
[null,59,48.323699421965316,48.323699421965316,46.401734104046241,46.401734104046241,45.303468208092482,45.303468208092482,44.205202312138731,44.205202312138731,43.106936416184972,43.106936416184972,42.008670520231213,42.008670520231213,39.537572254335259,39.537572254335259,null,1.0173410404624277,0.97687861271676291,0.95375722543352592,0.93063583815028905,0.90751445086705207,0.88439306358381509,0.83236994219653182,1,1,1,1,1,1,1,0,0,0,0,0,0,0,48.323699421965316,{"$f":"Z19*E19+($A$4-80)*AG19*$A$16/1000","v":46.401734104046241},{"$f":"AA19*G19+($A$4-80)*AH19*$A$16/1000","v":45.303468208092482},44.205202312138731,43.106936416184972,42.008670520231213,39.537572254335259]

{"sheet":"SL18XC_42","index":19,"n_rows":19,"n_cols":45,"rows_kept":19,"cut":false,"hidden":true,"merged":[[130,0,133,0],[120,12,121,12],[120,13,121,13],[120,14,121,14],[120,15,121,15],[122,0,125,0],[126,0,129,0],[119,12,119,13],[119,14,119,15],[120,4,121,4],[120,5,121,5],[120,6,121,6],[120,7,121,7],[120,8,121,8],[120,9,121,9],[120,10,121,10],[120,11,121,11],[119,0,121,0],[119,1,121,1],[119,4,119,5],[119,6,119,7],[119,8,119,9],[119,10,119,11],[111,0,114,0],[117,0,118,1],[117,4,117,15],[118,4,118,5],[118,6,118,7],[118,8,118,9],[118,10,118,11],[118,12,118,13],[118,14,118,15],[101,12,102,12],[101,13,102,13],[101,14,102,14],[101,15,102,15],[103,0,106,0],[107,0,110,0],[100,12,100,13],[100,14,100,15],[101,4,102,4],[101,5,102,5],[101,6,102,6],[101,7,102,7],[101,8,102,8],[101,9,102,9],[101,10,102,10],[101,11,102,11],[100,0,102,0],[100,1,102,1],[100,4,100,5],[100,6,100,7],[100,8,100,9],[100,10,100,11],[92,0,95,0],[98,0,99,1],[98,4,98,15],[99,4,99,5],[99,6,99,7],[99,8,99,9],[99,10,99,11],[99,12,99,13],[99,14,99,15],[82,12,83,12],[82,13,83,13],[82,14,83,14],[82,15,83,15],[84,0,87,0],[88,0,91,0],[81,12,81,13],[81,14,81,15],[82,4,83,4],[82,5,83,5],[82,6,83,6],[82,7,83,7],[82,8,83,8],[82,9,83,9],[82,10,83,10],[82,11,83,11],[81,0,83,0],[81,1,83,1],[81,4,81,5],[81,6,81,7],[81,8,81,9],[81,10,81,11],[73,0,76,0],[79,0,80,1],[79,4,79,15],[80,4,80,5],[80,6,80,7],[80,8,80,9],[80,10,80,11],[80,12,80,13],[80,14,80,15],[63,12,64,12],[63,13,64,13],[63,14,64,14],[63,15,64,15],[65,0,68,0],[69,0,72,0],[62,12,62,13],[62,14,62,15],[63,4,64,4],[63,5,64,5],[63,6,64,6],[63,7,64,7],[63,8,64,8],[63,9,64,9],[63,10,64,10],[63,11,64,11],[62,0,64,0],[62,1,64,1],[62,4,62,5],[62,6,62,7],[62,8,62,9],[62,10,62,11],[54,0,57,0],[60,0,61,1],[60,4,60,15],[61,4,61,5],[61,6,61,7],[61,8,61,9],[61,10,61,11],[61,12,61,13],[61,14,61,15],[44,12,45,12],[44,13,45,13],[44,14,45,14],[44,15,45,15],[46,0,49,0],[50,0,53,0],[43,12,43,13],[43,14,43,15],[44,4,45,4],[44,5,45,5],[44,6,45,6],[44,7,45,7],[44,8,45,8],[44,9,45,9],[44,10,45,10],[44,11,45,11],[43,0,45,0],[43,1,45,1],[43,4,43,5],[43,6,43,7],[43,8,43,9],[43,10,43,11],[35,0,38,0],[41,0,42,1],[41,4,41,15],[42,4,42,5],[42,6,42,7],[42,8,42,9],[42,10,42,11],[42,12,42,13],[42,14,42,15],[25,12,26,12],[25,13,26,13],[25,14,26,14],[25,15,26,15],[27,0,30,0],[31,0,34,0],[24,12,24,13],[24,14,24,15],[25,4,26,4],[25,5,26,5],[25,6,26,6],[25,7,26,7],[25,8,26,8],[25,9,26,9],[25,10,26,10],[25,11,26,11],[24,0,26,0],[24,1,26,1],[24,4,24,5],[24,6,24,7],[24,8,24,9],[24,10,24,11],[7,0,10,0],[11,0,14,0],[15,0,18,0],[22,4,22,15],[23,4,23,5],[23,6,23,7],[23,8,23,9],[23,10,23,11],[23,12,23,13],[23,14,23,15],[5,10,6,10],[5,11,6,11],[5,12,6,12],[5,13,6,13],[5,14,6,14],[5,15,6,15],[4,10,4,11],[4,12,4,13],[4,14,4,15],[5,2,6,2],[5,3,6,3],[5,4,6,4],[5,5,6,5],[5,6,6,6],[5,7,6,7],[5,8,6,8],[4,0,6,0],[4,1,6,1],[4,2,4,3],[4,4,4,5],[4,6,4,7],[4,8,4,9],[5,9,6,9],[2,0,2,1],[2,2,2,15],[3,2,3,3],[3,4,3,5],[3,6,3,7],[3,8,3,9],[3,10,3,11],[3,12,3,13],[3,14,3,15]]}
[]
["SL18XC_42"]
["Evaporator Air \n",null,"Condenser  Entering Air Temperature ˚F"]
[80,"°F DB",85,null,95,null,100,null,105,null,110,null,115,null,125]
["CFM","EWB†\n˚F","Capacity Mbtuh",null,"Capacity Mbtuh",null,"Capacity Mbtuh",null,"Capacity Mbtuh",null,"Capacity Mbtuh",null,"Capacity Mbtuh",null,"Capacity Mbtuh"]
[null,null,"Total","Sens.","Total","Sens.","Total","Sens.","Total","Sens.","Total","Sens.","Total","Sens.","Total","Sens."]
[null,null,null,null,null,null,null,null,null,null,null,null,null,null,null,null,null,"Total Factors",null,null,null,null,null,null,"Sens. %",null,null,null,null,null,null,"IDB Adj",null,null,null,null,null,null,"Sens Calc"]
[1225,71,{"$f":"R8*$E$13","v":50.46875},{"$f":"IF(AM8>C8,C8,AM8)","v":30.28125},{"$f":"S8*$E$13","v":48.09375},{"$f":"IF(AN8>E8,E8,AN8)","v":29.337187499999999},{"$f":"T8*$E$13","v":47.203125},{"$f":"IF(AO8>G8,G8,AO8)","v":29.029921874999999},{"$f":"U8*$E$13","v":46.3125},{"$f":"IF(AP8>I8,I8,AP8)","v":28.713750000000001},{"$f":"V8*$E$13","v":45.006250000000001},{"$f":"IF(AQ8>K8,K8,AQ8)","v":28.12890625},{"$f":"W8*$E$13","v":43.699999999999996},{"$f":"IF(AR8>M8,M8,AR8)","v":27.530999999999999},{"$f":"X8*$E$13","v":41.087499999999999},{"$f":"IF(AS8>O8,O8,AS8)","v":26.706875},null,1.0625,1.0125,0.99375000000000002,0.97499999999999998,0.94750000000000001,0.91999999999999993,0.86499999999999999,0.6,0.61,0.61499999999999999,0.62,0.625,0.63,0.65,0.83265306122448979,0.85959183673469408,0.87551020408163271,0.89142857142857146,0.86628571428571433,0.84114285714285719,0.84734693877551037,{"$f":"Y8*C8+($A$4-80)*AF8*$A$8/1000","v":30.28125},{"$f":"Z8*E8+($A$4-80)*AG8*$A$8/1000","v":29.337187499999999},{"$f":"AA8*G8+($A$4-80)*AH8*$A$8/1000","v":29.029921874999999},{"$f":"AB8*I8+($A$4-80)*AI8*$A$8/1000","v":28.713750000000001},{"$f":"AC8*K8+($A$4-80)*AJ8*$A$8/1000","v":28.12890625},{"$f":"AD8*M8+($A$4-80)*AK8*$A$8/1000","v":27.530999999999999},{"$f":"AE8*O8+($A$4-80)*AL8*$A$8/1000","v":26.706875}]
[null,67,48.09375,35.589374999999997,{"$f":"S9*$E$13","v":46.3125},{"$f":"IF(AN9>E9,E9,AN9)","v":35.197499999999998},45.243749999999999,{"$f":"IF(AO9>G9,G9,AO9)","v":34.61146875},44.175000000000004,{"$f":"IF(AP9>I9,I9,AP9)","v":34.014750000000006},42.987500000000004,{"$f":"IF(AQ9>K9,K9,AQ9)","v":33.530250000000002},41.800000000000004,{"$f":"IF(AR9>M9,M9,AR9)","v":33.022000000000006},39.1875,{"$f":"IF(AS9>O9,O9,AS9)","v":32.133749999999999},null,1.0125,0.97499999999999998,0.95250000000000001,0.93,0.90500000000000003,0.88000000000000012,0.82499999999999996,0.74,0.76,0.76500000000000001,0.77,0.78,0.79,0.82,0.85959183673469408,0.89142857142857146,0.870857142857143,0.85028571428571453,0.85616326530612263,0.86204081632653085,0.86204081632653029,{"$f":"Y9*C9+($A$4-80)*AF9*$A$8/1000","v":35.589374999999997},{"$f":"Z9*E9+($A$4-80)*AG9*$A$8/1000","v":35.197499999999998},{"$f":"AA9*G9+($A$4-80)*AH9*$A$8/1000","v":34.61146875},{"$f":"AB9*I9+($A$4-80)*AI9*$A$8/1000","v":34.014750000000006},{"$f":"AC9*K9+($A$4-80)*AJ9*$A$8/1000","v":33.530250000000002},{"$f":"AD9*M9+($A$4-80)*AK9*$A$8/1000","v":33.022000000000006},{"$f":"AE9*O9+($A$4-80)*AL9*$A$8/1000","v":32.133749999999999}]
[null,63,45.71875,41.146875000000001,{"$f":"S10*$E$13","v":44.175000000000004},40.641000000000005,43.106249999999996,40.088812499999996,42.037500000000001,39.515250000000002,40.96875,39.125156249999996,39.900000000000006,38.703000000000003,37.524999999999999,37.149749999999997,null,0.96250000000000002,0.93,0.90749999999999997,0.88500000000000001,0.86250000000000004,0.84000000000000008,0.79,0.9,0.92,0.92999999999999994,0.94,0.95499999999999996,0.97,0.99,0.88,0.85028571428571453,0.82971428571428552,0.8091428571428565,0.81599999999999984,0.82285714285714306,0.77387755102040834,41.146875000000001,{"$f":"Z10*E10+($A$4-80)*AG10*$A$8/1000","v":40.641000000000005},{"$f":"AA10*G10+($A$4-80)*AH10*$A$8/1000","v":40.088812499999996},39.515250000000002,39.125156249999996,38.703000000000003,37.149749999999997]
[null,59,44.650000000000006,44.650000000000006,{"$f":"S11*$E$13","v":43.224999999999994},43.224999999999994,42.274999999999999,42.274999999999999,41.324999999999996,41.324999999999996,40.375,40.375,39.425000000000004,39.425000000000004,37.287499999999994,37.287499999999994,null,0.94000000000000006,0.90999999999999992,0.8899999999999999,0.86999999999999988,0.85,0.83000000000000007,0.78499999999999992,1,1,1,1,1,1,1,0.42971428571428544,0.29714285714285743,0.23379591836734714,0.17044897959183689,0.112326530612245,5.4204081632653119E-2,0,44.650000000000006,{"$f":"Z11*E11+($A$4-80)*AG11*$A$8/1000","v":43.224999999999994},{"$f":"AA11*G11+($A$4-80)*AH11*$A$8/1000","v":42.274999999999999},{"$f":"AB11*I11+($A$4-80)*AI11*$A$8/1000","v":41.324999999999996},40.375,39.425000000000004,37.287499999999994]
[1400,71,51.656249999999993,32.026874999999997,{"$f":"S12*$E$13","v":49.875},31.421250000000001,48.687499999999993,30.916562499999994,47.5,30.400000000000002,46.193749999999994,29.794968749999999,44.887499999999996,29.176874999999999,42.037500000000001,28.165125000000003,null,1.0874999999999999,1.05,1.0249999999999999,1,0.97249999999999992,0.94499999999999995,0.88500000000000001,0.62,0.63,0.63500000000000001,0.64,0.64500000000000002,0.65,0.67,0.87000000000000011,0.84000000000000019,0.84857142857142875,0.85714285714285732,0.83357142857142863,0.81,0.80914285714285716,{"$f":"Y12*C12+($A$4-80)*AF12*$A$12/1000","v":32.026874999999997},{"$f":"Z12*E12+($A$4-80)*AG12*$A$12/1000","v":31.421250000000001},{"$f":"AA12*G12+($A$4-80)*AH12*$A$12/1000","v":30.916562499999994},{"$f":"AB12*I12+($A$4-80)*AI12*$A$12/1000","v":30.400000000000002},{"$f":"AC12*K12+($A$4-80)*AJ12*$A$12/1000","v":29.794968749999999},{"$f":"AD12*M12+($A$4-80)*AK12*$A$12/1000","v":29.176874999999999},{"$f":"AE12*O12+($A$4-80)*AL12*$A$12/1000","v":28.165125000000003}]
[null,67,49.875,38.403750000000002,47.5,37.050000000000004,46.3125,36.586874999999999,45.125,36.1,43.9375,35.809062499999996,42.75,35.482500000000002,39.900000000000006,34.314000000000007,null,1.05,1,0.97499999999999998,0.95,0.92500000000000004,0.9,0.84000000000000008,0.77,0.78,0.79,0.8,0.81499999999999995,0.83,0.86,0.84000000000000019,0.8,0.80714285714285716,0.81428571428571428,0.84428571428571408,0.874285714285714,0.86399999999999966,{"$f":"Y13*C13+($A$4-80)*AF13*$A$12/1000","v":38.403750000000002},{"$f":"Z13*E13+($A$4-80)*AG13*$A$12/1000","v":37.050000000000004},{"$f":"AA13*G13+($A$4-80)*AH13*$A$12/1000","v":36.586874999999999},{"$f":"AB13*I13+($A$4-80)*AI13*$A$12/1000","v":36.1},{"$f":"AC13*K13+($A$4-80)*AJ13*$A$12/1000","v":35.809062499999996},{"$f":"AD13*M13+($A$4-80)*AK13*$A$12/1000","v":35.482500000000002},{"$f":"AE13*O13+($A$4-80)*AL13*$A$12/1000","v":34.314000000000007}]
[null,63,47.5,44.65,{"$f":"S14*$E$13","v":45.125},43.32,44.175000000000004,42.84975,43.224999999999994,42.360499999999995,42.15625,41.7346875,41.087499999999999,41.087499999999999,38.474999999999994,38.474999999999994,null,1,0.95,0.93,0.90999999999999992,0.88749999999999996,0.86499999999999999,0.80999999999999994,0.94,0.96,0.97,0.98,0.99,1,1,0.85714285714285665,0.81428571428571384,0.79714285714285693,0.78000000000000014,0.7607142857142859,0.74142857142857155,0.55542857142857138,44.65,{"$f":"Z14*E14+($A$4-80)*AG14*$A$12/1000","v":43.32},{"$f":"AA14*G14+($A$4-80)*AH14*$A$12/1000","v":42.84975},42.360499999999995,41.7346875,41.087499999999999,38.474999999999994]
[null,59,46.3125,46.3125,44.650000000000006,44.650000000000006,43.699999999999996,43.699999999999996,42.75,42.75,41.800000000000004,41.800000000000004,40.85,40.85,38.474999999999994,38.474999999999994,null,0.97499999999999998,0.94000000000000006,0.91999999999999993,0.9,0.88000000000000012,0.86,0.80999999999999994,1,1,1,1,1,1,1,0.16714285714285729,5.371428571428577E-2,2.6857142857142885E-2,0,0,0,0,46.3125,{"$f":"Z15*E15+($A$4-80)*AG15*$A$12/1000","v":44.650000000000006},{"$f":"AA15*G15+($A$4-80)*AH15*$A$12/1000","v":43.699999999999996},42.75,41.800000000000004,40.85,38.474999999999994]
[1575,71,52.84375,33.291562499999998,50.46875,32.8046875,49.281250000000007,32.279218750000005,48.09375,31.741875,46.90625,31.192656250000002,45.71875,30.631562500000001,42.75,29.924999999999997,null,1.1125,1.0625,1.0375000000000001,1.0125,0.98750000000000004,0.96250000000000002,0.9,0.63,0.65,0.65500000000000003,0.66,0.66500000000000004,0.67,0.7,0.7911111111111111,0.80952380952380953,0.81619047619047624,0.82285714285714295,0.80253968253968266,0.78222222222222237,0.82285714285714262,{"$f":"Y16*C16+($A$4-80)*AF16*$A$16/1000","v":33.291562499999998},{"$f":"Z16*E16+($A$4-80)*AG16*$A$16/1000","v":32.8046875},{"$f":"AA16*G16+($A$4-80)*AH16*$A$16/1000","v":32.279218750000005},{"$f":"AB16*I16+($A$4-80)*AI16*$A$16/1000","v":31.741875},{"$f":"AC16*K16+($A$4-80)*AJ16*$A$16/1000","v":31.192656250000002},{"$f":"AD16*M16+($A$4-80)*AK16*$A$16/1000","v":30.631562500000001},{"$f":"AE16*O16+($A$4-80)*AL16*$A$16/1000","v":29.924999999999997}]
[null,67,50.46875,39.870312500000004,48.09375,38.955937500000005,47.203125,38.706562500000004,46.3125,38.439374999999998,44.887499999999996,37.929937499999994,43.462499999999999,37.377749999999999,40.85,36.356500000000004,null,1.0625,1.0125,0.99375000000000002,0.97499999999999998,0.94499999999999995,0.91500000000000004,0.86,0.79,0.81,0.82000000000000006,0.83,0.84499999999999997,0.86,0.89,0.75555555555555554,0.77142857142857169,0.78190476190476188,0.79238095238095196,0.79123809523809507,0.79009523809523818,0.78628571428571437,{"$f":"Y17*C17+($A$4-80)*AF17*$A$16/1000","v":39.870312500000004},{"$f":"Z17*E17+($A$4-80)*AG17*$A$16/1000","v":38.955937500000005},{"$f":"AA17*G17+($A$4-80)*AH17*$A$16/1000","v":38.706562500000004},{"$f":"AB17*I17+($A$4-80)*AI17*$A$16/1000","v":38.439374999999998},{"$f":"AC17*K17+($A$4-80)*AJ17*$A$16/1000","v":37.929937499999994},{"$f":"AD17*M17+($A$4-80)*AK17*$A$16/1000","v":37.377749999999999},{"$f":"AE17*O17+($A$4-80)*AL17*$A$16/1000","v":36.356500000000004}]
[null,63,48.687499999999993,47.226874999999993,46.3125,45.849375000000002,45.243749999999999,45.017531249999998,44.175000000000004,44.175000000000004,43.106249999999996,43.106249999999996,42.037500000000001,42.037500000000001,39.662500000000001,39.662500000000001,null,1.0249999999999999,0.97499999999999998,0.95250000000000001,0.93,0.90749999999999997,0.88500000000000001,0.83499999999999996,0.97,0.99,0.995,1,1,1,1,0.78095238095238106,0.74285714285714299,0.70209523809523833,0.66133333333333355,0.60038095238095246,0.53942857142857137,0.38171428571428551,47.226874999999993,{"$f":"Z18*E18+($A$4-80)*AG18*$A$16/1000","v":45.849375000000002},{"$f":"AA18*G18+($A$4-80)*AH18*$A$16/1000","v":45.017531249999998},44.175000000000004,43.106249999999996,42.037500000000001,39.662500000000001]
[null,59,48.09375,48.09375,46.3125,46.3125,45.243749999999999,45.243749999999999,44.175000000000004,44.175000000000004,43.106249999999996,43.106249999999996,42.037500000000001,42.037500000000001,39.662500000000001,39.662500000000001,null,1.0125,0.97499999999999998,0.95250000000000001,0.93,0.90749999999999997,0.88500000000000001,0.83499999999999996,1,1,1,1,1,1,1,5.1428571428571476E-2,0,0,0,0,0,0,48.09375,{"$f":"Z19*E19+($A$4-80)*AG19*$A$16/1000","v":46.3125},{"$f":"AA19*G19+($A$4-80)*AH19*$A$16/1000","v":45.243749999999999},44.175000000000004,43.106249999999996,42.037500000000001,39.662500000000001]

{"sheet":"SL18XC_48","index":20,"n_rows":19,"n_cols":45,"rows_kept":19,"cut":false,"hidden":true,"merged":[[130,0,133,0],[120,12,121,12],[120,13,121,13],[120,14,121,14],[120,15,121,15],[122,0,125,0],[126,0,129,0],[119,12,119,13],[119,14,119,15],[120,4,121,4],[120,5,121,5],[120,6,121,6],[120,7,121,7],[120,8,121,8],[120,9,121,9],[120,10,121,10],[120,11,121,11],[119,0,121,0],[119,1,121,1],[119,4,119,5],[119,6,119,7],[119,8,119,9],[119,10,119,11],[111,0,114,0],[117,0,118,1],[117,4,117,15],[118,4,118,5],[118,6,118,7],[118,8,118,9],[118,10,118,11],[118,12,118,13],[118,14,118,15],[101,12,102,12],[101,13,102,13],[101,14,102,14],[101,15,102,15],[103,0,106,0],[107,0,110,0],[100,12,100,13],[100,14,100,15],[101,4,102,4],[101,5,102,5],[101,6,102,6],[101,7,102,7],[101,8,102,8],[101,9,102,9],[101,10,102,10],[101,11,102,11],[100,0,102,0],[100,1,102,1],[100,4,100,5],[100,6,100,7],[100,8,100,9],[100,10,100,11],[92,0,95,0],[98,0,99,1],[98,4,98,15],[99,4,99,5],[99,6,99,7],[99,8,99,9],[99,10,99,11],[99,12,99,13],[99,14,99,15],[82,12,83,12],[82,13,83,13],[82,14,83,14],[82,15,83,15],[84,0,87,0],[88,0,91,0],[81,12,81,13],[81,14,81,15],[82,4,83,4],[82,5,83,5],[82,6,83,6],[82,7,83,7],[82,8,83,8],[82,9,83,9],[82,10,83,10],[82,11,83,11],[81,0,83,0],[81,1,83,1],[81,4,81,5],[81,6,81,7],[81,8,81,9],[81,10,81,11],[73,0,76,0],[79,0,80,1],[79,4,79,15],[80,4,80,5],[80,6,80,7],[80,8,80,9],[80,10,80,11],[80,12,80,13],[80,14,80,15],[63,12,64,12],[63,13,64,13],[63,14,64,14],[63,15,64,15],[65,0,68,0],[69,0,72,0],[62,12,62,13],[62,14,62,15],[63,4,64,4],[63,5,64,5],[63,6,64,6],[63,7,64,7],[63,8,64,8],[63,9,64,9],[63,10,64,10],[63,11,64,11],[62,0,64,0],[62,1,64,1],[62,4,62,5],[62,6,62,7],[62,8,62,9],[62,10,62,11],[54,0,57,0],[60,0,61,1],[60,4,60,15],[61,4,61,5],[61,6,61,7],[61,8,61,9],[61,10,61,11],[61,12,61,13],[61,14,61,15],[44,12,45,12],[44,13,45,13],[44,14,45,14],[44,15,45,15],[46,0,49,0],[50,0,53,0],[43,12,43,13],[43,14,43,15],[44,4,45,4],[44,5,45,5],[44,6,45,6],[44,7,45,7],[44,8,45,8],[44,9,45,9],[44,10,45,10],[44,11,45,11],[43,0,45,0],[43,1,45,1],[43,4,43,5],[43,6,43,7],[43,8,43,9],[43,10,43,11],[35,0,38,0],[41,0,42,1],[41,4,41,15],[42,4,42,5],[42,6,42,7],[42,8,42,9],[42,10,42,11],[42,12,42,13],[42,14,42,15],[25,12,26,12],[25,13,26,13],[25,14,26,14],[25,15,26,15],[27,0,30,0],[31,0,34,0],[24,12,24,13],[24,14,24,15],[25,4,26,4],[25,5,26,5],[25,6,26,6],[25,7,26,7],[25,8,26,8],[25,9,26,9],[25,10,26,10],[25,11,26,11],[24,0,26,0],[24,1,26,1],[24,4,24,5],[24,6,24,7],[24,8,24,9],[24,10,24,11],[7,0,10,0],[11,0,14,0],[15,0,18,0],[22,4,22,15],[23,4,23,5],[23,6,23,7],[23,8,23,9],[23,10,23,11],[23,12,23,13],[23,14,23,15],[5,10,6,10],[5,11,6,11],[5,12,6,12],[5,13,6,13],[5,14,6,14],[5,15,6,15],[4,10,4,11],[4,12,4,13],[4,14,4,15],[5,2,6,2],[5,3,6,3],[5,4,6,4],[5,5,6,5],[5,6,6,6],[5,7,6,7],[5,8,6,8],[4,0,6,0],[4,1,6,1],[4,2,4,3],[4,4,4,5],[4,6,4,7],[4,8,4,9],[5,9,6,9],[2,0,2,1],[2,2,2,15],[3,2,3,3],[3,4,3,5],[3,6,3,7],[3,8,3,9],[3,10,3,11],[3,12,3,13],[3,14,3,15]]}
[]
["SL18XC_48"]
["Evaporator Air \n",null,"Condenser  Entering Air Temperature ˚F"]
[80,"°F DB",85,null,95,null,100,null,105,null,110,null,115,null,125]
["CFM","EWB†\n˚F","Capacity Mbtuh",null,"Capacity Mbtuh",null,"Capacity Mbtuh",null,"Capacity Mbtuh",null,"Capacity Mbtuh",null,"Capacity Mbtuh",null,"Capacity Mbtuh"]
[null,null,"Total","Sens.","Total","Sens.","Total","Sens.","Total","Sens.","Total","Sens.","Total","Sens.","Total","Sens."]
[null,null,null,null,null,null,null,null,null,null,null,null,null,null,null,null,null,"Total Factors",null,null,null,null,null,null,"Sens. %",null,null,null,null,null,null,"IDB Adj",null,null,null,null,null,null,"Sens Calc"]
[1400,71,{"$f":"R8*$E$13","v":50.858585858585862},{"$f":"IF(AM8>C8,C8,AM8)","v":29.497979797979799},{"$f":"S8*$E$13","v":48.459595959595958},{"$f":"IF(AN8>E8,E8,AN8)","v":28.591161616161614},{"$f":"T8*$E$13","v":47.26010101010101},{"$f":"IF(AO8>G8,G8,AO8)","v":28.119760101010101},{"$f":"U8*$E$13","v":46.060606060606062},{"$f":"IF(AP8>I8,I8,AP8)","v":27.636363636363637},{"$f":"V8*$E$13","v":44.861111111111107},{"$f":"IF(AQ8>K8,K8,AQ8)","v":27.140972222222221},{"$f":"W8*$E$13","v":43.661616161616166},{"$f":"IF(AR8>M8,M8,AR8)","v":26.63358585858586},{"$f":"X8*$E$13","v":40.782828282828284},{"$f":"IF(AS8>O8,O8,AS8)","v":25.285353535353536},null,1.0707070707070707,1.0202020202020201,0.99494949494949492,0.96969696969696972,0.94444444444444442,0.91919191919191923,0.85858585858585856,0.57999999999999996,0.59,0.59499999999999997,0.6,0.60499999999999998,0.61,0.62,0.90857142857142803,0.86571428571428577,0.87857142857142856,0.89142857142857146,0.86821428571428583,0.84500000000000008,0.85,{"$f":"Y8*C8+($A$4-80)*AF8*$A$8/1000","v":29.497979797979799},{"$f":"Z8*E8+($A$4-80)*AG8*$A$8/1000","v":28.591161616161614},{"$f":"AA8*G8+($A$4-80)*AH8*$A$8/1000","v":28.119760101010101},{"$f":"AB8*I8+($A$4-80)*AI8*$A$8/1000","v":27.636363636363637},{"$f":"AC8*K8+($A$4-80)*AJ8*$A$8/1000","v":27.140972222222221},{"$f":"AD8*M8+($A$4-80)*AK8*$A$8/1000","v":26.63358585858586},{"$f":"AE8*O8+($A$4-80)*AL8*$A$8/1000","v":25.285353535353536}]
[null,67,47.979797979797986,34.065656565656568,{"$f":"S9*$E$13","v":46.060606060606062},{"$f":"IF(AN9>E9,E9,AN9)","v":33.624242424242425},45.101010101010104,{"$f":"IF(AO9>G9,G9,AO9)","v":33.149242424242424},44.141414141414138,{"$f":"IF(AP9>I9,I9,AP9)","v":32.664646464646459},42.941919191919197,{"$f":"IF(AQ9>K9,K9,AQ9)","v":32.206439393939398},41.742424242424242,{"$f":"IF(AR9>M9,M9,AR9)","v":31.724242424242423},38.863636363636367,{"$f":"IF(AS9>O9,O9,AS9)","v":30.313636363636366},null,1.0101010101010102,0.96969696969696972,0.9494949494949495,0.92929292929292928,0.90404040404040409,0.87878787878787878,0.81818181818181823,0.71,0.73,0.73499999999999999,0.74,0.75,0.76,0.78,0.8571428571428571,0.89142857142857146,0.872857142857143,0.85428571428571443,0.86214285714285732,0.87000000000000011,0.81,{"$f":"Y9*C9+($A$4-80)*AF9*$A$8/1000","v":34.065656565656568},{"$f":"Z9*E9+($A$4-80)*AG9*$A$8/1000","v":33.624242424242425},{"$f":"AA9*G9+($A$4-80)*AH9*$A$8/1000","v":33.149242424242424},{"$f":"AB9*I9+($A$4-80)*AI9*$A$8/1000","v":32.664646464646459},{"$f":"AC9*K9+($A$4-80)*AJ9*$A$8/1000","v":32.206439393939398},{"$f":"AD9*M9+($A$4-80)*AK9*$A$8/1000","v":31.724242424242423},{"$f":"AE9*O9+($A$4-80)*AL9*$A$8/1000","v":30.313636363636366}]
[null,63,45.580808080808076,39.199494949494948,{"$f":"S10*$E$13","v":43.661616161616166},38.422222222222224,42.702020202020201,38.004797979797978,41.742424242424242,37.56818181818182,40.542929292929287,37.0967803030303,39.343434343434346,36.589393939393943,36.944444444444443,35.466666666666661,null,0.95959595959595956,0.91919191919191923,0.89898989898989901,0.87878787878787878,0.85353535353535348,0.82828282828282829,0.77777777777777779,0.86,0.88,0.89,0.9,0.91500000000000004,0.93,0.96,0.81428571428571428,0.84500000000000008,0.82642857142857151,0.80785714285714283,0.84321428571428581,0.87857142857142878,0.82499999999999951,39.199494949494948,{"$f":"Z10*E10+($A$4-80)*AG10*$A$8/1000","v":38.422222222222224},{"$f":"AA10*G10+($A$4-80)*AH10*$A$8/1000","v":38.004797979797978},37.56818181818182,37.0967803030303,36.589393939393943,35.466666666666661]
[null,59,43.661616161616166,43.661616161616166,{"$f":"S11*$E$13","v":41.742424242424242},41.742424242424242,41.022727272727273,41.022727272727273,40.303030303030305,40.303030303030305,39.343434343434346,39.343434343434346,38.383838383838381,38.383838383838381,36.272727272727266,36.272727272727266,null,0.91919191919191923,0.87878787878787878,0.86363636363636365,0.84848484848484851,0.82828282828282829,0.80808080808080807,0.76363636363636356,1,1,1,1,1,1,1,0.64999999999999991,0.55928571428571405,0.48964285714285682,0.41999999999999965,0.32428571428571423,0.22857142857142879,5.4000000000000041E-2,43.661616161616166,{"$f":"Z11*E11+($A$4-80)*AG11*$A$8/1000","v":41.742424242424242},{"$f":"AA11*G11+($A$4-80)*AH11*$A$8/1000","v":41.022727272727273},{"$f":"AB11*I11+($A$4-80)*AI11*$A$8/1000","v":40.303030303030305},39.343434343434346,38.383838383838381,36.272727272727266]
[1600,71,51.818181818181813,31.090909090909086,{"$f":"S12*$E$13","v":49.898989898989903},30.438383838383839,48.699494949494955,29.950189393939397,47.5,29.45,46.060606060606062,28.787878787878789,44.621212121212125,28.111363636363638,41.742424242424242,27.132575757575758,null,1.0909090909090908,1.0505050505050506,1.0252525252525253,1,0.96969696969696972,0.93939393939393945,0.87878787878787878,0.6,0.61,0.61499999999999999,0.62,0.625,0.63,0.65,0.87750000000000017,0.84499999999999997,0.85562500000000008,0.86625000000000008,0.84000000000000008,0.81374999999999997,0.87000000000000022,{"$f":"Y12*C12+($A$4-80)*AF12*$A$12/1000","v":31.090909090909086},{"$f":"Z12*E12+($A$4-80)*AG12*$A$12/1000","v":30.438383838383839},{"$f":"AA12*G12+($A$4-80)*AH12*$A$12/1000","v":29.950189393939397},{"$f":"AB12*I12+($A$4-80)*AI12*$A$12/1000","v":29.45},{"$f":"AC12*K12+($A$4-80)*AJ12*$A$12/1000","v":28.787878787878789},{"$f":"AD12*M12+($A$4-80)*AK12*$A$12/1000","v":28.111363636363638},{"$f":"AE12*O12+($A$4-80)*AL12*$A$12/1000","v":27.132575757575758}]
[null,67,49.419191919191924,36.570202020202025,47.5,35.625,46.300505050505045,35.188383838383835,45.101010101010104,34.727777777777781,43.901515151515149,34.243181818181817,42.702020202020201,33.734595959595957,39.823232323232318,32.655050505050497,null,1.0404040404040404,1,0.9747474747474747,0.9494949494949495,0.9242424242424242,0.89898989898989901,0.83838383838383834,0.74,0.75,0.76,0.77,0.78,0.79,0.82,0.83687499999999992,0.80437500000000006,0.81343750000000015,0.82250000000000023,0.82843750000000016,0.8343750000000002,0.82999999999999963,{"$f":"Y13*C13+($A$4-80)*AF13*$A$12/1000","v":36.570202020202025},{"$f":"Z13*E13+($A$4-80)*AG13*$A$12/1000","v":35.625},{"$f":"AA13*G13+($A$4-80)*AH13*$A$12/1000","v":35.188383838383835},{"$f":"AB13*I13+($A$4-80)*AI13*$A$12/1000","v":34.727777777777781},{"$f":"AC13*K13+($A$4-80)*AJ13*$A$12/1000","v":34.243181818181817},{"$f":"AD13*M13+($A$4-80)*AK13*$A$12/1000","v":33.734595959595957},{"$f":"AE13*O13+($A$4-80)*AL13*$A$12/1000","v":32.655050505050497}]
[null,63,47.020202020202021,42.31818181818182,{"$f":"S14*$E$13","v":45.101010101010104},41.492929292929297,43.901515151515149,40.828409090909084,42.702020202020201,40.139898989898988,41.502525252525253,39.634911616161617,40.303030303030305,39.093939393939394,37.904040404040408,37.904040404040408,null,0.98989898989898994,0.9494949494949495,0.9242424242424242,0.89898989898989901,0.8737373737373737,0.84848484848484851,0.79797979797979801,0.9,0.92,0.92999999999999994,0.94,0.95499999999999996,0.97,1,0.85750000000000004,0.82250000000000023,0.82843749999999994,0.83437499999999964,0.83718749999999964,0.83999999999999964,0.79000000000000015,42.31818181818182,{"$f":"Z14*E14+($A$4-80)*AG14*$A$12/1000","v":41.492929292929297},{"$f":"AA14*G14+($A$4-80)*AH14*$A$12/1000","v":40.828409090909084},40.139898989898988,39.634911616161617,39.093939393939394,37.904040404040408]
[null,59,45.101010101010104,45.101010101010104,43.661616161616166,43.661616161616166,42.702020202020201,42.702020202020201,41.742424242424242,41.742424242424242,40.782828282828284,40.782828282828284,39.823232323232318,39.823232323232318,37.424242424242422,37.424242424242422,null,0.9494949494949495,0.91919191919191923,0.89898989898989901,0.87878787878787878,0.85858585858585856,0.83838383838383834,0.78787878787878785,1,1,1,1,1,1,1,0.41124999999999973,0.28437500000000021,0.22375000000000017,0.16312500000000016,0.1075000000000001,5.1875000000000046E-2,0,45.101010101010104,{"$f":"Z15*E15+($A$4-80)*AG15*$A$12/1000","v":43.661616161616166},{"$f":"AA15*G15+($A$4-80)*AH15*$A$12/1000","v":42.702020202020201},41.742424242424242,40.782828282828284,39.823232323232318,37.424242424242422]
[1800,71,53.257575757575751,32.48712121212121,50.858585858585862,31.532323232323233,49.659090909090907,31.036931818181817,48.459595959595958,30.529545454545453,47.020202020202021,30.092929292929295,45.580808080808076,29.627525252525249,42.702020202020201,28.610353535353536,null,1.1212121212121211,1.0707070707070707,1.0454545454545454,1.0202020202020201,0.98989898989898994,0.95959595959595956,0.89898989898989901,0.61,0.62,0.625,0.63,0.64,0.65,0.67,0.80166666666666664,0.82444444444444465,0.80500000000000016,0.78555555555555556,0.81500000000000006,0.84444444444444455,0.84055555555555572,{"$f":"Y16*C16+($A$4-80)*AF16*$A$16/1000","v":32.48712121212121},{"$f":"Z16*E16+($A$4-80)*AG16*$A$16/1000","v":31.532323232323233},{"$f":"AA16*G16+($A$4-80)*AH16*$A$16/1000","v":31.036931818181817},{"$f":"AB16*I16+($A$4-80)*AI16*$A$16/1000","v":30.529545454545453},{"$f":"AC16*K16+($A$4-80)*AJ16*$A$16/1000","v":30.092929292929295},{"$f":"AD16*M16+($A$4-80)*AK16*$A$16/1000","v":29.627525252525249},{"$f":"AE16*O16+($A$4-80)*AL16*$A$16/1000","v":28.610353535353536}]
[null,67,50.378787878787875,38.287878787878789,48.459595959595958,37.798484848484847,47.26010101010101,37.335479797979801,46.060606060606062,36.848484848484851,44.861111111111107,36.337499999999999,43.661616161616166,35.802525252525257,40.782828282828284,34.665404040404042,null,1.0606060606060606,1.0202020202020201,0.99494949494949492,0.96969696969696972,0.94444444444444442,0.91919191919191923,0.85858585858585856,0.76,0.78,0.79,0.8,0.81,0.82,0.85,0.7583333333333333,0.84166666666666679,0.82083333333333353,0.80000000000000016,0.8044444444444443,0.80888888888888855,0.84999999999999976,{"$f":"Y17*C17+($A$4-80)*AF17*$A$16/1000","v":38.287878787878789},{"$f":"Z17*E17+($A$4-80)*AG17*$A$16/1000","v":37.798484848484847},{"$f":"AA17*G17+($A$4-80)*AH17*$A$16/1000","v":37.335479797979801},{"$f":"AB17*I17+($A$4-80)*AI17*$A$16/1000","v":36.848484848484851},{"$f":"AC17*K17+($A$4-80)*AJ17*$A$16/1000","v":36.337499999999999},{"$f":"AD17*M17+($A$4-80)*AK17*$A$16/1000","v":35.802525252525257},{"$f":"AE17*O17+($A$4-80)*AL17*$A$16/1000","v":34.665404040404042}]
[null,63,47.979797979797986,44.621212121212132,46.060606060606062,43.757575757575758,44.861111111111107,43.290972222222216,43.661616161616166,42.788383838383844,42.462121212121211,42.037500000000001,41.262626262626263,41.262626262626263,38.863636363636367,38.863636363636367,null,1.0101010101010102,0.96969696969696972,0.94444444444444442,0.91919191919191923,0.89393939393939392,0.86868686868686873,0.81818181818181823,0.93,0.95,0.96499999999999997,0.98,0.99,1,1,0.83333333333333348,0.79999999999999949,0.8044444444444443,0.80888888888888899,0.78666666666666685,0.7644444444444447,0.58500000000000008,44.621212121212132,{"$f":"Z18*E18+($A$4-80)*AG18*$A$16/1000","v":43.757575757575758},{"$f":"AA18*G18+($A$4-80)*AH18*$A$16/1000","v":43.290972222222216},42.788383838383844,42.037500000000001,41.262626262626263,38.863636363636367]
[null,59,47.020202020202021,47.020202020202021,45.101010101010104,45.101010101010104,44.141414141414138,44.141414141414138,43.18181818181818,43.18181818181818,42.222222222222221,42.222222222222221,41.262626262626263,41.262626262626263,38.863636363636367,38.863636363636367,null,0.98989898989898994,0.9494949494949495,0.92929292929292928,0.90909090909090906,0.88888888888888884,0.86868686868686873,0.81818181818181823,1,1,1,1,1,1,1,0.21777777777777796,0.10444444444444453,5.2222222222222267E-2,0,0,0,0,47.020202020202021,{"$f":"Z19*E19+($A$4-80)*AG19*$A$16/1000","v":45.101010101010104},{"$f":"AA19*G19+($A$4-80)*AH19*$A$16/1000","v":44.141414141414138},43.18181818181818,42.222222222222221,41.262626262626263,38.863636363636367]

{"sheet":"SL18XC_60","index":21,"n_rows":19,"n_cols":45,"rows_kept":19,"cut":false,"hidden":true,"merged":[[130,0,133,0],[120,12,121,12],[120,13,121,13],[120,14,121,14],[120,15,121,15],[122,0,125,0],[126,0,129,0],[119,12,119,13],[119,14,119,15],[120,4,121,4],[120,5,121,5],[120,6,121,6],[120,7,121,7],[120,8,121,8],[120,9,121,9],[120,10,121,10],[120,11,121,11],[119,0,121,0],[119,1,121,1],[119,4,119,5],[119,6,119,7],[119,8,119,9],[119,10,119,11],[111,0,114,0],[117,0,118,1],[117,4,117,15],[118,4,118,5],[118,6,118,7],[118,8,118,9],[118,10,118,11],[118,12,118,13],[118,14,118,15],[101,12,102,12],[101,13,102,13],[101,14,102,14],[101,15,102,15],[103,0,106,0],[107,0,110,0],[100,12,100,13],[100,14,100,15],[101,4,102,4],[101,5,102,5],[101,6,102,6],[101,7,102,7],[101,8,102,8],[101,9,102,9],[101,10,102,10],[101,11,102,11],[100,0,102,0],[100,1,102,1],[100,4,100,5],[100,6,100,7],[100,8,100,9],[100,10,100,11],[92,0,95,0],[98,0,99,1],[98,4,98,15],[99,4,99,5],[99,6,99,7],[99,8,99,9],[99,10,99,11],[99,12,99,13],[99,14,99,15],[82,12,83,12],[82,13,83,13],[82,14,83,14],[82,15,83,15],[84,0,87,0],[88,0,91,0],[81,12,81,13],[81,14,81,15],[82,4,83,4],[82,5,83,5],[82,6,83,6],[82,7,83,7],[82,8,83,8],[82,9,83,9],[82,10,83,10],[82,11,83,11],[81,0,83,0],[81,1,83,1],[81,4,81,5],[81,6,81,7],[81,8,81,9],[81,10,81,11],[73,0,76,0],[79,0,80,1],[79,4,79,15],[80,4,80,5],[80,6,80,7],[80,8,80,9],[80,10,80,11],[80,12,80,13],[80,14,80,15],[63,12,64,12],[63,13,64,13],[63,14,64,14],[63,15,64,15],[65,0,68,0],[69,0,72,0],[62,12,62,13],[62,14,62,15],[63,4,64,4],[63,5,64,5],[63,6,64,6],[63,7,64,7],[63,8,64,8],[63,9,64,9],[63,10,64,10],[63,11,64,11],[62,0,64,0],[62,1,64,1],[62,4,62,5],[62,6,62,7],[62,8,62,9],[62,10,62,11],[54,0,57,0],[60,0,61,1],[60,4,60,15],[61,4,61,5],[61,6,61,7],[61,8,61,9],[61,10,61,11],[61,12,61,13],[61,14,61,15],[44,12,45,12],[44,13,45,13],[44,14,45,14],[44,15,45,15],[46,0,49,0],[50,0,53,0],[43,12,43,13],[43,14,43,15],[44,4,45,4],[44,5,45,5],[44,6,45,6],[44,7,45,7],[44,8,45,8],[44,9,45,9],[44,10,45,10],[44,11,45,11],[43,0,45,0],[43,1,45,1],[43,4,43,5],[43,6,43,7],[43,8,43,9],[43,10,43,11],[35,0,38,0],[41,0,42,1],[41,4,41,15],[42,4,42,5],[42,6,42,7],[42,8,42,9],[42,10,42,11],[42,12,42,13],[42,14,42,15],[25,12,26,12],[25,13,26,13],[25,14,26,14],[25,15,26,15],[27,0,30,0],[31,0,34,0],[24,12,24,13],[24,14,24,15],[25,4,26,4],[25,5,26,5],[25,6,26,6],[25,7,26,7],[25,8,26,8],[25,9,26,9],[25,10,26,10],[25,11,26,11],[24,0,26,0],[24,1,26,1],[24,4,24,5],[24,6,24,7],[24,8,24,9],[24,10,24,11],[7,0,10,0],[11,0,14,0],[15,0,18,0],[22,4,22,15],[23,4,23,5],[23,6,23,7],[23,8,23,9],[23,10,23,11],[23,12,23,13],[23,14,23,15],[5,10,6,10],[5,11,6,11],[5,12,6,12],[5,13,6,13],[5,14,6,14],[5,15,6,15],[4,10,4,11],[4,12,4,13],[4,14,4,15],[5,2,6,2],[5,3,6,3],[5,4,6,4],[5,5,6,5],[5,6,6,6],[5,7,6,7],[5,8,6,8],[4,0,6,0],[4,1,6,1],[4,2,4,3],[4,4,4,5],[4,6,4,7],[4,8,4,9],[5,9,6,9],[2,0,2,1],[2,2,2,15],[3,2,3,3],[3,4,3,5],[3,6,3,7],[3,8,3,9],[3,10,3,11],[3,12,3,13],[3,14,3,15]]}
[]
["SL18XC_60"]
["Evaporator Air \n",null,"Condenser  Entering Air Temperature ˚F"]
[80,"°F DB",85,null,95,null,100,null,105,null,110,null,115,null,125]
["CFM","EWB†\n˚F","Capacity Mbtuh",null,"Capacity Mbtuh",null,"Capacity Mbtuh",null,"Capacity Mbtuh",null,"Capacity Mbtuh",null,"Capacity Mbtuh",null,"Capacity Mbtuh"]
[null,null,"Total","Sens.","Total","Sens.","Total","Sens.","Total","Sens.","Total","Sens.","Total","Sens.","Total","Sens."]
[null,null,null,null,null,null,null,null,null,null,null,null,null,null,null,null,null,"Total Factors",null,null,null,null,null,null,"Sens. %",null,null,null,null,null,null,"IDB Adj",null,null,null,null,null,null,"Sens Calc"]
[1575,71,{"$f":"R8*$E$13","v":50.720338983050851},{"$f":"IF(AM8>C8,C8,AM8)","v":29.417796610169493},{"$f":"S8*$E$13","v":48.707627118644062},{"$f":"IF(AN8>E8,E8,AN8)","v":28.737499999999994},{"$f":"T8*$E$13","v":47.5},{"$f":"IF(AO8>G8,G8,AO8)","v":28.262499999999999},{"$f":"U8*$E$13","v":46.292372881355931},{"$f":"IF(AP8>I8,I8,AP8)","v":27.775423728813557},{"$f":"V8*$E$13","v":45.084745762711869},{"$f":"IF(AQ8>K8,K8,AQ8)","v":27.276271186440681},{"$f":"W8*$E$13","v":43.877118644067792},{"$f":"IF(AR8>M8,M8,AR8)","v":26.765042372881354},{"$f":"X8*$E$13","v":41.059322033898304},{"$f":"IF(AS8>O8,O8,AS8)","v":25.867372881355934},null,1.0677966101694916,1.0254237288135593,1,0.97457627118644063,0.94915254237288138,0.92372881355932202,0.86440677966101698,0.57999999999999996,0.59,0.59499999999999997,0.6,0.60499999999999998,0.61,0.63,0.95999999999999952,0.92190476190476189,0.93555555555555558,0.94920634920634928,0.95904761904761915,0.96888888888888902,0.97142857142857153,{"$f":"Y8*C8+($A$4-80)*AF8*$A$8/1000","v":29.417796610169493},{"$f":"Z8*E8+($A$4-80)*AG8*$A$8/1000","v":28.737499999999994},{"$f":"AA8*G8+($A$4-80)*AH8*$A$8/1000","v":28.262499999999999},{"$f":"AB8*I8+($A$4-80)*AI8*$A$8/1000","v":27.775423728813557},{"$f":"AC8*K8+($A$4-80)*AJ8*$A$8/1000","v":27.276271186440681},{"$f":"AD8*M8+($A$4-80)*AK8*$A$8/1000","v":26.765042372881354},{"$f":"AE8*O8+($A$4-80)*AL8*$A$8/1000","v":25.867372881355934}]
[null,67,47.902542372881356,34.489830508474576,{"$f":"S9*$E$13","v":45.889830508474574},{"$f":"IF(AN9>E9,E9,AN9)","v":33.499576271186442},44.88347457627119,{"$f":"IF(AO9>G9,G9,AO9)","v":33.213771186440681},43.877118644067792,{"$f":"IF(AP9>I9,I9,AP9)","v":32.907838983050844},42.66949152542373,{"$f":"IF(AQ9>K9,K9,AQ9)","v":32.215466101694915},41.461864406779661,{"$f":"IF(AR9>M9,M9,AR9)","v":31.511016949152541},39.04661016949153,{"$f":"IF(AS9>O9,O9,AS9)","v":30.846822033898309},null,1.0084745762711864,0.96610169491525422,0.94491525423728817,0.92372881355932202,0.89830508474576276,0.8728813559322034,0.82203389830508478,0.72,0.73,0.74,0.75,0.755,0.76,0.79,0.90666666666666662,0.86857142857142855,0.91873015873015884,0.96888888888888902,0.94222222222222229,0.91555555555555568,0.92380952380952397,{"$f":"Y9*C9+($A$4-80)*AF9*$A$8/1000","v":34.489830508474576},{"$f":"Z9*E9+($A$4-80)*AG9*$A$8/1000","v":33.499576271186442},{"$f":"AA9*G9+($A$4-80)*AH9*$A$8/1000","v":33.213771186440681},{"$f":"AB9*I9+($A$4-80)*AI9*$A$8/1000","v":32.907838983050844},{"$f":"AC9*K9+($A$4-80)*AJ9*$A$8/1000","v":32.215466101694915},{"$f":"AD9*M9+($A$4-80)*AK9*$A$8/1000","v":31.511016949152541},{"$f":"AE9*O9+($A$4-80)*AL9*$A$8/1000","v":30.846822033898309}]
[null,63,45.889830508474574,39.92415254237288,{"$f":"S10*$E$13","v":43.877118644067792},38.611864406779659,42.870762711864408,38.154978813559325,41.864406779661017,37.677966101694913,40.656779661016948,37.200953389830509,39.449152542372879,36.687711864406779,37.033898305084747,35.552542372881355,null,0.96610169491525422,0.92372881355932202,0.90254237288135597,0.88135593220338981,0.85593220338983056,0.83050847457627119,0.77966101694915257,0.87,0.88,0.89,0.9,0.91500000000000004,0.93,0.96,0.94095238095238098,0.89968253968253975,0.87904761904761908,0.85841269841269841,0.86476190476190484,0.87111111111111117,0.87619047619047574,39.92415254237288,{"$f":"Z10*E10+($A$4-80)*AG10*$A$8/1000","v":38.611864406779659},{"$f":"AA10*G10+($A$4-80)*AH10*$A$8/1000","v":38.154978813559325},37.677966101694913,37.200953389830509,36.687711864406779,35.552542372881355]
[null,59,43.474576271186443,43.474576271186443,{"$f":"S11*$E$13","v":41.864406779661017},41.864406779661017,41.059322033898304,41.059322033898304,40.254237288135592,40.254237288135592,39.449152542372879,39.449152542372879,38.644067796610173,38.644067796610173,36.631355932203391,36.631355932203391,null,0.9152542372881356,0.88135593220338981,0.86440677966101698,0.84745762711864403,0.83050847457627119,0.81355932203389836,0.77118644067796616,1,1,1,1,1,1,1,0.6857142857142855,0.52825396825396798,0.45460317460317462,0.38095238095238126,0.31238095238095265,0.24380952380952403,5.7777777777777831E-2,43.474576271186443,{"$f":"Z11*E11+($A$4-80)*AG11*$A$8/1000","v":41.864406779661017},{"$f":"AA11*G11+($A$4-80)*AH11*$A$8/1000","v":41.059322033898304},{"$f":"AB11*I11+($A$4-80)*AI11*$A$8/1000","v":40.254237288135592},39.449152542372879,38.644067796610173,36.631355932203391]
[1800,71,51.927966101694913,31.156779661016948,{"$f":"S12*$E$13","v":49.915254237288138},30.448305084745765,48.707627118644062,29.955190677966097,47.5,29.45,46.292372881355931,28.932733050847457,45.084745762711869,28.403389830508477,41.864406779661017,27.211864406779661,null,1.0932203389830508,1.0508474576271187,1.0254237288135593,1,0.97457627118644063,0.94915254237288138,0.88135593220338981,0.6,0.61,0.61499999999999999,0.62,0.625,0.63,0.65,0.93166666666666664,0.96444444444444455,0.94111111111111123,0.91777777777777803,0.8944444444444446,0.87111111111111117,0.92444444444444462,{"$f":"Y12*C12+($A$4-80)*AF12*$A$12/1000","v":31.156779661016948},{"$f":"Z12*E12+($A$4-80)*AG12*$A$12/1000","v":30.448305084745765},{"$f":"AA12*G12+($A$4-80)*AH12*$A$12/1000","v":29.955190677966097},{"$f":"AB12*I12+($A$4-80)*AI12*$A$12/1000","v":29.45},{"$f":"AC12*K12+($A$4-80)*AJ12*$A$12/1000","v":28.932733050847457},{"$f":"AD12*M12+($A$4-80)*AK12*$A$12/1000","v":28.403389830508477},{"$f":"AE12*O12+($A$4-80)*AL12*$A$12/1000","v":27.211864406779661}]
[null,67,49.512711864406782,36.639406779661016,47.5,36.1,46.292372881355931,35.645127118644069,45.084745762711869,35.166101694915255,43.877118644067792,34.66292372881356,42.66949152542373,34.135593220338983,39.851694915254235,32.678389830508472,null,1.0423728813559323,1,0.97457627118644063,0.94915254237288138,0.92372881355932202,0.89830508474576276,0.83898305084745761,0.74,0.76,0.77,0.78,0.79,0.8,0.82,0.88833333333333331,0.91777777777777803,0.9255555555555558,0.93333333333333357,0.90833333333333355,0.88333333333333353,0.87999999999999956,{"$f":"Y13*C13+($A$4-80)*AF13*$A$12/1000","v":36.639406779661016},{"$f":"Z13*E13+($A$4-80)*AG13*$A$12/1000","v":36.1},{"$f":"AA13*G13+($A$4-80)*AH13*$A$12/1000","v":35.645127118644069},{"$f":"AB13*I13+($A$4-80)*AI13*$A$12/1000","v":35.166101694915255},{"$f":"AC13*K13+($A$4-80)*AJ13*$A$12/1000","v":34.66292372881356},{"$f":"AD13*M13+($A$4-80)*AK13*$A$12/1000","v":34.135593220338983},{"$f":"AE13*O13+($A$4-80)*AL13*$A$12/1000","v":32.678389830508472}]
[null,63,47.097457627118644,42.387711864406782,{"$f":"S14*$E$13","v":45.084745762711869},41.477966101694918,44.07838983050847,41.213294491525424,43.072033898305087,40.918432203389827,41.864406779661017,40.399152542372882,40.656779661016948,39.84364406779661,37.83898305084746,37.83898305084746,null,0.99152542372881358,0.94915254237288138,0.92796610169491522,0.90677966101694918,0.88135593220338981,0.85593220338983056,0.79661016949152541,0.9,0.92,0.93500000000000005,0.95,0.96499999999999997,0.98,1,0.84500000000000008,0.87111111111111117,0.88138888888888867,0.89166666666666616,0.89472222222222197,0.8977777777777779,0.78333333333333333,42.387711864406782,{"$f":"Z14*E14+($A$4-80)*AG14*$A$12/1000","v":41.477966101694918},{"$f":"AA14*G14+($A$4-80)*AH14*$A$12/1000","v":41.213294491525424},40.918432203389827,40.399152542372882,39.84364406779661,37.83898305084746]
[null,59,45.487288135593218,45.487288135593218,43.877118644067792,43.877118644067792,42.870762711864408,42.870762711864408,41.864406779661017,41.864406779661017,40.858050847457626,40.858050847457626,39.851694915254235,39.851694915254235,37.83898305084746,37.83898305084746,null,0.9576271186440678,0.92372881355932202,0.90254237288135597,0.88135593220338981,0.86016949152542377,0.83898305084745761,0.79661016949152541,1,1,1,1,1,1,1,0.43944444444444419,0.30277777777777803,0.20916666666666683,0.11555555555555566,5.7777777777777831E-2,0,0,45.487288135593218,{"$f":"Z15*E15+($A$4-80)*AG15*$A$12/1000","v":43.877118644067792},{"$f":"AA15*G15+($A$4-80)*AH15*$A$12/1000","v":42.870762711864408},41.864406779661017,40.858050847457626,39.851694915254235,37.83898305084746]
[2025,71,53.135593220338976,32.412711864406774,50.720338983050851,31.953813559322036,49.512711864406782,31.440572033898306,48.305084745762713,30.915254237288138,47.097457627118644,30.613347457627118,45.889830508474574,30.287288135593222,42.66949152542373,28.588559322033902,null,1.1186440677966101,1.0677966101694916,1.0423728813559323,1.0169491525423728,0.99152542372881358,0.96610169491525422,0.89830508474576276,0.61,0.63,0.63500000000000001,0.64,0.65,0.66,0.67,0.84740740740740739,0.93333333333333346,0.9111111111111112,0.88888888888888906,0.89481481481481495,0.90074074074074095,0.83753086419753109,{"$f":"Y16*C16+($A$4-80)*AF16*$A$16/1000","v":32.412711864406774},{"$f":"Z16*E16+($A$4-80)*AG16*$A$16/1000","v":31.953813559322036},{"$f":"AA16*G16+($A$4-80)*AH16*$A$16/1000","v":31.440572033898306},{"$f":"AB16*I16+($A$4-80)*AI16*$A$16/1000","v":30.915254237288138},{"$f":"AC16*K16+($A$4-80)*AJ16*$A$16/1000","v":30.613347457627118},{"$f":"AD16*M16+($A$4-80)*AK16*$A$16/1000","v":30.287288135593222},{"$f":"AE16*O16+($A$4-80)*AL16*$A$16/1000","v":28.588559322033902}]
[null,67,50.720338983050851,39.054661016949154,48.305084745762713,38.161016949152547,47.298728813559322,37.83898305084746,46.292372881355931,37.496822033898304,44.88347457627119,36.804449152542382,43.474576271186443,36.083898305084745,40.656779661016948,34.964830508474577,null,1.0677966101694916,1.0169491525423728,0.99576271186440679,0.97457627118644063,0.94491525423728817,0.9152542372881356,0.85593220338983056,0.77,0.79,0.8,0.81,0.82000000000000006,0.83,0.86,0.87111111111111117,0.88888888888888906,0.89876543209876558,0.9086419753086421,0.88098765432098758,0.85333333333333294,0.89777777777777745,{"$f":"Y17*C17+($A$4-80)*AF17*$A$16/1000","v":39.054661016949154},{"$f":"Z17*E17+($A$4-80)*AG17*$A$16/1000","v":38.161016949152547},{"$f":"AA17*G17+($A$4-80)*AH17*$A$16/1000","v":37.83898305084746},{"$f":"AB17*I17+($A$4-80)*AI17*$A$16/1000","v":37.496822033898304},{"$f":"AC17*K17+($A$4-80)*AJ17*$A$16/1000","v":36.804449152542382},{"$f":"AD17*M17+($A$4-80)*AK17*$A$16/1000","v":36.083898305084745},{"$f":"AE17*O17+($A$4-80)*AL17*$A$16/1000","v":34.964830508474577}]
[null,63,48.305084745762713,45.406779661016948,46.292372881355931,44.440677966101688,45.084745762711869,43.957627118644069,43.877118644067792,43.438347457627117,42.66949152542373,42.456144067796615,41.461864406779661,41.461864406779661,39.04661016949153,39.04661016949153,null,1.0169491525423728,0.97457627118644063,0.94915254237288138,0.92372881355932202,0.89830508474576276,0.8728813559322034,0.82203389830508478,0.94,0.96,0.97499999999999998,0.99,0.995,1,1,0.8888888888888884,0.8518518518518513,0.85654320987654309,0.86123456790123487,0.81209876543209902,0.76296296296296306,0.57481481481481478,45.406779661016948,{"$f":"Z18*E18+($A$4-80)*AG18*$A$16/1000","v":44.440677966101688},{"$f":"AA18*G18+($A$4-80)*AH18*$A$16/1000","v":43.957627118644069},43.438347457627117,42.456144067796615,41.461864406779661,39.04661016949153]
[null,59,47.097457627118644,47.097457627118644,45.084745762711869,45.084745762711869,44.279661016949149,44.279661016949149,43.474576271186443,43.474576271186443,42.468220338983052,42.468220338983052,41.461864406779661,41.461864406779661,39.04661016949153,39.04661016949153,null,0.99152542372881358,0.94915254237288138,0.93220338983050843,0.9152542372881356,0.89406779661016944,0.8728813559322034,0.82203389830508478,1,1,1,1,1,1,1,0.17333333333333351,5.5308641975308694E-2,2.7654320987654347E-2,0,0,0,0,47.097457627118644,{"$f":"Z19*E19+($A$4-80)*AG19*$A$16/1000","v":45.084745762711869},{"$f":"AA19*G19+($A$4-80)*AH19*$A$16/1000","v":44.279661016949149},43.474576271186443,42.468220338983052,41.461864406779661,39.04661016949153]

{"sheet":"Form","index":22,"n_rows":53,"n_cols":16,"rows_kept":53,"cut":false,"hidden":true,"merged":[[28,15,29,15],[27,4,27,5],[34,0,37,0],[28,13,29,13],[28,10,29,10],[27,14,27,15],[28,14,29,14],[38,0,41,0],[27,12,27,13],[28,4,29,4],[28,5,29,5],[28,6,29,6],[28,7,29,7],[30,0,33,0],[27,8,27,9],[27,10,27,11],[28,12,29,12],[27,0,29,0],[28,11,29,11],[52,1,52,4],[28,2,29,2],[28,3,29,3],[28,9,29,9],[28,8,29,8],[27,1,29,1],[27,2,27,3],[27,6,27,7],[1,3,1,8],[2,3,2,8],[13,0,13,15],[26,14,26,15],[26,10,26,11],[18,6,18,11],[26,4,26,5],[26,12,26,13],[26,8,26,9],[25,2,25,15],[25,0,25,1],[26,2,26,3],[17,6,17,11],[26,6,26,7]]}
[]
[null,null,"Select Lennox Condenser:  "]
[null,null,"ADP Evaporator:  ",null,null,null,null,null,null,null,null,null,null,24]
[null,null,"Nominal Capacity:  ",null,"(Mbtuh)",null,null,null,null,null,null,"Condenser Entering Air Temperature: ",null,"(°F) Dry Bulb, 85°F to 125°F"]
[null,null,"AHRI Rated Capacity:  ",null,"(Mbtuh) @ 95 ˚F & 80/67 ˚F conditions",null,null,null,null,null,null,"Evaporator Air Flow (CFM): ",null,null,"to"]
[null,null,"Entering Evaporator Air (DB):  ",null,"(°F) Dry Bulb -- 80°F Standard",null,null,null,null,null,null,"Entering Evaporator Air (WB):  ",null,"(°F) Wet Bulb, 59°F to 71°F"]
[null,null,null,null,null,null,null,null,null,null,null,null,null,48]
[null,null,null,null,null,null,null,null,null,null,null,null,null,"CFM"]
[]
[]
[]
[]
[]
["Extended Ratings"]
[]
[]
[]
[null,null,null,null,null,"Lennox Condenser :  "]
[null,null,null,null,null,"ADP Evaporator:  "]
[null,null,null,null,null,"Condenser Entering Air Temperature: ",null,"(°F) Dry Bulb, 85°F to 125°F"]
[null,null,null,null,null,"Evaporator Air Flow:",null,"CFM"]
[null,null,null,null,null,"Entering Evaporator Air (DB):  ",null,"(°F) Dry Bulb"]
[null,null,null,null,null,"Entering Evaporator Air (WB):  ",null,"(°F) Wet Bulb, 59°F to 71°F"]
[null,null,null,null,null,"AHRI Rated Capacity:  ",null,"(Mbtuh) @ 95 ˚F & 80/67 ˚F conditions"]
[]
["Evaporator Air \n",null,"Condenser  Entering Air Temperature ˚F"]
[80,"°F DB",85,null,95,null,100,null,105,null,110,null,115,null,125]
["CFM","EWB†\n˚F","Capacity Mbtuh",null,"Capacity Mbtuh",null,"Capacity Mbtuh",null,"Capacity Mbtuh",null,"Capacity Mbtuh",null,"Capacity Mbtuh",null,"Capacity Mbtuh"]
[null,null,"Total","Sens.","Total","Sens.","Total","Sens.","Total","Sens.","Total","Sens.","Total","Sens.","Total","Sens."]
[]
[]
[]
[]
[]
[]
[]
[]
[]
[]
[]
[]
[]
[]
[null,null,null,"Condenser Entering Air Temperature: ",null,"(°F) Dry Bulb, 85°F to 125°F",null,null,null,"CAPACITY IN MBTUH UNDER SPECIFIC CONDITIONS LISTED"]
[null,null,null,"Evaporator Air Flow:",null,"CFM",null,null,null,null,"TOTAL"]
[null,null,null,"Entering Evaporator Air (WB):  ",null,"(°F) Wet Bulb, 59°F to 71°F",null,null,null,null,"SENSIBLE"]
[]
["Notes:","† Entering Wet Bulb"]
[null,"Extended ratings are not certified.  They are calculated based upon typical condenser performance curves and are for engineering information only."]
[null,"When the required data fall between the published data, interpolation may be performed. Extrapolation is not an acceptable practice."]
[null,"Displayed sensible capacity has been adjusted based upon indoor DB.  Sensible capacity will increase with higher indoor DB and decrease with lower indoor DB."]
[null,"The magnitude of the adjustment depends partially on evaporator air flow, with greater adjustment at higher CFM."]
["Printed:",null,null,null,null,null,null,null,null,null,null,null,null,null,null,"LS-19-A"]

{"sheet":"Instructions","index":23,"n_rows":40,"n_cols":5,"rows_kept":40,"cut":false,"hidden":true,"merged":[]}
[]
[]
[]
[]
[]
[]
[null,"This spreadsheet generates capacity information for ADP rated matches at other than nominal conditions."]
[null,"The information is provided is not certified and is provided for engineering use only."]
[]
[null,"The latest version will always be available at:  www.adpnow.com/extratings/"]
[]
[null,"In order to generate an extended rating, you will need the following information:"]
[null,null,"Condenser model number"]
[null,null,"ADP coil model number"]
[null,null,"Nominal capacity"]
[null,null,"Rated capacity (from AHRI database)"]
[null,null,"Condenser entering air dry bulb temperature"]
[null,null,"Indoor entering air dry bulb temperature"]
[null,null,"Indoor entering air wet bulb temperature"]
[null,null,"Indoor airflow"]
[]
[null,"Select the condenser series and nominal tonnage form the drop down lists."]
[null,"Enter the remaining information in the correct cells. Note there are limits on the range of values allowed."]
[null,"Click on \"Calculate\" to calculate the extended ratings."]
[null,"The table will show capacities for various conditions.  The capacities at the specific design point are "]
[null,"at the bottom of the page."]
[null,"From this point you may:"]
[null,null,"Click \"Clear\" to clear the form and start over."]
[null,null,"Click \"Print\" to print a copy of the data."]
[null,null,"Click \"Copy\" to copy the data to a new spreadsheet and save it in the same directory."]
[]
[null,"Notes:","Displayed sensible capacity has been adjusted based upon indoor DB. Sensible capacity will"]
[null,null,"increase with higher indoor DB and decrease with lower indoor DB.  The magnitude of the "]
[null,null,"adjustment depends partially on evaporator air flow, with greater adjustment at higher CFM."]
[]
[null,"Versions:","LS-15-A","2015-02-01","Initial public release"]
[null,null,"LS-15-B","2015-06-01","Fixed minor typos"]
[null,null,"LS-15-C","2015-09-29","Added XC16S XC20 and consolidated with 14ACXS.  Renamed file."]
[null,null,"LS-16-A","2016-03-22","Added SL18XC & Renewed date key through 2016"]
[null,null,"LS-19-A","2019-05-20","New Version"]

{"sheet":"Prompt","index":24,"n_rows":17,"n_cols":2,"rows_kept":17,"cut":false,"hidden":false,"merged":[]}
[]
[]
[]
[]
[]
[null,"In order to use this spreadsheet, "]
[null,"Please enable Macros in your security settings."]
[]
[null,"Enabling Macros in Excel 2007"]
[null,"1. In Excel, click the Office button in the upper left corner of the screen."]
[null,"2. Click the \"Excel Options\" button in the lower right."]
[null,"3. Click the \"Trust Center\" button on the left. Then, at the bottom right, select \"Trust Center Settings\" as shown below."]
[null,"4. In the next window, select \"Macro Settings,\" then select the radio button for \"Disable all macros with notification.\""]
[null,"5. When openning this spreadsheet, you will see a warning like this in the menu bar:"]
[]
[]
[null,"6. Select \"Enable this content\" and click \"Okay\".  The spreadsheet will now be functional."]