{"text_format":"1","workbook":"xlsx","n_sheets":33,"sheets":["notes","Options","Calcs","GSX130_18","GSX130_24","GSX130_30","GSX130_36","GSX130_42","GSX130_48","GSX130_60","GSX130_61","GSX140_18","GSX140_19","GSX140_24","GSX140_25","GSX140_30","GSX140_31","GSX140_36","GSX140_37","GSX140_42","GSX140_43","GSX140_48","GSX140_60","GSX160_18","GSX160_24","GSX160_30","GSX160_36","GSX160_42","GSX160_48","GSX160_60","Form","Instructions","Prompt"],"not_rendered":{"charts":0,"images":7,"macros":1,"external_links":0,"defined_names":7,"comments":0,"pivot_tables":0},"unopened":[],"bounds":{"document_bytes":16777216,"sheet_cells":100000,"rows_first":2000,"rows_last":500,"rows_between":2000,"halvings":0,"cell_chars":16384,"cell_head_chars":4096},"cells_cut":0,"cells_raw":0,"read":"whole","date_system":"1900"}

{"sheet":"notes","index":0,"n_rows":65,"n_cols":16,"rows_kept":65,"cut":false,"hidden":true,"merged":[]}
[]
[null,null,null,null,null,null,null,{"$f":"SUM(H3:H8)","v":0}]
[null,null,600,24,600,1000,{"$f":"IF(Form!$D$4=D3,1,0)","v":0},{"$f":"IF(G3=1,IF(OR(E3>Form!M$5,F3<Form!M$5),1,0),0)","v":0}]
[null,null,800,30,800,1200,{"$f":"IF(Form!$D$4=D4,1,0)","v":0},{"$f":"IF(G4=1,IF(OR(E4>Form!M$5,F4<Form!M$5),1,0),0)","v":0}]
[null,null,1000,36,1000,1400,{"$f":"IF(Form!$D$4=D5,1,0)","v":0},{"$f":"IF(G5=1,IF(OR(E5>Form!M$5,F5<Form!M$5),1,0),0)","v":0}]
[null,null,1200,42,1200,1600,{"$f":"IF(Form!$D$4=D6,1,0)","v":0},{"$f":"IF(G6=1,IF(OR(E6>Form!M$5,F6<Form!M$5),1,0),0)","v":0}]
[null,null,1400,48,1400,1800,{"$f":"IF(Form!$D$4=D7,1,0)","v":0},{"$f":"IF(G7=1,IF(OR(E7>Form!M$5,F7<Form!M$5),1,0),0)","v":0}]
[null,null,1600,60,1600,2000,{"$f":"IF(Form!$D$4=D8,1,0)","v":0},{"$f":"IF(G8=1,IF(OR(E8>Form!M$5,F8<Form!M$5),1,0),0)","v":0}]
[null,null,1800]
[null,null,2000]
[]
[]
[null,null,null,"Total"]
[null,{"$f":"Form!M5+Form!M6","v":0},null,null,{"$f":"E31","v":0},{"$f":"F31","v":0},0,0,0,0,0,{"$f":"SUM(E14:K14)","v":0},null,null,null,58]
[null,null,null,null,{"$f":"Form!C27","v":65},{"$f":"Form!E27","v":75},{"$f":"Form!G27","v":85},{"$f":"Form!I27","v":90},{"$f":"Form!K27","v":95},{"$f":"Form!M27","v":105},{"$f":"Form!O27","v":115}]
[{"$f":"C16+D16","v":0},{"$f":"P16","v":0},{"$f":"Form!A31","v":0},{"$f":"Form!B31","v":0},{"$f":"Form!C31","v":0},{"$f":"Form!E31","v":0},{"$f":"Form!G31","v":0},{"$f":"Form!I31","v":0},{"$f":"Form!K31","v":0},{"$f":"Form!M31","v":0},{"$f":"Form!O31","v":0},{"$f":"Form!$M$5+Form!M$6","v":0},{"$f":"IF(C16+D16=Form!M$5+Form!M$6,1,0)","v":1},{"$f":"IF(A16<L16,1,0)","v":0},{"$f":"IF(A16>L16,2,0)","v":0},{"$f":"IF(AND(N16=1,N17=0),1,0)+IF(AND(O15=0,O16=2),2,0)","v":0}]
[{"$f":"C17+D17","v":0},{"$f":"P17","v":0},{"$f":"C16","v":0},{"$f":"Form!B32","v":0},{"$f":"Form!C32","v":0},{"$f":"Form!E32","v":0},{"$f":"Form!G32","v":0},{"$f":"Form!I32","v":0},{"$f":"Form!K32","v":0},{"$f":"Form!M32","v":0},{"$f":"Form!O32","v":0},{"$f":"Form!$M$5+Form!M$6","v":0},{"$f":"IF(C17+D17=Form!M$5+Form!M$6,1,0)","v":1},{"$f":"IF(A17<L17,1,0)","v":0},{"$f":"IF(A17>L17,2,0)","v":0},{"$f":"IF(AND(N17=1,N18=0),1,0)+IF(AND(O16=0,O17=2),2,0)","v":0}]
[0,0,{"$f":"C17","v":0},{"$f":"Form!B33","v":0},{"$f":"Form!C33","v":0},{"$f":"Form!E33","v":0},{"$f":"Form!G33","v":0},{"$f":"Form!I33","v":0},{"$f":"Form!K33","v":0},{"$f":"Form!M33","v":0},{"$f":"Form!O33","v":0},{"$f":"Form!$M$5+Form!M$6","v":0},{"$f":"IF(C18+D18=Form!M$5+Form!M$6,1,0)","v":1},0,{"$f":"IF(A18>L18,2,0)","v":0},{"$f":"IF(AND(N18=1,N19=0),1,0)+IF(AND(O17=0,O18=2),2,0)","v":0}]
[0,0,{"$f":"C18","v":0},{"$f":"Form!B34","v":0},{"$f":"Form!C34","v":0},{"$f":"Form!E34","v":0},{"$f":"Form!G34","v":0},{"$f":"Form!I34","v":0},{"$f":"Form!K34","v":0},{"$f":"Form!M34","v":0},{"$f":"Form!O34","v":0},{"$f":"Form!$M$5+Form!M$6","v":0},{"$f":"IF(C19+D19=Form!M$5+Form!M$6,1,0)","v":1},0,{"$f":"IF(A19>L19,2,0)","v":0},{"$f":"IF(AND(N19=1,N20=0),1,0)+IF(AND(O18=0,O19=2),2,0)","v":0}]
[0,0,{"$f":"Form!A35","v":0},{"$f":"Form!B35","v":0},{"$f":"Form!C35","v":0},{"$f":"Form!E35","v":0},{"$f":"Form!G35","v":0},{"$f":"Form!I35","v":0},{"$f":"Form!K35","v":0},{"$f":"Form!M35","v":0},{"$f":"Form!O35","v":0},{"$f":"Form!$M$5+Form!M$6","v":0},{"$f":"IF(C20+D20=Form!M$5+Form!M$6,1,0)","v":1},0,{"$f":"IF(A20>L20,2,0)","v":0},{"$f":"IF(AND(N20=1,N21=0),1,0)+IF(AND(O19=0,O20=2),2,0)","v":0}]
[0,0,{"$f":"C20","v":0},{"$f":"Form!B36","v":0},{"$f":"Form!C36","v":0},{"$f":"Form!E36","v":0},{"$f":"Form!G36","v":0},{"$f":"Form!I36","v":0},{"$f":"Form!K36","v":0},{"$f":"Form!M36","v":0},{"$f":"Form!O36","v":0},{"$f":"Form!$M$5+Form!M$6","v":0},{"$f":"IF(C21+D21=Form!M$5+Form!M$6,1,0)","v":1},0,{"$f":"IF(A21>L21,2,0)","v":0},{"$f":"IF(AND(N21=1,N22=0),1,0)+IF(AND(O20=0,O21=2),2,0)","v":0}]
[0,0,{"$f":"C21","v":0},{"$f":"Form!B37","v":0},{"$f":"Form!C37","v":0},{"$f":"Form!E37","v":0},{"$f":"Form!G37","v":0},{"$f":"Form!I37","v":0},{"$f":"Form!K37","v":0},{"$f":"Form!M37","v":0},{"$f":"Form!O37","v":0},{"$f":"Form!$M$5+Form!M$6","v":0},{"$f":"IF(C22+D22=Form!M$5+Form!M$6,1,0)","v":1},0,0,0]
[0,0,{"$f":"C22","v":0},{"$f":"Form!B38","v":0},{"$f":"Form!C38","v":0},{"$f":"Form!E38","v":0},{"$f":"Form!G38","v":0},{"$f":"Form!I38","v":0},{"$f":"Form!K38","v":0},{"$f":"Form!M38","v":0},{"$f":"Form!O38","v":0},{"$f":"Form!$M$5+Form!M$6","v":0},{"$f":"IF(C23+D23=Form!M$5+Form!M$6,1,0)","v":1},0,0,0]
[0,0,{"$f":"Form!A39","v":0},{"$f":"Form!B39","v":0},{"$f":"Form!C39","v":0},{"$f":"Form!E39","v":0},{"$f":"Form!G39","v":0},{"$f":"Form!I39","v":0},{"$f":"Form!K39","v":0},{"$f":"Form!M39","v":0},{"$f":"Form!O39","v":0},{"$f":"Form!$M$5+Form!M$6","v":0},{"$f":"IF(C24+D24=Form!M$5+Form!M$6,1,0)","v":1},0,0,0]
[0,0,{"$f":"C24","v":0},{"$f":"Form!B40","v":0},{"$f":"Form!C40","v":0},{"$f":"Form!E40","v":0},{"$f":"Form!G40","v":0},{"$f":"Form!I40","v":0},{"$f":"Form!K40","v":0},{"$f":"Form!M40","v":0},{"$f":"Form!O40","v":0},{"$f":"Form!$M$5+Form!M$6","v":0},{"$f":"IF(C25+D25=Form!M$5+Form!M$6,1,0)","v":1},0,0,0]
[0,0,{"$f":"C25","v":0},{"$f":"Form!B41","v":0},{"$f":"Form!C41","v":0},{"$f":"Form!E41","v":0},{"$f":"Form!G41","v":0},{"$f":"Form!I41","v":0},{"$f":"Form!K41","v":0},{"$f":"Form!M41","v":0},{"$f":"Form!O41","v":0},{"$f":"Form!$M$5+Form!M$6","v":0},{"$f":"IF(C26+D26=Form!M$5+Form!M$6,1,0)","v":1},0,0,0]
[0,0,{"$f":"C26","v":0},{"$f":"Form!B42","v":0},{"$f":"Form!C42","v":0},{"$f":"Form!E42","v":0},{"$f":"Form!G42","v":0},{"$f":"Form!I42","v":0},{"$f":"Form!K42","v":0},{"$f":"Form!M42","v":0},{"$f":"Form!O42","v":0},{"$f":"Form!$M$5+Form!M$6","v":0},{"$f":"IF(C27+D27=Form!M$5+Form!M$6,1,0)","v":1},0,0,0]
[0,{"$f":"SUM(B16:B27)","v":0}]
[null,null,null,null,null,{"$f":"IF(AND(F15>Form!$M$4,E15<Form!$M$4),2,0)","v":0},{"$f":"IF(AND(G15>Form!$M$4,F15<Form!$M$4),2,0)","v":0},{"$f":"IF(AND(H15>Form!$M$4,G15<Form!$M$4),2,0)","v":0},{"$f":"IF(AND(I15>Form!$M$4,H15<Form!$M$4),2,0)","v":0},{"$f":"IF(AND(J15>Form!$M$4,I15<Form!$M$4),2,0)","v":0},{"$f":"IF(AND(K15>Form!$M$4,J15<Form!$M$4),2,0)","v":0}]
[null,null,{"$f":"HLOOKUP(1,E14:K15,2,FALSE)","v":{"$error":"#N/A"}},null,{"$f":"IF(F29=2,1,0)","v":0},{"$f":"IF(G29=2,1,0)","v":0},0,0,0,0,0]
[null,null,{"$f":"HLOOKUP(2,E14:K15,2,FALSE)","v":{"$error":"#N/A"}},null,{"$f":"SUM(E29:E30)","v":0},0,0,0,0,0,0]
[null,{"$f":"(VLOOKUP(1,B14:K27,3,FALSE))","v":{"$error":"#N/A"}},{"$f":"IF(ISERROR(B32),0,B32)","v":0},null,{"$f":"(C34-C35)/(C32-C33)*(Form!$M$6-C33)+C35","v":{"$error":"#N/A"}},{"$f":"(C36-C37)/(C32-C33)*(Form!M6-C33)+C37","v":{"$error":"#N/A"}}]
[null,{"$f":"VLOOKUP(2,B14:K27,3,FALSE)","v":{"$error":"#N/A"}},{"$f":"IF(ISERROR(B33),0,B33)","v":0},null,{"$f":"IF(AND(B28=0,L14=3),VLOOKUP(Form!$M$5+Form!$M$6,notes!A14:K27,MATCH(1,notes!A14:K14,FALSE),FALSE),0)","v":0},{"$f":"IF(AND(B28=0,L14=3),VLOOKUP(Form!$M$5+Form!$M$6,notes!A14:K27,MATCH(2,notes!A14:K14,FALSE),FALSE),0)","v":0},null,null,"exactly"]
[null,{"$f":"VLOOKUP(1,B14:K27,MATCH(1,B14:K14,FALSE),FALSE)","v":{"$error":"#N/A"}},{"$f":"MIN(B34,B36)","v":{"$error":"#N/A"}},null,{"$f":"IF(ISERROR(E32),E33,E32)","v":0},{"$f":"IF(ISERROR(F32),F33,F32)","v":0},null,null,"x","y","err1","err2","err3","ans"]
[null,{"$f":"VLOOKUP(2,B14:K27,MATCH(1,B14:K14,FALSE),FALSE)","v":{"$error":"#N/A"}},{"$f":"MAX(B35,B37)","v":{"$error":"#N/A"}},null,{"$f":"MIN(E34:F34)","v":0},{"$f":"MAX(E34:F34)","v":0},null,null,"y","y",{"$f":"IF(ISERROR(VLOOKUP(Form!$M$5+Form!$M$6,notes!A15:K27,MATCH(Form!$M$4,notes!A15:K15,FALSE),FALSE)),0,VLOOKUP(Form!$M$5+Form!$M$6,notes!A15:K27,MATCH(Form!$M$4,notes!A15:K15,FALSE),FALSE))","v":0},null,null,{"$f":"SUM(K35:M35)","v":0}]
[null,{"$f":"VLOOKUP(1,B14:K27,MATCH(2,B14:K14,FALSE),FALSE)","v":{"$error":"#N/A"}},{"$f":"MAX(B36,B34)","v":{"$error":"#N/A"}},null,{"$f":"(E35-F35)/(C31-C30)*(Form!$M$4-C30)+F35","v":{"$error":"#N/A"}},null,null,null,"y","n",null,null,null,{"$f":"SUM(K36:M36)","v":0}]
[null,{"$f":"VLOOKUP(2,B14:K27,MATCH(2,B14:K14,FALSE),FALSE)","v":{"$error":"#N/A"}},{"$f":"MIN(B35,B37)","v":{"$error":"#N/A"}},null,null,null,null,null,"n","n",{"$f":"IF(OR(E36>100000,E36<=0),0,E36)","v":{"$error":"#N/A"}},{"$f":"IF(K37<>0,0,MIN(E32:F32))","v":{"$error":"#N/A"}},{"$f":"IF(AND(L37=0,K37=0),C34,0)","v":{"$error":"#N/A"}},{"$f":"SUM(K37:M37)","v":{"$error":"#N/A"}}]
[null,null,null,null,null,null,null,null,null,null,null,null,null,{"$f":"IF(ISERROR(N37),N35,N37)","v":0}]
[]
[]
["sens",null,null,null,{"$f":"E58","v":0},{"$f":"F58","v":0},0,0,0,0,0,{"$f":"SUM(E41:K41)","v":0}]
[null,null,null,null,{"$f":"E15","v":65},{"$f":"F15","v":75},85,90,95,105,115]
[{"$f":"C43+D43","v":0},{"$f":"P43","v":0},{"$f":"C16","v":0},{"$f":"D16","v":0},{"$f":"Form!D31","v":0},{"$f":"Form!F31","v":0},{"$f":"Form!H31","v":0},{"$f":"Form!J31","v":0},{"$f":"Form!L31","v":0},{"$f":"Form!N31","v":0},{"$f":"Form!P31","v":0},{"$f":"Form!$M$5+Form!M$6","v":0},{"$f":"IF(C43+D43=Form!M$5+Form!M$6,1,0)","v":1},{"$f":"IF(A43<L43,1,0)","v":0},{"$f":"IF(A43>L43,2,0)","v":0},{"$f":"IF(AND(N43=1,N44=0),1,0)+IF(AND(O42=0,O43=2),2,0)","v":0}]
[{"$f":"C44+D44","v":0},{"$f":"P44","v":0},{"$f":"C17","v":0},{"$f":"D17","v":0},{"$f":"Form!D32","v":0},{"$f":"Form!F32","v":0},{"$f":"Form!H32","v":0},{"$f":"Form!J32","v":0},{"$f":"Form!L32","v":0},{"$f":"Form!N32","v":0},{"$f":"Form!P32","v":0},{"$f":"Form!$M$5+Form!M$6","v":0},{"$f":"IF(C44+D44=Form!M$5+Form!M$6,1,0)","v":1},{"$f":"IF(A44<L44,1,0)","v":0},{"$f":"IF(A44>L44,2,0)","v":0},{"$f":"IF(AND(N44=1,N45=0),1,0)+IF(AND(O43=0,O44=2),2,0)","v":0}]
[{"$f":"C45+D45","v":0},0,0,0,{"$f":"Form!D33","v":0},{"$f":"Form!F33","v":0},{"$f":"Form!H33","v":0},{"$f":"Form!J33","v":0},{"$f":"Form!L33","v":0},{"$f":"Form!N33","v":0},{"$f":"Form!P33","v":0},{"$f":"Form!$M$5+Form!M$6","v":0},{"$f":"IF(C45+D45=Form!M$5+Form!M$6,1,0)","v":1},0,{"$f":"IF(A45>L45,2,0)","v":0},{"$f":"IF(AND(N45=1,N46=0),1,0)+IF(AND(O44=0,O45=2),2,0)","v":0}]
[0,0,0,0,{"$f":"Form!D34","v":0},{"$f":"Form!F34","v":0},{"$f":"Form!H34","v":0},{"$f":"Form!J34","v":0},{"$f":"Form!L34","v":0},{"$f":"Form!N34","v":0},{"$f":"Form!P34","v":0},{"$f":"Form!$M$5+Form!M$6","v":0},{"$f":"IF(C46+D46=Form!M$5+Form!M$6,1,0)","v":1},0,{"$f":"IF(A46>L46,2,0)","v":0},{"$f":"IF(AND(N46=1,N47=0),1,0)+IF(AND(O45=0,O46=2),2,0)","v":0}]
[0,0,0,0,{"$f":"Form!D35","v":0},{"$f":"Form!F35","v":0},{"$f":"Form!H35","v":0},{"$f":"Form!J35","v":0},{"$f":"Form!L35","v":0},{"$f":"Form!N35","v":0},{"$f":"Form!P35","v":0},{"$f":"Form!$M$5+Form!M$6","v":0},{"$f":"IF(C47+D47=Form!M$5+Form!M$6,1,0)","v":1},0,{"$f":"IF(A47>L47,2,0)","v":0},{"$f":"IF(AND(N47=1,N48=0),1,0)+IF(AND(O46=0,O47=2),2,0)","v":0}]
[0,0,0,0,{"$f":"Form!D36","v":0},{"$f":"Form!F36","v":0},{"$f":"Form!H36","v":0},{"$f":"Form!J36","v":0},{"$f":"Form!L36","v":0},{"$f":"Form!N36","v":0},{"$f":"Form!P36","v":0},{"$f":"Form!$M$5+Form!M$6","v":0},{"$f":"IF(C48+D48=Form!M$5+Form!M$6,1,0)","v":1},0,{"$f":"IF(A48>L48,2,0)","v":0},{"$f":"IF(AND(N48=1,N49=0),1,0)+IF(AND(O47=0,O48=2),2,0)","v":0}]
[0,0,0,0,{"$f":"Form!D37","v":0},{"$f":"Form!F37","v":0},{"$f":"Form!H37","v":0},{"$f":"Form!J37","v":0},{"$f":"Form!L37","v":0},{"$f":"Form!N37","v":0},{"$f":"Form!P37","v":0},{"$f":"Form!$M$5+Form!M$6","v":0},{"$f":"IF(C49+D49=Form!M$5+Form!M$6,1,0)","v":1},0,0,0]
[0,0,0,0,{"$f":"Form!D38","v":0},{"$f":"Form!F38","v":0},{"$f":"Form!H38","v":0},{"$f":"Form!J38","v":0},{"$f":"Form!L38","v":0},{"$f":"Form!N38","v":0},{"$f":"Form!P38","v":0},{"$f":"Form!$M$5+Form!M$6","v":0},{"$f":"IF(C50+D50=Form!M$5+Form!M$6,1,0)","v":1},0,0,0]
[0,0,0,0,{"$f":"Form!D39","v":0},{"$f":"Form!F39","v":0},{"$f":"Form!H39","v":0},{"$f":"Form!J39","v":0},{"$f":"Form!L39","v":0},{"$f":"Form!N39","v":0},{"$f":"Form!P39","v":0},{"$f":"Form!$M$5+Form!M$6","v":0},{"$f":"IF(C51+D51=Form!M$5+Form!M$6,1,0)","v":1},0,0,0]
[0,0,0,0,{"$f":"Form!D40","v":0},{"$f":"Form!F40","v":0},{"$f":"Form!H40","v":0},{"$f":"Form!J40","v":0},{"$f":"Form!L40","v":0},{"$f":"Form!N40","v":0},{"$f":"Form!P40","v":0},{"$f":"Form!$M$5+Form!M$6","v":0},{"$f":"IF(C52+D52=Form!M$5+Form!M$6,1,0)","v":1},0,0,0]
[0,0,0,0,{"$f":"Form!D41","v":0},{"$f":"Form!F41","v":0},{"$f":"Form!H41","v":0},{"$f":"Form!J41","v":0},{"$f":"Form!L41","v":0},{"$f":"Form!N41","v":0},{"$f":"Form!P41","v":0},{"$f":"Form!$M$5+Form!M$6","v":0},{"$f":"IF(C53+D53=Form!M$5+Form!M$6,1,0)","v":1},0,0,0]
[0,0,0,0,{"$f":"Form!D42","v":0},{"$f":"Form!F42","v":0},{"$f":"Form!H42","v":0},{"$f":"Form!J42","v":0},{"$f":"Form!L42","v":0},{"$f":"Form!N42","v":0},{"$f":"Form!P42","v":0},{"$f":"Form!$M$5+Form!M$6","v":0},{"$f":"IF(C54+D54=Form!M$5+Form!M$6,1,0)","v":1},0,0,0]
[0,{"$f":"SUM(B43:B54)","v":0}]
[null,null,null,null,null,{"$f":"IF(AND(F42>Form!$M$4,E42<Form!$M$4),2,0)","v":0},{"$f":"IF(AND(G42>Form!$M$4,F42<Form!$M$4),2,0)","v":0},{"$f":"IF(AND(H42>Form!$M$4,G42<Form!$M$4),2,0)","v":0},{"$f":"IF(AND(I42>Form!$M$4,H42<Form!$M$4),2,0)","v":0},{"$f":"IF(AND(J42>Form!$M$4,I42<Form!$M$4),2,0)","v":0},{"$f":"IF(AND(K42>Form!$M$4,J42<Form!$M$4),2,0)","v":0}]
[null,null,{"$f":"HLOOKUP(1,E41:K42,2,FALSE)","v":{"$error":"#N/A"}},null,{"$f":"IF(F56=2,1,0)","v":0},{"$f":"IF(G56=2,1,0)","v":0},0,0,0,0,0]
[null,null,{"$f":"HLOOKUP(2,E41:K42,2,FALSE)","v":{"$error":"#N/A"}},null,{"$f":"SUM(E56:E57)","v":0},0,0,0,0,0,0]
[null,{"$f":"(VLOOKUP(1,B41:K54,3,FALSE))","v":{"$error":"#N/A"}},{"$f":"IF(ISERROR(B59),0,B59)","v":0},null,{"$f":"(C61-C62)/(C59-C60)*(Form!$M$6-C60)+C62","v":{"$error":"#N/A"}},{"$f":"(C63-C64)/(C59-C60)*(Form!M6-C60)+C64","v":{"$error":"#N/A"}}]
[null,{"$f":"VLOOKUP(2,B41:K54,3,FALSE)","v":{"$error":"#N/A"}},{"$f":"IF(ISERROR(B60),0,B60)","v":0},null,{"$f":"IF(AND(B55=0,L41=3),VLOOKUP(Form!$M$5+Form!$M$6,notes!A41:K54,MATCH(1,notes!A41:K41,FALSE),FALSE),0)","v":0},{"$f":"IF(AND(B55=0,L41=3),VLOOKUP(Form!$M$5+Form!$M$6,notes!A41:K54,MATCH(2,notes!A41:K41,FALSE),FALSE),0)","v":0},null,null,"exactly"]
[null,{"$f":"VLOOKUP(1,B41:K54,MATCH(1,B41:K41,FALSE),FALSE)","v":{"$error":"#N/A"}},{"$f":"MIN(B61,B63)","v":{"$error":"#N/A"}},null,{"$f":"IF(ISERROR(E59),E60,E59)","v":0},{"$f":"IF(ISERROR(F59),F60,F59)","v":0},null,null,"x","y","err1","err2","err3","ans"]
[null,{"$f":"VLOOKUP(2,B41:K54,MATCH(1,B41:K41,FALSE),FALSE)","v":{"$error":"#N/A"}},{"$f":"MAX(B62,B64)","v":{"$error":"#N/A"}},null,{"$f":"MIN(E61:F61)","v":0},{"$f":"MAX(E61:F61)","v":0},null,null,"y","y",{"$f":"IF(ISERROR(VLOOKUP(Form!$M$5+Form!$M$6,notes!A42:K54,MATCH(Form!$M$4,notes!A42:K42,FALSE),FALSE)),0,VLOOKUP(Form!$M$5+Form!$M$6,notes!A42:K54,MATCH(Form!$M$4,notes!A42:K42,FALSE),FALSE))","v":0},null,null,{"$f":"SUM(K62:M62)","v":0}]
[null,{"$f":"VLOOKUP(1,B41:K54,MATCH(2,B41:K41,FALSE),FALSE)","v":{"$error":"#N/A"}},{"$f":"MAX(B63,B61)","v":{"$error":"#N/A"}},null,{"$f":"(E62-F62)/(C58-C57)*(Form!$M$4-C57)+F62","v":{"$error":"#N/A"}},null,null,null,"y","n",null,null,null,{"$f":"SUM(K63:M63)","v":0}]
[null,{"$f":"VLOOKUP(2,B41:K54,MATCH(2,B41:K41,FALSE),FALSE)","v":{"$error":"#N/A"}},{"$f":"MIN(B62,B64)","v":{"$error":"#N/A"}},null,null,null,null,null,"n","n",{"$f":"IF(OR(E63>100000,E63<=0),0,E63)","v":{"$error":"#N/A"}},{"$f":"IF(K64<>0,0,MIN(E59:F59))","v":{"$error":"#N/A"}},{"$f":"IF(AND(L64=0,K64=0),C61,0)","v":{"$error":"#N/A"}},{"$f":"SUM(K64:M64)","v":{"$error":"#N/A"}}]
[null,{"$f":"VLOOKUP(Form!M32+Form!M33,A41:K54,MATCH(2,A41:K41,FALSE),FALSE)","v":{"$error":"#N/A"}},null,null,null,null,null,null,null,null,null,null,null,{"$f":"IF(ISERROR(N64),N62,N64)","v":0}]

{"sheet":"Options","index":1,"n_rows":3,"n_cols":1,"rows_kept":3,"cut":false,"hidden":true,"merged":[]}
["GSX130"]
["GSX140"]
["GSX160"]

{"sheet":"Calcs","index":2,"n_rows":21,"n_cols":7,"rows_kept":21,"cut":false,"hidden":true,"merged":[[0,4,0,9],[1,4,1,9]]}
[null,null,null,"Condenser :  "]
[null,null,null,"ADP Evaporator:  "]
[null,null,null,"Condenser Entering Air Temperature: ",100,"(°F) Dry Bulb, 85°F to 115°F"]
[null,null,null,"Evaporator Air Flow:",1265,"CFM"]
[null,null,null,"Entering Evaporator Air (DB):  ",77.5,"(°F) Dry Bulb"]
[null,null,null,"Entering Evaporator Air (WB):  ",60.6,"(°F) Wet Bulb, 63°F to 71°F"]
[]
[]
["Total"]
[28.549999999999997,"1200 60.6"]
[]
[null,"Diff 200",{"$f":"A10-A14","v":0.30799999999999983},"Diff 1 cfm",{"$f":"C12/200","v":1.5399999999999991E-3},"  1265 total",{"$f":"A10-(65*E12)","v":28.449899999999996}]
[]
[28.241999999999997,"1400 60.6"]
[]
["Sens"]
[25.319999999999997,"1200 60.6"]
[]
[null,"Diff 200",{"$f":"A17-A21","v":0.55439999999999756},"Diff 1 cfm",{"$f":"C19/200","v":2.771999999999988E-3},"  1265 Sens",{"$f":"A17-(65*E19)","v":25.139819999999997}]
[]
[24.765599999999999,"1400 60.6"]

{"sheet":"GSX130_18","index":3,"n_rows":19,"n_cols":45,"rows_kept":19,"cut":false,"hidden":true,"merged":[[2,0,2,1],[2,2,2,15],[3,2,3,3],[3,4,3,5],[3,6,3,7],[3,8,3,9],[3,10,3,11],[3,12,3,13],[3,14,3,15],[5,2,6,2],[5,3,6,3],[5,4,6,4],[5,5,6,5],[5,6,6,6],[5,7,6,7],[5,8,6,8],[4,0,6,0],[4,1,6,1],[4,2,4,3],[4,4,4,5],[4,6,4,7],[4,8,4,9],[5,9,6,9],[5,10,6,10],[5,11,6,11],[5,12,6,12],[5,13,6,13],[5,14,6,14],[5,15,6,15],[4,10,4,11],[4,12,4,13],[4,14,4,15],[7,0,10,0],[11,0,14,0],[15,0,18,0],[22,4,22,15],[23,4,23,5],[23,6,23,7],[23,8,23,9],[23,10,23,11],[23,12,23,13],[23,14,23,15],[25,12,26,12],[25,13,26,13],[25,14,26,14],[25,15,26,15],[27,0,30,0],[31,0,34,0],[24,12,24,13],[24,14,24,15],[25,4,26,4],[25,5,26,5],[25,6,26,6],[25,7,26,7],[25,8,26,8],[25,9,26,9],[25,10,26,10],[25,11,26,11],[24,0,26,0],[24,1,26,1],[24,4,24,5],[24,6,24,7],[24,8,24,9],[24,10,24,11],[35,0,38,0],[41,0,42,1],[41,4,41,15],[42,4,42,5],[42,6,42,7],[42,8,42,9],[42,10,42,11],[42,12,42,13],[42,14,42,15],[44,12,45,12],[44,13,45,13],[44,14,45,14],[44,15,45,15],[46,0,49,0],[50,0,53,0],[43,12,43,13],[43,14,43,15],[44,4,45,4],[44,5,45,5],[44,6,45,6],[44,7,45,7],[44,8,45,8],[44,9,45,9],[44,10,45,10],[44,11,45,11],[43,0,45,0],[43,1,45,1],[43,4,43,5],[43,6,43,7],[43,8,43,9],[43,10,43,11],[54,0,57,0],[60,0,61,1],[60,4,60,15],[61,4,61,5],[61,6,61,7],[61,8,61,9],[61,10,61,11],[61,12,61,13],[61,14,61,15],[63,12,64,12],[63,13,64,13],[63,14,64,14],[63,15,64,15],[65,0,68,0],[69,0,72,0],[62,12,62,13],[62,14,62,15],[63,4,64,4],[63,5,64,5],[63,6,64,6],[63,7,64,7],[63,8,64,8],[63,9,64,9],[63,10,64,10],[63,11,64,11],[62,0,64,0],[62,1,64,1],[62,4,62,5],[62,6,62,7],[62,8,62,9],[62,10,62,11],[73,0,76,0],[79,0,80,1],[79,4,79,15],[80,4,80,5],[80,6,80,7],[80,8,80,9],[80,10,80,11],[80,12,80,13],[80,14,80,15],[82,12,83,12],[82,13,83,13],[82,14,83,14],[82,15,83,15],[84,0,87,0],[88,0,91,0],[81,12,81,13],[81,14,81,15],[82,4,83,4],[82,5,83,5],[82,6,83,6],[82,7,83,7],[82,8,83,8],[82,9,83,9],[82,10,83,10],[82,11,83,11],[81,0,83,0],[81,1,83,1],[81,4,81,5],[81,6,81,7],[81,8,81,9],[81,10,81,11],[92,0,95,0],[98,0,99,1],[98,4,98,15],[99,4,99,5],[99,6,99,7],[99,8,99,9],[99,10,99,11],[99,12,99,13],[99,14,99,15],[101,12,102,12],[101,13,102,13],[101,14,102,14],[101,15,102,15],[103,0,106,0],[107,0,110,0],[100,12,100,13],[100,14,100,15],[101,4,102,4],[101,5,102,5],[101,6,102,6],[101,7,102,7],[101,8,102,8],[101,9,102,9],[101,10,102,10],[101,11,102,11],[100,0,102,0],[100,1,102,1],[100,4,100,5],[100,6,100,7],[100,8,100,9],[100,10,100,11],[111,0,114,0],[117,0,118,1],[117,4,117,15],[118,4,118,5],[118,6,118,7],[118,8,118,9],[118,10,118,11],[118,12,118,13],[118,14,118,15],[130,0,133,0],[120,12,121,12],[120,13,121,13],[120,14,121,14],[120,15,121,15],[122,0,125,0],[126,0,129,0],[119,12,119,13],[119,14,119,15],[120,4,121,4],[120,5,121,5],[120,6,121,6],[120,7,121,7],[120,8,121,8],[120,9,121,9],[120,10,121,10],[120,11,121,11],[119,0,121,0],[119,1,121,1],[119,4,119,5],[119,6,119,7],[119,8,119,9],[119,10,119,11]]}
[]
["GSX130_18"]
["Evaporator Air \n",null,"Condenser  Entering Air Temperature ˚F"]
[80,"°F DB",65,null,75,null,85,null,90,null,95,null,105,null,115]
["CFM","EWB†\n˚F","Capacity Mbtuh",null,"Capacity Mbtuh",null,"Capacity Mbtuh",null,"Capacity Mbtuh",null,"Capacity Mbtuh",null,"Capacity Mbtuh",null,"Capacity Mbtuh"]
[null,null,"Total","Sens.","Total","Sens.","Total","Sens.","Total","Sens.","Total","Sens.","Total","Sens.","Total","Sens."]
[null,null,null,null,null,null,null,null,null,null,null,null,null,null,null,null,null,"Total Factors",null,null,null,null,null,null,"Sens. %",null,null,null,null,null,null,"IDB Adj",null,null,null,null,null,null,"Sens Calc"]
[525,71,{"$f":"R8*$K$13","v":26.21965317919075},{"$f":"IF(AM8>C8,C8,AM8)","v":13.109826589595375},{"$f":"S8*$K$13","v":25.52601156069364},{"$f":"IF(AN8>E8,E8,AN8)","v":13.273526011560692},{"$f":"T8*$K$13","v":24.971098265895954},{"$f":"IF(AO8>G8,G8,AO8)","v":13.234682080924856},{"$f":"U8*$K$13","v":24.693641618497111},{"$f":"IF(AP8>I8,I8,AP8)","v":13.33456647398844},{"$f":"V8*$K$13","v":24.416184971098264},{"$f":"IF(AQ8>K8,K8,AQ8)","v":13.428901734104047},{"$f":"W8*$K$13","v":23.167630057803464},{"$f":"IF(AR8>M8,M8,AR8)","v":13.205549132947974},{"$f":"X8*$K$13","v":21.502890173410403},{"$f":"IF(AS8>O8,O8,AS8)","v":12.25664739884393},null,1.0924855491329479,1.0635838150289016,1.0404624277456647,1.0289017341040463,1.0173410404624277,0.96531791907514441,0.89595375722543347,0.5,0.52,0.53,0.54,0.55000000000000004,0.56999999999999995,0.56999999999999995,1.0666666666666664,1.0940952380952378,1.0830476190476195,1.1045714285714296,1.125333333333334,1.0662857142857134,0.98857142857142832,{"$f":"Y8*C8+($A$4-80)*AF8*$A$8/1000","v":13.109826589595375},{"$f":"Z8*E8+($A$4-80)*AG8*$A$8/1000","v":13.273526011560692},{"$f":"AA8*G8+($A$4-80)*AH8*$A$8/1000","v":13.234682080924856},{"$f":"AB8*I8+($A$4-80)*AI8*$A$8/1000","v":13.33456647398844},{"$f":"AC8*K8+($A$4-80)*AJ8*$A$8/1000","v":13.428901734104047},{"$f":"AD8*M8+($A$4-80)*AK8*$A$8/1000","v":13.205549132947974},{"$f":"AE8*O8+($A$4-80)*AL8*$A$8/1000","v":12.25664739884393}]
[null,67,24.554913294797686,16.451791907514451,24,16.559999999999999,23.306358381502889,16.547514450867052,23.028901734104046,16.580809248554914,{"$f":"V9*$K$13","v":22.7514450867052},16.608554913294796,21.641618497109825,16.447630057803465,20.115606936416185,15.489017341040462,null,1.023121387283237,1,0.97109826589595372,0.95953757225433534,0.94797687861271662,0.90173410404624277,0.83815028901734101,0.67,0.69,0.71,0.72,0.73,0.76,0.77,0.87657142857142867,0.85676190476190428,0.80990476190476235,0.83142857142857185,0.85219047619047628,0.80838095238095231,0.82857142857142885,{"$f":"Y9*C9+($A$4-80)*AF9*$A$8/1000","v":16.451791907514451},{"$f":"Z9*E9+($A$4-80)*AG9*$A$8/1000","v":16.559999999999999},{"$f":"AA9*G9+($A$4-80)*AH9*$A$8/1000","v":16.547514450867052},{"$f":"AB9*I9+($A$4-80)*AI9*$A$8/1000","v":16.580809248554914},{"$f":"AC9*K9+($A$4-80)*AJ9*$A$8/1000","v":16.608554913294796},{"$f":"AD9*M9+($A$4-80)*AK9*$A$8/1000","v":16.447630057803465},{"$f":"AE9*O9+($A$4-80)*AL9*$A$8/1000","v":15.489017341040462}]
[null,63,22.890173410404621,18.769942196531787,22.335260115606935,18.984971098265895,21.919075144508671,19.069595375722542,21.641618497109825,19.152832369942196,{"$f":"V10*$K$13","v":21.364161849710982},19.227745664739885,20.254335260115603,19.039075144508665,18.728323699421964,17.604624277456644,null,0.95375722543352592,0.93063583815028905,0.91329479768786126,0.90173410404624277,0.89017341040462428,0.8439306358381502,0.78034682080924855,0.82,0.85,0.87,0.88500000000000001,0.9,0.94,0.94,0.65600000000000058,0.70285714285714307,0.72000000000000031,0.74209523809523892,0.7634285714285719,0.75390476190476097,0.64838095238095239,{"$f":"Y10*C10+($A$4-80)*AF10*$A$8/1000","v":18.769942196531787},{"$f":"Z10*E10+($A$4-80)*AG10*$A$8/1000","v":18.984971098265895},{"$f":"AA10*G10+($A$4-80)*AH10*$A$8/1000","v":19.069595375722542},{"$f":"AB10*I10+($A$4-80)*AI10*$A$8/1000","v":19.152832369942196},{"$f":"AC10*K10+($A$4-80)*AJ10*$A$8/1000","v":19.227745664739885},{"$f":"AD10*M10+($A$4-80)*AK10*$A$8/1000","v":19.039075144508665},{"$f":"AE10*O10+($A$4-80)*AL10*$A$8/1000","v":17.604624277456644}]
[null,59,22.473988439306353,19.777109826589591,21.919075144508671,19.94635838150289,21.364161849710982,19.868670520231213,21.086705202312135,19.926936416184969,{"$f":"V11*$K$13","v":20.809248554913296},19.976878612716764,19.838150289017342,19.838150289017342,18.312138728323699,18.312138728323699,null,0.93641618497109813,0.91329479768786126,0.89017341040462428,0.87861271676300567,0.86705202312138729,0.82658959537572252,0.76300578034682076,0.88,0.91,0.93,0.94500000000000006,0.96,1,1.01,0.58514285714285696,0.57638095238095299,0.53409523809523851,0.52914285714285758,0.52419047619047532,0.59428571428571453,0.52266666666666595,{"$f":"Y11*C11+($A$4-80)*AF11*$A$8/1000","v":19.777109826589591},{"$f":"Z11*E11+($A$4-80)*AG11*$A$8/1000","v":19.94635838150289},{"$f":"AA11*G11+($A$4-80)*AH11*$A$8/1000","v":19.868670520231213},{"$f":"AB11*I11+($A$4-80)*AI11*$A$8/1000","v":19.926936416184969},{"$f":"AC11*K11+($A$4-80)*AJ11*$A$8/1000","v":19.976878612716764},{"$f":"AD11*M11+($A$4-80)*AK11*$A$8/1000","v":19.838150289017342},{"$f":"AE11*O11+($A$4-80)*AL11*$A$8/1000","v":18.495260115606936}]
[600,71,27.468208092485547,14.00878612716763,26.913294797687854,14.264046242774564,26.21965317919075,14.158612716763006,25.942196531791904,14.268208092485548,{"$f":"V12*$K$13","v":25.664739884393065},14.372254335260118,24.277456647398843,14.080924855491327,22.473988439306353,13.034913294797684,null,1.1445086705202312,1.121387283236994,1.0924855491329479,1.0809248554913293,1.0693641618497109,1.0115606936416184,0.93641618497109813,0.51,0.53,0.54,0.55000000000000004,0.56000000000000005,0.57999999999999996,0.57999999999999996,1.0326666666666671,1.0223333333333335,0.98266666666666624,1.0092499999999998,1.0353333333333337,1.0233333333333328,0.89066666666666672,{"$f":"Y12*C12+($A$4-80)*AF12*$A$12/1000","v":14.00878612716763},{"$f":"Z12*E12+($A$4-80)*AG12*$A$12/1000","v":14.264046242774564},{"$f":"AA12*G12+($A$4-80)*AH12*$A$12/1000","v":14.158612716763006},{"$f":"AB12*I12+($A$4-80)*AI12*$A$12/1000","v":14.268208092485548},{"$f":"AC12*K12+($A$4-80)*AJ12*$A$12/1000","v":14.372254335260118},{"$f":"AD12*M12+($A$4-80)*AK12*$A$12/1000","v":14.080924855491327},{"$f":"AE12*O12+($A$4-80)*AL12*$A$12/1000","v":13.034913294797684}]
[null,67,25.803468208092486,17.546358381502891,25.109826589595375,17.576878612716762,24.554913294797686,17.679537572254333,24.277456647398843,17.843930635838149,24,18,22.7514450867052,17.518612716763005,21.086705202312135,16.447630057803465,null,1.0751445086705202,1.046242774566474,1.023121387283237,1.0115606936416184,1,0.94797687861271662,0.87861271676300567,0.68,0.7,0.72,0.73499999999999999,0.75,0.77,0.78,0.80599999999999972,0.76533333333333364,0.80666666666666664,0.83599999999999974,0.86500000000000021,0.74433333333333296,0.76000000000000034,{"$f":"Y13*C13+($A$4-80)*AF13*$A$12/1000","v":17.546358381502891},{"$f":"Z13*E13+($A$4-80)*AG13*$A$12/1000","v":17.576878612716762},{"$f":"AA13*G13+($A$4-80)*AH13*$A$12/1000","v":17.679537572254333},{"$f":"AB13*I13+($A$4-80)*AI13*$A$12/1000","v":17.843930635838149},{"$f":"AC13*K13+($A$4-80)*AJ13*$A$12/1000","v":18},{"$f":"AD13*M13+($A$4-80)*AK13*$A$12/1000","v":17.518612716763005},{"$f":"AE13*O13+($A$4-80)*AL13*$A$12/1000","v":16.447630057803465}]
[null,63,24.138728323699418,20.276531791907509,23.583815028901732,20.517919075144508,23.028901734104046,20.495722543352603,22.7514450867052,20.590057803468206,{"$f":"V14*$K$13","v":22.473988439306353},20.676069364161847,21.364161849710982,20.295953757225433,19.699421965317917,18.9114450867052,null,1.0057803468208091,0.98265895953757221,0.95953757225433534,0.94797687861271662,0.93641618497109813,0.89017341040462428,0.82080924855491322,0.84,0.87,0.89,0.90500000000000003,0.92,0.95,0.96,0.68666666666666631,0.72999999999999932,0.71533333333333415,0.7083333333333327,0.70133333333333314,0.67133333333333312,0.64300000000000002,{"$f":"Y14*C14+($A$4-80)*AF14*$A$12/1000","v":20.276531791907509},{"$f":"Z14*E14+($A$4-80)*AG14*$A$12/1000","v":20.517919075144508},{"$f":"AA14*G14+($A$4-80)*AH14*$A$12/1000","v":20.495722543352603},{"$f":"AB14*I14+($A$4-80)*AI14*$A$12/1000","v":20.590057803468206},{"$f":"AC14*K14+($A$4-80)*AJ14*$A$12/1000","v":20.676069364161847},{"$f":"AD14*M14+($A$4-80)*AK14*$A$12/1000","v":20.295953757225433},{"$f":"AE14*O14+($A$4-80)*AL14*$A$12/1000","v":18.9114450867052}]
[null,59,23.583815028901732,20.989595375722541,23.028901734104046,21.186589595375722,22.473988439306353,21.350289017341034,22.196531791907514,21.41965317919075,21.919075144508671,21.480693641618497,20.809248554913296,20.809248554913296,19.283236994219653,19.283236994219653,null,0.98265895953757221,0.95953757225433534,0.93641618497109813,0.92485549132947975,0.91329479768786126,0.86705202312138729,0.80346820809248554,0.89,0.92,0.95,0.96499999999999997,0.98,1,1,0.53433333333333333,0.52666666666666739,0.57199999999999973,0.56750000000000023,0.56300000000000006,0.46133333333333287,0.38633333333333358,{"$f":"Y15*C15+($A$4-80)*AF15*$A$12/1000","v":20.989595375722541},{"$f":"Z15*E15+($A$4-80)*AG15*$A$12/1000","v":21.186589595375722},{"$f":"AA15*G15+($A$4-80)*AH15*$A$12/1000","v":21.350289017341034},{"$f":"AB15*I15+($A$4-80)*AI15*$A$12/1000","v":21.41965317919075},{"$f":"AC15*K15+($A$4-80)*AJ15*$A$12/1000","v":21.480693641618497},{"$f":"AD15*M15+($A$4-80)*AK15*$A$12/1000","v":20.809248554913296},{"$f":"AE15*O15+($A$4-80)*AL15*$A$12/1000","v":19.283236994219653}]
[650,71,28.439306358381501,14.788439306358381,27.74566473988439,14.982658959537572,27.052023121387286,14.878612716763008,26.705202312138731,14.954913294797691,26.358381502890175,15.024277456647399,25.109826589595375,14.814797687861271,23.167630057803464,13.900578034682079,null,1.1849710982658959,1.1560693641618496,1.1271676300578035,1.1127167630057804,1.0982658959537572,1.046242774566474,0.96531791907514441,0.52,0.54,0.55000000000000004,0.56000000000000005,0.56999999999999995,0.59,0.6,0.99815384615384606,1.0347692307692309,1.0083076923076926,0.98892307692307735,0.96923076923076878,0.98984615384615426,0.95107692307692315,{"$f":"Y16*C16+($A$4-80)*AF16*$A$16/1000","v":14.788439306358381},{"$f":"Z16*E16+($A$4-80)*AG16*$A$16/1000","v":14.982658959537572},{"$f":"AA16*G16+($A$4-80)*AH16*$A$16/1000","v":14.878612716763008},{"$f":"AB16*I16+($A$4-80)*AI16*$A$16/1000","v":14.954913294797691},{"$f":"AC16*K16+($A$4-80)*AJ16*$A$16/1000","v":15.024277456647399},{"$f":"AD16*M16+($A$4-80)*AK16*$A$16/1000","v":14.814797687861271},{"$f":"AE16*O16+($A$4-80)*AL16*$A$16/1000","v":13.900578034682079}]
[null,67,26.497109826589597,18.283005780346819,25.942196531791904,18.678381502890169,25.248554913294793,18.683930635838145,24.971098265895954,18.728323699421964,24.693641618497111,18.767167630057806,23.445086705202311,18.521618497109827,21.780346820809246,17.424277456647399,null,1.1040462427745665,1.0809248554913293,1.052023121387283,1.0404624277456647,1.0289017341040463,0.97687861271676291,0.90751445086705196,0.69,0.72,0.74,0.75,0.76,0.79,0.8,0.74676923076923063,0.80553846153846165,0.76553846153846139,0.75661538461538447,0.7476923076923081,0.7603076923076918,0.77292307692307705,{"$f":"Y17*C17+($A$4-80)*AF17*$A$16/1000","v":18.283005780346819},{"$f":"Z17*E17+($A$4-80)*AG17*$A$16/1000","v":18.678381502890169},{"$f":"AA17*G17+($A$4-80)*AH17*$A$16/1000","v":18.683930635838145},{"$f":"AB17*I17+($A$4-80)*AI17*$A$16/1000","v":18.728323699421964},{"$f":"AC17*K17+($A$4-80)*AJ17*$A$16/1000","v":18.767167630057806},{"$f":"AD17*M17+($A$4-80)*AK17*$A$16/1000","v":18.521618497109827},{"$f":"AE17*O17+($A$4-80)*AL17*$A$16/1000","v":17.424277456647399}]
[null,63,24.832369942196529,21.10751445086705,24.277456647398843,21.364161849710982,23.722543352601157,21.587514450867054,23.445086705202311,21.686705202312137,23.167630057803464,21.777572254335254,21.919075144508671,21.919075144508671,20.393063583815028,20.393063583815028,null,1.0346820809248554,1.0115606936416184,0.98843930635838151,0.97687861271676291,0.96531791907514441,0.91329479768786126,0.8497109826589595,0.85,0.88,0.91,0.92500000000000004,0.94,1,1,0.65138461538461512,0.63969230769230734,0.68000000000000083,0.69923076923076943,0.71784615384615336,0.80369230769230837,0.73076923076923073,{"$f":"Y18*C18+($A$4-80)*AF18*$A$16/1000","v":21.10751445086705},{"$f":"Z18*E18+($A$4-80)*AG18*$A$16/1000","v":21.364161849710982},{"$f":"AA18*G18+($A$4-80)*AH18*$A$16/1000","v":21.587514450867054},{"$f":"AB18*I18+($A$4-80)*AI18*$A$16/1000","v":21.686705202312137},{"$f":"AC18*K18+($A$4-80)*AJ18*$A$16/1000","v":21.777572254335254},{"$f":"AD18*M18+($A$4-80)*AK18*$A$16/1000","v":21.919075144508671},{"$f":"AE18*O18+($A$4-80)*AL18*$A$16/1000","v":20.393063583815028}]
[null,59,24.277456647398843,22.092485549132949,23.722543352601157,22.299190751445085,23.167630057803464,22.472601156069359,22.890173410404621,22.546820809248551,22.612716763005782,22.612716763005782,21.502890173410403,21.502890173410403,19.838150289017342,19.838150289017342,null,1.0115606936416184,0.98843930635838151,0.96531791907514441,0.95375722543352592,0.94219653179190754,0.89595375722543347,0.82658959537572252,0.91,0.94,0.97,0.98499999999999999,1,1,1,0.50738461538461621,0.50030769230769268,0.54369230769230747,0.5395384615384623,0.53538461538461546,0.37292307692307741,0.27846153846153876,{"$f":"Y19*C19+($A$4-80)*AF19*$A$16/1000","v":22.092485549132949},{"$f":"Z19*E19+($A$4-80)*AG19*$A$16/1000","v":22.299190751445085},{"$f":"AA19*G19+($A$4-80)*AH19*$A$16/1000","v":22.472601156069359},{"$f":"AB19*I19+($A$4-80)*AI19*$A$16/1000","v":22.546820809248551},{"$f":"AC19*K19+($A$4-80)*AJ19*$A$16/1000","v":22.612716763005782},{"$f":"AD19*M19+($A$4-80)*AK19*$A$16/1000","v":21.502890173410403},{"$f":"AE19*O19+($A$4-80)*AL19*$A$16/1000","v":19.838150289017342}]

{"sheet":"GSX130_24","index":4,"n_rows":19,"n_cols":45,"rows_kept":19,"cut":false,"hidden":true,"merged":[[2,0,2,1],[2,2,2,15],[3,2,3,3],[3,4,3,5],[3,6,3,7],[3,8,3,9],[3,10,3,11],[3,12,3,13],[3,14,3,15],[5,2,6,2],[5,3,6,3],[5,4,6,4],[5,5,6,5],[5,6,6,6],[5,7,6,7],[5,8,6,8],[4,0,6,0],[4,1,6,1],[4,2,4,3],[4,4,4,5],[4,6,4,7],[4,8,4,9],[5,9,6,9],[5,10,6,10],[5,11,6,11],[5,12,6,12],[5,13,6,13],[5,14,6,14],[5,15,6,15],[4,10,4,11],[4,12,4,13],[4,14,4,15],[7,0,10,0],[11,0,14,0],[15,0,18,0],[22,4,22,15],[23,4,23,5],[23,6,23,7],[23,8,23,9],[23,10,23,11],[23,12,23,13],[23,14,23,15],[25,12,26,12],[25,13,26,13],[25,14,26,14],[25,15,26,15],[27,0,30,0],[31,0,34,0],[24,12,24,13],[24,14,24,15],[25,4,26,4],[25,5,26,5],[25,6,26,6],[25,7,26,7],[25,8,26,8],[25,9,26,9],[25,10,26,10],[25,11,26,11],[24,0,26,0],[24,1,26,1],[24,4,24,5],[24,6,24,7],[24,8,24,9],[24,10,24,11],[35,0,38,0],[41,0,42,1],[41,4,41,15],[42,4,42,5],[42,6,42,7],[42,8,42,9],[42,10,42,11],[42,12,42,13],[42,14,42,15],[44,12,45,12],[44,13,45,13],[44,14,45,14],[44,15,45,15],[46,0,49,0],[50,0,53,0],[43,12,43,13],[43,14,43,15],[44,4,45,4],[44,5,45,5],[44,6,45,6],[44,7,45,7],[44,8,45,8],[44,9,45,9],[44,10,45,10],[44,11,45,11],[43,0,45,0],[43,1,45,1],[43,4,43,5],[43,6,43,7],[43,8,43,9],[43,10,43,11],[54,0,57,0],[60,0,61,1],[60,4,60,15],[61,4,61,5],[61,6,61,7],[61,8,61,9],[61,10,61,11],[61,12,61,13],[61,14,61,15],[63,12,64,12],[63,13,64,13],[63,14,64,14],[63,15,64,15],[65,0,68,0],[69,0,72,0],[62,12,62,13],[62,14,62,15],[63,4,64,4],[63,5,64,5],[63,6,64,6],[63,7,64,7],[63,8,64,8],[63,9,64,9],[63,10,64,10],[63,11,64,11],[62,0,64,0],[62,1,64,1],[62,4,62,5],[62,6,62,7],[62,8,62,9],[62,10,62,11],[73,0,76,0],[79,0,80,1],[79,4,79,15],[80,4,80,5],[80,6,80,7],[80,8,80,9],[80,10,80,11],[80,12,80,13],[80,14,80,15],[82,12,83,12],[82,13,83,13],[82,14,83,14],[82,15,83,15],[84,0,87,0],[88,0,91,0],[81,12,81,13],[81,14,81,15],[82,4,83,4],[82,5,83,5],[82,6,83,6],[82,7,83,7],[82,8,83,8],[82,9,83,9],[82,10,83,10],[82,11,83,11],[81,0,83,0],[81,1,83,1],[81,4,81,5],[81,6,81,7],[81,8,81,9],[81,10,81,11],[92,0,95,0],[98,0,99,1],[98,4,98,15],[99,4,99,5],[99,6,99,7],[99,8,99,9],[99,10,99,11],[99,12,99,13],[99,14,99,15],[101,12,102,12],[101,13,102,13],[101,14,102,14],[101,15,102,15],[103,0,106,0],[107,0,110,0],[100,12,100,13],[100,14,100,15],[101,4,102,4],[101,5,102,5],[101,6,102,6],[101,7,102,7],[101,8,102,8],[101,9,102,9],[101,10,102,10],[101,11,102,11],[100,0,102,0],[100,1,102,1],[100,4,100,5],[100,6,100,7],[100,8,100,9],[100,10,100,11],[111,0,114,0],[117,0,118,1],[117,4,117,15],[118,4,118,5],[118,6,118,7],[118,8,118,9],[118,10,118,11],[118,12,118,13],[118,14,118,15],[130,0,133,0],[120,12,121,12],[120,13,121,13],[120,14,121,14],[120,15,121,15],[122,0,125,0],[126,0,129,0],[119,12,119,13],[119,14,119,15],[120,4,121,4],[120,5,121,5],[120,6,121,6],[120,7,121,7],[120,8,121,8],[120,9,121,9],[120,10,121,10],[120,11,121,11],[119,0,121,0],[119,1,121,1],[119,4,119,5],[119,6,119,7],[119,8,119,9],[119,10,119,11]]}
[]
["GSX130_24"]
["Evaporator Air \n",null,"Condenser  Entering Air Temperature ˚F"]
[80,"°F DB",65,null,75,null,85,null,90,null,95,null,105,null,115]
["CFM","EWB†\n˚F","Capacity Mbtuh",null,"Capacity Mbtuh",null,"Capacity Mbtuh",null,"Capacity Mbtuh",null,"Capacity Mbtuh",null,"Capacity Mbtuh",null,"Capacity Mbtuh"]
[null,null,"Total","Sens.","Total","Sens.","Total","Sens.","Total","Sens.","Total","Sens.","Total","Sens.","Total","Sens."]
[null,null,null,null,null,null,null,null,null,null,null,null,null,null,null,null,null,"Total Factors",null,null,null,null,null,null,"Sens. %",null,null,null,null,null,null,"IDB Adj",null,null,null,null,null,null,"Sens Calc"]
[700,71,{"$f":"R8*$K$13","v":25.460869565217386},{"$f":"IF(AM8>C8,C8,AM8)","v":12.47582608695652},{"$f":"S8*$K$13","v":24.834782608695654},{"$f":"IF(AN8>E8,E8,AN8)","v":12.665739130434783},{"$f":"T8*$K$13","v":24.313043478260866},{"$f":"IF(AO8>G8,G8,AO8)","v":12.642782608695651},{"$f":"U8*$K$13","v":24},{"$f":"IF(AP8>I8,I8,AP8)","v":12.72},{"$f":"V8*$K$13","v":23.68695652173913},{"$f":"IF(AQ8>K8,K8,AQ8)","v":12.790956521739131},{"$f":"W8*$K$13","v":22.53913043478261},{"$f":"IF(AR8>M8,M8,AR8)","v":12.621913043478262},{"$f":"X8*$K$13","v":20.869565217391305},{"$f":"IF(AS8>O8,O8,AS8)","v":11.686956521739132},null,1.0608695652173912,1.0347826086956522,1.0130434782608695,1,0.9869565217391304,0.93913043478260871,0.86956521739130432,0.49,0.51,0.52,0.53,0.54,0.56000000000000005,0.56000000000000005,1.026285714285714,1.0680000000000003,1.0548571428571434,1.0355714285714288,1.0160000000000002,1.0380000000000007,0.96028571428571452,{"$f":"Y8*C8+($A$4-80)*AF8*$A$8/1000","v":12.47582608695652},{"$f":"Z8*E8+($A$4-80)*AG8*$A$8/1000","v":12.665739130434783},{"$f":"AA8*G8+($A$4-80)*AH8*$A$8/1000","v":12.642782608695651},{"$f":"AB8*I8+($A$4-80)*AI8*$A$8/1000","v":12.72},{"$f":"AC8*K8+($A$4-80)*AJ8*$A$8/1000","v":12.790956521739131},{"$f":"AD8*M8+($A$4-80)*AK8*$A$8/1000","v":12.621913043478262},{"$f":"AE8*O8+($A$4-80)*AL8*$A$8/1000","v":11.686956521739132}]
[null,67,23.791304347826088,15.702260869565219,23.269565217391307,15.82330434782609,22.747826086956522,15.923478260869564,22.434782608695652,15.928695652173912,{"$f":"V9*$K$13","v":22.121739130434783},15.927652173913042,21.078260869565216,15.808695652173913,19.513043478260869,14.634782608695652,null,0.99130434782608701,0.96956521739130441,0.94782608695652182,0.93478260869565222,0.92173913043478262,0.87826086956521732,0.81304347826086953,0.66,0.68,0.7,0.71,0.72,0.75,0.75,0.83171428571428607,0.81257142857142883,0.87199999999999944,0.85185714285714198,0.83142857142857152,0.80799999999999983,0.74799999999999967,{"$f":"Y9*C9+($A$4-80)*AF9*$A$8/1000","v":15.702260869565219},{"$f":"Z9*E9+($A$4-80)*AG9*$A$8/1000","v":15.82330434782609},{"$f":"AA9*G9+($A$4-80)*AH9*$A$8/1000","v":15.923478260869564},{"$f":"AB9*I9+($A$4-80)*AI9*$A$8/1000","v":15.928695652173912},{"$f":"AC9*K9+($A$4-80)*AJ9*$A$8/1000","v":15.927652173913042},{"$f":"AD9*M9+($A$4-80)*AK9*$A$8/1000","v":15.808695652173913},{"$f":"AE9*O9+($A$4-80)*AL9*$A$8/1000","v":14.634782608695652}]
[null,63,22.330434782608695,18.087652173913042,21.808695652173913,18.319304347826087,21.286956521739128,18.306782608695649,21.026086956521738,18.39782608695652,{"$f":"V10*$K$13","v":20.765217391304347},18.481043478260869,19.721739130434781,18.143999999999998,18.260869565217391,16.982608695652175,null,0.93043478260869561,0.90869565217391302,0.88695652173913042,0.87608695652173907,0.86521739130434772,0.82173913043478253,0.76086956521739135,0.81,0.84,0.86,0.875,0.89,0.92,0.93,0.73257142857142854,0.69857142857142818,0.6839999999999995,0.70549999999999979,0.72628571428571376,0.69371428571428495,0.64628571428571435,{"$f":"Y10*C10+($A$4-80)*AF10*$A$8/1000","v":18.087652173913042},{"$f":"Z10*E10+($A$4-80)*AG10*$A$8/1000","v":18.319304347826087},{"$f":"AA10*G10+($A$4-80)*AH10*$A$8/1000","v":18.306782608695649},{"$f":"AB10*I10+($A$4-80)*AI10*$A$8/1000","v":18.39782608695652},{"$f":"AC10*K10+($A$4-80)*AJ10*$A$8/1000","v":18.481043478260869},{"$f":"AD10*M10+($A$4-80)*AK10*$A$8/1000","v":18.143999999999998},{"$f":"AE10*O10+($A$4-80)*AL10*$A$8/1000","v":16.982608695652175}]
[null,59,21.808695652173913,18.755478260869566,21.286956521739128,18.945391304347826,20.765217391304347,19.103999999999999,20.504347826086956,19.06904347826087,{"$f":"V11*$K$13","v":20.243478260869562},19.028869565217388,19.304347826086957,18.918260869565216,17.843478260869567,17.66504347826087,null,0.90869565217391302,0.88695652173913042,0.86521739130434772,0.85434782608695647,0.84347826086956512,0.80434782608695654,0.74347826086956526,0.86,0.89,0.92,0.92999999999999994,0.94,0.98,0.99,0.50828571428571423,0.5357142857142847,0.58285714285714252,0.54964285714285566,0.51714285714285579,0.5519999999999996,0.51685714285714324,{"$f":"Y11*C11+($A$4-80)*AF11*$A$8/1000","v":18.755478260869566},{"$f":"Z11*E11+($A$4-80)*AG11*$A$8/1000","v":18.945391304347826},{"$f":"AA11*G11+($A$4-80)*AH11*$A$8/1000","v":19.103999999999999},{"$f":"AB11*I11+($A$4-80)*AI11*$A$8/1000","v":19.06904347826087},{"$f":"AC11*K11+($A$4-80)*AJ11*$A$8/1000","v":19.028869565217388},{"$f":"AD11*M11+($A$4-80)*AK11*$A$8/1000","v":18.918260869565216},{"$f":"AE11*O11+($A$4-80)*AL11*$A$8/1000","v":17.66504347826087}]
[800,71,27.547826086956523,14.049391304347827,26.92173913043478,14.268521739130435,26.295652173913041,14.199652173913043,25.982608695652175,14.290434782608697,{"$f":"V12*$K$13","v":25.669565217391305},14.374956521739133,24.417391304347824,14.162086956521737,22.53913043478261,13.29808695652174,null,1.1478260869565218,1.1217391304347826,1.0956521739130434,1.0826086956521739,1.0695652173913044,1.017391304347826,0.93913043478260871,0.51,0.53,0.54,0.55000000000000004,0.56000000000000005,0.57999999999999996,0.59,1.0384999999999995,1.0135000000000005,0.98900000000000032,1.0078749999999999,1.0260000000000002,1.0429999999999993,0.9514999999999999,{"$f":"Y12*C12+($A$4-80)*AF12*$A$12/1000","v":14.049391304347827},{"$f":"Z12*E12+($A$4-80)*AG12*$A$12/1000","v":14.268521739130435},{"$f":"AA12*G12+($A$4-80)*AH12*$A$12/1000","v":14.199652173913043},{"$f":"AB12*I12+($A$4-80)*AI12*$A$12/1000","v":14.290434782608697},{"$f":"AC12*K12+($A$4-80)*AJ12*$A$12/1000","v":14.374956521739133},{"$f":"AD12*M12+($A$4-80)*AK12*$A$12/1000","v":14.162086956521737},{"$f":"AE12*O12+($A$4-80)*AL12*$A$12/1000","v":13.29808695652174}]
[null,67,25.77391304347826,17.526260869565217,25.252173913043478,17.929043478260869,24.626086956521739,17.730782608695652,24.313043478260866,17.870086956521735,24,18,22.852173913043476,17.824695652173911,21.078260869565216,16.44104347826087,null,1.0739130434782609,1.0521739130434782,1.0260869565217392,1.0130434782608695,1,0.9521739130434782,0.87826086956521732,0.68,0.71,0.72,0.73499999999999999,0.75,0.78,0.78,0.78899999999999937,0.84699999999999998,0.76700000000000035,0.80806249999999968,0.84749999999999959,0.82125000000000048,0.74175000000000024,{"$f":"Y13*C13+($A$4-80)*AF13*$A$12/1000","v":17.526260869565217},{"$f":"Z13*E13+($A$4-80)*AG13*$A$12/1000","v":17.929043478260869},{"$f":"AA13*G13+($A$4-80)*AH13*$A$12/1000","v":17.730782608695652},{"$f":"AB13*I13+($A$4-80)*AI13*$A$12/1000","v":17.870086956521735},{"$f":"AC13*K13+($A$4-80)*AJ13*$A$12/1000","v":18},{"$f":"AD13*M13+($A$4-80)*AK13*$A$12/1000","v":17.824695652173911},{"$f":"AE13*O13+($A$4-80)*AL13*$A$12/1000","v":16.44104347826087}]
[null,63,24.104347826086958,20.247652173913043,23.582608695652176,20.516869565217394,23.060869565217395,20.52417391304348,22.747826086956522,20.586782608695653,{"$f":"V14*$K$13","v":22.434782608695652},20.64,21.391304347826086,20.321739130434782,19.721739130434781,18.932869565217388,null,1.0043478260869565,0.98260869565217401,0.96086956521739142,0.94782608695652182,0.93478260869565222,0.89130434782608692,0.82173913043478253,0.84,0.87,0.89,0.90500000000000003,0.92,0.95,0.96,0.67175000000000029,0.65950000000000131,0.72074999999999967,0.70306250000000059,0.68499999999999961,0.67724999999999991,0.58799999999999963,{"$f":"Y14*C14+($A$4-80)*AF14*$A$12/1000","v":20.247652173913043},{"$f":"Z14*E14+($A$4-80)*AG14*$A$12/1000","v":20.516869565217394},{"$f":"AA14*G14+($A$4-80)*AH14*$A$12/1000","v":20.52417391304348},{"$f":"AB14*I14+($A$4-80)*AI14*$A$12/1000","v":20.586782608695653},{"$f":"AC14*K14+($A$4-80)*AJ14*$A$12/1000","v":20.64},{"$f":"AD14*M14+($A$4-80)*AK14*$A$12/1000","v":20.321739130434782},{"$f":"AE14*O14+($A$4-80)*AL14*$A$12/1000","v":18.932869565217388}]
[null,59,23.582608695652176,20.988521739130437,23.060869565217395,21.446608695652177,22.53913043478261,21.412173913043478,22.278260869565219,21.498521739130435,22.017391304347825,21.577043478260869,20.869565217391305,20.869565217391305,19.304347826086957,19.304347826086957,null,0.98260869565217401,0.96086956521739142,0.93913043478260871,0.92826086956521747,0.91739130434782612,0.86956521739130432,0.80434782608695654,0.89,0.93,0.95,0.96499999999999997,0.98,1,1,0.51274999999999959,0.58125000000000071,0.51900000000000013,0.5416875000000001,0.56375000000000064,0.41974999999999968,0.34800000000000075,{"$f":"Y15*C15+($A$4-80)*AF15*$A$12/1000","v":20.988521739130437},{"$f":"Z15*E15+($A$4-80)*AG15*$A$12/1000","v":21.446608695652177},{"$f":"AA15*G15+($A$4-80)*AH15*$A$12/1000","v":21.412173913043478},{"$f":"AB15*I15+($A$4-80)*AI15*$A$12/1000","v":21.498521739130435},{"$f":"AC15*K15+($A$4-80)*AJ15*$A$12/1000","v":21.577043478260869},{"$f":"AD15*M15+($A$4-80)*AK15*$A$12/1000","v":20.869565217391305},{"$f":"AE15*O15+($A$4-80)*AL15*$A$12/1000","v":19.304347826086957}]
[900,71,28.382608695652173,15.042782608695653,27.756521739130434,15.26608695652174,27.130434782608695,15.464347826086955,26.765217391304347,15.52382608695652,26.400000000000002,15.576000000000001,25.147826086956528,15.340173913043481,23.269565217391307,14.194434782608697,null,1.182608695652174,1.1565217391304348,1.1304347826086956,1.1152173913043477,1.1000000000000001,1.0478260869565219,0.96956521739130441,0.53,0.55000000000000004,0.56999999999999995,0.57999999999999996,0.59,0.61,0.61,0.95066666666666677,0.92844444444444507,0.97333333333333272,0.98399999999999943,0.99377777777777765,1.0082222222222224,0.88244444444444448,{"$f":"Y16*C16+($A$4-80)*AF16*$A$16/1000","v":15.042782608695653},{"$f":"Z16*E16+($A$4-80)*AG16*$A$16/1000","v":15.26608695652174},{"$f":"AA16*G16+($A$4-80)*AH16*$A$16/1000","v":15.464347826086955},{"$f":"AB16*I16+($A$4-80)*AI16*$A$16/1000","v":15.52382608695652},{"$f":"AC16*K16+($A$4-80)*AJ16*$A$16/1000","v":15.576000000000001},{"$f":"AD16*M16+($A$4-80)*AK16*$A$16/1000","v":15.340173913043481},{"$f":"AE16*O16+($A$4-80)*AL16*$A$16/1000","v":14.194434782608697}]
[null,67,26.608695652173914,18.892173913043479,25.982608695652175,19.227130434782609,25.356521739130436,19.27095652173913,25.043478260869563,19.283478260869565,24.730434782608697,19.289739130434786,23.478260869565219,19.017391304347829,21.704347826086956,17.797565217391302,null,1.1086956521739131,1.0826086956521739,1.0565217391304349,1.0434782608695652,1.0304347826086957,0.97826086956521741,0.90434782608695652,0.71,0.74,0.76,0.77,0.78,0.81,0.82,0.73666666666666691,0.77466666666666684,0.79644444444444473,0.78622222222222227,0.77600000000000013,0.73533333333333317,0.72488888888888892,{"$f":"Y17*C17+($A$4-80)*AF17*$A$16/1000","v":18.892173913043479},{"$f":"Z17*E17+($A$4-80)*AG17*$A$16/1000","v":19.227130434782609},{"$f":"AA17*G17+($A$4-80)*AH17*$A$16/1000","v":19.27095652173913},{"$f":"AB17*I17+($A$4-80)*AI17*$A$16/1000","v":19.283478260869565},{"$f":"AC17*K17+($A$4-80)*AJ17*$A$16/1000","v":19.289739130434786},{"$f":"AD17*M17+($A$4-80)*AK17*$A$16/1000","v":19.017391304347829},{"$f":"AE17*O17+($A$4-80)*AL17*$A$16/1000","v":17.797565217391302}]
[null,63,24.834782608695654,21.854608695652175,24.313043478260866,22.124869565217388,23.68695652173913,22.028869565217391,23.426086956521736,22.137652173913043,23.165217391304346,22.238608695652172,22.017391304347825,22.017391304347825,20.347826086956523,20.347826086956523,null,1.0347826086956522,1.0130434782608695,0.9869565217391304,0.97608695652173905,0.9652173913043478,0.91739130434782612,0.84782608695652173,0.88,0.91,0.93,0.94500000000000006,0.96,1,1,0.66844444444444429,0.67400000000000027,0.6413333333333332,0.63533333333333364,0.62933333333333275,0.6482222222222227,0.55911111111111067,{"$f":"Y18*C18+($A$4-80)*AF18*$A$16/1000","v":21.854608695652175},{"$f":"Z18*E18+($A$4-80)*AG18*$A$16/1000","v":22.124869565217388},{"$f":"AA18*G18+($A$4-80)*AH18*$A$16/1000","v":22.028869565217391},{"$f":"AB18*I18+($A$4-80)*AI18*$A$16/1000","v":22.137652173913043},{"$f":"AC18*K18+($A$4-80)*AJ18*$A$16/1000","v":22.238608695652172},{"$f":"AD18*M18+($A$4-80)*AK18*$A$16/1000","v":22.017391304347825},{"$f":"AE18*O18+($A$4-80)*AL18*$A$16/1000","v":20.347826086956523}]
[null,59,24.313043478260866,22.854260869565213,23.791304347826088,23.077565217391307,23.165217391304346,23.165217391304346,22.904347826086955,22.904347826086955,22.643478260869564,22.643478260869564,21.495652173913044,21.495652173913044,19.9304347826087,19.9304347826087,null,1.0130434782608695,0.99130434782608701,0.9652173913043478,0.95434782608695645,0.94347826086956521,0.89565217391304353,0.83043478260869574,0.94,0.97,1,1,1,1,1,0.54155555555555579,0.4844444444444444,0.50466666666666682,0.43777777777777671,0.37288888888888905,0.20200000000000054,0.15022222222222265,{"$f":"Y19*C19+($A$4-80)*AF19*$A$16/1000","v":22.854260869565213},{"$f":"Z19*E19+($A$4-80)*AG19*$A$16/1000","v":23.077565217391307},{"$f":"AA19*G19+($A$4-80)*AH19*$A$16/1000","v":23.165217391304346},{"$f":"AB19*I19+($A$4-80)*AI19*$A$16/1000","v":22.904347826086955},{"$f":"AC19*K19+($A$4-80)*AJ19*$A$16/1000","v":22.643478260869564},{"$f":"AD19*M19+($A$4-80)*AK19*$A$16/1000","v":21.495652173913044},{"$f":"AE19*O19+($A$4-80)*AL19*$A$16/1000","v":19.9304347826087}]

{"sheet":"GSX130_30","index":5,"n_rows":19,"n_cols":45,"rows_kept":19,"cut":false,"hidden":true,"merged":[[2,0,2,1],[2,2,2,15],[3,2,3,3],[3,4,3,5],[3,6,3,7],[3,8,3,9],[3,10,3,11],[3,12,3,13],[3,14,3,15],[5,2,6,2],[5,3,6,3],[5,4,6,4],[5,5,6,5],[5,6,6,6],[5,7,6,7],[5,8,6,8],[4,0,6,0],[4,1,6,1],[4,2,4,3],[4,4,4,5],[4,6,4,7],[4,8,4,9],[5,9,6,9],[5,10,6,10],[5,11,6,11],[5,12,6,12],[5,13,6,13],[5,14,6,14],[5,15,6,15],[4,10,4,11],[4,12,4,13],[4,14,4,15],[7,0,10,0],[11,0,14,0],[15,0,18,0],[22,4,22,15],[23,4,23,5],[23,6,23,7],[23,8,23,9],[23,10,23,11],[23,12,23,13],[23,14,23,15],[25,12,26,12],[25,13,26,13],[25,14,26,14],[25,15,26,15],[27,0,30,0],[31,0,34,0],[24,12,24,13],[24,14,24,15],[25,4,26,4],[25,5,26,5],[25,6,26,6],[25,7,26,7],[25,8,26,8],[25,9,26,9],[25,10,26,10],[25,11,26,11],[24,0,26,0],[24,1,26,1],[24,4,24,5],[24,6,24,7],[24,8,24,9],[24,10,24,11],[35,0,38,0],[41,0,42,1],[41,4,41,15],[42,4,42,5],[42,6,42,7],[42,8,42,9],[42,10,42,11],[42,12,42,13],[42,14,42,15],[44,12,45,12],[44,13,45,13],[44,14,45,14],[44,15,45,15],[46,0,49,0],[50,0,53,0],[43,12,43,13],[43,14,43,15],[44,4,45,4],[44,5,45,5],[44,6,45,6],[44,7,45,7],[44,8,45,8],[44,9,45,9],[44,10,45,10],[44,11,45,11],[43,0,45,0],[43,1,45,1],[43,4,43,5],[43,6,43,7],[43,8,43,9],[43,10,43,11],[54,0,57,0],[60,0,61,1],[60,4,60,15],[61,4,61,5],[61,6,61,7],[61,8,61,9],[61,10,61,11],[61,12,61,13],[61,14,61,15],[63,12,64,12],[63,13,64,13],[63,14,64,14],[63,15,64,15],[65,0,68,0],[69,0,72,0],[62,12,62,13],[62,14,62,15],[63,4,64,4],[63,5,64,5],[63,6,64,6],[63,7,64,7],[63,8,64,8],[63,9,64,9],[63,10,64,10],[63,11,64,11],[62,0,64,0],[62,1,64,1],[62,4,62,5],[62,6,62,7],[62,8,62,9],[62,10,62,11],[73,0,76,0],[79,0,80,1],[79,4,79,15],[80,4,80,5],[80,6,80,7],[80,8,80,9],[80,10,80,11],[80,12,80,13],[80,14,80,15],[82,12,83,12],[82,13,83,13],[82,14,83,14],[82,15,83,15],[84,0,87,0],[88,0,91,0],[81,12,81,13],[81,14,81,15],[82,4,83,4],[82,5,83,5],[82,6,83,6],[82,7,83,7],[82,8,83,8],[82,9,83,9],[82,10,83,10],[82,11,83,11],[81,0,83,0],[81,1,83,1],[81,4,81,5],[81,6,81,7],[81,8,81,9],[81,10,81,11],[92,0,95,0],[98,0,99,1],[98,4,98,15],[99,4,99,5],[99,6,99,7],[99,8,99,9],[99,10,99,11],[99,12,99,13],[99,14,99,15],[101,12,102,12],[101,13,102,13],[101,14,102,14],[101,15,102,15],[103,0,106,0],[107,0,110,0],[100,12,100,13],[100,14,100,15],[101,4,102,4],[101,5,102,5],[101,6,102,6],[101,7,102,7],[101,8,102,8],[101,9,102,9],[101,10,102,10],[101,11,102,11],[100,0,102,0],[100,1,102,1],[100,4,100,5],[100,6,100,7],[100,8,100,9],[100,10,100,11],[111,0,114,0],[117,0,118,1],[117,4,117,15],[118,4,118,5],[118,6,118,7],[118,8,118,9],[118,10,118,11],[118,12,118,13],[118,14,118,15],[130,0,133,0],[120,12,121,12],[120,13,121,13],[120,14,121,14],[120,15,121,15],[122,0,125,0],[126,0,129,0],[119,12,119,13],[119,14,119,15],[120,4,121,4],[120,5,121,5],[120,6,121,6],[120,7,121,7],[120,8,121,8],[120,9,121,9],[120,10,121,10],[120,11,121,11],[119,0,121,0],[119,1,121,1],[119,4,119,5],[119,6,119,7],[119,8,119,9],[119,10,119,11]]}
[]
["GSX130_30"]
["Evaporator Air \n",null,"Condenser  Entering Air Temperature ˚F"]
[80,"°F DB",65,null,75,null,85,null,90,null,95,null,105,null,115]
["CFM","EWB†\n˚F","Capacity Mbtuh",null,"Capacity Mbtuh",null,"Capacity Mbtuh",null,"Capacity Mbtuh",null,"Capacity Mbtuh",null,"Capacity Mbtuh",null,"Capacity Mbtuh"]
[null,null,"Total","Sens.","Total","Sens.","Total","Sens.","Total","Sens.","Total","Sens.","Total","Sens.","Total","Sens."]
[null,null,null,null,null,null,null,null,null,null,null,null,null,null,null,null,null,"Total Factors",null,null,null,null,null,null,"Sens. %",null,null,null,null,null,null,"IDB Adj",null,null,null,null,null,null,"Sens Calc"]
[945,71,{"$f":"R8*$K$13","v":27.171428571428571},{"$f":"IF(AM8>C8,C8,AM8)","v":13.857428571428571},{"$f":"S8*$K$13","v":26.571428571428573},{"$f":"IF(AN8>E8,E8,AN8)","v":13.817142857142859},{"$f":"T8*$K$13","v":25.885714285714286},{"$f":"IF(AO8>G8,G8,AO8)","v":13.978285714285715},{"$f":"U8*$K$13","v":25.585714285714285},{"$f":"IF(AP8>I8,I8,AP8)","v":14.072142857142858},{"$f":"V8*$K$13","v":25.285714285714285},{"$f":"IF(AQ8>K8,K8,AQ8)","v":14.16},{"$f":"W8*$K$13","v":24},{"$f":"IF(AR8>M8,M8,AR8)","v":13.919999999999998},{"$f":"X8*$K$13","v":22.2},{"$f":"IF(AS8>O8,O8,AS8)","v":12.875999999999999},null,1.1321428571428571,1.1071428571428572,1.0785714285714285,1.0660714285714286,1.0535714285714286,1,0.92499999999999993,0.51,0.52,0.54,0.55000000000000004,0.56000000000000005,0.57999999999999996,0.57999999999999996,1.058624338624339,1.034497354497355,1.0708994708994708,1.0578835978835983,1.0448677248677254,1.0497354497354492,0.96973544973544923,{"$f":"Y8*C8+($A$4-80)*AF8*$A$8/1000","v":13.857428571428571},{"$f":"Z8*E8+($A$4-80)*AG8*$A$8/1000","v":13.817142857142859},{"$f":"AA8*G8+($A$4-80)*AH8*$A$8/1000","v":13.978285714285715},{"$f":"AB8*I8+($A$4-80)*AI8*$A$8/1000","v":14.072142857142858},{"$f":"AC8*K8+($A$4-80)*AJ8*$A$8/1000","v":14.16},{"$f":"AD8*M8+($A$4-80)*AK8*$A$8/1000","v":13.919999999999998},{"$f":"AE8*O8+($A$4-80)*AL8*$A$8/1000","v":12.875999999999999}]
[null,67,25.371428571428574,17.252571428571432,24.857142857142861,17.400000000000002,24.257142857142856,17.465142857142855,23.957142857142859,17.488714285714288,{"$f":"V9*$K$13","v":23.657142857142858},17.506285714285713,22.457142857142856,17.291999999999998,20.828571428571429,16.246285714285715,null,1.0571428571428572,1.0357142857142858,1.0107142857142857,0.99821428571428583,0.98571428571428577,0.93571428571428572,0.86785714285714288,0.68,0.7,0.72,0.73,0.74,0.77,0.78,0.80275132275132333,0.79788359788359775,0.826243386243387,0.81566137566137631,0.80507936507936551,0.81862433862433837,0.77142857142857135,{"$f":"Y9*C9+($A$4-80)*AF9*$A$8/1000","v":17.252571428571432},{"$f":"Z9*E9+($A$4-80)*AG9*$A$8/1000","v":17.400000000000002},{"$f":"AA9*G9+($A$4-80)*AH9*$A$8/1000","v":17.465142857142855},{"$f":"AB9*I9+($A$4-80)*AI9*$A$8/1000","v":17.488714285714288},{"$f":"AC9*K9+($A$4-80)*AJ9*$A$8/1000","v":17.506285714285713},{"$f":"AD9*M9+($A$4-80)*AK9*$A$8/1000","v":17.291999999999998},{"$f":"AE9*O9+($A$4-80)*AL9*$A$8/1000","v":16.246285714285715}]
[null,63,23.828571428571429,19.777714285714286,23.228571428571428,19.976571428571429,22.714285714285715,19.988571428571429,22.414285714285711,20.060785714285711,{"$f":"V10*$K$13","v":22.114285714285714},20.123999999999999,21,19.95,19.457142857142856,18.484285714285711,null,0.99285714285714288,0.96785714285714286,0.9464285714285714,0.93392857142857133,0.92142857142857149,0.875,0.81071428571428572,0.83,0.86,0.88,0.89500000000000002,0.91,0.95,0.95,0.69291005291005237,0.67851851851851841,0.66582010582010609,0.67772486772486751,0.68867724867724822,0.70878306878306885,0.61164021164021098,{"$f":"Y10*C10+($A$4-80)*AF10*$A$8/1000","v":19.777714285714286},{"$f":"Z10*E10+($A$4-80)*AG10*$A$8/1000","v":19.976571428571429},{"$f":"AA10*G10+($A$4-80)*AH10*$A$8/1000","v":19.988571428571429},{"$f":"AB10*I10+($A$4-80)*AI10*$A$8/1000","v":20.060785714285711},{"$f":"AC10*K10+($A$4-80)*AJ10*$A$8/1000","v":20.123999999999999},{"$f":"AD10*M10+($A$4-80)*AK10*$A$8/1000","v":19.95},{"$f":"AE10*O10+($A$4-80)*AL10*$A$8/1000","v":18.484285714285711}]
[null,59,23.314285714285713,20.749714285714283,22.714285714285715,20.89714285714286,22.2,20.867999999999999,21.942857142857143,20.95542857142857,{"$f":"V11*$K$13","v":21.685714285714287},21.035142857142858,20.571428571428569,20.571428571428569,19.028571428571428,19.028571428571428,null,0.97142857142857142,0.9464285714285714,0.92499999999999993,0.91428571428571437,0.90357142857142858,0.8571428571428571,0.79285714285714282,0.89,0.92,0.94,0.95499999999999996,0.97,1.01,1,0.54624338624338542,0.51978835978836047,0.52952380952380929,0.52603174603174563,0.52253968253968208,0.53502645502645474,0.40761904761904721,{"$f":"Y11*C11+($A$4-80)*AF11*$A$8/1000","v":20.749714285714283},{"$f":"Z11*E11+($A$4-80)*AG11*$A$8/1000","v":20.89714285714286},{"$f":"AA11*G11+($A$4-80)*AH11*$A$8/1000","v":20.867999999999999},{"$f":"AB11*I11+($A$4-80)*AI11*$A$8/1000","v":20.95542857142857},{"$f":"AC11*K11+($A$4-80)*AJ11*$A$8/1000","v":21.035142857142858},{"$f":"AD11*M11+($A$4-80)*AK11*$A$8/1000","v":20.777142857142856},{"$f":"AE11*O11+($A$4-80)*AL11*$A$8/1000","v":19.028571428571428}]
[1050,71,27.6,14.352000000000002,26.914285714285715,14.533714285714288,26.31428571428571,14.735999999999999,25.971428571428568,14.803714285714285,{"$f":"V12*$K$13","v":25.628571428571426},14.864571428571427,24.342857142857142,14.605714285714285,22.542857142857144,13.525714285714287,null,1.1500000000000001,1.1214285714285714,1.0964285714285713,1.0821428571428571,1.0678571428571428,1.0142857142857142,0.93928571428571428,0.52,0.54,0.56000000000000005,0.57000000000000006,0.57999999999999996,0.6,0.6,0.90590476190476266,0.94247619047619025,0.97923809523809535,0.99495238095238092,1.0099047619047616,0.95771428571428563,0.88571428571428579,{"$f":"Y12*C12+($A$4-80)*AF12*$A$12/1000","v":14.352000000000002},{"$f":"Z12*E12+($A$4-80)*AG12*$A$12/1000","v":14.533714285714288},{"$f":"AA12*G12+($A$4-80)*AH12*$A$12/1000","v":14.735999999999999},{"$f":"AB12*I12+($A$4-80)*AI12*$A$12/1000","v":14.803714285714285},{"$f":"AC12*K12+($A$4-80)*AJ12*$A$12/1000","v":14.864571428571427},{"$f":"AD12*M12+($A$4-80)*AK12*$A$12/1000","v":14.605714285714285},{"$f":"AE12*O12+($A$4-80)*AL12*$A$12/1000","v":13.525714285714287}]
[null,67,25.799999999999997,18.059999999999995,25.200000000000003,18.396000000000001,24.599999999999998,18.45,24.299999999999997,18.467999999999996,24,18.48,22.8,18.240000000000002,21.085714285714289,17.079428571428576,null,1.075,1.05,1.0249999999999999,1.0125,1,0.95000000000000007,0.87857142857142867,0.7,0.73,0.75,0.76,0.77,0.8,0.81,0.73447619047619073,0.77276190476190521,0.80857142857142816,0.79838095238095264,0.78819047619047655,0.74761904761904774,0.73733333333333373,{"$f":"Y13*C13+($A$4-80)*AF13*$A$12/1000","v":18.059999999999995},{"$f":"Z13*E13+($A$4-80)*AG13*$A$12/1000","v":18.396000000000001},{"$f":"AA13*G13+($A$4-80)*AH13*$A$12/1000","v":18.45},{"$f":"AB13*I13+($A$4-80)*AI13*$A$12/1000","v":18.467999999999996},{"$f":"AC13*K13+($A$4-80)*AJ13*$A$12/1000","v":18.48},{"$f":"AD13*M13+($A$4-80)*AK13*$A$12/1000","v":18.240000000000002},{"$f":"AE13*O13+($A$4-80)*AL13*$A$12/1000","v":17.079428571428576}]
[null,63,24.171428571428571,20.78742857142857,23.571428571428569,20.978571428571428,23.057142857142857,21.21257142857143,22.757142857142853,21.277928571428568,{"$f":"V14*$K$13","v":22.457142857142856},21.334285714285713,21.342857142857142,20.915999999999997,19.8,19.602,null,1.0071428571428571,0.9821428571428571,0.96071428571428563,0.94821428571428557,0.93571428571428572,0.88928571428571423,0.82500000000000007,0.86,0.89,0.92,0.93500000000000005,0.95,0.98,0.99,0.63371428571428612,0.62076190476190474,0.66057142857142859,0.67842857142857071,0.6956190476190478,0.6651428571428567,0.621142857142857,{"$f":"Y14*C14+($A$4-80)*AF14*$A$12/1000","v":20.78742857142857},{"$f":"Z14*E14+($A$4-80)*AG14*$A$12/1000","v":20.978571428571428},{"$f":"AA14*G14+($A$4-80)*AH14*$A$12/1000","v":21.21257142857143},{"$f":"AB14*I14+($A$4-80)*AI14*$A$12/1000","v":21.277928571428568},{"$f":"AC14*K14+($A$4-80)*AJ14*$A$12/1000","v":21.334285714285713},{"$f":"AD14*M14+($A$4-80)*AK14*$A$12/1000","v":20.915999999999997},{"$f":"AE14*O14+($A$4-80)*AL14*$A$12/1000","v":19.602}]
[null,59,23.657142857142858,21.764571428571429,23.057142857142857,21.904285714285713,22.542857142857144,22.092000000000002,22.242857142857147,22.020428571428575,21.942857142857143,21.942857142857143,20.914285714285711,20.914285714285711,19.371428571428574,19.371428571428574,null,0.98571428571428577,0.96071428571428563,0.93928571428571428,0.92678571428571443,0.91428571428571437,0.87142857142857133,0.80714285714285716,0.92,0.95,0.98,0.99,1,1,1,0.50057142857142933,0.4761904761904755,0.53561904761904777,0.49771428571428633,0.46019047619047626,0.3228571428571429,0.24533333333333407,{"$f":"Y15*C15+($A$4-80)*AF15*$A$12/1000","v":21.764571428571429},{"$f":"Z15*E15+($A$4-80)*AG15*$A$12/1000","v":21.904285714285713},{"$f":"AA15*G15+($A$4-80)*AH15*$A$12/1000","v":22.092000000000002},{"$f":"AB15*I15+($A$4-80)*AI15*$A$12/1000","v":22.020428571428575},{"$f":"AC15*K15+($A$4-80)*AJ15*$A$12/1000","v":21.942857142857143},{"$f":"AD15*M15+($A$4-80)*AK15*$A$12/1000","v":20.914285714285711},{"$f":"AE15*O15+($A$4-80)*AL15*$A$12/1000","v":19.371428571428574}]
[1155,71,28.028571428571432,15.415714285714289,27.342857142857142,15.585428571428569,26.657142857142858,15.461142857142857,26.357142857142861,15.550714285714287,26.057142857142857,15.634285714285713,24.771428571428569,15.358285714285712,22.885714285714286,14.418000000000001,null,1.1678571428571429,1.1392857142857142,1.1107142857142858,1.0982142857142858,1.0857142857142856,1.032142857142857,0.95357142857142851,0.55000000000000004,0.56999999999999995,0.57999999999999996,0.59,0.6,0.62,0.63,0.94943722943723019,0.92519480519480424,0.89419913419913444,0.91385281385281358,0.93298701298701281,0.93593073593073595,0.86320346320346275,{"$f":"Y16*C16+($A$4-80)*AF16*$A$16/1000","v":15.415714285714289},{"$f":"Z16*E16+($A$4-80)*AG16*$A$16/1000","v":15.585428571428569},{"$f":"AA16*G16+($A$4-80)*AH16*$A$16/1000","v":15.461142857142857},{"$f":"AB16*I16+($A$4-80)*AI16*$A$16/1000","v":15.550714285714287},{"$f":"AC16*K16+($A$4-80)*AJ16*$A$16/1000","v":15.634285714285713},{"$f":"AD16*M16+($A$4-80)*AK16*$A$16/1000","v":15.358285714285712},{"$f":"AE16*O16+($A$4-80)*AL16*$A$16/1000","v":14.418000000000001}]
[null,67,26.228571428571431,19.146857142857144,25.542857142857144,19.412571428571429,24.942857142857143,19.455428571428573,24.642857142857139,19.467857142857142,24.342857142857142,19.474285714285713,23.142857142857142,19.208571428571428,21.428571428571431,18,null,1.092857142857143,1.0642857142857143,1.0392857142857144,1.0267857142857142,1.0142857142857142,0.9642857142857143,0.8928571428571429,0.73,0.76,0.78,0.79,0.8,0.83,0.84,0.74181818181818227,0.76346320346320384,0.74493506493506489,0.73567099567099559,0.72640692640692572,0.73645021645021591,0.68086580086580062,{"$f":"Y17*C17+($A$4-80)*AF17*$A$16/1000","v":19.146857142857144},{"$f":"Z17*E17+($A$4-80)*AG17*$A$16/1000","v":19.412571428571429},{"$f":"AA17*G17+($A$4-80)*AH17*$A$16/1000","v":19.455428571428573},{"$f":"AB17*I17+($A$4-80)*AI17*$A$16/1000","v":19.467857142857142},{"$f":"AC17*K17+($A$4-80)*AJ17*$A$16/1000","v":19.474285714285713},{"$f":"AD17*M17+($A$4-80)*AK17*$A$16/1000","v":19.208571428571428},{"$f":"AE17*O17+($A$4-80)*AL17*$A$16/1000","v":18}]
[null,63,24.51428571428572,22.062857142857148,23.914285714285711,22.240285714285712,23.4,22.463999999999999,23.1,22.638000000000002,22.8,22.8,21.685714285714287,21.685714285714287,20.057142857142857,20.057142857142857,null,1.0214285714285716,0.99642857142857133,0.97499999999999998,0.96250000000000013,0.95000000000000007,0.90357142857142858,0.83571428571428563,0.9,0.93,0.96,0.98,1,1,1,0.63480519480519493,0.60779220779220755,0.65766233766233739,0.67389610389610421,0.68952380952380998,0.52813852813852813,0.43636363636363629,{"$f":"Y18*C18+($A$4-80)*AF18*$A$16/1000","v":22.062857142857148},{"$f":"Z18*E18+($A$4-80)*AG18*$A$16/1000","v":22.240285714285712},{"$f":"AA18*G18+($A$4-80)*AH18*$A$16/1000","v":22.463999999999999},{"$f":"AB18*I18+($A$4-80)*AI18*$A$16/1000","v":22.638000000000002},{"$f":"AC18*K18+($A$4-80)*AJ18*$A$16/1000","v":22.8},{"$f":"AD18*M18+($A$4-80)*AK18*$A$16/1000","v":21.685714285714287},{"$f":"AE18*O18+($A$4-80)*AL18*$A$16/1000","v":20.057142857142857}]
[null,59,24,23.04,23.4,23.4,22.885714285714286,22.885714285714286,22.585714285714289,22.585714285714289,22.285714285714285,22.285714285714285,21.171428571428571,21.171428571428571,19.628571428571426,19.628571428571426,null,1,0.97499999999999998,0.95357142857142851,0.94107142857142867,0.9285714285714286,0.88214285714285712,0.81785714285714284,0.96,1,1,1,1,1,1,0.46406926406926402,0.48848484848484874,0.4041558441558441,0.32458874458874476,0.24658008658008645,6.9264069264069014E-2,6.9264069264069014E-2,{"$f":"Y19*C19+($A$4-80)*AF19*$A$16/1000","v":23.04},{"$f":"Z19*E19+($A$4-80)*AG19*$A$16/1000","v":23.4},{"$f":"AA19*G19+($A$4-80)*AH19*$A$16/1000","v":22.885714285714286},{"$f":"AB19*I19+($A$4-80)*AI19*$A$16/1000","v":22.585714285714289},{"$f":"AC19*K19+($A$4-80)*AJ19*$A$16/1000","v":22.285714285714285},{"$f":"AD19*M19+($A$4-80)*AK19*$A$16/1000","v":21.171428571428571},{"$f":"AE19*O19+($A$4-80)*AL19*$A$16/1000","v":19.628571428571426}]

{"sheet":"GSX130_36","index":6,"n_rows":19,"n_cols":45,"rows_kept":19,"cut":false,"hidden":true,"merged":[[2,0,2,1],[2,2,2,15],[3,2,3,3],[3,4,3,5],[3,6,3,7],[3,8,3,9],[3,10,3,11],[3,12,3,13],[3,14,3,15],[5,2,6,2],[5,3,6,3],[5,4,6,4],[5,5,6,5],[5,6,6,6],[5,7,6,7],[5,8,6,8],[4,0,6,0],[4,1,6,1],[4,2,4,3],[4,4,4,5],[4,6,4,7],[4,8,4,9],[5,9,6,9],[5,10,6,10],[5,11,6,11],[5,12,6,12],[5,13,6,13],[5,14,6,14],[5,15,6,15],[4,10,4,11],[4,12,4,13],[4,14,4,15],[7,0,10,0],[11,0,14,0],[15,0,18,0],[22,4,22,15],[23,4,23,5],[23,6,23,7],[23,8,23,9],[23,10,23,11],[23,12,23,13],[23,14,23,15],[25,12,26,12],[25,13,26,13],[25,14,26,14],[25,15,26,15],[27,0,30,0],[31,0,34,0],[24,12,24,13],[24,14,24,15],[25,4,26,4],[25,5,26,5],[25,6,26,6],[25,7,26,7],[25,8,26,8],[25,9,26,9],[25,10,26,10],[25,11,26,11],[24,0,26,0],[24,1,26,1],[24,4,24,5],[24,6,24,7],[24,8,24,9],[24,10,24,11],[35,0,38,0],[41,0,42,1],[41,4,41,15],[42,4,42,5],[42,6,42,7],[42,8,42,9],[42,10,42,11],[42,12,42,13],[42,14,42,15],[44,12,45,12],[44,13,45,13],[44,14,45,14],[44,15,45,15],[46,0,49,0],[50,0,53,0],[43,12,43,13],[43,14,43,15],[44,4,45,4],[44,5,45,5],[44,6,45,6],[44,7,45,7],[44,8,45,8],[44,9,45,9],[44,10,45,10],[44,11,45,11],[43,0,45,0],[43,1,45,1],[43,4,43,5],[43,6,43,7],[43,8,43,9],[43,10,43,11],[54,0,57,0],[60,0,61,1],[60,4,60,15],[61,4,61,5],[61,6,61,7],[61,8,61,9],[61,10,61,11],[61,12,61,13],[61,14,61,15],[63,12,64,12],[63,13,64,13],[63,14,64,14],[63,15,64,15],[65,0,68,0],[69,0,72,0],[62,12,62,13],[62,14,62,15],[63,4,64,4],[63,5,64,5],[63,6,64,6],[63,7,64,7],[63,8,64,8],[63,9,64,9],[63,10,64,10],[63,11,64,11],[62,0,64,0],[62,1,64,1],[62,4,62,5],[62,6,62,7],[62,8,62,9],[62,10,62,11],[73,0,76,0],[79,0,80,1],[79,4,79,15],[80,4,80,5],[80,6,80,7],[80,8,80,9],[80,10,80,11],[80,12,80,13],[80,14,80,15],[82,12,83,12],[82,13,83,13],[82,14,83,14],[82,15,83,15],[84,0,87,0],[88,0,91,0],[81,12,81,13],[81,14,81,15],[82,4,83,4],[82,5,83,5],[82,6,83,6],[82,7,83,7],[82,8,83,8],[82,9,83,9],[82,10,83,10],[82,11,83,11],[81,0,83,0],[81,1,83,1],[81,4,81,5],[81,6,81,7],[81,8,81,9],[81,10,81,11],[92,0,95,0],[98,0,99,1],[98,4,98,15],[99,4,99,5],[99,6,99,7],[99,8,99,9],[99,10,99,11],[99,12,99,13],[99,14,99,15],[101,12,102,12],[101,13,102,13],[101,14,102,14],[101,15,102,15],[103,0,106,0],[107,0,110,0],[100,12,100,13],[100,14,100,15],[101,4,102,4],[101,5,102,5],[101,6,102,6],[101,7,102,7],[101,8,102,8],[101,9,102,9],[101,10,102,10],[101,11,102,11],[100,0,102,0],[100,1,102,1],[100,4,100,5],[100,6,100,7],[100,8,100,9],[100,10,100,11],[111,0,114,0],[117,0,118,1],[117,4,117,15],[118,4,118,5],[118,6,118,7],[118,8,118,9],[118,10,118,11],[118,12,118,13],[118,14,118,15],[130,0,133,0],[120,12,121,12],[120,13,121,13],[120,14,121,14],[120,15,121,15],[122,0,125,0],[126,0,129,0],[119,12,119,13],[119,14,119,15],[120,4,121,4],[120,5,121,5],[120,6,121,6],[120,7,121,7],[120,8,121,8],[120,9,121,9],[120,10,121,10],[120,11,121,11],[119,0,121,0],[119,1,121,1],[119,4,119,5],[119,6,119,7],[119,8,119,9],[119,10,119,11]]}
[]
["GSX130_36"]
["Evaporator Air \n",null,"Condenser  Entering Air Temperature ˚F"]
[80,"°F DB",65,null,75,null,85,null,90,null,95,null,105,null,115]
["CFM","EWB†\n˚F","Capacity Mbtuh",null,"Capacity Mbtuh",null,"Capacity Mbtuh",null,"Capacity Mbtuh",null,"Capacity Mbtuh",null,"Capacity Mbtuh",null,"Capacity Mbtuh"]
[null,null,"Total","Sens.","Total","Sens.","Total","Sens.","Total","Sens.","Total","Sens.","Total","Sens.","Total","Sens."]
[null,null,null,null,null,null,null,null,null,null,null,null,null,null,null,null,null,"Total Factors",null,null,null,null,null,null,"Sens. %",null,null,null,null,null,null,"IDB Adj",null,null,null,null,null,null,"Sens Calc"]
[1050,71,{"$f":"R8*$K$13","v":0},{"$f":"IF(AM8>C8,C8,AM8)","v":0},{"$f":"S8*$K$13","v":0},{"$f":"IF(AN8>E8,E8,AN8)","v":0},{"$f":"T8*$K$13","v":0},{"$f":"IF(AO8>G8,G8,AO8)","v":0},{"$f":"U8*$K$13","v":0},{"$f":"IF(AP8>I8,I8,AP8)","v":0},{"$f":"V8*$K$13","v":0},{"$f":"IF(AQ8>K8,K8,AQ8)","v":0},{"$f":"W8*$K$13","v":0},{"$f":"IF(AR8>M8,M8,AR8)","v":0},{"$f":"X8*$K$13","v":0},{"$f":"IF(AS8>O8,O8,AS8)","v":0},null,1.0595238095238095,1.0357142857142856,1.0119047619047619,1,0.98809523809523814,0.9375,0.86904761904761896,0.5,0.52,0.5,0.52500000000000002,0.55000000000000004,0.6,0.57999999999999996,0.99714285714285722,1.04,0.82780952380952344,0.91352380952380985,0.99695238095238137,1.1847619047619047,0.98590476190476206,{"$f":"Y8*C8+($A$4-80)*AF8*$A$8/1000","v":0},{"$f":"Z8*E8+($A$4-80)*AG8*$A$8/1000","v":0},{"$f":"AA8*G8+($A$4-80)*AH8*$A$8/1000","v":0},{"$f":"AB8*I8+($A$4-80)*AI8*$A$8/1000","v":0},{"$f":"AC8*K8+($A$4-80)*AJ8*$A$8/1000","v":0},{"$f":"AD8*M8+($A$4-80)*AK8*$A$8/1000","v":0},{"$f":"AE8*O8+($A$4-80)*AL8*$A$8/1000","v":0}]
[null,67,0,0,0,0,0,0,0,0,{"$f":"V9*$K$13","v":0},0,0,0,0,0,null,0.99107142857142849,0.97023809523809523,0.9464285714285714,0.93452380952380942,0.92261904761904756,0.87797619047619047,0.8125,0.68,0.7,0.72,0.73,0.74,0.77,0.78,0.81409523809523754,0.79638095238095252,0.83695238095238123,0.8260952380952381,0.81523809523809543,0.83104761904761892,0.76800000000000002,{"$f":"Y9*C9+($A$4-80)*AF9*$A$8/1000","v":0},{"$f":"Z9*E9+($A$4-80)*AG9*$A$8/1000","v":0},{"$f":"AA9*G9+($A$4-80)*AH9*$A$8/1000","v":0},{"$f":"AB9*I9+($A$4-80)*AI9*$A$8/1000","v":0},{"$f":"AC9*K9+($A$4-80)*AJ9*$A$8/1000","v":0},{"$f":"AD9*M9+($A$4-80)*AK9*$A$8/1000","v":0},{"$f":"AE9*O9+($A$4-80)*AL9*$A$8/1000","v":0}]
[null,63,0,0,0,0,0,0,0,0,{"$f":"V10*$K$13","v":0},0,0,0,0,0,null,0.92857142857142849,0.90773809523809523,0.88690476190476186,0.87499999999999989,0.86309523809523803,0.8214285714285714,0.7589285714285714,0.83,0.86,0.88,0.89500000000000002,0.91,0.95,0.95,0.69485714285714284,0.68190476190476224,0.66838095238095241,0.68857142857142828,0.70799999999999974,0.7302857142857142,0.61447619047619029,{"$f":"Y10*C10+($A$4-80)*AF10*$A$8/1000","v":0},{"$f":"Z10*E10+($A$4-80)*AG10*$A$8/1000","v":0},{"$f":"AA10*G10+($A$4-80)*AH10*$A$8/1000","v":0},{"$f":"AB10*I10+($A$4-80)*AI10*$A$8/1000","v":0},{"$f":"AC10*K10+($A$4-80)*AJ10*$A$8/1000","v":0},{"$f":"AD10*M10+($A$4-80)*AK10*$A$8/1000","v":0},{"$f":"AE10*O10+($A$4-80)*AL10*$A$8/1000","v":0}]
[null,59,0,0,0,0,0,0,0,0,{"$f":"V11*$K$13","v":0},0,0,0,0,0,null,0.90773809523809523,0.88690476190476186,0.8660714285714286,0.85565476190476186,0.84523809523809512,0.80357142857142849,0.74404761904761907,0.89,0.92,0.94,0.95499999999999996,0.97,1.01,1.02,0.54190476190476167,0.53409523809523851,0.52533333333333321,0.52142857142857091,0.51752380952380928,0.5504761904761899,0.49942857142857078,{"$f":"Y11*C11+($A$4-80)*AF11*$A$8/1000","v":0},{"$f":"Z11*E11+($A$4-80)*AG11*$A$8/1000","v":0},{"$f":"AA11*G11+($A$4-80)*AH11*$A$8/1000","v":0},{"$f":"AB11*I11+($A$4-80)*AI11*$A$8/1000","v":0},{"$f":"AC11*K11+($A$4-80)*AJ11*$A$8/1000","v":0},{"$f":"AD11*M11+($A$4-80)*AK11*$A$8/1000","v":0},{"$f":"AE11*O11+($A$4-80)*AL11*$A$8/1000","v":0}]
[1200,71,0,0,0,0,0,0,0,0,{"$f":"V12*$K$13","v":0},0,0,0,0,0,null,1.1488095238095237,1.1220238095238095,1.0952380952380951,1.0818452380952379,1.0684523809523809,1.0148809523809523,0.94047619047619047,0.5,0.54,0.6,0.59,0.57999999999999996,0.6,0.6,0.81783333333333363,0.98633333333333406,1.2684999999999995,1.161624999999999,1.0569999999999993,1.0020000000000002,0.93400000000000016,{"$f":"Y12*C12+($A$4-80)*AF12*$A$12/1000","v":0},{"$f":"Z12*E12+($A$4-80)*AG12*$A$12/1000","v":0},{"$f":"AA12*G12+($A$4-80)*AH12*$A$12/1000","v":0},{"$f":"AB12*I12+($A$4-80)*AI12*$A$12/1000","v":0},{"$f":"AC12*K12+($A$4-80)*AJ12*$A$12/1000","v":0},{"$f":"AD12*M12+($A$4-80)*AK12*$A$12/1000","v":0},{"$f":"AE12*O12+($A$4-80)*AL12*$A$12/1000","v":0}]
[null,67,0,0,0,0,0,0,0,0,null,0,0,0,0,0,null,1.0744047619047619,1.0505952380952379,1.0238095238095237,1.0119047619047619,1,0.94940476190476186,0.88095238095238093,0.7,0.73,0.75,0.76,0.77,0.8,0.81,0.7726666666666665,0.81383333333333319,0.84999999999999964,0.83983333333333299,0.82966666666666689,0.7866666666666664,0.77850000000000041,{"$f":"Y13*C13+($A$4-80)*AF13*$A$12/1000","v":0},{"$f":"Z13*E13+($A$4-80)*AG13*$A$12/1000","v":0},{"$f":"AA13*G13+($A$4-80)*AH13*$A$12/1000","v":0},{"$f":"AB13*I13+($A$4-80)*AI13*$A$12/1000","v":0},{"$f":"AC13*K13+($A$4-80)*AJ13*$A$12/1000","v":0},{"$f":"AD13*M13+($A$4-80)*AK13*$A$12/1000","v":0},{"$f":"AE13*O13+($A$4-80)*AL13*$A$12/1000","v":0}]
[null,63,0,0,0,0,0,0,0,0,{"$f":"V14*$K$13","v":0},0,0,0,0,0,null,1.0059523809523809,0.9821428571428571,0.95833333333333337,0.9464285714285714,0.93452380952380942,0.88988095238095233,0.82440476190476186,0.86,0.89,0.92,0.93500000000000005,0.95,0.98,0.99,0.65716666666666623,0.64399999999999957,0.6840000000000005,0.70300000000000062,0.72133333333333327,0.69033333333333324,0.64316666666666633,{"$f":"Y14*C14+($A$4-80)*AF14*$A$12/1000","v":0},{"$f":"Z14*E14+($A$4-80)*AG14*$A$12/1000","v":0},{"$f":"AA14*G14+($A$4-80)*AH14*$A$12/1000","v":0},{"$f":"AB14*I14+($A$4-80)*AI14*$A$12/1000","v":0},{"$f":"AC14*K14+($A$4-80)*AJ14*$A$12/1000","v":0},{"$f":"AD14*M14+($A$4-80)*AK14*$A$12/1000","v":0},{"$f":"AE14*O14+($A$4-80)*AL14*$A$12/1000","v":0}]
[null,59,0,0,0,0,0,0,0,0,0,0,0,0,0,0,null,0.98511904761904767,0.96130952380952372,0.9375,0.92708333333333326,0.91666666666666663,0.86904761904761896,0.80654761904761907,0.92,0.95,0.98,0.99,1,1,1,0.52533333333333354,0.50316666666666587,0.54666666666666686,0.52424999999999977,0.50266666666666704,0.32250000000000034,0.26066666666666671,{"$f":"Y15*C15+($A$4-80)*AF15*$A$12/1000","v":0},{"$f":"Z15*E15+($A$4-80)*AG15*$A$12/1000","v":0},{"$f":"AA15*G15+($A$4-80)*AH15*$A$12/1000","v":0},{"$f":"AB15*I15+($A$4-80)*AI15*$A$12/1000","v":0},{"$f":"AC15*K15+($A$4-80)*AJ15*$A$12/1000","v":0},{"$f":"AD15*M15+($A$4-80)*AK15*$A$12/1000","v":0},{"$f":"AE15*O15+($A$4-80)*AL15*$A$12/1000","v":0}]
[1350,71,0,0,0,0,0,0,0,0,0,0,0,0,0,0,null,1.1845238095238093,1.1547619047619047,1.1279761904761905,1.1145833333333335,1.1011904761904761,1.0446428571428572,0.97023809523809523,0.6,0.56999999999999995,0.6,0.6,0.6,0.6,0.63,1.2859259259259259,0.9594074074074066,1.0485925925925923,1.0079629629629634,0.96800000000000008,0.81244444444444441,0.90459259259259284,{"$f":"Y16*C16+($A$4-80)*AF16*$A$16/1000","v":0},{"$f":"Z16*E16+($A$4-80)*AG16*$A$16/1000","v":0},{"$f":"AA16*G16+($A$4-80)*AH16*$A$16/1000","v":0},{"$f":"AB16*I16+($A$4-80)*AI16*$A$16/1000","v":0},{"$f":"AC16*K16+($A$4-80)*AJ16*$A$16/1000","v":0},{"$f":"AD16*M16+($A$4-80)*AK16*$A$16/1000","v":0},{"$f":"AE16*O16+($A$4-80)*AL16*$A$16/1000","v":0}]
[null,67,0,0,0,0,0,0,0,0,0,0,0,0,0,0,null,1.1071428571428572,1.0803571428571428,1.0565476190476191,1.0431547619047619,1.0297619047619047,0.97916666666666663,0.90773809523809523,0.74,0.76,0.78,0.79500000000000004,0.81,0.84,0.84,0.76266666666666727,0.74370370370370364,0.77955555555555556,0.79537037037036973,0.81051851851851853,0.76977777777777756,0.72296296296296225,{"$f":"Y17*C17+($A$4-80)*AF17*$A$16/1000","v":0},{"$f":"Z17*E17+($A$4-80)*AG17*$A$16/1000","v":0},{"$f":"AA17*G17+($A$4-80)*AH17*$A$16/1000","v":0},{"$f":"AB17*I17+($A$4-80)*AI17*$A$16/1000","v":0},{"$f":"AC17*K17+($A$4-80)*AJ17*$A$16/1000","v":0},{"$f":"AD17*M17+($A$4-80)*AK17*$A$16/1000","v":0},{"$f":"AE17*O17+($A$4-80)*AL17*$A$16/1000","v":0}]
[null,63,0,0,0,0,0,0,0,0,0,0,0,0,0,0,null,1.0357142857142856,1.0119047619047619,0.98809523809523814,0.97619047619047605,0.96428571428571419,0.91666666666666663,0.8482142857142857,0.9,0.94,0.96,0.98,1,1,1,0.60222222222222133,0.69081481481481377,0.62755555555555564,0.66948148148148134,0.71022222222222176,0.49629629629629646,0.46222222222222237,{"$f":"Y18*C18+($A$4-80)*AF18*$A$16/1000","v":0},{"$f":"Z18*E18+($A$4-80)*AG18*$A$16/1000","v":0},{"$f":"AA18*G18+($A$4-80)*AH18*$A$16/1000","v":0},{"$f":"AB18*I18+($A$4-80)*AI18*$A$16/1000","v":0},{"$f":"AC18*K18+($A$4-80)*AJ18*$A$16/1000","v":0},{"$f":"AD18*M18+($A$4-80)*AK18*$A$16/1000","v":0},{"$f":"AE18*O18+($A$4-80)*AL18*$A$16/1000","v":0}]
[null,59,0,0,0,0,0,0,0,0,0,0,0,0,0,0,null,1.0148809523809523,0.99107142857142849,0.96726190476190477,0.9553571428571429,0.94345238095238093,0.89583333333333337,0.83035714285714279,0.96,1,1,1,1,1,1,0.48237037037036989,0.52488888888888774,0.41970370370370341,0.3455555555555555,0.27318518518518486,7.407407407407407E-2,7.407407407407407E-2,{"$f":"Y19*C19+($A$4-80)*AF19*$A$16/1000","v":0},{"$f":"Z19*E19+($A$4-80)*AG19*$A$16/1000","v":0},{"$f":"AA19*G19+($A$4-80)*AH19*$A$16/1000","v":0},{"$f":"AB19*I19+($A$4-80)*AI19*$A$16/1000","v":0},{"$f":"AC19*K19+($A$4-80)*AJ19*$A$16/1000","v":0},{"$f":"AD19*M19+($A$4-80)*AK19*$A$16/1000","v":0},{"$f":"AE19*O19+($A$4-80)*AL19*$A$16/1000","v":0}]

{"sheet":"GSX130_42","index":7,"n_rows":19,"n_cols":45,"rows_kept":19,"cut":false,"hidden":true,"merged":[[2,0,2,1],[2,2,2,15],[3,2,3,3],[3,4,3,5],[3,6,3,7],[3,8,3,9],[3,10,3,11],[3,12,3,13],[3,14,3,15],[5,2,6,2],[5,3,6,3],[5,4,6,4],[5,5,6,5],[5,6,6,6],[5,7,6,7],[5,8,6,8],[4,0,6,0],[4,1,6,1],[4,2,4,3],[4,4,4,5],[4,6,4,7],[4,8,4,9],[5,9,6,9],[5,10,6,10],[5,11,6,11],[5,12,6,12],[5,13,6,13],[5,14,6,14],[5,15,6,15],[4,10,4,11],[4,12,4,13],[4,14,4,15],[7,0,10,0],[11,0,14,0],[15,0,18,0],[22,4,22,15],[23,4,23,5],[23,6,23,7],[23,8,23,9],[23,10,23,11],[23,12,23,13],[23,14,23,15],[25,12,26,12],[25,13,26,13],[25,14,26,14],[25,15,26,15],[27,0,30,0],[31,0,34,0],[24,12,24,13],[24,14,24,15],[25,4,26,4],[25,5,26,5],[25,6,26,6],[25,7,26,7],[25,8,26,8],[25,9,26,9],[25,10,26,10],[25,11,26,11],[24,0,26,0],[24,1,26,1],[24,4,24,5],[24,6,24,7],[24,8,24,9],[24,10,24,11],[35,0,38,0],[41,0,42,1],[41,4,41,15],[42,4,42,5],[42,6,42,7],[42,8,42,9],[42,10,42,11],[42,12,42,13],[42,14,42,15],[44,12,45,12],[44,13,45,13],[44,14,45,14],[44,15,45,15],[46,0,49,0],[50,0,53,0],[43,12,43,13],[43,14,43,15],[44,4,45,4],[44,5,45,5],[44,6,45,6],[44,7,45,7],[44,8,45,8],[44,9,45,9],[44,10,45,10],[44,11,45,11],[43,0,45,0],[43,1,45,1],[43,4,43,5],[43,6,43,7],[43,8,43,9],[43,10,43,11],[54,0,57,0],[60,0,61,1],[60,4,60,15],[61,4,61,5],[61,6,61,7],[61,8,61,9],[61,10,61,11],[61,12,61,13],[61,14,61,15],[63,12,64,12],[63,13,64,13],[63,14,64,14],[63,15,64,15],[65,0,68,0],[69,0,72,0],[62,12,62,13],[62,14,62,15],[63,4,64,4],[63,5,64,5],[63,6,64,6],[63,7,64,7],[63,8,64,8],[63,9,64,9],[63,10,64,10],[63,11,64,11],[62,0,64,0],[62,1,64,1],[62,4,62,5],[62,6,62,7],[62,8,62,9],[62,10,62,11],[73,0,76,0],[79,0,80,1],[79,4,79,15],[80,4,80,5],[80,6,80,7],[80,8,80,9],[80,10,80,11],[80,12,80,13],[80,14,80,15],[82,12,83,12],[82,13,83,13],[82,14,83,14],[82,15,83,15],[84,0,87,0],[88,0,91,0],[81,12,81,13],[81,14,81,15],[82,4,83,4],[82,5,83,5],[82,6,83,6],[82,7,83,7],[82,8,83,8],[82,9,83,9],[82,10,83,10],[82,11,83,11],[81,0,83,0],[81,1,83,1],[81,4,81,5],[81,6,81,7],[81,8,81,9],[81,10,81,11],[92,0,95,0],[98,0,99,1],[98,4,98,15],[99,4,99,5],[99,6,99,7],[99,8,99,9],[99,10,99,11],[99,12,99,13],[99,14,99,15],[101,12,102,12],[101,13,102,13],[101,14,102,14],[101,15,102,15],[103,0,106,0],[107,0,110,0],[100,12,100,13],[100,14,100,15],[101,4,102,4],[101,5,102,5],[101,6,102,6],[101,7,102,7],[101,8,102,8],[101,9,102,9],[101,10,102,10],[101,11,102,11],[100,0,102,0],[100,1,102,1],[100,4,100,5],[100,6,100,7],[100,8,100,9],[100,10,100,11],[111,0,114,0],[117,0,118,1],[117,4,117,15],[118,4,118,5],[118,6,118,7],[118,8,118,9],[118,10,118,11],[118,12,118,13],[118,14,118,15],[130,0,133,0],[120,12,121,12],[120,13,121,13],[120,14,121,14],[120,15,121,15],[122,0,125,0],[126,0,129,0],[119,12,119,13],[119,14,119,15],[120,4,121,4],[120,5,121,5],[120,6,121,6],[120,7,121,7],[120,8,121,8],[120,9,121,9],[120,10,121,10],[120,11,121,11],[119,0,121,0],[119,1,121,1],[119,4,119,5],[119,6,119,7],[119,8,119,9],[119,10,119,11]]}
[]
["GSX130_42"]
["Evaporator Air \n",null,"Condenser  Entering Air Temperature ˚F"]
[80,"°F DB",65,null,75,null,85,null,90,null,95,null,105,null,115]
["CFM","EWB†\n˚F","Capacity Mbtuh",null,"Capacity Mbtuh",null,"Capacity Mbtuh",null,"Capacity Mbtuh",null,"Capacity Mbtuh",null,"Capacity Mbtuh",null,"Capacity Mbtuh"]
[null,null,"Total","Sens.","Total","Sens.","Total","Sens.","Total","Sens.","Total","Sens.","Total","Sens.","Total","Sens."]
[null,null,null,null,null,null,null,null,null,null,null,null,null,null,null,null,null,"Total Factors",null,null,null,null,null,null,"Sens. %",null,null,null,null,null,null,"IDB Adj",null,null,null,null,null,null,"Sens Calc"]
[1225,71,{"$f":"R8*$K$13","v":25.463414634146343},{"$f":"IF(AM8>C8,C8,AM8)","v":12.477073170731707},{"$f":"S8*$K$13","v":24.878048780487806},{"$f":"IF(AN8>E8,E8,AN8)","v":12.687804878048782},{"$f":"T8*$K$13","v":24.292682926829269},{"$f":"IF(AO8>G8,G8,AO8)","v":12.63219512195122},{"$f":"U8*$K$13","v":24},{"$f":"IF(AP8>I8,I8,AP8)","v":12.72},{"$f":"V8*$K$13","v":23.707317073170731},{"$f":"IF(AQ8>K8,K8,AQ8)","v":12.801951219512196},{"$f":"W8*$K$13","v":22.478048780487804},{"$f":"IF(AR8>M8,M8,AR8)","v":12.587707317073171},{"$f":"X8*$K$13","v":20.839024390243903},{"$f":"IF(AS8>O8,O8,AS8)","v":11.669853658536587},null,1.0609756097560976,1.0365853658536586,1.0121951219512195,1,0.98780487804878048,0.93658536585365848,0.86829268292682926,0.49,0.51,0.52,0.53,0.54,0.56000000000000005,0.56000000000000005,1.0486530612244902,1.0930612244897964,1.0664489795918373,1.089591836734694,1.1120000000000001,1.0466938775510204,0.97534693877551082,{"$f":"Y8*C8+($A$4-80)*AF8*$A$8/1000","v":12.477073170731707},{"$f":"Z8*E8+($A$4-80)*AG8*$A$8/1000","v":12.687804878048782},{"$f":"AA8*G8+($A$4-80)*AH8*$A$8/1000","v":12.63219512195122},{"$f":"AB8*I8+($A$4-80)*AI8*$A$8/1000","v":12.72},{"$f":"AC8*K8+($A$4-80)*AJ8*$A$8/1000","v":12.801951219512196},{"$f":"AD8*M8+($A$4-80)*AK8*$A$8/1000","v":12.587707317073171},{"$f":"AE8*O8+($A$4-80)*AL8*$A$8/1000","v":11.669853658536587}]
[null,67,23.824390243902442,15.485853658536588,23.239024390243905,15.802536585365857,22.712195121951218,15.671414634146339,22.41951219512195,15.805756097560973,{"$f":"V9*$K$13","v":22.126829268292681},15.93131707317073,21.073170731707318,15.594146341463414,19.492682926829268,14.619512195121951,null,0.9926829268292684,0.96829268292682935,0.9463414634146341,0.93414634146341458,0.92195121951219505,0.87804878048780488,0.81219512195121946,0.65,0.68,0.69,0.70499999999999996,0.72,0.74,0.75,0.78873469387755146,0.82465306122449011,0.81436734693877422,0.83020408163265214,0.84506122448979559,0.81306122448979601,0.75118367346938753,{"$f":"Y9*C9+($A$4-80)*AF9*$A$8/1000","v":15.485853658536588},{"$f":"Z9*E9+($A$4-80)*AG9*$A$8/1000","v":15.802536585365857},{"$f":"AA9*G9+($A$4-80)*AH9*$A$8/1000","v":15.671414634146339},{"$f":"AB9*I9+($A$4-80)*AI9*$A$8/1000","v":15.805756097560973},{"$f":"AC9*K9+($A$4-80)*AJ9*$A$8/1000","v":15.93131707317073},{"$f":"AD9*M9+($A$4-80)*AK9*$A$8/1000","v":15.594146341463414},{"$f":"AE9*O9+($A$4-80)*AL9*$A$8/1000","v":14.619512195121951}]
[null,63,22.302439024390246,17.841951219512197,21.775609756097563,18.073756097560977,21.248780487804876,18.061463414634144,20.985365853658536,18.152341463414633,{"$f":"V10*$K$13","v":20.721951219512196},18.235317073170734,19.668292682926833,17.89814634146342,18.263414634146343,16.802341463414638,null,0.92926829268292688,0.90731707317073174,0.88536585365853648,0.87439024390243891,0.86341463414634145,0.81951219512195128,0.76097560975609757,0.8,0.83,0.85,0.86499999999999999,0.88,0.91,0.92,0.66775510204081689,0.715102040816327,0.70024489795918332,0.68697959183673429,0.67346938775510146,0.69697959183673552,0.65044897959183712,{"$f":"Y10*C10+($A$4-80)*AF10*$A$8/1000","v":17.841951219512197},{"$f":"Z10*E10+($A$4-80)*AG10*$A$8/1000","v":18.073756097560977},{"$f":"AA10*G10+($A$4-80)*AH10*$A$8/1000","v":18.061463414634144},{"$f":"AB10*I10+($A$4-80)*AI10*$A$8/1000","v":18.152341463414633},{"$f":"AC10*K10+($A$4-80)*AJ10*$A$8/1000","v":18.235317073170734},{"$f":"AD10*M10+($A$4-80)*AK10*$A$8/1000","v":17.89814634146342},{"$f":"AE10*O10+($A$4-80)*AL10*$A$8/1000","v":16.802341463414638}]
[null,59,21.834146341463413,18.777365853658534,21.307317073170733,18.963512195121954,20.780487804878049,18.910243902439024,20.546341463414635,19.005365853658539,{"$f":"V11*$K$13","v":20.31219512195122},19.093463414634144,19.258536585365853,18.680780487804878,17.853658536585364,17.496585365853658,null,0.90975609756097553,0.8878048780487805,0.86585365853658536,0.85609756097560974,0.84634146341463423,0.80243902439024384,0.74390243902439024,0.86,0.89,0.91,0.92500000000000004,0.94,0.97,0.98,0.57632653061224393,0.55477551020408167,0.54497959183673483,0.54122448979591853,0.53746938775510222,0.50236734693877527,0.4718367346938776,{"$f":"Y11*C11+($A$4-80)*AF11*$A$8/1000","v":18.777365853658534},{"$f":"Z11*E11+($A$4-80)*AG11*$A$8/1000","v":18.963512195121954},{"$f":"AA11*G11+($A$4-80)*AH11*$A$8/1000","v":18.910243902439024},{"$f":"AB11*I11+($A$4-80)*AI11*$A$8/1000","v":19.005365853658539},{"$f":"AC11*K11+($A$4-80)*AJ11*$A$8/1000","v":19.093463414634144},{"$f":"AD11*M11+($A$4-80)*AK11*$A$8/1000","v":18.680780487804878},{"$f":"AE11*O11+($A$4-80)*AL11*$A$8/1000","v":17.496585365853658}]
[1400,71,27.570731707317076,14.06107317073171,26.926829268292686,14.001951219512197,26.282926829268291,14.192780487804878,25.960975609756094,14.278536585365853,{"$f":"V12*$K$13","v":25.639024390243897},14.357853658536584,24.351219512195122,14.123707317073169,22.595121951219515,13.105170731707318,null,1.1487804878048782,1.1219512195121952,1.0951219512195121,1.0817073170731706,1.0682926829268291,1.0146341463414634,0.9414634146341464,0.51,0.52,0.54,0.55000000000000004,0.56000000000000005,0.57999999999999996,0.57999999999999996,1.0615714285714286,0.96985714285714308,1.074571428571429,1.0607857142857138,1.0470000000000002,1.0525714285714283,0.98114285714285687,{"$f":"Y12*C12+($A$4-80)*AF12*$A$12/1000","v":14.06107317073171},{"$f":"Z12*E12+($A$4-80)*AG12*$A$12/1000","v":14.001951219512197},{"$f":"AA12*G12+($A$4-80)*AH12*$A$12/1000","v":14.192780487804878},{"$f":"AB12*I12+($A$4-80)*AI12*$A$12/1000","v":14.278536585365853},{"$f":"AC12*K12+($A$4-80)*AJ12*$A$12/1000","v":14.357853658536584},{"$f":"AD12*M12+($A$4-80)*AK12*$A$12/1000","v":14.123707317073169},{"$f":"AE12*O12+($A$4-80)*AL12*$A$12/1000","v":13.105170731707318}]
[null,67,25.814634146341465,17.553951219512197,25.229268292682928,17.660487804878048,24.585365853658537,17.701463414634144,24.292682926829269,17.733658536585367,24,17.759999999999998,22.829268292682926,17.578536585365853,21.131707317073172,16.482731707317075,null,1.075609756097561,1.051219512195122,1.024390243902439,1.0121951219512195,1,0.95121951219512191,0.88048780487804879,0.68,0.7,0.72,0.73,0.74,0.77,0.78,0.81114285714285728,0.79228571428571426,0.82342857142857129,0.81735714285714212,0.81142857142857139,0.82685714285714285,0.76457142857142857,{"$f":"Y13*C13+($A$4-80)*AF13*$A$12/1000","v":17.553951219512197},{"$f":"Z13*E13+($A$4-80)*AG13*$A$12/1000","v":17.660487804878048},{"$f":"AA13*G13+($A$4-80)*AH13*$A$12/1000","v":17.701463414634144},{"$f":"AB13*I13+($A$4-80)*AI13*$A$12/1000","v":17.733658536585367},{"$f":"AC13*K13+($A$4-80)*AJ13*$A$12/1000","v":17.759999999999998},{"$f":"AD13*M13+($A$4-80)*AK13*$A$12/1000","v":17.578536585365853},{"$f":"AE13*O13+($A$4-80)*AL13*$A$12/1000","v":16.482731707317075}]
[null,63,24.175609756097561,20.065756097560975,23.590243902439024,20.287609756097559,23.004878048780487,20.244292682926829,22.741463414634143,20.353609756097558,{"$f":"V14*$K$13","v":22.478048780487804},20.455024390243903,21.365853658536587,20.297560975609755,19.785365853658536,18.993951219512194,null,1.0073170731707317,0.98292682926829267,0.95853658536585362,0.94756097560975594,0.93658536585365848,0.8902439024390244,0.82439024390243898,0.83,0.86,0.88,0.89500000000000002,0.91,0.95,0.96,0.70042857142857129,0.67614285714285671,0.66157142857142814,0.68282142857142702,0.70342857142857129,0.7247142857142852,0.6751428571428566,{"$f":"Y14*C14+($A$4-80)*AF14*$A$12/1000","v":20.065756097560975},{"$f":"Z14*E14+($A$4-80)*AG14*$A$12/1000","v":20.287609756097559},{"$f":"AA14*G14+($A$4-80)*AH14*$A$12/1000","v":20.244292682926829},{"$f":"AB14*I14+($A$4-80)*AI14*$A$12/1000","v":20.353609756097558},{"$f":"AC14*K14+($A$4-80)*AJ14*$A$12/1000","v":20.455024390243903},{"$f":"AD14*M14+($A$4-80)*AK14*$A$12/1000","v":20.297560975609755},{"$f":"AE14*O14+($A$4-80)*AL14*$A$12/1000","v":18.993951219512194}]
[null,59,23.648780487804878,21.047414634146342,23.063414634146341,21.218341463414635,22.536585365853657,21.184390243902438,22.273170731707317,21.270878048780489,22.009756097560977,21.349463414634148,20.897560975609757,20.897560975609757,19.31707317073171,19.31707317073171,null,0.98536585365853657,0.96097560975609753,0.93902439024390238,0.92804878048780481,0.91707317073170735,0.87073170731707328,0.80487804878048785,0.89,0.92,0.94,0.95499999999999996,0.97,1,1,0.54271428571428459,0.53428571428571359,0.52600000000000036,0.52235714285714308,0.51871428571428579,0.48685714285714299,0.39642857142857124,{"$f":"Y15*C15+($A$4-80)*AF15*$A$12/1000","v":21.047414634146342},{"$f":"Z15*E15+($A$4-80)*AG15*$A$12/1000","v":21.218341463414635},{"$f":"AA15*G15+($A$4-80)*AH15*$A$12/1000","v":21.184390243902438},{"$f":"AB15*I15+($A$4-80)*AI15*$A$12/1000","v":21.270878048780489},{"$f":"AC15*K15+($A$4-80)*AJ15*$A$12/1000","v":21.349463414634148},{"$f":"AD15*M15+($A$4-80)*AK15*$A$12/1000","v":20.897560975609757},{"$f":"AE15*O15+($A$4-80)*AL15*$A$12/1000","v":19.31707317073171}]
[1575,71,28.390243902439025,15.046829268292685,27.74634146341463,15.260487804878048,27.102439024390243,15.177365853658538,26.751219512195124,15.248195121951223,26.400000000000002,15.311999999999999,25.112195121951221,15.067317073170731,23.239024390243905,14.175804878048782,null,1.1829268292682926,1.1560975609756097,1.1292682926829267,1.1146341463414635,1.1000000000000001,1.0463414634146342,0.96829268292682935,0.53,0.55000000000000004,0.56000000000000005,0.57000000000000006,0.57999999999999996,0.6,0.61,0.9666031746031748,1.0087619047619047,0.98463492063492075,0.96876190476190527,0.9527619047619047,0.96457142857142808,0.94184126984127003,{"$f":"Y16*C16+($A$4-80)*AF16*$A$16/1000","v":15.046829268292685},{"$f":"Z16*E16+($A$4-80)*AG16*$A$16/1000","v":15.260487804878048},{"$f":"AA16*G16+($A$4-80)*AH16*$A$16/1000","v":15.177365853658538},{"$f":"AB16*I16+($A$4-80)*AI16*$A$16/1000","v":15.248195121951223},{"$f":"AC16*K16+($A$4-80)*AJ16*$A$16/1000","v":15.311999999999999},{"$f":"AD16*M16+($A$4-80)*AK16*$A$16/1000","v":15.067317073170731},{"$f":"AE16*O16+($A$4-80)*AL16*$A$16/1000","v":14.175804878048782}]
[null,67,26.575609756097556,18.868682926829266,25.931707317073169,19.189463414634144,25.346341463414632,19.009756097560974,25.024390243902438,19.143658536585367,24.702439024390245,19.267902439024393,23.473170731707317,19.013268292682927,21.775609756097563,17.856000000000002,null,1.1073170731707316,1.0804878048780486,1.0560975609756096,1.0426829268292683,1.0292682926829269,0.97804878048780486,0.90731707317073174,0.71,0.74,0.75,0.76500000000000001,0.78,0.81,0.82,0.7998730158730154,0.77231746031745996,0.76203174603174528,0.77533333333333354,0.78780952380952429,0.80647619047619035,0.74742857142857178,{"$f":"Y17*C17+($A$4-80)*AF17*$A$16/1000","v":18.868682926829266},{"$f":"Z17*E17+($A$4-80)*AG17*$A$16/1000","v":19.189463414634144},{"$f":"AA17*G17+($A$4-80)*AH17*$A$16/1000","v":19.009756097560974},{"$f":"AB17*I17+($A$4-80)*AI17*$A$16/1000","v":19.143658536585367},{"$f":"AC17*K17+($A$4-80)*AJ17*$A$16/1000","v":19.267902439024393},{"$f":"AD17*M17+($A$4-80)*AK17*$A$16/1000","v":19.013268292682927},{"$f":"AE17*O17+($A$4-80)*AL17*$A$16/1000","v":17.856000000000002}]
[null,63,24.878048780487806,21.643902439024391,24.292682926829269,21.863414634146341,23.707317073170731,22.04780487804878,23.414634146341463,22.126829268292685,23.121951219512194,22.197073170731706,22.009756097560977,22.009756097560977,20.370731707317074,20.370731707317074,null,1.0365853658536586,1.0121951219512195,0.98780487804878048,0.97560975609756095,0.96341463414634143,0.91707317073170735,0.84878048780487803,0.87,0.9,0.93,0.94500000000000006,0.96,1,1,0.63225396825396818,0.61980952380952392,0.65828571428571403,0.67657142857142893,0.69422222222222207,0.71212698412698416,0.6186666666666667,{"$f":"Y18*C18+($A$4-80)*AF18*$A$16/1000","v":21.643902439024391},{"$f":"Z18*E18+($A$4-80)*AG18*$A$16/1000","v":21.863414634146341},{"$f":"AA18*G18+($A$4-80)*AH18*$A$16/1000","v":22.04780487804878},{"$f":"AB18*I18+($A$4-80)*AI18*$A$16/1000","v":22.126829268292685},{"$f":"AC18*K18+($A$4-80)*AJ18*$A$16/1000","v":22.197073170731706},{"$f":"AD18*M18+($A$4-80)*AK18*$A$16/1000","v":22.009756097560977},{"$f":"AE18*O18+($A$4-80)*AL18*$A$16/1000","v":20.370731707317074}]
[null,59,24.351219512195122,22.646634146341466,23.765853658536585,22.815219512195121,23.180487804878052,23.180487804878052,22.917073170731712,22.917073170731712,22.653658536585368,22.653658536585368,21.482926829268294,21.482926829268294,19.902439024390244,19.902439024390244,null,1.0146341463414634,0.99024390243902438,0.96585365853658545,0.95487804878048799,0.94390243902439031,0.89512195121951221,0.82926829268292679,0.93,0.96,1,1,1,1,1,0.49815873015873041,0.49066666666666636,0.57142857142857151,0.49809523809523887,0.42666666666666664,0.21371428571428569,0.20342857142857193,{"$f":"Y19*C19+($A$4-80)*AF19*$A$16/1000","v":22.646634146341466},{"$f":"Z19*E19+($A$4-80)*AG19*$A$16/1000","v":22.815219512195121},{"$f":"AA19*G19+($A$4-80)*AH19*$A$16/1000","v":23.180487804878052},{"$f":"AB19*I19+($A$4-80)*AI19*$A$16/1000","v":22.917073170731712},{"$f":"AC19*K19+($A$4-80)*AJ19*$A$16/1000","v":22.653658536585368},{"$f":"AD19*M19+($A$4-80)*AK19*$A$16/1000","v":21.482926829268294},{"$f":"AE19*O19+($A$4-80)*AL19*$A$16/1000","v":19.902439024390244}]

{"sheet":"GSX130_48","index":8,"n_rows":19,"n_cols":45,"rows_kept":19,"cut":false,"hidden":true,"merged":[[2,0,2,1],[2,2,2,15],[3,2,3,3],[3,4,3,5],[3,6,3,7],[3,8,3,9],[3,10,3,11],[3,12,3,13],[3,14,3,15],[5,2,6,2],[5,3,6,3],[5,4,6,4],[5,5,6,5],[5,6,6,6],[5,7,6,7],[5,8,6,8],[4,0,6,0],[4,1,6,1],[4,2,4,3],[4,4,4,5],[4,6,4,7],[4,8,4,9],[5,9,6,9],[5,10,6,10],[5,11,6,11],[5,12,6,12],[5,13,6,13],[5,14,6,14],[5,15,6,15],[4,10,4,11],[4,12,4,13],[4,14,4,15],[7,0,10,0],[11,0,14,0],[15,0,18,0],[22,4,22,15],[23,4,23,5],[23,6,23,7],[23,8,23,9],[23,10,23,11],[23,12,23,13],[23,14,23,15],[25,12,26,12],[25,13,26,13],[25,14,26,14],[25,15,26,15],[27,0,30,0],[31,0,34,0],[24,12,24,13],[24,14,24,15],[25,4,26,4],[25,5,26,5],[25,6,26,6],[25,7,26,7],[25,8,26,8],[25,9,26,9],[25,10,26,10],[25,11,26,11],[24,0,26,0],[24,1,26,1],[24,4,24,5],[24,6,24,7],[24,8,24,9],[24,10,24,11],[35,0,38,0],[41,0,42,1],[41,4,41,15],[42,4,42,5],[42,6,42,7],[42,8,42,9],[42,10,42,11],[42,12,42,13],[42,14,42,15],[44,12,45,12],[44,13,45,13],[44,14,45,14],[44,15,45,15],[46,0,49,0],[50,0,53,0],[43,12,43,13],[43,14,43,15],[44,4,45,4],[44,5,45,5],[44,6,45,6],[44,7,45,7],[44,8,45,8],[44,9,45,9],[44,10,45,10],[44,11,45,11],[43,0,45,0],[43,1,45,1],[43,4,43,5],[43,6,43,7],[43,8,43,9],[43,10,43,11],[54,0,57,0],[60,0,61,1],[60,4,60,15],[61,4,61,5],[61,6,61,7],[61,8,61,9],[61,10,61,11],[61,12,61,13],[61,14,61,15],[63,12,64,12],[63,13,64,13],[63,14,64,14],[63,15,64,15],[65,0,68,0],[69,0,72,0],[62,12,62,13],[62,14,62,15],[63,4,64,4],[63,5,64,5],[63,6,64,6],[63,7,64,7],[63,8,64,8],[63,9,64,9],[63,10,64,10],[63,11,64,11],[62,0,64,0],[62,1,64,1],[62,4,62,5],[62,6,62,7],[62,8,62,9],[62,10,62,11],[73,0,76,0],[79,0,80,1],[79,4,79,15],[80,4,80,5],[80,6,80,7],[80,8,80,9],[80,10,80,11],[80,12,80,13],[80,14,80,15],[82,12,83,12],[82,13,83,13],[82,14,83,14],[82,15,83,15],[84,0,87,0],[88,0,91,0],[81,12,81,13],[81,14,81,15],[82,4,83,4],[82,5,83,5],[82,6,83,6],[82,7,83,7],[82,8,83,8],[82,9,83,9],[82,10,83,10],[82,11,83,11],[81,0,83,0],[81,1,83,1],[81,4,81,5],[81,6,81,7],[81,8,81,9],[81,10,81,11],[92,0,95,0],[98,0,99,1],[98,4,98,15],[99,4,99,5],[99,6,99,7],[99,8,99,9],[99,10,99,11],[99,12,99,13],[99,14,99,15],[101,12,102,12],[101,13,102,13],[101,14,102,14],[101,15,102,15],[103,0,106,0],[107,0,110,0],[100,12,100,13],[100,14,100,15],[101,4,102,4],[101,5,102,5],[101,6,102,6],[101,7,102,7],[101,8,102,8],[101,9,102,9],[101,10,102,10],[101,11,102,11],[100,0,102,0],[100,1,102,1],[100,4,100,5],[100,6,100,7],[100,8,100,9],[100,10,100,11],[111,0,114,0],[117,0,118,1],[117,4,117,15],[118,4,118,5],[118,6,118,7],[118,8,118,9],[118,10,118,11],[118,12,118,13],[118,14,118,15],[130,0,133,0],[120,12,121,12],[120,13,121,13],[120,14,121,14],[120,15,121,15],[122,0,125,0],[126,0,129,0],[119,12,119,13],[119,14,119,15],[120,4,121,4],[120,5,121,5],[120,6,121,6],[120,7,121,7],[120,8,121,8],[120,9,121,9],[120,10,121,10],[120,11,121,11],[119,0,121,0],[119,1,121,1],[119,4,119,5],[119,6,119,7],[119,8,119,9],[119,10,119,11]]}
[]
["GSX130_48"]
["Evaporator Air \n",null,"Condenser  Entering Air Temperature ˚F"]
[80,"°F DB",65,null,75,null,85,null,90,null,95,null,105,null,115]
["CFM","EWB†\n˚F","Capacity Mbtuh",null,"Capacity Mbtuh",null,"Capacity Mbtuh",null,"Capacity Mbtuh",null,"Capacity Mbtuh",null,"Capacity Mbtuh",null,"Capacity Mbtuh"]
[null,null,"Total","Sens.","Total","Sens.","Total","Sens.","Total","Sens.","Total","Sens.","Total","Sens.","Total","Sens."]
[null,null,null,null,null,null,null,null,null,null,null,null,null,null,null,null,null,"Total Factors",null,null,null,null,null,null,"Sens. %",null,null,null,null,null,null,"IDB Adj",null,null,null,null,null,null,"Sens Calc"]
[1400,71,{"$f":"R8*$K$13","v":25.460869565217386},{"$f":"IF(AM8>C8,C8,AM8)","v":12.730434782608693},{"$f":"S8*$K$13","v":24.886956521739133},{"$f":"IF(AN8>E8,E8,AN8)","v":12.941217391304349},{"$f":"T8*$K$13","v":24.260869565217391},{"$f":"IF(AO8>G8,G8,AO8)","v":13.100869565217392},{"$f":"U8*$K$13","v":23.973913043478262},{"$f":"IF(AP8>I8,I8,AP8)","v":13.065782608695654},{"$f":"V8*$K$13","v":23.68695652173913},{"$f":"IF(AQ8>K8,K8,AQ8)","v":13.027826086956523},{"$f":"W8*$K$13","v":22.486956521739131},{"$f":"IF(AR8>M8,M8,AR8)","v":12.817565217391303},{"$f":"X8*$K$13","v":20.817391304347826},{"$f":"IF(AS8>O8,O8,AS8)","v":12.074086956521738},null,1.0608695652173912,1.0369565217391306,1.0108695652173914,0.99891304347826093,0.9869565217391304,0.93695652173913047,0.86739130434782608,0.5,0.52,0.54,0.54500000000000004,0.55000000000000004,0.56999999999999995,0.57999999999999996,1.0307142857142859,1.074857142857143,1.1134285714285721,1.0998571428571431,1.0862857142857147,1.0295714285714288,1.008857142857142,{"$f":"Y8*C8+($A$4-80)*AF8*$A$8/1000","v":12.730434782608693},{"$f":"Z8*E8+($A$4-80)*AG8*$A$8/1000","v":12.941217391304349},{"$f":"AA8*G8+($A$4-80)*AH8*$A$8/1000","v":13.100869565217392},{"$f":"AB8*I8+($A$4-80)*AI8*$A$8/1000","v":13.065782608695654},{"$f":"AC8*K8+($A$4-80)*AJ8*$A$8/1000","v":13.027826086956523},{"$f":"AD8*M8+($A$4-80)*AK8*$A$8/1000","v":12.817565217391303},{"$f":"AE8*O8+($A$4-80)*AL8*$A$8/1000","v":12.074086956521738}]
[null,67,23.791304347826088,15.940173913043481,23.269565217391307,16.288695652173914,22.695652173913043,16.340869565217389,22.434782608695652,16.377391304347825,{"$f":"V9*$K$13","v":22.173913043478262},16.408695652173915,21.026086956521738,16.190086956521739,19.513043478260869,15.025043478260869,null,0.99130434782608701,0.96956521739130441,0.94565217391304346,0.93478260869565222,0.92391304347826086,0.87608695652173907,0.81304347826086953,0.67,0.7,0.72,0.73,0.74,0.77,0.77,0.76600000000000035,0.88399999999999934,0.85342857142857154,0.8473571428571427,0.84142857142857153,0.84585714285714275,0.73899999999999988,{"$f":"Y9*C9+($A$4-80)*AF9*$A$8/1000","v":15.940173913043481},{"$f":"Z9*E9+($A$4-80)*AG9*$A$8/1000","v":16.288695652173914},{"$f":"AA9*G9+($A$4-80)*AH9*$A$8/1000","v":16.340869565217389},{"$f":"AB9*I9+($A$4-80)*AI9*$A$8/1000","v":16.377391304347825},{"$f":"AC9*K9+($A$4-80)*AJ9*$A$8/1000","v":16.408695652173915},{"$f":"AD9*M9+($A$4-80)*AK9*$A$8/1000","v":16.190086956521739},{"$f":"AE9*O9+($A$4-80)*AL9*$A$8/1000","v":15.025043478260869}]
[null,63,22.278260869565219,18.490956521739133,21.756521739130438,18.710608695652176,21.234782608695653,18.686608695652176,20.973913043478262,18.771652173913044,{"$f":"V10*$K$13","v":20.713043478260872},18.848869565217395,19.721739130434781,18.538434782608693,18.260869565217391,17.34782608695652,null,0.92826086956521747,0.90652173913043488,0.88478260869565228,0.87391304347826093,0.86304347826086958,0.82173913043478253,0.76086956521739135,0.83,0.86,0.88,0.89500000000000002,0.91,0.94,0.95,0.71214285714285808,0.69814285714285773,0.68357142857142916,0.70500000000000085,0.72571428571428598,0.69485714285714284,0.64742857142857135,{"$f":"Y10*C10+($A$4-80)*AF10*$A$8/1000","v":18.490956521739133},{"$f":"Z10*E10+($A$4-80)*AG10*$A$8/1000","v":18.710608695652176},{"$f":"AA10*G10+($A$4-80)*AH10*$A$8/1000","v":18.686608695652176},{"$f":"AB10*I10+($A$4-80)*AI10*$A$8/1000","v":18.771652173913044},{"$f":"AC10*K10+($A$4-80)*AJ10*$A$8/1000","v":18.848869565217395},{"$f":"AD10*M10+($A$4-80)*AK10*$A$8/1000","v":18.538434782608693},{"$f":"AE10*O10+($A$4-80)*AL10*$A$8/1000","v":17.34782608695652}]
[null,59,21.808695652173913,19.191652173913045,21.286956521739128,19.584,20.817391304347826,19.568347826086956,20.556521739130432,19.63147826086956,{"$f":"V11*$K$13","v":20.295652173913044},19.686782608695651,19.252173913043478,19.252173913043478,17.843478260869567,17.843478260869567,null,0.90869565217391302,0.88695652173913042,0.86739130434782608,0.85652173913043472,0.84565217391304348,0.80217391304347818,0.74347826086956526,0.88,0.92,0.94,0.95499999999999996,0.97,1.01,1.01,0.49899999999999933,0.60757142857142854,0.54199999999999848,0.56542857142857028,0.58814285714285675,0.55328571428571394,0.51857142857142835,{"$f":"Y11*C11+($A$4-80)*AF11*$A$8/1000","v":19.191652173913045},{"$f":"Z11*E11+($A$4-80)*AG11*$A$8/1000","v":19.584},{"$f":"AA11*G11+($A$4-80)*AH11*$A$8/1000","v":19.568347826086956},{"$f":"AB11*I11+($A$4-80)*AI11*$A$8/1000","v":19.63147826086956},{"$f":"AC11*K11+($A$4-80)*AJ11*$A$8/1000","v":19.686782608695651},{"$f":"AD11*M11+($A$4-80)*AK11*$A$8/1000","v":19.444695652173912},{"$f":"AE11*O11+($A$4-80)*AL11*$A$8/1000","v":18.021913043478264}]
[1600,71,27.599999999999998,14.351999999999999,26.92173913043478,14.537739130434781,26.295652173913041,14.725565217391305,25.982608695652175,14.680173913043477,{"$f":"V12*$K$13","v":25.669565217391305},14.631652173913043,24.365217391304348,14.619130434782608,22.591304347826085,13.554782608695652,null,1.1499999999999999,1.1217391304347826,1.0956521739130434,1.0826086956521739,1.0695652173913044,1.0152173913043478,0.94130434782608685,0.52,0.54,0.56000000000000005,0.56499999999999995,0.56999999999999995,0.6,0.6,1.0444999999999995,1.0130000000000001,1.0514999999999999,1.0409687499999998,1.0305,1.09375,0.95849999999999946,{"$f":"Y12*C12+($A$4-80)*AF12*$A$12/1000","v":14.351999999999999},{"$f":"Z12*E12+($A$4-80)*AG12*$A$12/1000","v":14.537739130434781},{"$f":"AA12*G12+($A$4-80)*AH12*$A$12/1000","v":14.725565217391305},{"$f":"AB12*I12+($A$4-80)*AI12*$A$12/1000","v":14.680173913043477},{"$f":"AC12*K12+($A$4-80)*AJ12*$A$12/1000","v":14.631652173913043},{"$f":"AD12*M12+($A$4-80)*AK12*$A$12/1000","v":14.619130434782608},{"$f":"AE12*O12+($A$4-80)*AL12*$A$12/1000","v":13.554782608695652}]
[null,67,25.826086956521735,18.078260869565213,25.200000000000003,18.144000000000002,24.626086956521739,18.223304347826087,24.313043478260866,18.356347826086953,24,18.48,22.8,18.240000000000002,21.130434782608695,16.904347826086958,null,1.076086956521739,1.05,1.0260869565217392,1.0130434782608695,1,0.95000000000000007,0.88043478260869568,0.7,0.72,0.74,0.755,0.77,0.8,0.8,0.79725000000000001,0.77749999999999986,0.81850000000000067,0.83699999999999963,0.85475000000000001,0.8660000000000001,0.75124999999999975,{"$f":"Y13*C13+($A$4-80)*AF13*$A$12/1000","v":18.078260869565213},{"$f":"Z13*E13+($A$4-80)*AG13*$A$12/1000","v":18.144000000000002},{"$f":"AA13*G13+($A$4-80)*AH13*$A$12/1000","v":18.223304347826087},{"$f":"AB13*I13+($A$4-80)*AI13*$A$12/1000","v":18.356347826086953},{"$f":"AC13*K13+($A$4-80)*AJ13*$A$12/1000","v":18.48},{"$f":"AD13*M13+($A$4-80)*AK13*$A$12/1000","v":18.240000000000002},{"$f":"AE13*O13+($A$4-80)*AL13*$A$12/1000","v":16.904347826086958}]
[null,63,24.156521739130433,20.774608695652173,23.582608695652176,20.988521739130437,23.008695652173913,20.937913043478261,22.747826086956522,21.041739130434784,{"$f":"V14*$K$13","v":22.486956521739131},21.137739130434781,21.339130434782607,20.912347826086954,19.77391304347826,19.576173913043476,null,1.0065217391304346,0.98260869565217401,0.95869565217391306,0.94782608695652182,0.93695652173913047,0.88913043478260867,0.82391304347826089,0.86,0.89,0.91,0.92500000000000004,0.94,0.98,0.99,0.68350000000000055,0.7165000000000008,0.70099999999999973,0.69928125000000041,0.6977499999999992,0.70712500000000045,0.65887500000000021,{"$f":"Y14*C14+($A$4-80)*AF14*$A$12/1000","v":20.774608695652173},{"$f":"Z14*E14+($A$4-80)*AG14*$A$12/1000","v":20.988521739130437},{"$f":"AA14*G14+($A$4-80)*AH14*$A$12/1000","v":20.937913043478261},{"$f":"AB14*I14+($A$4-80)*AI14*$A$12/1000","v":21.041739130434784},{"$f":"AC14*K14+($A$4-80)*AJ14*$A$12/1000","v":21.137739130434781},{"$f":"AD14*M14+($A$4-80)*AK14*$A$12/1000","v":20.912347826086954},{"$f":"AE14*O14+($A$4-80)*AL14*$A$12/1000","v":19.576173913043476}]
[null,59,23.634782608695652,21.744,23.060869565217395,21.907826086956526,22.53913043478261,21.862956521739132,22.252173913043482,21.918391304347828,21.96521739130435,21.96521739130435,20.869565217391305,20.869565217391305,19.356521739130436,19.356521739130436,null,0.98478260869565215,0.96086956521739142,0.93913043478260871,0.9271739130434784,0.91521739130434787,0.86956521739130432,0.80652173913043479,0.92,0.95,0.97,0.98499999999999999,1,1,1,0.53700000000000081,0.51812500000000039,0.52100000000000068,0.51134375000000087,0.50150000000000006,0.33312500000000078,0.26950000000000074,{"$f":"Y15*C15+($A$4-80)*AF15*$A$12/1000","v":21.744},{"$f":"Z15*E15+($A$4-80)*AG15*$A$12/1000","v":21.907826086956526},{"$f":"AA15*G15+($A$4-80)*AH15*$A$12/1000","v":21.862956521739132},{"$f":"AB15*I15+($A$4-80)*AI15*$A$12/1000","v":21.918391304347828},{"$f":"AC15*K15+($A$4-80)*AJ15*$A$12/1000","v":21.96521739130435},{"$f":"AD15*M15+($A$4-80)*AK15*$A$12/1000","v":20.869565217391305},{"$f":"AE15*O15+($A$4-80)*AL15*$A$12/1000","v":19.356521739130436}]
[1800,71,28.382608695652173,15.610434782608698,27.756521739130434,15.821217391304346,27.07826086956522,15.705391304347826,26.739130434782609,15.776086956521739,26.400000000000002,15.84,25.095652173913045,15.559304347826087,23.269565217391307,14.659826086956523,null,1.182608695652174,1.1565217391304348,1.1282608695652174,1.1141304347826086,1.1000000000000001,1.0456521739130435,0.96956521739130441,0.55000000000000004,0.56999999999999995,0.57999999999999996,0.59,0.6,0.62,0.63,1.010666666666667,0.98711111111111072,0.96211111111111092,0.97808333333333319,0.99333333333333351,0.99633333333333318,0.92688888888888921,{"$f":"Y16*C16+($A$4-80)*AF16*$A$16/1000","v":15.610434782608698},{"$f":"Z16*E16+($A$4-80)*AG16*$A$16/1000","v":15.821217391304346},{"$f":"AA16*G16+($A$4-80)*AH16*$A$16/1000","v":15.705391304347826},{"$f":"AB16*I16+($A$4-80)*AI16*$A$16/1000","v":15.776086956521739},{"$f":"AC16*K16+($A$4-80)*AJ16*$A$16/1000","v":15.84},{"$f":"AD16*M16+($A$4-80)*AK16*$A$16/1000","v":15.559304347826087},{"$f":"AE16*O16+($A$4-80)*AL16*$A$16/1000","v":14.659826086956523}]
[null,67,26.556521739130432,19.386260869565216,25.9304347826087,19.707130434782613,25.356521739130436,19.77808695652174,25.043478260869563,19.784347826086954,24.730434782608697,19.784347826086957,23.478260869565219,19.486956521739131,21.756521739130438,18.275478260869566,null,1.1065217391304347,1.0804347826086957,1.0565217391304349,1.0434782608695652,1.0304347826086957,0.97826086956521741,0.90652173913043488,0.73,0.76,0.78,0.79,0.8,0.83,0.84,0.77866666666666606,0.81477777777777827,0.80300000000000005,0.79288888888888875,0.78277777777777802,0.79255555555555546,0.73377777777777764,{"$f":"Y17*C17+($A$4-80)*AF17*$A$16/1000","v":19.386260869565216},{"$f":"Z17*E17+($A$4-80)*AG17*$A$16/1000","v":19.707130434782613},{"$f":"AA17*G17+($A$4-80)*AH17*$A$16/1000","v":19.77808695652174},{"$f":"AB17*I17+($A$4-80)*AI17*$A$16/1000","v":19.784347826086954},{"$f":"AC17*K17+($A$4-80)*AJ17*$A$16/1000","v":19.784347826086957},{"$f":"AD17*M17+($A$4-80)*AK17*$A$16/1000","v":19.486956521739131},{"$f":"AE17*O17+($A$4-80)*AL17*$A$16/1000","v":18.275478260869566}]
[null,63,24.886956521739133,22.39826086956522,24.313043478260866,22.611130434782606,23.739130434782609,22.789565217391303,23.426086956521736,22.957565217391302,23.11304347826087,23.11304347826087,21.96521739130435,21.96521739130435,20.347826086956523,20.347826086956523,null,1.0369565217391306,1.0130434782608695,0.98913043478260865,0.97608695652173905,0.96304347826086956,0.91521739130434787,0.84782608695652173,0.9,0.93,0.96,0.98,1,1,1,0.67933333333333379,0.66633333333333333,0.70333333333333303,0.715749999999999,0.72733333333333328,0.55411111111111133,0.47333333333333316,{"$f":"Y18*C18+($A$4-80)*AF18*$A$16/1000","v":22.39826086956522},{"$f":"Z18*E18+($A$4-80)*AG18*$A$16/1000","v":22.611130434782606},{"$f":"AA18*G18+($A$4-80)*AH18*$A$16/1000","v":22.789565217391303},{"$f":"AB18*I18+($A$4-80)*AI18*$A$16/1000","v":22.957565217391302},{"$f":"AC18*K18+($A$4-80)*AJ18*$A$16/1000","v":23.11304347826087},{"$f":"AD18*M18+($A$4-80)*AK18*$A$16/1000","v":21.96521739130435},{"$f":"AE18*O18+($A$4-80)*AL18*$A$16/1000","v":20.347826086956523}]
[null,59,24.365217391304348,23.390608695652173,23.791304347826088,23.791304347826088,23.217391304347824,23.217391304347824,22.9304347826087,22.9304347826087,22.643478260869564,22.643478260869564,21.495652173913044,21.495652173913044,19.9304347826087,19.9304347826087,null,1.0152173913043478,0.99130434782608701,0.96739130434782605,0.95543478260869574,0.94347826086956521,0.89565217391304353,0.83043478260869574,0.96,1,1,1,1,1,1,0.50311111111111173,0.53688888888888897,0.42877777777777715,0.35258333333333286,0.27822222222222198,7.7777777777778098E-2,7.7777777777778098E-2,{"$f":"Y19*C19+($A$4-80)*AF19*$A$16/1000","v":23.390608695652173},{"$f":"Z19*E19+($A$4-80)*AG19*$A$16/1000","v":23.791304347826088},{"$f":"AA19*G19+($A$4-80)*AH19*$A$16/1000","v":23.217391304347824},{"$f":"AB19*I19+($A$4-80)*AI19*$A$16/1000","v":22.9304347826087},{"$f":"AC19*K19+($A$4-80)*AJ19*$A$16/1000","v":22.643478260869564},{"$f":"AD19*M19+($A$4-80)*AK19*$A$16/1000","v":21.495652173913044},{"$f":"AE19*O19+($A$4-80)*AL19*$A$16/1000","v":19.9304347826087}]

{"sheet":"GSX130_60","index":9,"n_rows":19,"n_cols":45,"rows_kept":19,"cut":false,"hidden":true,"merged":[[2,0,2,1],[2,2,2,15],[3,2,3,3],[3,4,3,5],[3,6,3,7],[3,8,3,9],[3,10,3,11],[3,12,3,13],[3,14,3,15],[5,2,6,2],[5,3,6,3],[5,4,6,4],[5,5,6,5],[5,6,6,6],[5,7,6,7],[5,8,6,8],[4,0,6,0],[4,1,6,1],[4,2,4,3],[4,4,4,5],[4,6,4,7],[4,8,4,9],[5,9,6,9],[5,10,6,10],[5,11,6,11],[5,12,6,12],[5,13,6,13],[5,14,6,14],[5,15,6,15],[4,10,4,11],[4,12,4,13],[4,14,4,15],[7,0,10,0],[11,0,14,0],[15,0,18,0],[22,4,22,15],[23,4,23,5],[23,6,23,7],[23,8,23,9],[23,10,23,11],[23,12,23,13],[23,14,23,15],[25,12,26,12],[25,13,26,13],[25,14,26,14],[25,15,26,15],[27,0,30,0],[31,0,34,0],[24,12,24,13],[24,14,24,15],[25,4,26,4],[25,5,26,5],[25,6,26,6],[25,7,26,7],[25,8,26,8],[25,9,26,9],[25,10,26,10],[25,11,26,11],[24,0,26,0],[24,1,26,1],[24,4,24,5],[24,6,24,7],[24,8,24,9],[24,10,24,11],[35,0,38,0],[41,0,42,1],[41,4,41,15],[42,4,42,5],[42,6,42,7],[42,8,42,9],[42,10,42,11],[42,12,42,13],[42,14,42,15],[44,12,45,12],[44,13,45,13],[44,14,45,14],[44,15,45,15],[46,0,49,0],[50,0,53,0],[43,12,43,13],[43,14,43,15],[44,4,45,4],[44,5,45,5],[44,6,45,6],[44,7,45,7],[44,8,45,8],[44,9,45,9],[44,10,45,10],[44,11,45,11],[43,0,45,0],[43,1,45,1],[43,4,43,5],[43,6,43,7],[43,8,43,9],[43,10,43,11],[54,0,57,0],[60,0,61,1],[60,4,60,15],[61,4,61,5],[61,6,61,7],[61,8,61,9],[61,10,61,11],[61,12,61,13],[61,14,61,15],[63,12,64,12],[63,13,64,13],[63,14,64,14],[63,15,64,15],[65,0,68,0],[69,0,72,0],[62,12,62,13],[62,14,62,15],[63,4,64,4],[63,5,64,5],[63,6,64,6],[63,7,64,7],[63,8,64,8],[63,9,64,9],[63,10,64,10],[63,11,64,11],[62,0,64,0],[62,1,64,1],[62,4,62,5],[62,6,62,7],[62,8,62,9],[62,10,62,11],[73,0,76,0],[79,0,80,1],[79,4,79,15],[80,4,80,5],[80,6,80,7],[80,8,80,9],[80,10,80,11],[80,12,80,13],[80,14,80,15],[82,12,83,12],[82,13,83,13],[82,14,83,14],[82,15,83,15],[84,0,87,0],[88,0,91,0],[81,12,81,13],[81,14,81,15],[82,4,83,4],[82,5,83,5],[82,6,83,6],[82,7,83,7],[82,8,83,8],[82,9,83,9],[82,10,83,10],[82,11,83,11],[81,0,83,0],[81,1,83,1],[81,4,81,5],[81,6,81,7],[81,8,81,9],[81,10,81,11],[92,0,95,0],[98,0,99,1],[98,4,98,15],[99,4,99,5],[99,6,99,7],[99,8,99,9],[99,10,99,11],[99,12,99,13],[99,14,99,15],[101,12,102,12],[101,13,102,13],[101,14,102,14],[101,15,102,15],[103,0,106,0],[107,0,110,0],[100,12,100,13],[100,14,100,15],[101,4,102,4],[101,5,102,5],[101,6,102,6],[101,7,102,7],[101,8,102,8],[101,9,102,9],[101,10,102,10],[101,11,102,11],[100,0,102,0],[100,1,102,1],[100,4,100,5],[100,6,100,7],[100,8,100,9],[100,10,100,11],[111,0,114,0],[117,0,118,1],[117,4,117,15],[118,4,118,5],[118,6,118,7],[118,8,118,9],[118,10,118,11],[118,12,118,13],[118,14,118,15],[130,0,133,0],[120,12,121,12],[120,13,121,13],[120,14,121,14],[120,15,121,15],[122,0,125,0],[126,0,129,0],[119,12,119,13],[119,14,119,15],[120,4,121,4],[120,5,121,5],[120,6,121,6],[120,7,121,7],[120,8,121,8],[120,9,121,9],[120,10,121,10],[120,11,121,11],[119,0,121,0],[119,1,121,1],[119,4,119,5],[119,6,119,7],[119,8,119,9],[119,10,119,11]]}
[]
["GSX130_60"]
["Evaporator Air \n",null,"Condenser  Entering Air Temperature ˚F"]
[80,"°F DB",65,null,75,null,85,null,90,null,95,null,105,null,115]
["CFM","EWB†\n˚F","Capacity Mbtuh",null,"Capacity Mbtuh",null,"Capacity Mbtuh",null,"Capacity Mbtuh",null,"Capacity Mbtuh",null,"Capacity Mbtuh",null,"Capacity Mbtuh"]
[null,null,"Total","Sens.","Total","Sens.","Total","Sens.","Total","Sens.","Total","Sens.","Total","Sens.","Total","Sens."]
[null,null,null,null,null,null,null,null,null,null,null,null,null,null,null,null,null,"Total Factors",null,null,null,null,null,null,"Sens. %",null,null,null,null,null,null,"IDB Adj",null,null,null,null,null,null,"Sens Calc"]
[1500,71,{"$f":"R8*$K$13","v":25.473684210526315},{"$f":"IF(AM8>C8,C8,AM8)","v":12.227368421052631},{"$f":"S8*$K$13","v":24.88421052631579},{"$f":"IF(AN8>E8,E8,AN8)","v":12.193263157894737},{"$f":"T8*$K$13","v":24.252631578947369},{"$f":"IF(AO8>G8,G8,AO8)","v":12.368842105263159},{"$f":"U8*$K$13","v":23.957894736842107},{"$f":"IF(AP8>I8,I8,AP8)","v":12.338315789473686},{"$f":"V8*$K$13","v":23.663157894736845},{"$f":"IF(AQ8>K8,K8,AQ8)","v":12.304842105263159},{"$f":"W8*$K$13","v":22.484210526315792},{"$f":"IF(AR8>M8,M8,AR8)","v":12.141473684210528},{"$f":"X8*$K$13","v":20.842105263157897},{"$f":"IF(AS8>O8,O8,AS8)","v":11.463157894736845},null,1.0614035087719298,1.036842105263158,1.0105263157894737,0.99824561403508782,0.98596491228070182,0.93684210526315792,0.86842105263157898,0.48,0.49,0.51,0.51500000000000001,0.52,0.54,0.55000000000000004,1.1923999999999997,1.1638666666666664,1.2054666666666667,1.1925666666666672,1.1797333333333337,1.1189333333333338,1.1068000000000002,{"$f":"Y8*C8+($A$4-80)*AF8*$A$8/1000","v":12.227368421052631},{"$f":"Z8*E8+($A$4-80)*AG8*$A$8/1000","v":12.193263157894737},{"$f":"AA8*G8+($A$4-80)*AH8*$A$8/1000","v":12.368842105263159},{"$f":"AB8*I8+($A$4-80)*AI8*$A$8/1000","v":12.338315789473686},{"$f":"AC8*K8+($A$4-80)*AJ8*$A$8/1000","v":12.304842105263159},{"$f":"AD8*M8+($A$4-80)*AK8*$A$8/1000","v":12.141473684210528},{"$f":"AE8*O8+($A$4-80)*AL8*$A$8/1000","v":11.463157894736845}]
[null,67,23.831578947368421,15.252210526315789,23.242105263157896,15.339789473684212,22.694736842105261,15.432421052631579,22.421052631578949,15.470526315789474,{"$f":"V9*$K$13","v":22.147368421052633},15.503157894736843,21.052631578947366,15.157894736842103,19.494736842105262,14.231157894736841,null,0.99298245614035086,0.96842105263157896,0.94561403508771924,0.93421052631578949,0.92280701754385963,0.8771929824561403,0.81228070175438594,0.64,0.66,0.68,0.69,0.7,0.72,0.73,0.97426666666666695,0.94266666666666676,0.91959999999999975,0.94369999999999932,0.9669333333333332,0.85879999999999979,0.85640000000000027,{"$f":"Y9*C9+($A$4-80)*AF9*$A$8/1000","v":15.252210526315789},{"$f":"Z9*E9+($A$4-80)*AG9*$A$8/1000","v":15.339789473684212},{"$f":"AA9*G9+($A$4-80)*AH9*$A$8/1000","v":15.432421052631579},{"$f":"AB9*I9+($A$4-80)*AI9*$A$8/1000","v":15.470526315789474},{"$f":"AC9*K9+($A$4-80)*AJ9*$A$8/1000","v":15.503157894736843},{"$f":"AD9*M9+($A$4-80)*AK9*$A$8/1000","v":15.157894736842103},{"$f":"AE9*O9+($A$4-80)*AL9*$A$8/1000","v":14.231157894736841}]
[null,63,22.273684210526316,17.373473684210527,21.768421052631581,17.632421052631582,21.263157894736842,17.64842105263158,20.989473684210527,17.736105263157896,{"$f":"V10*$K$13","v":20.715789473684211},17.815578947368422,19.705263157894738,17.537684210526315,18.231578947368419,16.408421052631578,null,0.92807017543859649,0.90701754385964917,0.88596491228070173,0.87456140350877198,0.86315789473684212,0.82105263157894737,0.75964912280701746,0.78,0.81,0.83,0.84499999999999997,0.86,0.89,0.9,0.75066666666666593,0.80493333333333406,0.78866666666666663,0.77523333333333344,0.76160000000000139,0.80013333333333403,0.73439999999999928,{"$f":"Y10*C10+($A$4-80)*AF10*$A$8/1000","v":17.373473684210527},{"$f":"Z10*E10+($A$4-80)*AG10*$A$8/1000","v":17.632421052631582},{"$f":"AA10*G10+($A$4-80)*AH10*$A$8/1000","v":17.64842105263158},{"$f":"AB10*I10+($A$4-80)*AI10*$A$8/1000","v":17.736105263157896},{"$f":"AC10*K10+($A$4-80)*AJ10*$A$8/1000","v":17.815578947368422},{"$f":"AD10*M10+($A$4-80)*AK10*$A$8/1000","v":17.537684210526315},{"$f":"AE10*O10+($A$4-80)*AL10*$A$8/1000","v":16.408421052631578}]
[null,59,21.810526315789474,18.102736842105262,21.305263157894736,18.322526315789471,20.8,18.512,20.547368421052632,18.492631578947368,{"$f":"V11*$K$13","v":20.294736842105266},18.468210526315794,19.284210526315789,18.32,17.852631578947367,17.138526315789473,null,0.90877192982456134,0.88771929824561402,0.8666666666666667,0.85614035087719298,0.84561403508771937,0.80350877192982451,0.743859649122807,0.83,0.86,0.89,0.9,0.91,0.95,0.96,0.57466666666666599,0.56706666666666572,0.62413333333333298,0.61893333333333367,0.61373333333333457,0.58133333333333326,0.58999999999999964,{"$f":"Y11*C11+($A$4-80)*AF11*$A$8/1000","v":18.102736842105262},{"$f":"Z11*E11+($A$4-80)*AG11*$A$8/1000","v":18.322526315789471},{"$f":"AA11*G11+($A$4-80)*AH11*$A$8/1000","v":18.512},{"$f":"AB11*I11+($A$4-80)*AI11*$A$8/1000","v":18.492631578947368},{"$f":"AC11*K11+($A$4-80)*AJ11*$A$8/1000","v":18.468210526315794},{"$f":"AD11*M11+($A$4-80)*AK11*$A$8/1000","v":18.32},{"$f":"AE11*O11+($A$4-80)*AL11*$A$8/1000","v":17.138526315789473}]
[1750,71,27.578947368421055,13.513684210526316,26.94736842105263,13.743157894736841,26.315789473684212,13.684210526315791,25.978947368421053,13.768842105263159,{"$f":"V12*$K$13","v":25.642105263157895},13.846736842105264,24.378947368421052,13.652210526315791,22.568421052631578,12.863999999999999,null,1.1491228070175439,1.1228070175438596,1.0964912280701755,1.0824561403508772,1.0684210526315789,1.0157894736842106,0.94035087719298249,0.49,0.51,0.52,0.53,0.54,0.56000000000000005,0.56999999999999995,1.1034285714285712,1.0806857142857142,1.1264000000000001,1.1092,1.0918857142857146,1.1070857142857145,1.0847999999999998,{"$f":"Y12*C12+($A$4-80)*AF12*$A$12/1000","v":13.513684210526316},{"$f":"Z12*E12+($A$4-80)*AG12*$A$12/1000","v":13.743157894736841},{"$f":"AA12*G12+($A$4-80)*AH12*$A$12/1000","v":13.684210526315791},{"$f":"AB12*I12+($A$4-80)*AI12*$A$12/1000","v":13.768842105263159},{"$f":"AC12*K12+($A$4-80)*AJ12*$A$12/1000","v":13.846736842105264},{"$f":"AD12*M12+($A$4-80)*AK12*$A$12/1000","v":13.652210526315791},{"$f":"AE12*O12+($A$4-80)*AL12*$A$12/1000","v":12.863999999999999}]
[null,67,25.810526315789474,17.034947368421054,25.221052631578946,17.150315789473684,24.589473684210528,17.21263157894737,24.294736842105266,17.249263157894738,24,17.28,22.821052631578951,17.115789473684213,21.13684210526316,16.064,null,1.0754385964912281,1.0508771929824561,1.024561403508772,1.012280701754386,1,0.95087719298245621,0.88070175438596499,0.66,0.68,0.7,0.71,0.72,0.75,0.76,0.89862857142857144,0.8836571428571427,0.85462857142857074,0.84399999999999986,0.83337142857142876,0.86022857142857234,0.85360000000000047,{"$f":"Y13*C13+($A$4-80)*AF13*$A$12/1000","v":17.034947368421054},{"$f":"Z13*E13+($A$4-80)*AG13*$A$12/1000","v":17.150315789473684},{"$f":"AA13*G13+($A$4-80)*AH13*$A$12/1000","v":17.21263157894737},{"$f":"AB13*I13+($A$4-80)*AI13*$A$12/1000","v":17.249263157894738},{"$f":"AC13*K13+($A$4-80)*AJ13*$A$12/1000","v":17.28},{"$f":"AD13*M13+($A$4-80)*AK13*$A$12/1000","v":17.115789473684213},{"$f":"AE13*O13+($A$4-80)*AL13*$A$12/1000","v":16.064}]
[null,63,24.168421052631579,19.576421052631581,23.578947368421051,19.806315789473683,23.031578947368423,19.807157894736843,22.757894736842104,19.913157894736841,{"$f":"V14*$K$13","v":22.484210526315792},20.010947368421053,21.347368421052636,19.639578947368427,19.747368421052631,18.365052631578948,null,1.0070175438596491,0.98245614035087714,0.95964912280701764,0.94824561403508767,0.93684210526315792,0.88947368421052642,0.82280701754385965,0.81,0.84,0.86,0.875,0.89,0.92,0.93,0.70468571428571469,0.74571428571428555,0.73908571428571412,0.76248571428571388,0.78514285714285692,0.7410285714285717,0.68022857142857207,{"$f":"Y14*C14+($A$4-80)*AF14*$A$12/1000","v":19.576421052631581},{"$f":"Z14*E14+($A$4-80)*AG14*$A$12/1000","v":19.806315789473683},{"$f":"AA14*G14+($A$4-80)*AH14*$A$12/1000","v":19.807157894736843},{"$f":"AB14*I14+($A$4-80)*AI14*$A$12/1000","v":19.913157894736841},{"$f":"AC14*K14+($A$4-80)*AJ14*$A$12/1000","v":20.010947368421053},{"$f":"AD14*M14+($A$4-80)*AK14*$A$12/1000","v":19.639578947368427},{"$f":"AE14*O14+($A$4-80)*AL14*$A$12/1000","v":18.365052631578948}]
[null,59,23.621052631578948,20.314105263157895,23.073684210526316,20.766315789473687,22.526315789473685,20.72421052631579,22.252631578947369,20.806210526315791,21.978947368421053,20.88,20.88421052631579,20.466526315789473,19.326315789473682,19.133052631578945,null,0.98421052631578954,0.96140350877192982,0.93859649122807021,0.92719298245614035,0.9157894736842106,0.87017543859649127,0.80526315789473679,0.86,0.9,0.92,0.93500000000000005,0.95,0.98,0.99,0.53908571428571417,0.58537142857142932,0.57554285714285736,0.60082857142857216,0.62537142857142947,0.54605714285714191,0.50285714285714189,{"$f":"Y15*C15+($A$4-80)*AF15*$A$12/1000","v":20.314105263157895},{"$f":"Z15*E15+($A$4-80)*AG15*$A$12/1000","v":20.766315789473687},{"$f":"AA15*G15+($A$4-80)*AH15*$A$12/1000","v":20.72421052631579},{"$f":"AB15*I15+($A$4-80)*AI15*$A$12/1000","v":20.806210526315791},{"$f":"AC15*K15+($A$4-80)*AJ15*$A$12/1000","v":20.88},{"$f":"AD15*M15+($A$4-80)*AK15*$A$12/1000","v":20.466526315789473},{"$f":"AE15*O15+($A$4-80)*AL15*$A$12/1000","v":19.133052631578945}]
[2000,71,28.421052631578945,14.778947368421052,27.747368421052634,14.983578947368423,27.073684210526316,14.890526315789476,26.757894736842104,14.98442105263158,26.442105263157892,15.071999999999997,25.094736842105263,14.805894736842104,23.242105263157896,13.712842105263158,null,1.1842105263157894,1.156140350877193,1.1280701754385964,1.1149122807017544,1.1017543859649122,1.0456140350877192,0.96842105263157896,0.52,0.54,0.55000000000000004,0.56000000000000005,0.56999999999999995,0.59,0.59,1.0655999999999999,1.1018000000000003,1.0741000000000003,1.0948,1.1147999999999989,1.0564000000000004,0.97719999999999985,{"$f":"Y16*C16+($A$4-80)*AF16*$A$16/1000","v":14.778947368421052},{"$f":"Z16*E16+($A$4-80)*AG16*$A$16/1000","v":14.983578947368423},{"$f":"AA16*G16+($A$4-80)*AH16*$A$16/1000","v":14.890526315789476},{"$f":"AB16*I16+($A$4-80)*AI16*$A$16/1000","v":14.98442105263158},{"$f":"AC16*K16+($A$4-80)*AJ16*$A$16/1000","v":15.071999999999997},{"$f":"AD16*M16+($A$4-80)*AK16*$A$16/1000","v":14.805894736842104},{"$f":"AE16*O16+($A$4-80)*AL16*$A$16/1000","v":13.712842105263158}]
[null,67,26.568421052631582,18.332210526315791,25.93684210526316,18.674526315789475,25.347368421052629,18.757052631578944,25.031578947368423,18.773684210526319,24.715789473684211,18.783999999999999,23.494736842105262,18.560842105263159,21.768421052631581,17.197052631578948,null,1.1070175438596492,1.0807017543859649,1.0561403508771929,1.0429824561403509,1.0298245614035089,0.97894736842105257,0.90701754385964917,0.69,0.72,0.74,0.75,0.76,0.79,0.79,0.80909999999999938,0.85080000000000022,0.89120000000000066,0.8797500000000007,0.86830000000000074,0.83059999999999978,0.76910000000000023,{"$f":"Y17*C17+($A$4-80)*AF17*$A$16/1000","v":18.332210526315791},{"$f":"Z17*E17+($A$4-80)*AG17*$A$16/1000","v":18.674526315789475},{"$f":"AA17*G17+($A$4-80)*AH17*$A$16/1000","v":18.757052631578944},{"$f":"AB17*I17+($A$4-80)*AI17*$A$16/1000","v":18.773684210526319},{"$f":"AC17*K17+($A$4-80)*AJ17*$A$16/1000","v":18.783999999999999},{"$f":"AD17*M17+($A$4-80)*AK17*$A$16/1000","v":18.560842105263159},{"$f":"AE17*O17+($A$4-80)*AL17*$A$16/1000","v":17.197052631578948}]
[null,63,24.88421052631579,21.151578947368421,24.294736842105266,21.379368421052636,23.705263157894734,21.334736842105261,23.431578947368418,21.439894736842103,23.157894736842106,21.536842105263158,21.978947368421053,21.31957894736842,20.378947368421052,20.378947368421052,null,1.036842105263158,1.012280701754386,0.987719298245614,0.97631578947368414,0.96491228070175439,0.9157894736842106,0.84912280701754383,0.85,0.88,0.9,0.91500000000000004,0.93,0.97,1,0.69450000000000001,0.6809000000000005,0.65880000000000005,0.68397500000000022,0.70860000000000056,0.72060000000000035,0.76850000000000018,{"$f":"Y18*C18+($A$4-80)*AF18*$A$16/1000","v":21.151578947368421},{"$f":"Z18*E18+($A$4-80)*AG18*$A$16/1000","v":21.379368421052636},{"$f":"AA18*G18+($A$4-80)*AH18*$A$16/1000","v":21.334736842105261},{"$f":"AB18*I18+($A$4-80)*AI18*$A$16/1000","v":21.439894736842103},{"$f":"AC18*K18+($A$4-80)*AJ18*$A$16/1000","v":21.536842105263158},{"$f":"AD18*M18+($A$4-80)*AK18*$A$16/1000","v":21.31957894736842},{"$f":"AE18*O18+($A$4-80)*AL18*$A$16/1000","v":20.378947368421052}]
[null,59,24.336842105263159,22.146526315789476,23.789473684210527,22.362105263157893,23.2,22.271999999999998,22.926315789473687,22.467789473684213,22.652631578947368,22.652631578947368,21.515789473684212,21.515789473684212,19.915789473684207,19.915789473684207,null,1.0140350877192983,0.99122807017543857,0.96666666666666667,0.95526315789473693,0.94385964912280695,0.89649122807017545,0.82982456140350869,0.91,0.94,0.96,0.98,1,1,1,0.54540000000000011,0.53800000000000026,0.51999999999999957,0.54785000000000039,0.57519999999999949,0.39119999999999988,0.3125,{"$f":"Y19*C19+($A$4-80)*AF19*$A$16/1000","v":22.146526315789476},{"$f":"Z19*E19+($A$4-80)*AG19*$A$16/1000","v":22.362105263157893},{"$f":"AA19*G19+($A$4-80)*AH19*$A$16/1000","v":22.271999999999998},{"$f":"AB19*I19+($A$4-80)*AI19*$A$16/1000","v":22.467789473684213},{"$f":"AC19*K19+($A$4-80)*AJ19*$A$16/1000","v":22.652631578947368},{"$f":"AD19*M19+($A$4-80)*AK19*$A$16/1000","v":21.515789473684212},{"$f":"AE19*O19+($A$4-80)*AL19*$A$16/1000","v":19.915789473684207}]

{"sheet":"GSX130_61","index":10,"n_rows":19,"n_cols":45,"rows_kept":19,"cut":false,"hidden":true,"merged":[[2,0,2,1],[2,2,2,15],[3,2,3,3],[3,4,3,5],[3,6,3,7],[3,8,3,9],[3,10,3,11],[3,12,3,13],[3,14,3,15],[5,2,6,2],[5,3,6,3],[5,4,6,4],[5,5,6,5],[5,6,6,6],[5,7,6,7],[5,8,6,8],[4,0,6,0],[4,1,6,1],[4,2,4,3],[4,4,4,5],[4,6,4,7],[4,8,4,9],[5,9,6,9],[5,10,6,10],[5,11,6,11],[5,12,6,12],[5,13,6,13],[5,14,6,14],[5,15,6,15],[4,10,4,11],[4,12,4,13],[4,14,4,15],[7,0,10,0],[11,0,14,0],[15,0,18,0],[22,4,22,15],[23,4,23,5],[23,6,23,7],[23,8,23,9],[23,10,23,11],[23,12,23,13],[23,14,23,15],[25,12,26,12],[25,13,26,13],[25,14,26,14],[25,15,26,15],[27,0,30,0],[31,0,34,0],[24,12,24,13],[24,14,24,15],[25,4,26,4],[25,5,26,5],[25,6,26,6],[25,7,26,7],[25,8,26,8],[25,9,26,9],[25,10,26,10],[25,11,26,11],[24,0,26,0],[24,1,26,1],[24,4,24,5],[24,6,24,7],[24,8,24,9],[24,10,24,11],[35,0,38,0],[41,0,42,1],[41,4,41,15],[42,4,42,5],[42,6,42,7],[42,8,42,9],[42,10,42,11],[42,12,42,13],[42,14,42,15],[44,12,45,12],[44,13,45,13],[44,14,45,14],[44,15,45,15],[46,0,49,0],[50,0,53,0],[43,12,43,13],[43,14,43,15],[44,4,45,4],[44,5,45,5],[44,6,45,6],[44,7,45,7],[44,8,45,8],[44,9,45,9],[44,10,45,10],[44,11,45,11],[43,0,45,0],[43,1,45,1],[43,4,43,5],[43,6,43,7],[43,8,43,9],[43,10,43,11],[54,0,57,0],[60,0,61,1],[60,4,60,15],[61,4,61,5],[61,6,61,7],[61,8,61,9],[61,10,61,11],[61,12,61,13],[61,14,61,15],[63,12,64,12],[63,13,64,13],[63,14,64,14],[63,15,64,15],[65,0,68,0],[69,0,72,0],[62,12,62,13],[62,14,62,15],[63,4,64,4],[63,5,64,5],[63,6,64,6],[63,7,64,7],[63,8,64,8],[63,9,64,9],[63,10,64,10],[63,11,64,11],[62,0,64,0],[62,1,64,1],[62,4,62,5],[62,6,62,7],[62,8,62,9],[62,10,62,11],[73,0,76,0],[79,0,80,1],[79,4,79,15],[80,4,80,5],[80,6,80,7],[80,8,80,9],[80,10,80,11],[80,12,80,13],[80,14,80,15],[82,12,83,12],[82,13,83,13],[82,14,83,14],[82,15,83,15],[84,0,87,0],[88,0,91,0],[81,12,81,13],[81,14,81,15],[82,4,83,4],[82,5,83,5],[82,6,83,6],[82,7,83,7],[82,8,83,8],[82,9,83,9],[82,10,83,10],[82,11,83,11],[81,0,83,0],[81,1,83,1],[81,4,81,5],[81,6,81,7],[81,8,81,9],[81,10,81,11],[92,0,95,0],[98,0,99,1],[98,4,98,15],[99,4,99,5],[99,6,99,7],[99,8,99,9],[99,10,99,11],[99,12,99,13],[99,14,99,15],[101,12,102,12],[101,13,102,13],[101,14,102,14],[101,15,102,15],[103,0,106,0],[107,0,110,0],[100,12,100,13],[100,14,100,15],[101,4,102,4],[101,5,102,5],[101,6,102,6],[101,7,102,7],[101,8,102,8],[101,9,102,9],[101,10,102,10],[101,11,102,11],[100,0,102,0],[100,1,102,1],[100,4,100,5],[100,6,100,7],[100,8,100,9],[100,10,100,11],[111,0,114,0],[117,0,118,1],[117,4,117,15],[118,4,118,5],[118,6,118,7],[118,8,118,9],[118,10,118,11],[118,12,118,13],[118,14,118,15],[130,0,133,0],[120,12,121,12],[120,13,121,13],[120,14,121,14],[120,15,121,15],[122,0,125,0],[126,0,129,0],[119,12,119,13],[119,14,119,15],[120,4,121,4],[120,5,121,5],[120,6,121,6],[120,7,121,7],[120,8,121,8],[120,9,121,9],[120,10,121,10],[120,11,121,11],[119,0,121,0],[119,1,121,1],[119,4,119,5],[119,6,119,7],[119,8,119,9],[119,10,119,11]]}
[]
["GSX130_61"]
["Evaporator Air \n",null,"Condenser  Entering Air Temperature ˚F"]
[80,"°F DB",65,null,75,null,85,null,90,null,95,null,105,null,115]
["CFM","EWB†\n˚F","Capacity Mbtuh",null,"Capacity Mbtuh",null,"Capacity Mbtuh",null,"Capacity Mbtuh",null,"Capacity Mbtuh",null,"Capacity Mbtuh",null,"Capacity Mbtuh"]
[null,null,"Total","Sens.","Total","Sens.","Total","Sens.","Total","Sens.","Total","Sens.","Total","Sens.","Total","Sens."]
[null,null,null,null,null,null,null,null,null,null,null,null,null,null,null,null,null,"Total Factors",null,null,null,null,null,null,"Sens. %",null,null,null,null,null,null,"IDB Adj",null,null,null,null,null,null,"Sens Calc"]
[1500,71,{"$f":"R8*$K$13","v":26.762886597938145},{"$f":"IF(AM8>C8,C8,AM8)","v":12.578556701030928},{"$f":"S8*$K$13","v":26.144329896907216},{"$f":"IF(AN8>E8,E8,AN8)","v":12.549278350515463},{"$f":"T8*$K$13","v":25.52577319587629},{"$f":"IF(AO8>G8,G8,AO8)","v":12.762886597938145},{"$f":"U8*$K$13","v":25.21649484536082},{"$f":"IF(AP8>I8,I8,AP8)","v":12.734329896907214},{"$f":"V8*$K$13","v":24.907216494845358},{"$f":"IF(AQ8>K8,K8,AQ8)","v":12.702680412371132},{"$f":"W8*$K$13","v":23.670103092783503},{"$f":"IF(AR8>M8,M8,AR8)","v":12.545154639175257},{"$f":"X8*$K$13","v":21.938144329896907},{"$f":"IF(AS8>O8,O8,AS8)","v":11.846597938144331},null,1.1151202749140894,1.0893470790378006,1.063573883161512,1.0506872852233675,1.0378006872852232,0.98625429553264599,0.91408934707903777,0.47,0.48,0.5,0.505,0.51,0.53,0.54,1.2766666666666666,1.1607999999999994,1.2193333333333338,1.2040666666666666,1.1888000000000001,1.2048000000000003,1.1910666666666676,{"$f":"Y8*C8+($A$4-80)*AF8*$A$8/1000","v":12.578556701030928},{"$f":"Z8*E8+($A$4-80)*AG8*$A$8/1000","v":12.549278350515463},{"$f":"AA8*G8+($A$4-80)*AH8*$A$8/1000","v":12.762886597938145},{"$f":"AB8*I8+($A$4-80)*AI8*$A$8/1000","v":12.734329896907214},{"$f":"AC8*K8+($A$4-80)*AJ8*$A$8/1000","v":12.702680412371132},{"$f":"AD8*M8+($A$4-80)*AK8*$A$8/1000","v":12.545154639175257},{"$f":"AE8*O8+($A$4-80)*AL8*$A$8/1000","v":11.846597938144331}]
[null,67,25.03092783505155,15.519175257731961,24.453608247422679,15.894845360824743,23.876288659793811,15.758350515463917,23.587628865979379,15.921649484536083,{"$f":"V9*$K$13","v":23.298969072164947},16.076288659793814,22.144329896907216,15.722474226804122,20.494845360824741,14.756288659793812,null,1.0429553264604812,1.0189003436426116,0.99484536082474218,0.98281786941580751,0.97079037800687284,0.92268041237113407,0.85395189003436422,0.62,0.65,0.66,0.67500000000000004,0.69,0.71,0.72,0.95786666666666687,1.0140000000000002,0.91199999999999948,0.97693333333333354,1.0399999999999991,0.99480000000000079,0.912266666666667,{"$f":"Y9*C9+($A$4-80)*AF9*$A$8/1000","v":15.519175257731961},{"$f":"Z9*E9+($A$4-80)*AG9*$A$8/1000","v":15.894845360824743},{"$f":"AA9*G9+($A$4-80)*AH9*$A$8/1000","v":15.758350515463917},{"$f":"AB9*I9+($A$4-80)*AI9*$A$8/1000","v":15.921649484536083},{"$f":"AC9*K9+($A$4-80)*AJ9*$A$8/1000","v":16.076288659793814},{"$f":"AD9*M9+($A$4-80)*AK9*$A$8/1000","v":15.722474226804122},{"$f":"AE9*O9+($A$4-80)*AL9*$A$8/1000","v":14.756288659793812}]
[null,63,23.463917525773194,18.067216494845361,22.886597938144327,18.309278350515463,22.350515463917525,18.327422680412369,22.082474226804123,18.328453608247422,{"$f":"V10*$K$13","v":21.814432989690719},18.324123711340203,20.701030927835053,18.009896907216497,19.175257731958762,16.874226804123712,null,0.9776632302405498,0.95360824742268036,0.93127147766323026,0.92010309278350511,0.90893470790377995,0.86254295532646053,0.79896907216494839,0.77,0.8,0.82,0.83,0.84,0.87,0.88,0.81226666666666647,0.86000000000000143,0.84226666666666672,0.83339999999999947,0.82453333333333401,0.78693333333333249,0.72306666666666697,{"$f":"Y10*C10+($A$4-80)*AF10*$A$8/1000","v":18.067216494845361},{"$f":"Z10*E10+($A$4-80)*AG10*$A$8/1000","v":18.309278350515463},{"$f":"AA10*G10+($A$4-80)*AH10*$A$8/1000","v":18.327422680412369},{"$f":"AB10*I10+($A$4-80)*AI10*$A$8/1000","v":18.328453608247422},{"$f":"AC10*K10+($A$4-80)*AJ10*$A$8/1000","v":18.324123711340203},{"$f":"AD10*M10+($A$4-80)*AK10*$A$8/1000","v":18.009896907216497},{"$f":"AE10*O10+($A$4-80)*AL10*$A$8/1000","v":16.874226804123712}]
[null,59,22.927835051546388,18.800824742268038,22.391752577319586,19.032989690721649,21.855670103092784,19.014432989690722,21.60824742268041,19.123298969072163,{"$f":"V11*$K$13","v":21.36082474226804},19.224742268041236,20.288659793814432,18.868453608247421,18.762886597938145,17.637113402061857,null,0.95532646048109959,0.93298969072164939,0.9106529209621993,0.90034364261168376,0.89003436426116833,0.84536082474226804,0.78178694158075601,0.82,0.85,0.87,0.88500000000000001,0.9,0.93,0.94,0.60893333333333244,0.67159999999999886,0.66013333333333246,0.65553333333333419,0.65093333333333303,0.62680000000000102,0.57706666666666606,{"$f":"Y11*C11+($A$4-80)*AF11*$A$8/1000","v":18.800824742268038},{"$f":"Z11*E11+($A$4-80)*AG11*$A$8/1000","v":19.032989690721649},{"$f":"AA11*G11+($A$4-80)*AH11*$A$8/1000","v":19.014432989690722},{"$f":"AB11*I11+($A$4-80)*AI11*$A$8/1000","v":19.123298969072163},{"$f":"AC11*K11+($A$4-80)*AJ11*$A$8/1000","v":19.224742268041236},{"$f":"AD11*M11+($A$4-80)*AK11*$A$8/1000","v":18.868453608247421},{"$f":"AE11*O11+($A$4-80)*AL11*$A$8/1000","v":17.637113402061857}]
[1750,71,27.587628865979383,13.517938144329898,26.927835051546388,13.733195876288658,26.309278350515463,13.680824742268042,25.979381443298969,13.769072164948454,{"$f":"V12*$K$13","v":25.649484536082475},13.850721649484537,24.371134020618555,13.647835051546393,22.556701030927833,12.631752577319588,null,1.1494845360824744,1.1219931271477661,1.0962199312714775,1.0824742268041236,1.0687285223367697,1.0154639175257731,0.93986254295532645,0.49,0.51,0.52,0.53,0.54,0.56000000000000005,0.56000000000000005,1.1313142857142853,1.1740571428571427,1.1501714285714286,1.1713142857142858,1.1915428571428575,1.1304000000000001,1.0449142857142864,{"$f":"Y12*C12+($A$4-80)*AF12*$A$12/1000","v":13.517938144329898},{"$f":"Z12*E12+($A$4-80)*AG12*$A$12/1000","v":13.733195876288658},{"$f":"AA12*G12+($A$4-80)*AH12*$A$12/1000","v":13.680824742268042},{"$f":"AB12*I12+($A$4-80)*AI12*$A$12/1000","v":13.769072164948454},{"$f":"AC12*K12+($A$4-80)*AJ12*$A$12/1000","v":13.850721649484537},{"$f":"AD12*M12+($A$4-80)*AK12*$A$12/1000","v":13.647835051546393},{"$f":"AE12*O12+($A$4-80)*AL12*$A$12/1000","v":12.631752577319588}]
[null,67,25.814432989690722,16.77938144329897,25.195876288659797,17.133195876288664,24.577319587628864,17.204123711340202,24.288659793814432,17.244948453608245,24,17.28,22.804123711340203,17.103092783505154,21.11340206185567,15.835051546391753,null,1.0756013745704467,1.0498281786941581,1.0240549828178693,1.0120274914089347,1,0.95017182130584188,0.8797250859106529,0.65,0.68,0.7,0.71,0.72,0.75,0.75,0.85245714285714325,0.89519999999999988,0.94079999999999986,0.92937142857142907,0.91794285714285762,0.93428571428571394,0.80525714285714367,{"$f":"Y13*C13+($A$4-80)*AF13*$A$12/1000","v":16.77938144329897},{"$f":"Z13*E13+($A$4-80)*AG13*$A$12/1000","v":17.133195876288664},{"$f":"AA13*G13+($A$4-80)*AH13*$A$12/1000","v":17.204123711340202},{"$f":"AB13*I13+($A$4-80)*AI13*$A$12/1000","v":17.244948453608245},{"$f":"AC13*K13+($A$4-80)*AJ13*$A$12/1000","v":17.28},{"$f":"AD13*M13+($A$4-80)*AK13*$A$12/1000","v":17.103092783505154},{"$f":"AE13*O13+($A$4-80)*AL13*$A$12/1000","v":15.835051546391753}]
[null,63,24.164948453608247,19.3319587628866,23.587628865979379,19.577731958762882,23.010309278350512,19.558762886597936,22.742268041237111,19.672061855670101,{"$f":"V14*$K$13","v":22.47422680412371},19.777319587628863,21.319587628865978,19.614020618556701,19.75257731958763,18.172371134020619,null,1.006872852233677,0.98281786941580751,0.95876288659793807,0.94759450171821302,0.93642611683848798,0.88831615120274909,0.82302405498281783,0.8,0.83,0.85,0.86499999999999999,0.88,0.92,0.92,0.71771428571428664,0.76845714285714251,0.74377142857142886,0.7407714285714283,0.73794285714285723,0.75474285714285705,0.69348571428571404,{"$f":"Y14*C14+($A$4-80)*AF14*$A$12/1000","v":19.3319587628866},{"$f":"Z14*E14+($A$4-80)*AG14*$A$12/1000","v":19.577731958762882},{"$f":"AA14*G14+($A$4-80)*AH14*$A$12/1000","v":19.558762886597936},{"$f":"AB14*I14+($A$4-80)*AI14*$A$12/1000","v":19.672061855670101},{"$f":"AC14*K14+($A$4-80)*AJ14*$A$12/1000","v":19.777319587628863},{"$f":"AD14*M14+($A$4-80)*AK14*$A$12/1000","v":19.614020618556701},{"$f":"AE14*O14+($A$4-80)*AL14*$A$12/1000","v":18.172371134020619}]
[null,59,23.628865979381441,20.320824742268037,23.092783505154635,20.552577319587627,22.515463917525771,20.489072164948453,22.24742268041237,20.578865979381444,21.979381443298966,20.660618556701028,20.865979381443299,20.865979381443299,19.340206185567009,19.340206185567009,null,0.98453608247422675,0.96219931271477654,0.93814432989690721,0.92697594501718217,0.9158075601374569,0.86941580756013748,0.80584192439862534,0.86,0.89,0.91,0.92500000000000004,0.94,1,1,0.61302857142857115,0.60457142857142854,0.58457142857142874,0.58017142857142889,0.57577142857142827,0.71748571428571495,0.61828571428571388,{"$f":"Y15*C15+($A$4-80)*AF15*$A$12/1000","v":20.320824742268037},{"$f":"Z15*E15+($A$4-80)*AG15*$A$12/1000","v":20.552577319587627},{"$f":"AA15*G15+($A$4-80)*AH15*$A$12/1000","v":20.489072164948453},{"$f":"AB15*I15+($A$4-80)*AI15*$A$12/1000","v":20.578865979381444},{"$f":"AC15*K15+($A$4-80)*AJ15*$A$12/1000","v":20.660618556701028},{"$f":"AD15*M15+($A$4-80)*AK15*$A$12/1000","v":20.865979381443299},{"$f":"AE15*O15+($A$4-80)*AL15*$A$12/1000","v":19.340206185567009}]
[2000,71,27.711340206185564,13.855670103092782,27.051546391752574,13.796288659793813,26.432989690721648,14.009484536082475,26.103092783505154,13.965154639175259,25.773195876288661,13.917525773195878,24.494845360824741,13.717113402061855,22.680412371134018,12.927835051546388,null,1.1546391752577319,1.1271477663230238,1.1013745704467353,1.0876288659793814,1.0738831615120275,1.0206185567010309,0.94501718213058417,0.5,0.51,0.53,0.53500000000000003,0.54,0.56000000000000005,0.56999999999999995,0.99050000000000005,0.96599999999999997,1.0108000000000001,0.99592499999999973,0.98099999999999987,0.99420000000000042,0.91899999999999982,{"$f":"Y16*C16+($A$4-80)*AF16*$A$16/1000","v":13.855670103092782},{"$f":"Z16*E16+($A$4-80)*AG16*$A$16/1000","v":13.796288659793813},{"$f":"AA16*G16+($A$4-80)*AH16*$A$16/1000","v":14.009484536082475},{"$f":"AB16*I16+($A$4-80)*AI16*$A$16/1000","v":13.965154639175259},{"$f":"AC16*K16+($A$4-80)*AJ16*$A$16/1000","v":13.917525773195878},{"$f":"AD16*M16+($A$4-80)*AK16*$A$16/1000","v":13.717113402061855},{"$f":"AE16*O16+($A$4-80)*AL16*$A$16/1000","v":12.927835051546388}]
[null,67,25.938144329896907,17.11917525773196,25.319587628865982,17.470515463917526,24.701030927835049,17.537731958762883,24.412371134020617,17.576907216494842,24.123711340206185,17.610309278350513,22.927835051546388,17.425154639175254,21.237113402061855,16.14020618556701,null,1.0807560137457044,1.0549828178694158,1.029209621993127,1.0171821305841924,1.0051546391752577,0.95532646048109959,0.88487972508591062,0.66,0.69,0.71,0.72,0.73,0.76,0.76,0.74399999999999977,0.78699999999999903,0.82719999999999982,0.81720000000000037,0.80719999999999958,0.82789999999999964,0.71479999999999999,{"$f":"Y17*C17+($A$4-80)*AF17*$A$16/1000","v":17.11917525773196},{"$f":"Z17*E17+($A$4-80)*AG17*$A$16/1000","v":17.470515463917526},{"$f":"AA17*G17+($A$4-80)*AH17*$A$16/1000","v":17.537731958762883},{"$f":"AB17*I17+($A$4-80)*AI17*$A$16/1000","v":17.576907216494842},{"$f":"AC17*K17+($A$4-80)*AJ17*$A$16/1000","v":17.610309278350513},{"$f":"AD17*M17+($A$4-80)*AK17*$A$16/1000","v":17.425154639175254},{"$f":"AE17*O17+($A$4-80)*AL17*$A$16/1000","v":16.14020618556701}]
[null,63,24.24742268041237,19.882886597938143,23.711340206185564,20.154639175257728,23.134020618556701,20.126597938144329,22.845360824742269,20.103917525773195,22.556701030927833,20.07546391752577,21.443298969072163,19.942268041237114,19.876288659793815,18.683711340206184,null,1.0103092783505154,0.98797250859106522,0.96391752577319589,0.95189003436426123,0.93986254295532645,0.89347079037800681,0.82817869415807566,0.82,0.85,0.87,0.88,0.89,0.93,0.94,0.68230000000000002,0.73380000000000012,0.71820000000000017,0.67917500000000008,0.6406999999999996,0.66449999999999965,0.66709999999999925,{"$f":"Y18*C18+($A$4-80)*AF18*$A$16/1000","v":19.882886597938143},{"$f":"Z18*E18+($A$4-80)*AG18*$A$16/1000","v":20.154639175257728},{"$f":"AA18*G18+($A$4-80)*AH18*$A$16/1000","v":20.126597938144329},{"$f":"AB18*I18+($A$4-80)*AI18*$A$16/1000","v":20.103917525773195},{"$f":"AC18*K18+($A$4-80)*AJ18*$A$16/1000","v":20.07546391752577},{"$f":"AD18*M18+($A$4-80)*AK18*$A$16/1000","v":19.942268041237114},{"$f":"AE18*O18+($A$4-80)*AL18*$A$16/1000","v":18.683711340206184}]
[null,59,23.752577319587626,20.664742268041234,23.175257731958762,20.857731958762887,22.639175257731956,20.8280412371134,22.371134020618555,20.91701030927835,22.103092783505154,20.997938144329897,20.989690721649481,20.989690721649481,19.422680412371136,19.422680412371136,null,0.98969072164948446,0.96563573883161513,0.94329896907216493,0.93213058419243977,0.92096219931271472,0.87457044673539508,0.80927835051546393,0.87,0.9,0.92,0.93500000000000005,0.95,1,1,0.53979999999999961,0.52340000000000086,0.52320000000000066,0.51950000000000007,0.51580000000000015,0.58999999999999986,0.49670000000000064,{"$f":"Y19*C19+($A$4-80)*AF19*$A$16/1000","v":20.664742268041234},{"$f":"Z19*E19+($A$4-80)*AG19*$A$16/1000","v":20.857731958762887},{"$f":"AA19*G19+($A$4-80)*AH19*$A$16/1000","v":20.8280412371134},{"$f":"AB19*I19+($A$4-80)*AI19*$A$16/1000","v":20.91701030927835},{"$f":"AC19*K19+($A$4-80)*AJ19*$A$16/1000","v":20.997938144329897},{"$f":"AD19*M19+($A$4-80)*AK19*$A$16/1000","v":20.989690721649481},{"$f":"AE19*O19+($A$4-80)*AL19*$A$16/1000","v":19.422680412371136}]

{"sheet":"GSX140_18","index":11,"n_rows":19,"n_cols":45,"rows_kept":19,"cut":false,"hidden":true,"merged":[[2,0,2,1],[2,2,2,15],[3,2,3,3],[3,4,3,5],[3,6,3,7],[3,8,3,9],[3,10,3,11],[3,12,3,13],[3,14,3,15],[5,2,6,2],[5,3,6,3],[5,4,6,4],[5,5,6,5],[5,6,6,6],[5,7,6,7],[5,8,6,8],[4,0,6,0],[4,1,6,1],[4,2,4,3],[4,4,4,5],[4,6,4,7],[4,8,4,9],[5,9,6,9],[5,10,6,10],[5,11,6,11],[5,12,6,12],[5,13,6,13],[5,14,6,14],[5,15,6,15],[4,10,4,11],[4,12,4,13],[4,14,4,15],[7,0,10,0],[11,0,14,0],[15,0,18,0],[22,4,22,15],[23,4,23,5],[23,6,23,7],[23,8,23,9],[23,10,23,11],[23,12,23,13],[23,14,23,15],[25,12,26,12],[25,13,26,13],[25,14,26,14],[25,15,26,15],[27,0,30,0],[31,0,34,0],[24,12,24,13],[24,14,24,15],[25,4,26,4],[25,5,26,5],[25,6,26,6],[25,7,26,7],[25,8,26,8],[25,9,26,9],[25,10,26,10],[25,11,26,11],[24,0,26,0],[24,1,26,1],[24,4,24,5],[24,6,24,7],[24,8,24,9],[24,10,24,11],[35,0,38,0],[41,0,42,1],[41,4,41,15],[42,4,42,5],[42,6,42,7],[42,8,42,9],[42,10,42,11],[42,12,42,13],[42,14,42,15],[44,12,45,12],[44,13,45,13],[44,14,45,14],[44,15,45,15],[46,0,49,0],[50,0,53,0],[43,12,43,13],[43,14,43,15],[44,4,45,4],[44,5,45,5],[44,6,45,6],[44,7,45,7],[44,8,45,8],[44,9,45,9],[44,10,45,10],[44,11,45,11],[43,0,45,0],[43,1,45,1],[43,4,43,5],[43,6,43,7],[43,8,43,9],[43,10,43,11],[54,0,57,0],[60,0,61,1],[60,4,60,15],[61,4,61,5],[61,6,61,7],[61,8,61,9],[61,10,61,11],[61,12,61,13],[61,14,61,15],[63,12,64,12],[63,13,64,13],[63,14,64,14],[63,15,64,15],[65,0,68,0],[69,0,72,0],[62,12,62,13],[62,14,62,15],[63,4,64,4],[63,5,64,5],[63,6,64,6],[63,7,64,7],[63,8,64,8],[63,9,64,9],[63,10,64,10],[63,11,64,11],[62,0,64,0],[62,1,64,1],[62,4,62,5],[62,6,62,7],[62,8,62,9],[62,10,62,11],[73,0,76,0],[79,0,80,1],[79,4,79,15],[80,4,80,5],[80,6,80,7],[80,8,80,9],[80,10,80,11],[80,12,80,13],[80,14,80,15],[82,12,83,12],[82,13,83,13],[82,14,83,14],[82,15,83,15],[84,0,87,0],[88,0,91,0],[81,12,81,13],[81,14,81,15],[82,4,83,4],[82,5,83,5],[82,6,83,6],[82,7,83,7],[82,8,83,8],[82,9,83,9],[82,10,83,10],[82,11,83,11],[81,0,83,0],[81,1,83,1],[81,4,81,5],[81,6,81,7],[81,8,81,9],[81,10,81,11],[92,0,95,0],[98,0,99,1],[98,4,98,15],[99,4,99,5],[99,6,99,7],[99,8,99,9],[99,10,99,11],[99,12,99,13],[99,14,99,15],[101,12,102,12],[101,13,102,13],[101,14,102,14],[101,15,102,15],[103,0,106,0],[107,0,110,0],[100,12,100,13],[100,14,100,15],[101,4,102,4],[101,5,102,5],[101,6,102,6],[101,7,102,7],[101,8,102,8],[101,9,102,9],[101,10,102,10],[101,11,102,11],[100,0,102,0],[100,1,102,1],[100,4,100,5],[100,6,100,7],[100,8,100,9],[100,10,100,11],[111,0,114,0],[117,0,118,1],[117,4,117,15],[118,4,118,5],[118,6,118,7],[118,8,118,9],[118,10,118,11],[118,12,118,13],[118,14,118,15],[130,0,133,0],[120,12,121,12],[120,13,121,13],[120,14,121,14],[120,15,121,15],[122,0,125,0],[126,0,129,0],[119,12,119,13],[119,14,119,15],[120,4,121,4],[120,5,121,5],[120,6,121,6],[120,7,121,7],[120,8,121,8],[120,9,121,9],[120,10,121,10],[120,11,121,11],[119,0,121,0],[119,1,121,1],[119,4,119,5],[119,6,119,7],[119,8,119,9],[119,10,119,11]]}
[]
["GSX140_18"]
["Evaporator Air \n",null,"Condenser  Entering Air Temperature ˚F"]
[80,"°F DB",65,null,75,null,85,null,90,null,95,null,105,null,115]
["CFM","EWB†\n˚F","Capacity Mbtuh",null,"Capacity Mbtuh",null,"Capacity Mbtuh",null,"Capacity Mbtuh",null,"Capacity Mbtuh",null,"Capacity Mbtuh",null,"Capacity Mbtuh"]
[null,null,"Total","Sens.","Total","Sens.","Total","Sens.","Total","Sens.","Total","Sens.","Total","Sens.","Total","Sens."]
[null,null,null,null,null,null,null,null,null,null,null,null,null,null,null,null,null,"Total Factors",null,null,null,null,null,null,"Sens. %",null,null,null,null,null,null,"IDB Adj",null,null,null,null,null,null,"Sens Calc"]
[525,71,{"$f":"R8*$K$13","v":26.8},{"$f":"IF(AM8>C8,C8,AM8)","v":13.4},{"$f":"S8*$K$13","v":26.533333333333331},{"$f":"IF(AN8>E8,E8,AN8)","v":13.001333333333331},{"$f":"T8*$K$13","v":25.866666666666667},{"$f":"IF(AO8>G8,G8,AO8)","v":12.933333333333334},{"$f":"U8*$K$13","v":25.333333333333336},{"$f":"IF(AP8>I8,I8,AP8)","v":13.046666666666669},{"$f":"V8*$K$13","v":24.800000000000004},{"$f":"IF(AQ8>K8,K8,AQ8)","v":13.144000000000004},{"$f":"W8*$K$13","v":23.466666666666669},{"$f":"IF(AR8>M8,M8,AR8)","v":14.08},{"$f":"X8*$K$13","v":22.266666666666666},{"$f":"IF(AS8>O8,O8,AS8)","v":13.36},null,1.1166666666666667,1.1055555555555554,1.0777777777777777,1.0555555555555556,1.0333333333333334,0.97777777777777786,0.9277777777777777,0.5,0.49,0.5,0.51500000000000001,0.53,0.6,0.6,1.0857142857142863,0.92380952380952341,0.82780952380952344,0.84761904761904794,0.86590476190476218,1.1561904761904767,0.78171428571428558,{"$f":"Y8*C8+($A$4-80)*AF8*$A$8/1000","v":13.4},{"$f":"Z8*E8+($A$4-80)*AG8*$A$8/1000","v":13.001333333333331},{"$f":"AA8*G8+($A$4-80)*AH8*$A$8/1000","v":12.933333333333334},{"$f":"AB8*I8+($A$4-80)*AI8*$A$8/1000","v":13.046666666666669},{"$f":"AC8*K8+($A$4-80)*AJ8*$A$8/1000","v":13.144000000000004},{"$f":"AD8*M8+($A$4-80)*AK8*$A$8/1000","v":14.08},{"$f":"AE8*O8+($A$4-80)*AL8*$A$8/1000","v":13.36}]
[null,67,25.6,15.872,25.466666666666669,15.789333333333335,24.800000000000004,15.872000000000003,24.266666666666673,15.773333333333339,{"$f":"V9*$K$13","v":23.733333333333334},15.664000000000001,22.4,15.231999999999999,21.066666666666666,15.378666666666666,null,1.0666666666666667,1.0611111111111111,1.0333333333333334,1.0111111111111113,0.98888888888888893,0.93333333333333335,0.87777777777777777,0.62,0.62,0.64,0.65,0.66,0.68,0.73,0.89676190476190443,0.89219047619047631,0.79961904761904834,0.81771428571428628,0.83428571428571485,0.72571428571428676,0.7455238095238097,{"$f":"Y9*C9+($A$4-80)*AF9*$A$8/1000","v":15.872},{"$f":"Z9*E9+($A$4-80)*AG9*$A$8/1000","v":15.789333333333335},{"$f":"AA9*G9+($A$4-80)*AH9*$A$8/1000","v":15.872000000000003},{"$f":"AB9*I9+($A$4-80)*AI9*$A$8/1000","v":15.773333333333339},{"$f":"AC9*K9+($A$4-80)*AJ9*$A$8/1000","v":15.664000000000001},{"$f":"AD9*M9+($A$4-80)*AK9*$A$8/1000","v":15.231999999999999},{"$f":"AE9*O9+($A$4-80)*AL9*$A$8/1000","v":15.378666666666666}]
[null,63,24.93333333333333,18.450666666666663,24.666666666666664,18.5,24,18.48,23.466666666666669,18.304000000000002,{"$f":"V10*$K$13","v":22.93333333333333},18.117333333333331,21.599999999999998,21.599999999999998,20.400000000000002,20.400000000000002,null,1.0388888888888888,1.0277777777777777,1,0.97777777777777786,0.95555555555555549,0.89999999999999991,0.85000000000000009,0.74,0.75,0.77,0.78,0.79,1,1,0.87847619047619019,0.86971428571428611,0.84761904761904761,0.82971428571428607,0.81180952380952254,1.9394285714285708,3.809523809523864E-2,{"$f":"Y10*C10+($A$4-80)*AF10*$A$8/1000","v":18.450666666666663},{"$f":"Z10*E10+($A$4-80)*AG10*$A$8/1000","v":18.5},{"$f":"AA10*G10+($A$4-80)*AH10*$A$8/1000","v":18.48},{"$f":"AB10*I10+($A$4-80)*AI10*$A$8/1000","v":18.304000000000002},{"$f":"AC10*K10+($A$4-80)*AJ10*$A$8/1000","v":18.117333333333331},{"$f":"AD10*M10+($A$4-80)*AK10*$A$8/1000","v":21.599999999999998},{"$f":"AE10*O10+($A$4-80)*AL10*$A$8/1000","v":20.400000000000002}]
[null,59,24.533333333333331,20.117333333333331,24.4,24.4,23.733333333333334,23.733333333333334,23.199999999999996,23.199999999999996,{"$f":"V11*$K$13","v":22.666666666666664},22.666666666666664,21.2,21.2,20,20,null,1.0222222222222221,1.0166666666666666,0.98888888888888893,0.96666666666666656,0.94444444444444442,0.8833333333333333,0.83333333333333337,0.82,1,1,1,1,1,1,0.8678095238095227,2.1180952380952394,3.809523809523864E-2,3.809523809523864E-2,3.809523809523864E-2,0,3.809523809523796E-2,{"$f":"Y11*C11+($A$4-80)*AF11*$A$8/1000","v":20.117333333333331},{"$f":"Z11*E11+($A$4-80)*AG11*$A$8/1000","v":24.4},{"$f":"AA11*G11+($A$4-80)*AH11*$A$8/1000","v":23.733333333333334},{"$f":"AB11*I11+($A$4-80)*AI11*$A$8/1000","v":23.199999999999996},{"$f":"AC11*K11+($A$4-80)*AJ11*$A$8/1000","v":22.666666666666664},{"$f":"AD11*M11+($A$4-80)*AK11*$A$8/1000","v":21.2},{"$f":"AE11*O11+($A$4-80)*AL11*$A$8/1000","v":20}]
[600,71,27.066666666666666,13.533333333333333,26.8,14.472000000000001,26.266666666666666,15.759999999999998,25.666666666666664,15.143333333333331,{"$f":"V12*$K$13","v":25.06666666666667},14.538666666666668,23.733333333333334,14.24,22.533333333333331,14.646666666666667,null,1.1277777777777778,1.1166666666666667,1.0944444444444443,1.0694444444444444,1.0444444444444445,0.98888888888888893,0.93888888888888877,0.5,0.54,0.6,0.59,0.57999999999999996,0.6,0.65,0.55533333333333346,0.81800000000000028,0.99999999999999933,0.84950000000000025,0.70500000000000007,0.66899999999999993,0.63766666666666616,{"$f":"Y12*C12+($A$4-80)*AF12*$A$12/1000","v":13.533333333333333},{"$f":"Z12*E12+($A$4-80)*AG12*$A$12/1000","v":14.472000000000001},{"$f":"AA12*G12+($A$4-80)*AH12*$A$12/1000","v":15.759999999999998},{"$f":"AB12*I12+($A$4-80)*AI12*$A$12/1000","v":15.143333333333331},{"$f":"AC12*K12+($A$4-80)*AJ12*$A$12/1000","v":14.538666666666668},{"$f":"AD12*M12+($A$4-80)*AK12*$A$12/1000","v":14.24},{"$f":"AE12*O12+($A$4-80)*AL12*$A$12/1000","v":14.646666666666667}]
[null,67,26,17.420000000000002,25.733333333333334,17.498666666666669,25.06666666666667,17.546666666666667,24.533333333333331,17.418666666666663,24,17.28,22.666666666666664,16.77333333333333,21.466666666666669,16.958666666666669,null,1.0833333333333333,1.0722222222222222,1.0444444444444445,1.0222222222222221,1,0.94444444444444442,0.89444444444444449,0.67,0.68,0.7,0.71,0.72,0.74,0.79,0.79833333333333378,0.79066666666666663,0.77133333333333398,0.75566666666666704,0.74000000000000021,0.70066666666666666,0.66633333333333344,{"$f":"Y13*C13+($A$4-80)*AF13*$A$12/1000","v":17.420000000000002},{"$f":"Z13*E13+($A$4-80)*AG13*$A$12/1000","v":17.498666666666669},{"$f":"AA13*G13+($A$4-80)*AH13*$A$12/1000","v":17.546666666666667},{"$f":"AB13*I13+($A$4-80)*AI13*$A$12/1000","v":17.418666666666663},{"$f":"AC13*K13+($A$4-80)*AJ13*$A$12/1000","v":17.28},{"$f":"AD13*M13+($A$4-80)*AK13*$A$12/1000","v":16.77333333333333},{"$f":"AE13*O13+($A$4-80)*AL13*$A$12/1000","v":16.958666666666669}]
[null,63,25.199999999999996,20.159999999999997,25.06666666666667,20.304000000000006,24.4,20.251999999999999,23.866666666666664,20.047999999999998,{"$f":"V14*$K$13","v":23.333333333333332},19.833333333333332,21.866666666666664,21.866666666666664,20.666666666666668,20.666666666666668,null,1.0499999999999998,1.0444444444444445,1.0166666666666666,0.99444444444444435,0.97222222222222221,0.91111111111111098,0.86111111111111116,0.8,0.81,0.83,0.84,0.85,1,1,0.77866666666666617,0.77500000000000091,0.75566666666666704,0.74000000000000021,0.72433333333333394,1.3666666666666667,3.3333333333333215E-2,{"$f":"Y14*C14+($A$4-80)*AF14*$A$12/1000","v":20.159999999999997},{"$f":"Z14*E14+($A$4-80)*AG14*$A$12/1000","v":20.304000000000006},{"$f":"AA14*G14+($A$4-80)*AH14*$A$12/1000","v":20.251999999999999},{"$f":"AB14*I14+($A$4-80)*AI14*$A$12/1000","v":20.047999999999998},{"$f":"AC14*K14+($A$4-80)*AJ14*$A$12/1000","v":19.833333333333332},{"$f":"AD14*M14+($A$4-80)*AK14*$A$12/1000","v":21.866666666666664},{"$f":"AE14*O14+($A$4-80)*AL14*$A$12/1000","v":20.666666666666668}]
[null,59,24.93333333333333,24.93333333333333,24.666666666666664,24.666666666666664,24,24,23.466666666666669,23.466666666666669,22.93333333333333,22.93333333333333,21.599999999999998,21.599999999999998,20.400000000000002,20.400000000000002,null,1.0388888888888888,1.0277777777777777,1,0.97777777777777786,0.95555555555555549,0.89999999999999991,0.85000000000000009,1,1,1,1,1,1,1,1.5833333333333326,1.5053333333333341,3.3333333333333812E-2,3.3333333333333812E-2,3.3333333333332625E-2,3.3333333333332625E-2,3.3333333333333812E-2,{"$f":"Y15*C15+($A$4-80)*AF15*$A$12/1000","v":24.93333333333333},{"$f":"Z15*E15+($A$4-80)*AG15*$A$12/1000","v":24.666666666666664},{"$f":"AA15*G15+($A$4-80)*AH15*$A$12/1000","v":24},{"$f":"AB15*I15+($A$4-80)*AI15*$A$12/1000","v":23.466666666666669},{"$f":"AC15*K15+($A$4-80)*AJ15*$A$12/1000","v":22.93333333333333},{"$f":"AD15*M15+($A$4-80)*AK15*$A$12/1000","v":21.599999999999998},{"$f":"AE15*O15+($A$4-80)*AL15*$A$12/1000","v":20.400000000000002}]
[675,71,27.466666666666669,16.48,27.2,15.503999999999998,26.533333333333331,15.919999999999998,26,15.86,25.466666666666669,15.789333333333335,24.133333333333333,14.479999999999999,22.93333333333333,15.823999999999996,null,1.1444444444444446,1.1333333333333333,1.1055555555555554,1.0833333333333333,1.0611111111111111,1.0055555555555555,0.95555555555555549,0.6,0.56999999999999995,0.6,0.61,0.62,0.6,0.69,0.92888888888888932,0.67851851851851774,0.7075555555555556,0.70059259259259254,0.69392592592592606,0.44444444444444503,0.62844444444444403,{"$f":"Y16*C16+($A$4-80)*AF16*$A$16/1000","v":16.48},{"$f":"Z16*E16+($A$4-80)*AG16*$A$16/1000","v":15.503999999999998},{"$f":"AA16*G16+($A$4-80)*AH16*$A$16/1000","v":15.919999999999998},{"$f":"AB16*I16+($A$4-80)*AI16*$A$16/1000","v":15.86},{"$f":"AC16*K16+($A$4-80)*AJ16*$A$16/1000","v":15.789333333333335},{"$f":"AD16*M16+($A$4-80)*AK16*$A$16/1000","v":14.479999999999999},{"$f":"AE16*O16+($A$4-80)*AL16*$A$16/1000","v":15.823999999999996}]
[null,67,26.400000000000002,18.48,26.133333333333336,18.55466666666667,25.466666666666669,18.590666666666667,24.933333333333337,18.45066666666667,24.4,18.299999999999997,23.066666666666666,17.761333333333333,21.866666666666664,17.930666666666664,null,1.1000000000000001,1.088888888888889,1.0611111111111111,1.038888888888889,1.0166666666666666,0.96111111111111114,0.91111111111111098,0.7,0.71,0.73,0.74,0.75,0.77,0.82,0.66281481481481486,0.71437037037037088,0.64088888888888951,0.65570370370370457,0.669333333333334,0.63437037037037081,0.60385185185185142,{"$f":"Y17*C17+($A$4-80)*AF17*$A$16/1000","v":18.48},{"$f":"Z17*E17+($A$4-80)*AG17*$A$16/1000","v":18.55466666666667},{"$f":"AA17*G17+($A$4-80)*AH17*$A$16/1000","v":18.590666666666667},{"$f":"AB17*I17+($A$4-80)*AI17*$A$16/1000","v":18.45066666666667},{"$f":"AC17*K17+($A$4-80)*AJ17*$A$16/1000","v":18.299999999999997},{"$f":"AD17*M17+($A$4-80)*AK17*$A$16/1000","v":17.761333333333333},{"$f":"AE17*O17+($A$4-80)*AL17*$A$16/1000","v":17.930666666666664}]
[null,63,25.6,21.248000000000001,25.333333333333336,21.28,24.800000000000004,21.328000000000003,24.2,22.505999999999997,23.599999999999998,23.599999999999998,22.266666666666666,22.266666666666666,21.066666666666666,21.066666666666666,null,1.0666666666666667,1.0555555555555556,1.0333333333333334,1.0083333333333333,0.98333333333333328,0.9277777777777777,0.87777777777777777,0.83,0.84,0.86,0.92999999999999994,1,1,1,0.70370370370370317,0.69688888888888889,0.68325925925925957,0.99022222222222067,1.2811851851851845,1.1117037037037028,2.9629629629630051E-2,{"$f":"Y18*C18+($A$4-80)*AF18*$A$16/1000","v":21.248000000000001},{"$f":"Z18*E18+($A$4-80)*AG18*$A$16/1000","v":21.28},{"$f":"AA18*G18+($A$4-80)*AH18*$A$16/1000","v":21.328000000000003},{"$f":"AB18*I18+($A$4-80)*AI18*$A$16/1000","v":22.505999999999997},{"$f":"AC18*K18+($A$4-80)*AJ18*$A$16/1000","v":23.599999999999998},{"$f":"AD18*M18+($A$4-80)*AK18*$A$16/1000","v":22.266666666666666},{"$f":"AE18*O18+($A$4-80)*AL18*$A$16/1000","v":21.066666666666666}]
[null,59,25.199999999999996,25.199999999999996,25.06666666666667,25.06666666666667,24.4,24.4,23.866666666666664,23.866666666666664,23.333333333333332,23.333333333333332,22,22,20.8,20.8,null,1.0499999999999998,1.0444444444444445,1.0166666666666666,0.99444444444444435,0.97222222222222221,0.91666666666666663,0.8666666666666667,1,1,1,1,1,1,1,1.1759999999999997,1.1931851851851856,2.9629629629630051E-2,2.9629629629630051E-2,2.9629629629630051E-2,2.9629629629630051E-2,2.9629629629629523E-2,{"$f":"Y19*C19+($A$4-80)*AF19*$A$16/1000","v":25.199999999999996},{"$f":"Z19*E19+($A$4-80)*AG19*$A$16/1000","v":25.06666666666667},{"$f":"AA19*G19+($A$4-80)*AH19*$A$16/1000","v":24.4},{"$f":"AB19*I19+($A$4-80)*AI19*$A$16/1000","v":23.866666666666664},{"$f":"AC19*K19+($A$4-80)*AJ19*$A$16/1000","v":23.333333333333332},{"$f":"AD19*M19+($A$4-80)*AK19*$A$16/1000","v":22},{"$f":"AE19*O19+($A$4-80)*AL19*$A$16/1000","v":20.8}]

{"sheet":"GSX140_19","index":12,"n_rows":19,"n_cols":45,"rows_kept":19,"cut":false,"hidden":true,"merged":[[2,0,2,1],[2,2,2,15],[3,2,3,3],[3,4,3,5],[3,6,3,7],[3,8,3,9],[3,10,3,11],[3,12,3,13],[3,14,3,15],[5,2,6,2],[5,3,6,3],[5,4,6,4],[5,5,6,5],[5,6,6,6],[5,7,6,7],[5,8,6,8],[4,0,6,0],[4,1,6,1],[4,2,4,3],[4,4,4,5],[4,6,4,7],[4,8,4,9],[5,9,6,9],[5,10,6,10],[5,11,6,11],[5,12,6,12],[5,13,6,13],[5,14,6,14],[5,15,6,15],[4,10,4,11],[4,12,4,13],[4,14,4,15],[7,0,10,0],[11,0,14,0],[15,0,18,0],[22,4,22,15],[23,4,23,5],[23,6,23,7],[23,8,23,9],[23,10,23,11],[23,12,23,13],[23,14,23,15],[25,12,26,12],[25,13,26,13],[25,14,26,14],[25,15,26,15],[27,0,30,0],[31,0,34,0],[24,12,24,13],[24,14,24,15],[25,4,26,4],[25,5,26,5],[25,6,26,6],[25,7,26,7],[25,8,26,8],[25,9,26,9],[25,10,26,10],[25,11,26,11],[24,0,26,0],[24,1,26,1],[24,4,24,5],[24,6,24,7],[24,8,24,9],[24,10,24,11],[35,0,38,0],[41,0,42,1],[41,4,41,15],[42,4,42,5],[42,6,42,7],[42,8,42,9],[42,10,42,11],[42,12,42,13],[42,14,42,15],[44,12,45,12],[44,13,45,13],[44,14,45,14],[44,15,45,15],[46,0,49,0],[50,0,53,0],[43,12,43,13],[43,14,43,15],[44,4,45,4],[44,5,45,5],[44,6,45,6],[44,7,45,7],[44,8,45,8],[44,9,45,9],[44,10,45,10],[44,11,45,11],[43,0,45,0],[43,1,45,1],[43,4,43,5],[43,6,43,7],[43,8,43,9],[43,10,43,11],[54,0,57,0],[60,0,61,1],[60,4,60,15],[61,4,61,5],[61,6,61,7],[61,8,61,9],[61,10,61,11],[61,12,61,13],[61,14,61,15],[63,12,64,12],[63,13,64,13],[63,14,64,14],[63,15,64,15],[65,0,68,0],[69,0,72,0],[62,12,62,13],[62,14,62,15],[63,4,64,4],[63,5,64,5],[63,6,64,6],[63,7,64,7],[63,8,64,8],[63,9,64,9],[63,10,64,10],[63,11,64,11],[62,0,64,0],[62,1,64,1],[62,4,62,5],[62,6,62,7],[62,8,62,9],[62,10,62,11],[73,0,76,0],[79,0,80,1],[79,4,79,15],[80,4,80,5],[80,6,80,7],[80,8,80,9],[80,10,80,11],[80,12,80,13],[80,14,80,15],[82,12,83,12],[82,13,83,13],[82,14,83,14],[82,15,83,15],[84,0,87,0],[88,0,91,0],[81,12,81,13],[81,14,81,15],[82,4,83,4],[82,5,83,5],[82,6,83,6],[82,7,83,7],[82,8,83,8],[82,9,83,9],[82,10,83,10],[82,11,83,11],[81,0,83,0],[81,1,83,1],[81,4,81,5],[81,6,81,7],[81,8,81,9],[81,10,81,11],[92,0,95,0],[98,0,99,1],[98,4,98,15],[99,4,99,5],[99,6,99,7],[99,8,99,9],[99,10,99,11],[99,12,99,13],[99,14,99,15],[101,12,102,12],[101,13,102,13],[101,14,102,14],[101,15,102,15],[103,0,106,0],[107,0,110,0],[100,12,100,13],[100,14,100,15],[101,4,102,4],[101,5,102,5],[101,6,102,6],[101,7,102,7],[101,8,102,8],[101,9,102,9],[101,10,102,10],[101,11,102,11],[100,0,102,0],[100,1,102,1],[100,4,100,5],[100,6,100,7],[100,8,100,9],[100,10,100,11],[111,0,114,0],[117,0,118,1],[117,4,117,15],[118,4,118,5],[118,6,118,7],[118,8,118,9],[118,10,118,11],[118,12,118,13],[118,14,118,15],[130,0,133,0],[120,12,121,12],[120,13,121,13],[120,14,121,14],[120,15,121,15],[122,0,125,0],[126,0,129,0],[119,12,119,13],[119,14,119,15],[120,4,121,4],[120,5,121,5],[120,6,121,6],[120,7,121,7],[120,8,121,8],[120,9,121,9],[120,10,121,10],[120,11,121,11],[119,0,121,0],[119,1,121,1],[119,4,119,5],[119,6,119,7],[119,8,119,9],[119,10,119,11]]}
[]
["GSX140_19"]
["Evaporator Air \n",null,"Condenser  Entering Air Temperature ˚F"]
[80,"°F DB",65,null,75,null,85,null,90,null,95,null,105,null,115]
["CFM","EWB†\n˚F","Capacity Mbtuh",null,"Capacity Mbtuh",null,"Capacity Mbtuh",null,"Capacity Mbtuh",null,"Capacity Mbtuh",null,"Capacity Mbtuh",null,"Capacity Mbtuh"]
[null,null,"Total","Sens.","Total","Sens.","Total","Sens.","Total","Sens.","Total","Sens.","Total","Sens.","Total","Sens."]
[null,null,null,null,null,null,null,null,null,null,null,null,null,null,null,null,null,"Total Factors",null,null,null,null,null,null,"Sens. %",null,null,null,null,null,null,"IDB Adj",null,null,null,null,null,null,"Sens Calc"]
[550,71,{"$f":"R8*$K$13","v":26.696629213483149},{"$f":"IF(AM8>C8,C8,AM8)","v":16.01797752808989},{"$f":"S8*$K$13","v":26.561797752808985},{"$f":"IF(AN8>E8,E8,AN8)","v":14.874606741573032},{"$f":"T8*$K$13","v":25.887640449438202},{"$f":"IF(AO8>G8,G8,AO8)","v":15.532584269662919},{"$f":"U8*$K$13","v":25.348314606741567},{"$f":"IF(AP8>I8,I8,AP8)","v":15.208988764044939},{"$f":"V8*$K$13","v":24.80898876404494},{"$f":"IF(AQ8>K8,K8,AQ8)","v":14.885393258426964},{"$f":"W8*$K$13","v":23.460674157303366},{"$f":"IF(AR8>M8,M8,AR8)","v":14.07640449438202},{"$f":"X8*$K$13","v":22.247191011235955},{"$f":"IF(AS8>O8,O8,AS8)","v":14.905617977528092},null,1.1123595505617978,1.1067415730337078,1.0786516853932584,1.0561797752808986,1.0337078651685392,0.97752808988764028,0.92696629213483139,0.6,0.56000000000000005,0.6,0.6,0.6,0.6,0.67,1.2240000000000004,0.94690909090909059,0.9941818181818175,0.90581818181818041,0.82036363636363585,0.65090909090909055,0.74000000000000066,{"$f":"Y8*C8+($A$4-80)*AF8*$A$8/1000","v":16.01797752808989},{"$f":"Z8*E8+($A$4-80)*AG8*$A$8/1000","v":14.874606741573032},{"$f":"AA8*G8+($A$4-80)*AH8*$A$8/1000","v":15.532584269662919},{"$f":"AB8*I8+($A$4-80)*AI8*$A$8/1000","v":15.208988764044939},{"$f":"AC8*K8+($A$4-80)*AJ8*$A$8/1000","v":14.885393258426964},{"$f":"AD8*M8+($A$4-80)*AK8*$A$8/1000","v":14.07640449438202},{"$f":"AE8*O8+($A$4-80)*AL8*$A$8/1000","v":14.905617977528092}]
[null,67,25.617977528089888,17.676404494382023,25.483146067415724,17.583370786516848,24.80898876404494,17.862471910112358,24.269662921348313,17.716853932584268,{"$f":"V9*$K$13","v":23.730337078651687},17.560449438202248,22.382022471910112,17.010337078651684,21.168539325842694,17.146516853932582,null,1.0674157303370786,1.0617977528089886,1.0337078651685392,1.0112359550561798,0.98876404494382031,0.93258426966292141,0.88202247191011229,0.69,0.69,0.72,0.73,0.74,0.76,0.81,0.84981818181818236,0.84545454545454513,0.82472727272727231,0.80763636363636437,0.790545454545455,0.74763636363636399,0.71018181818181858,{"$f":"Y9*C9+($A$4-80)*AF9*$A$8/1000","v":17.676404494382023},{"$f":"Z9*E9+($A$4-80)*AG9*$A$8/1000","v":17.583370786516848},{"$f":"AA9*G9+($A$4-80)*AH9*$A$8/1000","v":17.862471910112358},{"$f":"AB9*I9+($A$4-80)*AI9*$A$8/1000","v":17.716853932584268},{"$f":"AC9*K9+($A$4-80)*AJ9*$A$8/1000","v":17.560449438202248},{"$f":"AD9*M9+($A$4-80)*AK9*$A$8/1000","v":17.010337078651684},{"$f":"AE9*O9+($A$4-80)*AL9*$A$8/1000","v":17.146516853932582}]
[null,63,24.943820224719101,20.453932584269662,24.674157303370784,20.479550561797751,24.134831460674157,20.514606741573033,23.595505617977526,21.825842696629213,{"$f":"V10*$K$13","v":23.056179775280899},23.056179775280899,21.707865168539325,21.707865168539325,20.49438202247191,20.49438202247191,null,1.0393258426966292,1.0280898876404494,1.0056179775280898,0.9831460674157303,0.9606741573033708,0.9044943820224719,0.8539325842696629,0.82,0.83,0.85,0.92500000000000004,1,1,1,0.83272727272727309,0.8905454545454552,0.80763636363636304,1.2041818181818185,1.5818181818181825,1.374545454545455,3.636363636363623E-2,{"$f":"Y10*C10+($A$4-80)*AF10*$A$8/1000","v":20.453932584269662},{"$f":"Z10*E10+($A$4-80)*AG10*$A$8/1000","v":20.479550561797751},{"$f":"AA10*G10+($A$4-80)*AH10*$A$8/1000","v":20.514606741573033},{"$f":"AB10*I10+($A$4-80)*AI10*$A$8/1000","v":21.825842696629213},{"$f":"AC10*K10+($A$4-80)*AJ10*$A$8/1000","v":23.056179775280899},{"$f":"AD10*M10+($A$4-80)*AK10*$A$8/1000","v":21.707865168539325},{"$f":"AE10*O10+($A$4-80)*AL10*$A$8/1000","v":20.49438202247191}]
[null,59,24.539325842696627,24.539325842696627,24.40449438202247,24.40449438202247,23.730337078651687,23.730337078651687,23.19101123595506,23.19101123595506,{"$f":"V11*$K$13","v":22.651685393258425},22.651685393258425,21.303370786516854,21.303370786516854,20.089887640449437,20.089887640449437,null,1.0224719101123594,1.0168539325842696,0.98876404494382031,0.96629213483146081,0.9438202247191011,0.88764044943820231,0.83707865168539319,1,1,1,1,1,1,1,1.5221818181818181,1.4763636363636365,3.6363636363636882E-2,3.6363636363636882E-2,3.6363636363636882E-2,3.6363636363636882E-2,3.636363636363623E-2,{"$f":"Y11*C11+($A$4-80)*AF11*$A$8/1000","v":24.539325842696627},{"$f":"Z11*E11+($A$4-80)*AG11*$A$8/1000","v":24.40449438202247},{"$f":"AA11*G11+($A$4-80)*AH11*$A$8/1000","v":23.730337078651687},{"$f":"AB11*I11+($A$4-80)*AI11*$A$8/1000","v":23.19101123595506},{"$f":"AC11*K11+($A$4-80)*AJ11*$A$8/1000","v":22.651685393258425},{"$f":"AD11*M11+($A$4-80)*AK11*$A$8/1000","v":21.303370786516854},{"$f":"AE11*O11+($A$4-80)*AL11*$A$8/1000","v":20.089887640449437}]
[600,71,26.966292134831455,16.179775280898873,26.831460674157302,15.562247191011235,26.157303370786511,15.694382022471906,25.617977528089888,15.755056179775281,{"$f":"V12*$K$13","v":25.078651685393261},15.799550561797755,23.730337078651687,16.611235955056181,22.516853932584269,15.761797752808986,null,1.1235955056179774,1.1179775280898876,1.089887640449438,1.0674157303370786,1.0449438202247192,0.98876404494382031,0.9382022471910112,0.6,0.57999999999999996,0.6,0.61499999999999999,0.63,0.7,0.7,1,0.81133333333333257,0.79199999999999982,0.80800000000000038,0.82266666666666732,1.0150000000000001,0.68733333333333313,{"$f":"Y12*C12+($A$4-80)*AF12*$A$12/1000","v":16.179775280898873},{"$f":"Z12*E12+($A$4-80)*AG12*$A$12/1000","v":15.562247191011235},{"$f":"AA12*G12+($A$4-80)*AH12*$A$12/1000","v":15.694382022471906},{"$f":"AB12*I12+($A$4-80)*AI12*$A$12/1000","v":15.755056179775281},{"$f":"AC12*K12+($A$4-80)*AJ12*$A$12/1000","v":15.799550561797755},{"$f":"AD12*M12+($A$4-80)*AK12*$A$12/1000","v":16.611235955056181},{"$f":"AE12*O12+($A$4-80)*AL12*$A$12/1000","v":15.761797752808986}]
[null,67,25.887640449438202,18.639101123595506,25.752808988764045,18.542022471910112,25.078651685393261,18.808988764044948,24.539325842696631,18.527191011235956,24,18.240000000000002,22.651685393258425,17.894831460674158,21.438202247191011,18.008089887640448,null,1.0786516853932584,1.0730337078651686,1.0449438202247192,1.0224719101123596,1,0.9438202247191011,0.8932584269662921,0.72,0.72,0.75,0.755,0.76,0.79,0.84,0.85166666666666646,0.78400000000000003,0.82666666666666688,0.77933333333333354,0.73333333333333361,0.75000000000000056,0.71266666666666667,{"$f":"Y13*C13+($A$4-80)*AF13*$A$12/1000","v":18.639101123595506},{"$f":"Z13*E13+($A$4-80)*AG13*$A$12/1000","v":18.542022471910112},{"$f":"AA13*G13+($A$4-80)*AH13*$A$12/1000","v":18.808988764044948},{"$f":"AB13*I13+($A$4-80)*AI13*$A$12/1000","v":18.527191011235956},{"$f":"AC13*K13+($A$4-80)*AJ13*$A$12/1000","v":18.240000000000002},{"$f":"AD13*M13+($A$4-80)*AK13*$A$12/1000","v":17.894831460674158},{"$f":"AE13*O13+($A$4-80)*AL13*$A$12/1000","v":18.008089887640448}]
[null,63,25.213483146067418,21.431460674157304,24.943820224719101,21.202247191011235,24.40449438202247,21.475955056179775,23.865168539325843,22.43325842696629,{"$f":"V14*$K$13","v":23.325842696629216},23.325842696629216,21.977528089887642,21.977528089887642,20.764044943820224,20.764044943820224,null,1.050561797752809,1.0393258426966292,1.0168539325842696,0.99438202247191021,0.9719101123595506,0.9157303370786517,0.8651685393258427,0.85,0.85,0.88,0.94,1,1,1,0.77233333333333287,0.76433333333333375,0.74933333333333374,1.0579999999999998,1.3520000000000003,1.1133333333333331,3.3333333333333215E-2,{"$f":"Y14*C14+($A$4-80)*AF14*$A$12/1000","v":21.431460674157304},{"$f":"Z14*E14+($A$4-80)*AG14*$A$12/1000","v":21.202247191011235},{"$f":"AA14*G14+($A$4-80)*AH14*$A$12/1000","v":21.475955056179775},{"$f":"AB14*I14+($A$4-80)*AI14*$A$12/1000","v":22.43325842696629},{"$f":"AC14*K14+($A$4-80)*AJ14*$A$12/1000","v":23.325842696629216},{"$f":"AD14*M14+($A$4-80)*AK14*$A$12/1000","v":21.977528089887642},{"$f":"AE14*O14+($A$4-80)*AL14*$A$12/1000","v":20.764044943820224}]
[null,59,24.80898876404494,24.80898876404494,24.674157303370784,24.674157303370784,24,24,23.460674157303366,23.460674157303366,22.921348314606742,22.921348314606742,21.573033707865168,21.573033707865168,20.359550561797754,20.359550561797754,null,1.0337078651685392,1.0280898876404494,1,0.97752808988764028,0.9550561797752809,0.898876404494382,0.848314606741573,1,1,1,1,1,1,1,1.2266666666666668,3.3333333333333812E-2,3.3333333333333812E-2,3.3333333333333812E-2,3.3333333333333812E-2,3.3333333333333215E-2,3.3333333333333215E-2,{"$f":"Y15*C15+($A$4-80)*AF15*$A$12/1000","v":24.80898876404494},{"$f":"Z15*E15+($A$4-80)*AG15*$A$12/1000","v":24.674157303370784},{"$f":"AA15*G15+($A$4-80)*AH15*$A$12/1000","v":24},{"$f":"AB15*I15+($A$4-80)*AI15*$A$12/1000","v":23.460674157303366},{"$f":"AC15*K15+($A$4-80)*AJ15*$A$12/1000","v":22.921348314606742},{"$f":"AD15*M15+($A$4-80)*AK15*$A$12/1000","v":21.573033707865168},{"$f":"AE15*O15+($A$4-80)*AL15*$A$12/1000","v":20.359550561797754}]
[675,71,27.50561797752809,16.503370786516854,27.235955056179773,16.341573033707864,26.696629213483149,16.01797752808989,26.157303370786511,16.217528089887637,25.617977528089888,16.395505617977527,24.269662921348313,16.988764044943817,23.056179775280899,16.369887640449438,null,1.146067415730337,1.1348314606741572,1.1123595505617978,1.089887640449438,1.0674157303370786,1.0112359550561798,0.9606741573033708,0.6,0.6,0.6,0.62,0.64,0.7,0.71,0.79970370370370303,0.7182222222222221,0.60148148148148184,0.64740740740740754,0.69096296296296322,0.86933333333333318,0.62548148148148164,{"$f":"Y16*C16+($A$4-80)*AF16*$A$16/1000","v":16.503370786516854},{"$f":"Z16*E16+($A$4-80)*AG16*$A$16/1000","v":16.341573033707864},{"$f":"AA16*G16+($A$4-80)*AH16*$A$16/1000","v":16.01797752808989},{"$f":"AB16*I16+($A$4-80)*AI16*$A$16/1000","v":16.217528089887637},{"$f":"AC16*K16+($A$4-80)*AJ16*$A$16/1000","v":16.395505617977527},{"$f":"AD16*M16+($A$4-80)*AK16*$A$16/1000","v":16.988764044943817},{"$f":"AE16*O16+($A$4-80)*AL16*$A$16/1000","v":16.369887640449438}]
[null,67,26.426966292134832,19.291685393258426,26.157303370786511,19.356404494382019,25.617977528089888,19.469662921348316,25.078651685393261,19.310561797752811,24.539325842696627,19.140674157303369,23.191011235955052,18.552808988764042,21.977528089887642,18.680898876404495,null,1.101123595505618,1.089887640449438,1.0674157303370786,1.0449438202247192,1.0224719101123594,0.96629213483146059,0.9157303370786517,0.73,0.74,0.76,0.77,0.78,0.8,0.85,0.71496296296296302,0.70814814814814731,0.69451851851851831,0.68059259259259275,0.66666666666666607,0.63170370370370299,0.60118518518518571,{"$f":"Y17*C17+($A$4-80)*AF17*$A$16/1000","v":19.291685393258426},{"$f":"Z17*E17+($A$4-80)*AG17*$A$16/1000","v":19.356404494382019},{"$f":"AA17*G17+($A$4-80)*AH17*$A$16/1000","v":19.469662921348316},{"$f":"AB17*I17+($A$4-80)*AI17*$A$16/1000","v":19.310561797752811},{"$f":"AC17*K17+($A$4-80)*AJ17*$A$16/1000","v":19.140674157303369},{"$f":"AD17*M17+($A$4-80)*AK17*$A$16/1000","v":18.552808988764042},{"$f":"AE17*O17+($A$4-80)*AL17*$A$16/1000","v":18.680898876404495}]
[null,63,25.752808988764045,22.147415730337077,25.483146067415724,22.170337078651681,24.80898876404494,22.08,24.269662921348313,22.934831460674157,23.730337078651687,23.730337078651687,22.382022471910112,22.382022471910112,21.168539325842694,21.168539325842694,null,1.0730337078651686,1.0617977528089886,1.0337078651685392,1.0112359550561798,0.98876404494382031,0.93258426966292141,0.88202247191011229,0.86,0.87,0.89,0.94500000000000006,1,1,1,0.70103703703703746,0.69422222222222119,0.67703703703703599,0.90311111111111164,1.1185185185185187,2.9629629629630051E-2,2.9629629629629523E-2,{"$f":"Y18*C18+($A$4-80)*AF18*$A$16/1000","v":22.147415730337077},{"$f":"Z18*E18+($A$4-80)*AG18*$A$16/1000","v":22.170337078651681},{"$f":"AA18*G18+($A$4-80)*AH18*$A$16/1000","v":22.08},{"$f":"AB18*I18+($A$4-80)*AI18*$A$16/1000","v":22.934831460674157},{"$f":"AC18*K18+($A$4-80)*AJ18*$A$16/1000","v":23.730337078651687},{"$f":"AD18*M18+($A$4-80)*AK18*$A$16/1000","v":22.382022471910112},{"$f":"AE18*O18+($A$4-80)*AL18*$A$16/1000","v":21.168539325842694}]
[null,59,25.348314606741571,25.348314606741571,25.078651685393261,25.078651685393261,24.539325842696627,24.539325842696627,23.999999999999993,23.999999999999993,23.460674157303366,23.460674157303366,22.112359550561795,22.112359550561795,20.898876404494381,20.898876404494381,null,1.0561797752808988,1.0449438202247192,1.0224719101123594,0.99999999999999978,0.97752808988764028,0.92134831460674149,0.8707865168539326,1,1,1,1,1,1,1,1.026962962962964,2.9629629629630051E-2,2.9629629629628999E-2,2.9629629629627945E-2,2.9629629629628999E-2,2.9629629629628999E-2,2.9629629629629523E-2,{"$f":"Y19*C19+($A$4-80)*AF19*$A$16/1000","v":25.348314606741571},{"$f":"Z19*E19+($A$4-80)*AG19*$A$16/1000","v":25.078651685393261},{"$f":"AA19*G19+($A$4-80)*AH19*$A$16/1000","v":24.539325842696627},{"$f":"AB19*I19+($A$4-80)*AI19*$A$16/1000","v":23.999999999999993},{"$f":"AC19*K19+($A$4-80)*AJ19*$A$16/1000","v":23.460674157303366},{"$f":"AD19*M19+($A$4-80)*AK19*$A$16/1000","v":22.112359550561795},{"$f":"AE19*O19+($A$4-80)*AL19*$A$16/1000","v":20.898876404494381}]

{"sheet":"GSX140_24","index":13,"n_rows":19,"n_cols":45,"rows_kept":19,"cut":false,"hidden":true,"merged":[[2,0,2,1],[2,2,2,15],[3,2,3,3],[3,4,3,5],[3,6,3,7],[3,8,3,9],[3,10,3,11],[3,12,3,13],[3,14,3,15],[5,2,6,2],[5,3,6,3],[5,4,6,4],[5,5,6,5],[5,6,6,6],[5,7,6,7],[5,8,6,8],[4,0,6,0],[4,1,6,1],[4,2,4,3],[4,4,4,5],[4,6,4,7],[4,8,4,9],[5,9,6,9],[5,10,6,10],[5,11,6,11],[5,12,6,12],[5,13,6,13],[5,14,6,14],[5,15,6,15],[4,10,4,11],[4,12,4,13],[4,14,4,15],[7,0,10,0],[11,0,14,0],[15,0,18,0],[22,4,22,15],[23,4,23,5],[23,6,23,7],[23,8,23,9],[23,10,23,11],[23,12,23,13],[23,14,23,15],[25,12,26,12],[25,13,26,13],[25,14,26,14],[25,15,26,15],[27,0,30,0],[31,0,34,0],[24,12,24,13],[24,14,24,15],[25,4,26,4],[25,5,26,5],[25,6,26,6],[25,7,26,7],[25,8,26,8],[25,9,26,9],[25,10,26,10],[25,11,26,11],[24,0,26,0],[24,1,26,1],[24,4,24,5],[24,6,24,7],[24,8,24,9],[24,10,24,11],[35,0,38,0],[41,0,42,1],[41,4,41,15],[42,4,42,5],[42,6,42,7],[42,8,42,9],[42,10,42,11],[42,12,42,13],[42,14,42,15],[44,12,45,12],[44,13,45,13],[44,14,45,14],[44,15,45,15],[46,0,49,0],[50,0,53,0],[43,12,43,13],[43,14,43,15],[44,4,45,4],[44,5,45,5],[44,6,45,6],[44,7,45,7],[44,8,45,8],[44,9,45,9],[44,10,45,10],[44,11,45,11],[43,0,45,0],[43,1,45,1],[43,4,43,5],[43,6,43,7],[43,8,43,9],[43,10,43,11],[54,0,57,0],[60,0,61,1],[60,4,60,15],[61,4,61,5],[61,6,61,7],[61,8,61,9],[61,10,61,11],[61,12,61,13],[61,14,61,15],[63,12,64,12],[63,13,64,13],[63,14,64,14],[63,15,64,15],[65,0,68,0],[69,0,72,0],[62,12,62,13],[62,14,62,15],[63,4,64,4],[63,5,64,5],[63,6,64,6],[63,7,64,7],[63,8,64,8],[63,9,64,9],[63,10,64,10],[63,11,64,11],[62,0,64,0],[62,1,64,1],[62,4,62,5],[62,6,62,7],[62,8,62,9],[62,10,62,11],[73,0,76,0],[79,0,80,1],[79,4,79,15],[80,4,80,5],[80,6,80,7],[80,8,80,9],[80,10,80,11],[80,12,80,13],[80,14,80,15],[82,12,83,12],[82,13,83,13],[82,14,83,14],[82,15,83,15],[84,0,87,0],[88,0,91,0],[81,12,81,13],[81,14,81,15],[82,4,83,4],[82,5,83,5],[82,6,83,6],[82,7,83,7],[82,8,83,8],[82,9,83,9],[82,10,83,10],[82,11,83,11],[81,0,83,0],[81,1,83,1],[81,4,81,5],[81,6,81,7],[81,8,81,9],[81,10,81,11],[92,0,95,0],[98,0,99,1],[98,4,98,15],[99,4,99,5],[99,6,99,7],[99,8,99,9],[99,10,99,11],[99,12,99,13],[99,14,99,15],[101,12,102,12],[101,13,102,13],[101,14,102,14],[101,15,102,15],[103,0,106,0],[107,0,110,0],[100,12,100,13],[100,14,100,15],[101,4,102,4],[101,5,102,5],[101,6,102,6],[101,7,102,7],[101,8,102,8],[101,9,102,9],[101,10,102,10],[101,11,102,11],[100,0,102,0],[100,1,102,1],[100,4,100,5],[100,6,100,7],[100,8,100,9],[100,10,100,11],[111,0,114,0],[117,0,118,1],[117,4,117,15],[118,4,118,5],[118,6,118,7],[118,8,118,9],[118,10,118,11],[118,12,118,13],[118,14,118,15],[130,0,133,0],[120,12,121,12],[120,13,121,13],[120,14,121,14],[120,15,121,15],[122,0,125,0],[126,0,129,0],[119,12,119,13],[119,14,119,15],[120,4,121,4],[120,5,121,5],[120,6,121,6],[120,7,121,7],[120,8,121,8],[120,9,121,9],[120,10,121,10],[120,11,121,11],[119,0,121,0],[119,1,121,1],[119,4,119,5],[119,6,119,7],[119,8,119,9],[119,10,119,11]]}
[]
["GSX140_24"]
["Evaporator Air \n",null,"Condenser  Entering Air Temperature ˚F"]
[80,"°F DB",65,null,75,null,85,null,90,null,95,null,105,null,115]
["CFM","EWB†\n˚F","Capacity Mbtuh",null,"Capacity Mbtuh",null,"Capacity Mbtuh",null,"Capacity Mbtuh",null,"Capacity Mbtuh",null,"Capacity Mbtuh",null,"Capacity Mbtuh"]
[null,null,"Total","Sens.","Total","Sens.","Total","Sens.","Total","Sens.","Total","Sens.","Total","Sens.","Total","Sens."]
[null,null,null,null,null,null,null,null,null,null,null,null,null,null,null,null,null,"Total Factors",null,null,null,null,null,null,"Sens. %",null,null,null,null,null,null,"IDB Adj",null,null,null,null,null,null,"Sens Calc"]
[700,71,{"$f":"R8*$K$13","v":26.644067796610166},{"$f":"IF(AM8>C8,C8,AM8)","v":13.322033898305083},{"$f":"S8*$K$13","v":26.440677966101696},{"$f":"IF(AN8>E8,E8,AN8)","v":13.220338983050848},{"$f":"T8*$K$13","v":25.728813559322035},{"$f":"IF(AO8>G8,G8,AO8)","v":15.437288135593221},{"$f":"U8*$K$13","v":25.220338983050844},{"$f":"IF(AP8>I8,I8,AP8)","v":15.132203389830506},{"$f":"V8*$K$13","v":24.711864406779661},{"$f":"IF(AQ8>K8,K8,AQ8)","v":14.827118644067795},{"$f":"W8*$K$13","v":23.389830508474574},{"$f":"IF(AR8>M8,M8,AR8)","v":14.033898305084744},{"$f":"X8*$K$13","v":22.16949152542373},{"$f":"IF(AS8>O8,O8,AS8)","v":15.518644067796609},null,1.1101694915254237,1.1016949152542372,1.0720338983050848,1.0508474576271185,1.0296610169491525,0.97457627118644063,0.92372881355932202,0.5,0.5,0.6,0.6,0.6,0.6,0.7,0.53885714285714315,0.53428571428571459,1.0811428571428574,0.99214285714285655,0.90628571428571392,0.73371428571428565,0.99828571428571433,{"$f":"Y8*C8+($A$4-80)*AF8*$A$8/1000","v":13.322033898305083},{"$f":"Z8*E8+($A$4-80)*AG8*$A$8/1000","v":13.220338983050848},{"$f":"AA8*G8+($A$4-80)*AH8*$A$8/1000","v":15.437288135593221},{"$f":"AB8*I8+($A$4-80)*AI8*$A$8/1000","v":15.132203389830506},{"$f":"AC8*K8+($A$4-80)*AJ8*$A$8/1000","v":14.827118644067795},{"$f":"AD8*M8+($A$4-80)*AK8*$A$8/1000","v":14.033898305084744},{"$f":"AE8*O8+($A$4-80)*AL8*$A$8/1000","v":15.518644067796609}]
[null,67,25.525423728813561,17.867796610169492,25.322033898305079,17.725423728813553,24.711864406779661,17.29830508474576,24.152542372881353,16.906779661016945,{"$f":"V9*$K$13","v":23.593220338983048},16.515254237288133,22.271186440677962,15.589830508474572,21.050847457627114,16.840677966101691,null,1.0635593220338984,1.0550847457627117,1.0296610169491525,1.0063559322033897,0.98305084745762705,0.92796610169491511,0.87711864406779649,0.7,0.7,0.7,0.7,0.7,0.7,0.8,0.99714285714285678,0.91599999999999882,0.75028571428571411,0.66214285714285737,0.57714285714285707,0.4297142857142851,0.69228571428571328,{"$f":"Y9*C9+($A$4-80)*AF9*$A$8/1000","v":17.867796610169492},{"$f":"Z9*E9+($A$4-80)*AG9*$A$8/1000","v":17.725423728813553},{"$f":"AA9*G9+($A$4-80)*AH9*$A$8/1000","v":17.29830508474576},{"$f":"AB9*I9+($A$4-80)*AI9*$A$8/1000","v":16.906779661016945},{"$f":"AC9*K9+($A$4-80)*AJ9*$A$8/1000","v":16.515254237288133},{"$f":"AD9*M9+($A$4-80)*AK9*$A$8/1000","v":15.589830508474572},{"$f":"AE9*O9+($A$4-80)*AL9*$A$8/1000","v":16.840677966101691}]
[null,63,24.813559322033896,19.850847457627118,24.610169491525422,19.688135593220338,24,19.200000000000003,23.440677966101696,19.924576271186442,{"$f":"V10*$K$13","v":22.881355932203387},20.593220338983048,21.559322033898304,21.559322033898304,20.338983050847457,20.338983050847457,null,1.0338983050847457,1.0254237288135593,1,0.97669491525423724,0.95338983050847448,0.89830508474576265,0.84745762711864403,0.8,0.8,0.8,0.85000000000000009,0.9,1,1,0.73942857142857166,0.73257142857142854,0.52571428571428669,0.76357142857142957,0.98857142857142877,1.4285714285714277,1.0514285714285714,{"$f":"Y10*C10+($A$4-80)*AF10*$A$8/1000","v":19.850847457627118},{"$f":"Z10*E10+($A$4-80)*AG10*$A$8/1000","v":19.688135593220338},{"$f":"AA10*G10+($A$4-80)*AH10*$A$8/1000","v":19.200000000000003},{"$f":"AB10*I10+($A$4-80)*AI10*$A$8/1000","v":19.924576271186442},{"$f":"AC10*K10+($A$4-80)*AJ10*$A$8/1000","v":20.593220338983048},{"$f":"AD10*M10+($A$4-80)*AK10*$A$8/1000","v":21.559322033898304},{"$f":"AE10*O10+($A$4-80)*AL10*$A$8/1000","v":20.338983050847457}]
[null,59,24.406779661016948,24.406779661016948,24.203389830508474,24.203389830508474,23.593220338983048,23.593220338983048,23.084745762711862,23.084745762711862,{"$f":"V11*$K$13","v":22.576271186440678},22.576271186440678,21.254237288135592,21.254237288135592,20.033898305084744,20.033898305084744,null,1.0169491525423728,1.0084745762711864,0.98305084745762705,0.9618644067796609,0.94067796610169485,0.88559322033898291,0.83474576271186429,1,1,1,1,1,1,1,1.6071428571428572,1.5234285714285718,-0.14285714285714288,-0.12857142857142836,-0.11428571428571491,-0.11428571428571491,-0.11428571428571491,{"$f":"Y11*C11+($A$4-80)*AF11*$A$8/1000","v":24.406779661016948},{"$f":"Z11*E11+($A$4-80)*AG11*$A$8/1000","v":24.203389830508474},{"$f":"AA11*G11+($A$4-80)*AH11*$A$8/1000","v":23.593220338983048},{"$f":"AB11*I11+($A$4-80)*AI11*$A$8/1000","v":23.084745762711862},{"$f":"AC11*K11+($A$4-80)*AJ11*$A$8/1000","v":22.576271186440678},{"$f":"AD11*M11+($A$4-80)*AK11*$A$8/1000","v":21.254237288135592},{"$f":"AE11*O11+($A$4-80)*AL11*$A$8/1000","v":20.033898305084744}]
[800,71,27.050847457627114,16.230508474576268,26.847457627118644,16.108474576271185,26.237288135593218,15.74237288135593,25.677966101694913,15.406779661016948,{"$f":"V12*$K$13","v":25.118644067796609},15.071186440677964,23.796610169491522,14.277966101694913,22.576271186440678,15.803389830508474,null,1.1271186440677965,1.1186440677966101,1.0932203389830508,1.0699152542372881,1.0466101694915253,0.99152542372881347,0.94067796610169485,0.6,0.6,0.6,0.6,0.6,0.6,0.7,0.93000000000000016,0.86649999999999927,0.71399999999999986,0.63312499999999972,0.55499999999999972,0.40300000000000002,0.65025000000000022,{"$f":"Y12*C12+($A$4-80)*AF12*$A$12/1000","v":16.230508474576268},{"$f":"Z12*E12+($A$4-80)*AG12*$A$12/1000","v":16.108474576271185},{"$f":"AA12*G12+($A$4-80)*AH12*$A$12/1000","v":15.74237288135593},{"$f":"AB12*I12+($A$4-80)*AI12*$A$12/1000","v":15.406779661016948},{"$f":"AC12*K12+($A$4-80)*AJ12*$A$12/1000","v":15.071186440677964},{"$f":"AD12*M12+($A$4-80)*AK12*$A$12/1000","v":14.277966101694913},{"$f":"AE12*O12+($A$4-80)*AL12*$A$12/1000","v":15.803389830508474}]
[null,67,25.932203389830509,18.152542372881356,25.728813559322035,18.010169491525424,25.118644067796609,17.583050847457624,24.559322033898301,18.419491525423727,24,19.200000000000003,22.677966101694913,18.142372881355932,21.559322033898304,17.247457627118646,null,1.0805084745762712,1.0720338983050848,1.0466101694915253,1.0233050847457625,1,0.94491525423728806,0.89830508474576265,0.7,0.7,0.7,0.75,0.8,0.8,0.8,0.67799999999999949,0.62200000000000033,0.47949999999999976,0.70737499999999931,0.92425000000000013,0.75499999999999978,0.46000000000000041,{"$f":"Y13*C13+($A$4-80)*AF13*$A$12/1000","v":18.152542372881356},{"$f":"Z13*E13+($A$4-80)*AG13*$A$12/1000","v":18.010169491525424},{"$f":"AA13*G13+($A$4-80)*AH13*$A$12/1000","v":17.583050847457624},{"$f":"AB13*I13+($A$4-80)*AI13*$A$12/1000","v":18.419491525423727},{"$f":"AC13*K13+($A$4-80)*AJ13*$A$12/1000","v":19.200000000000003},{"$f":"AD13*M13+($A$4-80)*AK13*$A$12/1000","v":18.142372881355932},{"$f":"AE13*O13+($A$4-80)*AL13*$A$12/1000","v":17.247457627118646}]
[null,63,25.220338983050844,20.176271186440676,25.01694915254237,20.013559322033899,24.406779661016948,21.966101694915253,23.847457627118644,22.655084745762711,{"$f":"V14*$K$13","v":23.288135593220336},23.288135593220336,21.966101694915253,21.966101694915253,20.745762711864405,20.745762711864405,null,1.0508474576271185,1.0423728813559321,1.0169491525423728,0.99364406779661008,0.97033898305084731,0.9152542372881356,0.86440677966101687,0.8,0.8,0.9,0.95,1,1,1,0.46925000000000067,0.40200000000000102,0.8675000000000006,1.0787500000000003,1.2789999999999997,1.0904999999999994,-0.125,{"$f":"Y14*C14+($A$4-80)*AF14*$A$12/1000","v":20.176271186440676},{"$f":"Z14*E14+($A$4-80)*AG14*$A$12/1000","v":20.013559322033899},{"$f":"AA14*G14+($A$4-80)*AH14*$A$12/1000","v":21.966101694915253},{"$f":"AB14*I14+($A$4-80)*AI14*$A$12/1000","v":22.655084745762711},{"$f":"AC14*K14+($A$4-80)*AJ14*$A$12/1000","v":23.288135593220336},{"$f":"AD14*M14+($A$4-80)*AK14*$A$12/1000","v":21.966101694915253},{"$f":"AE14*O14+($A$4-80)*AL14*$A$12/1000","v":20.745762711864405}]
[null,59,24.915254237288131,24.915254237288131,24.711864406779661,24.711864406779661,24.101694915254235,24.101694915254235,23.542372881355927,23.542372881355927,22.983050847457626,22.983050847457626,21.66101694915254,21.66101694915254,20.440677966101696,20.440677966101696,null,1.0381355932203389,1.0296610169491525,1.0042372881355932,0.98093220338983034,0.9576271186440678,0.90254237288135586,0.85169491525423735,1,1,1,1,1,1,1,1.25,1.1769999999999996,-0.10000000000000053,-0.1125000000000007,-0.125,-9.9999999999999645E-2,-9.9999999999999645E-2,{"$f":"Y15*C15+($A$4-80)*AF15*$A$12/1000","v":24.915254237288131},{"$f":"Z15*E15+($A$4-80)*AG15*$A$12/1000","v":24.711864406779661},{"$f":"AA15*G15+($A$4-80)*AH15*$A$12/1000","v":24.101694915254235},{"$f":"AB15*I15+($A$4-80)*AI15*$A$12/1000","v":23.542372881355927},{"$f":"AC15*K15+($A$4-80)*AJ15*$A$12/1000","v":22.983050847457626},{"$f":"AD15*M15+($A$4-80)*AK15*$A$12/1000","v":21.66101694915254},{"$f":"AE15*O15+($A$4-80)*AL15*$A$12/1000","v":20.440677966101696}]
[900,71,27.559322033898304,16.535593220338981,27.355932203389827,16.413559322033894,26.745762711864405,16.047457627118643,26.186440677966097,15.711864406779657,25.627118644067792,15.376271186440675,24.305084745762713,17.013559322033899,23.1864406779661,16.230508474576268,null,1.1483050847457628,1.1398305084745761,1.1144067796610169,1.0911016949152541,1.0677966101694913,1.0127118644067796,0.96610169491525422,0.6,0.6,0.6,0.6,0.6,0.7,0.7,0.7817777777777779,0.77555555555555478,0.5775555555555556,0.50555555555555531,0.43599999999999955,0.8439999999999992,0.6080000000000001,{"$f":"Y16*C16+($A$4-80)*AF16*$A$16/1000","v":16.535593220338981},{"$f":"Z16*E16+($A$4-80)*AG16*$A$16/1000","v":16.413559322033894},{"$f":"AA16*G16+($A$4-80)*AH16*$A$16/1000","v":16.047457627118643},{"$f":"AB16*I16+($A$4-80)*AI16*$A$16/1000","v":15.711864406779657},{"$f":"AC16*K16+($A$4-80)*AJ16*$A$16/1000","v":15.376271186440675},{"$f":"AD16*M16+($A$4-80)*AK16*$A$16/1000","v":17.013559322033899},{"$f":"AE16*O16+($A$4-80)*AL16*$A$16/1000","v":16.230508474576268}]
[null,67,26.542372881355931,18.579661016949149,26.237288135593218,18.366101694915251,25.627118644067792,17.938983050847455,25.118644067796609,18.838983050847457,24.610169491525422,19.688135593220338,23.288135593220336,18.630508474576271,22.067796610169488,17.65423728813559,null,1.1059322033898304,1.0932203389830508,1.0677966101694913,1.0466101694915253,1.0254237288135593,0.97033898305084731,0.9194915254237287,0.7,0.7,0.7,0.75,0.8,0.8,0.8,0.5724444444444442,0.49333333333333346,0.36533333333333257,0.58166666666666622,0.78933333333333333,0.65377777777777746,0.37088888888888866,{"$f":"Y17*C17+($A$4-80)*AF17*$A$16/1000","v":18.579661016949149},{"$f":"Z17*E17+($A$4-80)*AG17*$A$16/1000","v":18.366101694915251},{"$f":"AA17*G17+($A$4-80)*AH17*$A$16/1000","v":17.938983050847455},{"$f":"AB17*I17+($A$4-80)*AI17*$A$16/1000","v":18.838983050847457},{"$f":"AC17*K17+($A$4-80)*AJ17*$A$16/1000","v":19.688135593220338},{"$f":"AD17*M17+($A$4-80)*AK17*$A$16/1000","v":18.630508474576271},{"$f":"AE17*O17+($A$4-80)*AL17*$A$16/1000","v":17.65423728813559}]
[null,63,25.728813559322035,20.583050847457628,25.525423728813561,22.972881355932206,24.915254237288131,22.423728813559318,24.406779661016948,23.1864406779661,23.898305084745761,23.898305084745761,22.576271186440678,22.576271186440678,21.35593220338983,21.35593220338983,null,1.0720338983050848,1.0635593220338984,1.0381355932203389,1.0169491525423728,0.99576271186440668,0.94067796610169485,0.88983050847457623,0.8,0.9,0.9,0.95,1,1,1,0.35377777777777825,0.85088888888888969,0.7333333333333335,0.93733333333333246,1.1326666666666669,0.96577777777777696,-8.8888888888888573E-2,{"$f":"Y18*C18+($A$4-80)*AF18*$A$16/1000","v":20.583050847457628},{"$f":"Z18*E18+($A$4-80)*AG18*$A$16/1000","v":22.972881355932206},{"$f":"AA18*G18+($A$4-80)*AH18*$A$16/1000","v":22.423728813559318},{"$f":"AB18*I18+($A$4-80)*AI18*$A$16/1000","v":23.1864406779661},{"$f":"AC18*K18+($A$4-80)*AJ18*$A$16/1000","v":23.898305084745761},{"$f":"AD18*M18+($A$4-80)*AK18*$A$16/1000","v":22.576271186440678},{"$f":"AE18*O18+($A$4-80)*AL18*$A$16/1000","v":21.35593220338983}]
[null,59,25.423728813559318,25.423728813559318,25.220338983050844,25.220338983050844,24.610169491525422,24.610169491525422,24.050847457627114,24.050847457627114,23.491525423728817,23.491525423728817,22.16949152542373,22.16949152542373,20.949152542372882,20.949152542372882,null,1.0593220338983049,1.0508474576271185,1.0254237288135593,1.0021186440677965,0.97881355932203395,0.92372881355932202,0.8728813559322034,1,1,1,1,1,1,1,1.078888888888889,-0.11111111111111112,-0.11111111111111112,-0.11111111111111112,-0.11111111111111112,-0.11111111111111112,-0.11111111111111112,{"$f":"Y19*C19+($A$4-80)*AF19*$A$16/1000","v":25.423728813559318},{"$f":"Z19*E19+($A$4-80)*AG19*$A$16/1000","v":25.220338983050844},{"$f":"AA19*G19+($A$4-80)*AH19*$A$16/1000","v":24.610169491525422},{"$f":"AB19*I19+($A$4-80)*AI19*$A$16/1000","v":24.050847457627114},{"$f":"AC19*K19+($A$4-80)*AJ19*$A$16/1000","v":23.491525423728817},{"$f":"AD19*M19+($A$4-80)*AK19*$A$16/1000","v":22.16949152542373},{"$f":"AE19*O19+($A$4-80)*AL19*$A$16/1000","v":20.949152542372882}]

{"sheet":"GSX140_25","index":14,"n_rows":19,"n_cols":45,"rows_kept":19,"cut":false,"hidden":true,"merged":[[2,0,2,1],[2,2,2,15],[3,2,3,3],[3,4,3,5],[3,6,3,7],[3,8,3,9],[3,10,3,11],[3,12,3,13],[3,14,3,15],[5,2,6,2],[5,3,6,3],[5,4,6,4],[5,5,6,5],[5,6,6,6],[5,7,6,7],[5,8,6,8],[4,0,6,0],[4,1,6,1],[4,2,4,3],[4,4,4,5],[4,6,4,7],[4,8,4,9],[5,9,6,9],[5,10,6,10],[5,11,6,11],[5,12,6,12],[5,13,6,13],[5,14,6,14],[5,15,6,15],[4,10,4,11],[4,12,4,13],[4,14,4,15],[7,0,10,0],[11,0,14,0],[15,0,18,0],[22,4,22,15],[23,4,23,5],[23,6,23,7],[23,8,23,9],[23,10,23,11],[23,12,23,13],[23,14,23,15],[25,12,26,12],[25,13,26,13],[25,14,26,14],[25,15,26,15],[27,0,30,0],[31,0,34,0],[24,12,24,13],[24,14,24,15],[25,4,26,4],[25,5,26,5],[25,6,26,6],[25,7,26,7],[25,8,26,8],[25,9,26,9],[25,10,26,10],[25,11,26,11],[24,0,26,0],[24,1,26,1],[24,4,24,5],[24,6,24,7],[24,8,24,9],[24,10,24,11],[35,0,38,0],[41,0,42,1],[41,4,41,15],[42,4,42,5],[42,6,42,7],[42,8,42,9],[42,10,42,11],[42,12,42,13],[42,14,42,15],[44,12,45,12],[44,13,45,13],[44,14,45,14],[44,15,45,15],[46,0,49,0],[50,0,53,0],[43,12,43,13],[43,14,43,15],[44,4,45,4],[44,5,45,5],[44,6,45,6],[44,7,45,7],[44,8,45,8],[44,9,45,9],[44,10,45,10],[44,11,45,11],[43,0,45,0],[43,1,45,1],[43,4,43,5],[43,6,43,7],[43,8,43,9],[43,10,43,11],[54,0,57,0],[60,0,61,1],[60,4,60,15],[61,4,61,5],[61,6,61,7],[61,8,61,9],[61,10,61,11],[61,12,61,13],[61,14,61,15],[63,12,64,12],[63,13,64,13],[63,14,64,14],[63,15,64,15],[65,0,68,0],[69,0,72,0],[62,12,62,13],[62,14,62,15],[63,4,64,4],[63,5,64,5],[63,6,64,6],[63,7,64,7],[63,8,64,8],[63,9,64,9],[63,10,64,10],[63,11,64,11],[62,0,64,0],[62,1,64,1],[62,4,62,5],[62,6,62,7],[62,8,62,9],[62,10,62,11],[73,0,76,0],[79,0,80,1],[79,4,79,15],[80,4,80,5],[80,6,80,7],[80,8,80,9],[80,10,80,11],[80,12,80,13],[80,14,80,15],[82,12,83,12],[82,13,83,13],[82,14,83,14],[82,15,83,15],[84,0,87,0],[88,0,91,0],[81,12,81,13],[81,14,81,15],[82,4,83,4],[82,5,83,5],[82,6,83,6],[82,7,83,7],[82,8,83,8],[82,9,83,9],[82,10,83,10],[82,11,83,11],[81,0,83,0],[81,1,83,1],[81,4,81,5],[81,6,81,7],[81,8,81,9],[81,10,81,11],[92,0,95,0],[98,0,99,1],[98,4,98,15],[99,4,99,5],[99,6,99,7],[99,8,99,9],[99,10,99,11],[99,12,99,13],[99,14,99,15],[101,12,102,12],[101,13,102,13],[101,14,102,14],[101,15,102,15],[103,0,106,0],[107,0,110,0],[100,12,100,13],[100,14,100,15],[101,4,102,4],[101,5,102,5],[101,6,102,6],[101,7,102,7],[101,8,102,8],[101,9,102,9],[101,10,102,10],[101,11,102,11],[100,0,102,0],[100,1,102,1],[100,4,100,5],[100,6,100,7],[100,8,100,9],[100,10,100,11],[111,0,114,0],[117,0,118,1],[117,4,117,15],[118,4,118,5],[118,6,118,7],[118,8,118,9],[118,10,118,11],[118,12,118,13],[118,14,118,15],[130,0,133,0],[120,12,121,12],[120,13,121,13],[120,14,121,14],[120,15,121,15],[122,0,125,0],[126,0,129,0],[119,12,119,13],[119,14,119,15],[120,4,121,4],[120,5,121,5],[120,6,121,6],[120,7,121,7],[120,8,121,8],[120,9,121,9],[120,10,121,10],[120,11,121,11],[119,0,121,0],[119,1,121,1],[119,4,119,5],[119,6,119,7],[119,8,119,9],[119,10,119,11]]}
[]
["GSX140_25"]
["Evaporator Air \n",null,"Condenser  Entering Air Temperature ˚F"]
[80,"°F DB",65,null,75,null,85,null,90,null,95,null,105,null,115]
["CFM","EWB†\n˚F","Capacity Mbtuh",null,"Capacity Mbtuh",null,"Capacity Mbtuh",null,"Capacity Mbtuh",null,"Capacity Mbtuh",null,"Capacity Mbtuh",null,"Capacity Mbtuh"]
[null,null,"Total","Sens.","Total","Sens.","Total","Sens.","Total","Sens.","Total","Sens.","Total","Sens.","Total","Sens."]
[null,null,null,null,null,null,null,null,null,null,null,null,null,null,null,null,null,"Total Factors",null,null,null,null,null,null,"Sens. %",null,null,null,null,null,null,"IDB Adj",null,null,null,null,null,null,"Sens Calc"]
[700,71,{"$f":"R8*$K$13","v":26.578512396694215},{"$f":"IF(AM8>C8,C8,AM8)","v":13.289256198347108},{"$f":"S8*$K$13","v":26.380165289256201},{"$f":"IF(AN8>E8,E8,AN8)","v":14.245289256198349},{"$f":"T8*$K$13","v":25.785123966942148},{"$f":"IF(AO8>G8,G8,AO8)","v":15.471074380165287},{"$f":"U8*$K$13","v":25.239669421487605},{"$f":"IF(AP8>I8,I8,AP8)","v":14.891404958677686},{"$f":"V8*$K$13","v":24.694214876033058},{"$f":"IF(AQ8>K8,K8,AQ8)","v":14.322644628099173},{"$f":"W8*$K$13","v":23.404958677685954},{"$f":"IF(AR8>M8,M8,AR8)","v":14.042975206611573},{"$f":"X8*$K$13","v":22.214876033057848},{"$f":"IF(AS8>O8,O8,AS8)","v":14.439669421487602},null,1.1074380165289257,1.0991735537190084,1.0743801652892562,1.0516528925619835,1.0289256198347108,0.97520661157024802,0.92561983471074372,0.5,0.54,0.6,0.59,0.57999999999999996,0.6,0.65,0.62457142857142911,0.92400000000000104,1.2011428571428573,1.0308571428571427,0.8668571428571421,0.83657142857142874,0.79828571428571393,{"$f":"Y8*C8+($A$4-80)*AF8*$A$8/1000","v":13.289256198347108},{"$f":"Z8*E8+($A$4-80)*AG8*$A$8/1000","v":14.245289256198349},{"$f":"AA8*G8+($A$4-80)*AH8*$A$8/1000","v":15.471074380165287},{"$f":"AB8*I8+($A$4-80)*AI8*$A$8/1000","v":14.891404958677686},{"$f":"AC8*K8+($A$4-80)*AJ8*$A$8/1000","v":14.322644628099173},{"$f":"AD8*M8+($A$4-80)*AK8*$A$8/1000","v":14.042975206611573},{"$f":"AE8*O8+($A$4-80)*AL8*$A$8/1000","v":14.439669421487602}]
[null,67,25.487603305785122,17.076694214876031,25.289256198347104,16.94380165289256,24.694214876033058,17.285950413223141,24.148760330578511,17.145619834710743,{"$f":"V9*$K$13","v":23.603305785123968},16.994380165289257,22.314049586776861,16.512396694214878,21.123966942148762,16.687933884297522,null,1.0619834710743801,1.0537190082644627,1.0289256198347108,1.0061983471074381,0.98347107438016534,0.92975206611570249,0.88016528925619841,0.67,0.67,0.7,0.71,0.72,0.74,0.79,0.89685714285714269,0.81742857142857162,0.87028571428571366,0.85171428571428565,0.83314285714285718,0.80685714285714238,0.76857142857142846,{"$f":"Y9*C9+($A$4-80)*AF9*$A$8/1000","v":17.076694214876031},{"$f":"Z9*E9+($A$4-80)*AG9*$A$8/1000","v":16.94380165289256},{"$f":"AA9*G9+($A$4-80)*AH9*$A$8/1000","v":17.285950413223141},{"$f":"AB9*I9+($A$4-80)*AI9*$A$8/1000","v":17.145619834710743},{"$f":"AC9*K9+($A$4-80)*AJ9*$A$8/1000","v":16.994380165289257},{"$f":"AD9*M9+($A$4-80)*AK9*$A$8/1000","v":16.512396694214878},{"$f":"AE9*O9+($A$4-80)*AL9*$A$8/1000","v":16.687933884297522}]
[null,63,24.793388429752071,19.834710743801658,24.595041322314053,19.676033057851242,24,19.919999999999998,23.454545454545453,19.584545454545452,{"$f":"V10*$K$13","v":22.90909090909091},19.243636363636362,21.520661157024794,21.520661157024794,20.330578512396695,20.330578512396695,null,1.0330578512396695,1.0247933884297522,1,0.97727272727272729,0.95454545454545459,0.89669421487603307,0.84710743801652899,0.8,0.8,0.83,0.83499999999999996,0.84,1,1,0.87657142857142889,0.86971428571428677,0.87028571428571411,0.807928571428571,0.74685714285714311,1.5714285714285703,1.1942857142857142,{"$f":"Y10*C10+($A$4-80)*AF10*$A$8/1000","v":19.834710743801658},{"$f":"Z10*E10+($A$4-80)*AG10*$A$8/1000","v":19.676033057851242},{"$f":"AA10*G10+($A$4-80)*AH10*$A$8/1000","v":19.919999999999998},{"$f":"AB10*I10+($A$4-80)*AI10*$A$8/1000","v":19.584545454545452},{"$f":"AC10*K10+($A$4-80)*AJ10*$A$8/1000","v":19.243636363636362},{"$f":"AD10*M10+($A$4-80)*AK10*$A$8/1000","v":21.520661157024794},{"$f":"AE10*O10+($A$4-80)*AL10*$A$8/1000","v":20.330578512396695}]
[null,59,24.495867768595041,21.311404958677684,24.297520661157026,24.297520661157026,23.603305785123968,23.603305785123968,23.057851239669425,23.057851239669425,{"$f":"V11*$K$13","v":22.512396694214875},22.512396694214875,21.223140495867767,21.223140495867767,20.033057851239668,20.033057851239668,null,1.0206611570247934,1.0123966942148761,0.98347107438016534,0.96074380165289264,0.93801652892561982,0.88429752066115697,0.83471074380165289,0.87,1,1,1,1,1,1,0.8897142857142859,1.7234285714285713,2.8571428571428976E-2,2.8571428571428976E-2,2.857142857142796E-2,2.857142857142796E-2,2.857142857142796E-2,{"$f":"Y11*C11+($A$4-80)*AF11*$A$8/1000","v":21.311404958677684},{"$f":"Z11*E11+($A$4-80)*AG11*$A$8/1000","v":24.297520661157026},{"$f":"AA11*G11+($A$4-80)*AH11*$A$8/1000","v":23.603305785123968},{"$f":"AB11*I11+($A$4-80)*AI11*$A$8/1000","v":23.057851239669425},{"$f":"AC11*K11+($A$4-80)*AJ11*$A$8/1000","v":22.512396694214875},{"$f":"AD11*M11+($A$4-80)*AK11*$A$8/1000","v":21.223140495867767},{"$f":"AE11*O11+($A$4-80)*AL11*$A$8/1000","v":20.033057851239668}]
[800,71,27.074380165289259,16.244628099173553,26.876033057851245,15.319338842975208,26.18181818181818,15.709090909090907,25.63636363636364,15.63818181818182,{"$f":"V12*$K$13","v":25.09090909090909},15.556363636363635,23.801652892561982,14.280991735537189,22.611570247933887,15.60198347107438,null,1.1280991735537191,1.1198347107438018,1.0909090909090908,1.0681818181818183,1.0454545454545454,0.99173553719008267,0.94214876033057859,0.6,0.56999999999999995,0.6,0.61,0.62,0.6,0.69,1.0349999999999997,0.76824999999999966,0.80399999999999949,0.78775000000000039,0.77150000000000007,0.49299999999999994,0.69825000000000026,{"$f":"Y12*C12+($A$4-80)*AF12*$A$12/1000","v":16.244628099173553},{"$f":"Z12*E12+($A$4-80)*AG12*$A$12/1000","v":15.319338842975208},{"$f":"AA12*G12+($A$4-80)*AH12*$A$12/1000","v":15.709090909090907},{"$f":"AB12*I12+($A$4-80)*AI12*$A$12/1000","v":15.63818181818182},{"$f":"AC12*K12+($A$4-80)*AJ12*$A$12/1000","v":15.556363636363635},{"$f":"AD12*M12+($A$4-80)*AK12*$A$12/1000","v":14.280991735537189},{"$f":"AE12*O12+($A$4-80)*AL12*$A$12/1000","v":15.60198347107438}]
[null,67,25.983471074380162,18.188429752066114,25.785123966942148,18.307438016528923,25.09090909090909,18.316363636363636,24.545454545454547,18.163636363636364,24,18,22.710743801652892,17.487272727272728,21.520661157024794,17.646942148760331,null,1.0826446280991735,1.0743801652892562,1.0454545454545454,1.0227272727272727,1,0.94628099173553715,0.89669421487603307,0.7,0.71,0.73,0.74,0.75,0.77,0.82,0.80049999999999999,0.80950000000000033,0.77425000000000033,0.75800000000000045,0.74174999999999924,0.70324999999999971,0.66849999999999943,{"$f":"Y13*C13+($A$4-80)*AF13*$A$12/1000","v":18.188429752066114},{"$f":"Z13*E13+($A$4-80)*AG13*$A$12/1000","v":18.307438016528923},{"$f":"AA13*G13+($A$4-80)*AH13*$A$12/1000","v":18.316363636363636},{"$f":"AB13*I13+($A$4-80)*AI13*$A$12/1000","v":18.163636363636364},{"$f":"AC13*K13+($A$4-80)*AJ13*$A$12/1000","v":18},{"$f":"AD13*M13+($A$4-80)*AK13*$A$12/1000","v":17.487272727272728},{"$f":"AE13*O13+($A$4-80)*AL13*$A$12/1000","v":17.646942148760331}]
[null,63,25.289256198347104,20.990082644628096,24.991735537190085,20.993057851239669,24.396694214876035,20.98115702479339,23.851239669421489,20.750578512396697,{"$f":"V14*$K$13","v":23.305785123966942},20.509090909090908,22.016528925619834,22.016528925619834,20.826446280991735,20.826446280991735,null,1.0537190082644627,1.0413223140495869,1.0165289256198349,0.99380165289256206,0.97107438016528924,0.91735537190082639,0.86776859504132231,0.83,0.84,0.86,0.87,0.88,1,1,0.80049999999999955,0.77399999999999991,0.75650000000000073,0.74025000000000041,0.7240000000000002,1.2404999999999993,2.5000000000000355E-2,{"$f":"Y14*C14+($A$4-80)*AF14*$A$12/1000","v":20.990082644628096},{"$f":"Z14*E14+($A$4-80)*AG14*$A$12/1000","v":20.993057851239669},{"$f":"AA14*G14+($A$4-80)*AH14*$A$12/1000","v":20.98115702479339},{"$f":"AB14*I14+($A$4-80)*AI14*$A$12/1000","v":20.750578512396697},{"$f":"AC14*K14+($A$4-80)*AJ14*$A$12/1000","v":20.509090909090908},{"$f":"AD14*M14+($A$4-80)*AK14*$A$12/1000","v":22.016528925619834},{"$f":"AE14*O14+($A$4-80)*AL14*$A$12/1000","v":20.826446280991735}]
[null,59,24.892561983471076,24.892561983471076,24.694214876033058,24.694214876033058,24.099173553719012,24.099173553719012,23.553719008264462,23.553719008264462,23.008264462809919,23.008264462809919,21.619834710743802,21.619834710743802,20.429752066115704,20.429752066115704,null,1.0371900826446281,1.0289256198347108,1.0041322314049588,0.98140495867768596,0.95867768595041325,0.90082644628099184,0.85123966942148765,1,1,1,1,1,1,1,1.4000000000000004,1.3269999999999991,4.9999999999999822E-2,3.7499999999999645E-2,2.4999999999999467E-2,2.5000000000000355E-2,2.5000000000000355E-2,{"$f":"Y15*C15+($A$4-80)*AF15*$A$12/1000","v":24.892561983471076},{"$f":"Z15*E15+($A$4-80)*AG15*$A$12/1000","v":24.694214876033058},{"$f":"AA15*G15+($A$4-80)*AH15*$A$12/1000","v":24.099173553719012},{"$f":"AB15*I15+($A$4-80)*AI15*$A$12/1000","v":23.553719008264462},{"$f":"AC15*K15+($A$4-80)*AJ15*$A$12/1000","v":23.008264462809919},{"$f":"AD15*M15+($A$4-80)*AK15*$A$12/1000","v":21.619834710743802},{"$f":"AE15*O15+($A$4-80)*AL15*$A$12/1000","v":20.429752066115704}]
[900,71,27.570247933884303,16.54214876033058,27.371900826446286,15.875702479338845,26.776859504132233,16.06611570247934,26.231404958677686,16.00115702479339,25.685950413223139,15.925289256198345,24.396694214876035,14.63801652892562,23.107438016528924,15.944132231404957,null,1.1487603305785126,1.1404958677685952,1.115702479338843,1.0929752066115703,1.0702479338842974,1.0165289256198349,0.96280991735537191,0.6,0.57999999999999996,0.6,0.61,0.62,0.6,0.69,0.87511111111111084,0.7462222222222219,0.67088888888888898,0.65766666666666629,0.64444444444444415,0.4062222222222221,0.63400000000000001,{"$f":"Y16*C16+($A$4-80)*AF16*$A$16/1000","v":16.54214876033058},{"$f":"Z16*E16+($A$4-80)*AG16*$A$16/1000","v":15.875702479338845},{"$f":"AA16*G16+($A$4-80)*AH16*$A$16/1000","v":16.06611570247934},{"$f":"AB16*I16+($A$4-80)*AI16*$A$16/1000","v":16.00115702479339},{"$f":"AC16*K16+($A$4-80)*AJ16*$A$16/1000","v":15.925289256198345},{"$f":"AD16*M16+($A$4-80)*AK16*$A$16/1000","v":14.63801652892562},{"$f":"AE16*O16+($A$4-80)*AL16*$A$16/1000","v":15.944132231404957}]
[null,67,26.479338842975206,18.800330578512394,26.280991735537192,18.922314049586777,25.685950413223139,19.007603305785121,25.1404958677686,18.855371900826448,24.595041322314053,18.69223140495868,23.305785123966942,18.178512396694217,22.016528925619834,18.273719008264461,null,1.1033057851239669,1.0950413223140496,1.0702479338842974,1.0475206611570249,1.0247933884297522,0.97107438016528924,0.91735537190082639,0.71,0.72,0.74,0.75,0.76,0.78,0.83,0.72511111111111026,0.72000000000000008,0.70444444444444454,0.6900000000000005,0.67555555555555624,0.65600000000000003,0.6077777777777772,{"$f":"Y17*C17+($A$4-80)*AF17*$A$16/1000","v":18.800330578512394},{"$f":"Z17*E17+($A$4-80)*AG17*$A$16/1000","v":18.922314049586777},{"$f":"AA17*G17+($A$4-80)*AH17*$A$16/1000","v":19.007603305785121},{"$f":"AB17*I17+($A$4-80)*AI17*$A$16/1000","v":18.855371900826448},{"$f":"AC17*K17+($A$4-80)*AJ17*$A$16/1000","v":18.69223140495868},{"$f":"AD17*M17+($A$4-80)*AK17*$A$16/1000","v":18.178512396694217},{"$f":"AE17*O17+($A$4-80)*AL17*$A$16/1000","v":18.273719008264461}]
[null,63,25.785123966942148,21.659504132231405,25.586776859504134,21.492892561983471,24.991735537190085,21.742809917355373,24.446280991735534,22.857272727272726,23.900826446280995,23.900826446280995,22.512396694214875,22.512396694214875,21.32231404958678,21.32231404958678,null,1.0743801652892562,1.0661157024793388,1.0413223140495869,1.0185950413223139,0.99586776859504145,0.93801652892561982,0.88842975206611574,0.84,0.84,0.87,0.93500000000000005,1,1,1,0.70933333333333337,0.64688888888888918,0.70533333333333326,0.99238888888888876,1.2660000000000007,1.0768888888888881,2.2222222222222539E-2,{"$f":"Y18*C18+($A$4-80)*AF18*$A$16/1000","v":21.659504132231405},{"$f":"Z18*E18+($A$4-80)*AG18*$A$16/1000","v":21.492892561983471},{"$f":"AA18*G18+($A$4-80)*AH18*$A$16/1000","v":21.742809917355373},{"$f":"AB18*I18+($A$4-80)*AI18*$A$16/1000","v":22.857272727272726},{"$f":"AC18*K18+($A$4-80)*AJ18*$A$16/1000","v":23.900826446280995},{"$f":"AD18*M18+($A$4-80)*AK18*$A$16/1000","v":22.512396694214875},{"$f":"AE18*O18+($A$4-80)*AL18*$A$16/1000","v":21.32231404958678}]
[null,59,25.487603305785122,25.487603305785122,25.190082644628099,25.190082644628099,24.595041322314053,24.595041322314053,24.049586776859503,24.049586776859503,23.504132231404959,23.504132231404959,22.214876033057848,22.214876033057848,21.02479338842975,21.02479338842975,null,1.0619834710743801,1.0495867768595042,1.0247933884297522,1.0020661157024793,0.97933884297520657,0.92561983471074372,0.87603305785123964,1,1,1,1,1,1,1,1.2344444444444445,2.2222222222221748E-2,2.2222222222222539E-2,2.2222222222222539E-2,2.2222222222221748E-2,2.2222222222221748E-2,2.2222222222221748E-2,{"$f":"Y19*C19+($A$4-80)*AF19*$A$16/1000","v":25.487603305785122},{"$f":"Z19*E19+($A$4-80)*AG19*$A$16/1000","v":25.190082644628099},{"$f":"AA19*G19+($A$4-80)*AH19*$A$16/1000","v":24.595041322314053},{"$f":"AB19*I19+($A$4-80)*AI19*$A$16/1000","v":24.049586776859503},{"$f":"AC19*K19+($A$4-80)*AJ19*$A$16/1000","v":23.504132231404959},{"$f":"AD19*M19+($A$4-80)*AK19*$A$16/1000","v":22.214876033057848},{"$f":"AE19*O19+($A$4-80)*AL19*$A$16/1000","v":21.02479338842975}]

{"sheet":"GSX140_30","index":15,"n_rows":19,"n_cols":45,"rows_kept":19,"cut":false,"hidden":true,"merged":[[2,0,2,1],[2,2,2,15],[3,2,3,3],[3,4,3,5],[3,6,3,7],[3,8,3,9],[3,10,3,11],[3,12,3,13],[3,14,3,15],[5,2,6,2],[5,3,6,3],[5,4,6,4],[5,5,6,5],[5,6,6,6],[5,7,6,7],[5,8,6,8],[4,0,6,0],[4,1,6,1],[4,2,4,3],[4,4,4,5],[4,6,4,7],[4,8,4,9],[5,9,6,9],[5,10,6,10],[5,11,6,11],[5,12,6,12],[5,13,6,13],[5,14,6,14],[5,15,6,15],[4,10,4,11],[4,12,4,13],[4,14,4,15],[7,0,10,0],[11,0,14,0],[15,0,18,0],[22,4,22,15],[23,4,23,5],[23,6,23,7],[23,8,23,9],[23,10,23,11],[23,12,23,13],[23,14,23,15],[25,12,26,12],[25,13,26,13],[25,14,26,14],[25,15,26,15],[27,0,30,0],[31,0,34,0],[24,12,24,13],[24,14,24,15],[25,4,26,4],[25,5,26,5],[25,6,26,6],[25,7,26,7],[25,8,26,8],[25,9,26,9],[25,10,26,10],[25,11,26,11],[24,0,26,0],[24,1,26,1],[24,4,24,5],[24,6,24,7],[24,8,24,9],[24,10,24,11],[35,0,38,0],[41,0,42,1],[41,4,41,15],[42,4,42,5],[42,6,42,7],[42,8,42,9],[42,10,42,11],[42,12,42,13],[42,14,42,15],[44,12,45,12],[44,13,45,13],[44,14,45,14],[44,15,45,15],[46,0,49,0],[50,0,53,0],[43,12,43,13],[43,14,43,15],[44,4,45,4],[44,5,45,5],[44,6,45,6],[44,7,45,7],[44,8,45,8],[44,9,45,9],[44,10,45,10],[44,11,45,11],[43,0,45,0],[43,1,45,1],[43,4,43,5],[43,6,43,7],[43,8,43,9],[43,10,43,11],[54,0,57,0],[60,0,61,1],[60,4,60,15],[61,4,61,5],[61,6,61,7],[61,8,61,9],[61,10,61,11],[61,12,61,13],[61,14,61,15],[63,12,64,12],[63,13,64,13],[63,14,64,14],[63,15,64,15],[65,0,68,0],[69,0,72,0],[62,12,62,13],[62,14,62,15],[63,4,64,4],[63,5,64,5],[63,6,64,6],[63,7,64,7],[63,8,64,8],[63,9,64,9],[63,10,64,10],[63,11,64,11],[62,0,64,0],[62,1,64,1],[62,4,62,5],[62,6,62,7],[62,8,62,9],[62,10,62,11],[73,0,76,0],[79,0,80,1],[79,4,79,15],[80,4,80,5],[80,6,80,7],[80,8,80,9],[80,10,80,11],[80,12,80,13],[80,14,80,15],[82,12,83,12],[82,13,83,13],[82,14,83,14],[82,15,83,15],[84,0,87,0],[88,0,91,0],[81,12,81,13],[81,14,81,15],[82,4,83,4],[82,5,83,5],[82,6,83,6],[82,7,83,7],[82,8,83,8],[82,9,83,9],[82,10,83,10],[82,11,83,11],[81,0,83,0],[81,1,83,1],[81,4,81,5],[81,6,81,7],[81,8,81,9],[81,10,81,11],[92,0,95,0],[98,0,99,1],[98,4,98,15],[99,4,99,5],[99,6,99,7],[99,8,99,9],[99,10,99,11],[99,12,99,13],[99,14,99,15],[101,12,102,12],[101,13,102,13],[101,14,102,14],[101,15,102,15],[103,0,106,0],[107,0,110,0],[100,12,100,13],[100,14,100,15],[101,4,102,4],[101,5,102,5],[101,6,102,6],[101,7,102,7],[101,8,102,8],[101,9,102,9],[101,10,102,10],[101,11,102,11],[100,0,102,0],[100,1,102,1],[100,4,100,5],[100,6,100,7],[100,8,100,9],[100,10,100,11],[111,0,114,0],[117,0,118,1],[117,4,117,15],[118,4,118,5],[118,6,118,7],[118,8,118,9],[118,10,118,11],[118,12,118,13],[118,14,118,15],[130,0,133,0],[120,12,121,12],[120,13,121,13],[120,14,121,14],[120,15,121,15],[122,0,125,0],[126,0,129,0],[119,12,119,13],[119,14,119,15],[120,4,121,4],[120,5,121,5],[120,6,121,6],[120,7,121,7],[120,8,121,8],[120,9,121,9],[120,10,121,10],[120,11,121,11],[119,0,121,0],[119,1,121,1],[119,4,119,5],[119,6,119,7],[119,8,119,9],[119,10,119,11]]}
[]
["GSX140_30"]
["Evaporator Air \n",null,"Condenser  Entering Air Temperature ˚F"]
[80,"°F DB",65,null,75,null,85,null,90,null,95,null,105,null,115]
["CFM","EWB†\n˚F","Capacity Mbtuh",null,"Capacity Mbtuh",null,"Capacity Mbtuh",null,"Capacity Mbtuh",null,"Capacity Mbtuh",null,"Capacity Mbtuh",null,"Capacity Mbtuh"]
[null,null,"Total","Sens.","Total","Sens.","Total","Sens.","Total","Sens.","Total","Sens.","Total","Sens.","Total","Sens."]
[null,null,null,null,null,null,null,null,null,null,null,null,null,null,null,null,null,"Total Factors",null,null,null,null,null,null,"Sens. %",null,null,null,null,null,null,"IDB Adj",null,null,null,null,null,null,"Sens Calc"]
[875,71,{"$f":"R8*$K$13","v":26.75},{"$f":"IF(AM8>C8,C8,AM8)","v":13.375},{"$f":"S8*$K$13","v":26.5},{"$f":"IF(AN8>E8,E8,AN8)","v":13.25},{"$f":"T8*$K$13","v":25.916666666666668},{"$f":"IF(AO8>G8,G8,AO8)","v":12.958333333333334},{"$f":"U8*$K$13","v":25.375},{"$f":"IF(AP8>I8,I8,AP8)","v":13.195},{"$f":"V8*$K$13","v":24.833333333333336},{"$f":"IF(AQ8>K8,K8,AQ8)","v":13.410000000000002},{"$f":"W8*$K$13","v":23.416666666666664},{"$f":"IF(AR8>M8,M8,AR8)","v":14.049999999999999},{"$f":"X8*$K$13","v":22.25},{"$f":"IF(AS8>O8,O8,AS8)","v":13.5725},null,1.1145833333333333,1.1041666666666667,1.0798611111111112,1.0572916666666667,1.0347222222222223,0.97569444444444442,0.92708333333333326,0.5,0.5,0.5,0.52,0.54,0.6,0.61,0.97074285714285757,0.88091428571428587,0.72914285714285743,0.78434285714285701,0.83657142857142908,1.0377142857142854,0.75474285714285705,{"$f":"Y8*C8+($A$4-80)*AF8*$A$8/1000","v":13.375},{"$f":"Z8*E8+($A$4-80)*AG8*$A$8/1000","v":13.25},{"$f":"AA8*G8+($A$4-80)*AH8*$A$8/1000","v":12.958333333333334},{"$f":"AB8*I8+($A$4-80)*AI8*$A$8/1000","v":13.195},{"$f":"AC8*K8+($A$4-80)*AJ8*$A$8/1000","v":13.410000000000002},{"$f":"AD8*M8+($A$4-80)*AK8*$A$8/1000","v":14.049999999999999},{"$f":"AE8*O8+($A$4-80)*AL8*$A$8/1000","v":13.5725}]
[null,67,25.666666666666664,16.169999999999998,25.416666666666664,16.266666666666666,24.75,16.335000000000001,24.208333333333329,16.219583333333333,{"$f":"V9*$K$13","v":23.666666666666664},16.093333333333334,22.333333333333336,15.633333333333335,21.083333333333332,15.8125,null,1.0694444444444444,1.0590277777777777,1.03125,1.0086805555555554,0.98611111111111105,0.93055555555555558,0.87847222222222221,0.63,0.64,0.66,0.67,0.68,0.7,0.75,0.86811428571428528,0.86034285714285708,0.82697142857142825,0.80937142857142785,0.79177142857142824,0.74834285714285698,0.7083428571428575,{"$f":"Y9*C9+($A$4-80)*AF9*$A$8/1000","v":16.169999999999998},{"$f":"Z9*E9+($A$4-80)*AG9*$A$8/1000","v":16.266666666666666},{"$f":"AA9*G9+($A$4-80)*AH9*$A$8/1000","v":16.335000000000001},{"$f":"AB9*I9+($A$4-80)*AI9*$A$8/1000","v":16.219583333333333},{"$f":"AC9*K9+($A$4-80)*AJ9*$A$8/1000","v":16.093333333333334},{"$f":"AD9*M9+($A$4-80)*AK9*$A$8/1000","v":15.633333333333335},{"$f":"AE9*O9+($A$4-80)*AL9*$A$8/1000","v":15.8125}]
[null,63,24.916666666666664,19.185833333333331,24.666666666666671,18.993333333333336,24.083333333333329,19.266666666666666,23.5,21.150000000000002,{"$f":"V10*$K$13","v":22.916666666666664},22.916666666666664,21.583333333333332,21.583333333333332,20.416666666666664,20.416666666666664,null,1.0381944444444444,1.0277777777777779,1.0034722222222221,0.97916666666666663,0.95486111111111105,0.89930555555555547,0.85069444444444442,0.77,0.77,0.8,0.9,1,1,1,0.91771428571428593,0.82674285714285733,0.88937142857142892,1.4413714285714287,1.9643428571428576,1.7330285714285718,4.5714285714285548E-2,{"$f":"Y10*C10+($A$4-80)*AF10*$A$8/1000","v":19.185833333333331},{"$f":"Z10*E10+($A$4-80)*AG10*$A$8/1000","v":18.993333333333336},{"$f":"AA10*G10+($A$4-80)*AH10*$A$8/1000","v":19.266666666666666},{"$f":"AB10*I10+($A$4-80)*AI10*$A$8/1000","v":21.150000000000002},{"$f":"AC10*K10+($A$4-80)*AJ10*$A$8/1000","v":22.916666666666664},{"$f":"AD10*M10+($A$4-80)*AK10*$A$8/1000","v":21.583333333333332},{"$f":"AE10*O10+($A$4-80)*AL10*$A$8/1000","v":20.416666666666664}]
[null,59,24.583333333333336,24.583333333333336,24.333333333333332,24.333333333333332,23.666666666666664,23.666666666666664,23.125,23.125,{"$f":"V11*$K$13","v":22.583333333333332},22.583333333333332,21.25,21.25,20,20,null,1.0243055555555556,1.0138888888888888,0.98611111111111105,0.96354166666666663,0.94097222222222221,0.88541666666666663,0.83333333333333326,1,1,1,1,1,1,1,1.9209142857142858,1.8852571428571423,2.2857142857142371E-2,2.2857142857143183E-2,2.2857142857143183E-2,2.2857142857143183E-2,2.2857142857143183E-2,{"$f":"Y11*C11+($A$4-80)*AF11*$A$8/1000","v":24.583333333333336},{"$f":"Z11*E11+($A$4-80)*AG11*$A$8/1000","v":24.333333333333332},{"$f":"AA11*G11+($A$4-80)*AH11*$A$8/1000","v":23.666666666666664},{"$f":"AB11*I11+($A$4-80)*AI11*$A$8/1000","v":23.125},{"$f":"AC11*K11+($A$4-80)*AJ11*$A$8/1000","v":22.583333333333332},{"$f":"AD11*M11+($A$4-80)*AK11*$A$8/1000","v":21.25},{"$f":"AE11*O11+($A$4-80)*AL11*$A$8/1000","v":20}]
[1000,71,27.083333333333329,16.249999999999996,26.833333333333336,15.026666666666669,26.25,15.75,25.666666666666664,15.399999999999999,{"$f":"V12*$K$13","v":25.083333333333332},15.049999999999999,23.75,14.25,22.583333333333332,15.130833333333333,null,1.1284722222222221,1.1180555555555556,1.09375,1.0694444444444444,1.0451388888888888,0.98958333333333326,0.94097222222222221,0.6,0.56000000000000005,0.6,0.6,0.6,0.6,0.67,1.1222000000000001,0.78160000000000063,0.90039999999999942,0.8149000000000004,0.73199999999999998,0.57999999999999974,0.67240000000000077,{"$f":"Y12*C12+($A$4-80)*AF12*$A$12/1000","v":16.249999999999996},{"$f":"Z12*E12+($A$4-80)*AG12*$A$12/1000","v":15.026666666666669},{"$f":"AA12*G12+($A$4-80)*AH12*$A$12/1000","v":15.75},{"$f":"AB12*I12+($A$4-80)*AI12*$A$12/1000","v":15.399999999999999},{"$f":"AC12*K12+($A$4-80)*AJ12*$A$12/1000","v":15.049999999999999},{"$f":"AD12*M12+($A$4-80)*AK12*$A$12/1000","v":14.25},{"$f":"AE12*O12+($A$4-80)*AL12*$A$12/1000","v":15.130833333333333}]
[null,67,25.916666666666668,17.8825,25.749999999999996,18.024999999999995,25.083333333333332,18.059999999999999,24.541666666666664,17.915416666666665,24,17.759999999999998,22.666666666666664,17.226666666666667,21.416666666666664,17.3475,null,1.0798611111111112,1.0729166666666665,1.0451388888888888,1.0225694444444444,1,0.94444444444444442,0.89236111111111105,0.69,0.7,0.72,0.73,0.74,0.76,0.81,0.75780000000000025,0.76480000000000037,0.73440000000000016,0.72509999999999974,0.71600000000000041,0.67839999999999989,0.63060000000000049,{"$f":"Y13*C13+($A$4-80)*AF13*$A$12/1000","v":17.8825},{"$f":"Z13*E13+($A$4-80)*AG13*$A$12/1000","v":18.024999999999995},{"$f":"AA13*G13+($A$4-80)*AH13*$A$12/1000","v":18.059999999999999},{"$f":"AB13*I13+($A$4-80)*AI13*$A$12/1000","v":17.915416666666665},{"$f":"AC13*K13+($A$4-80)*AJ13*$A$12/1000","v":17.759999999999998},{"$f":"AD13*M13+($A$4-80)*AK13*$A$12/1000","v":17.226666666666667},{"$f":"AE13*O13+($A$4-80)*AL13*$A$12/1000","v":17.3475}]
[null,63,25.25,20.704999999999998,25,20.75,24.333333333333332,20.68333333333333,23.791666666666664,22.007291666666667,{"$f":"V14*$K$13","v":23.249999999999996},23.249999999999996,21.916666666666664,21.916666666666664,20.666666666666668,20.666666666666668,null,1.0520833333333333,1.0416666666666667,1.0138888888888888,0.99131944444444431,0.96874999999999989,0.91319444444444442,0.86111111111111116,0.82,0.83,0.85,0.92500000000000004,1,1,1,0.75519999999999998,0.73419999999999985,0.71539999999999959,1.0711499999999994,1.4099999999999995,1.2252000000000003,2.0000000000000285E-2,{"$f":"Y14*C14+($A$4-80)*AF14*$A$12/1000","v":20.704999999999998},{"$f":"Z14*E14+($A$4-80)*AG14*$A$12/1000","v":20.75},{"$f":"AA14*G14+($A$4-80)*AH14*$A$12/1000","v":20.68333333333333},{"$f":"AB14*I14+($A$4-80)*AI14*$A$12/1000","v":22.007291666666667},{"$f":"AC14*K14+($A$4-80)*AJ14*$A$12/1000","v":23.249999999999996},{"$f":"AD14*M14+($A$4-80)*AK14*$A$12/1000","v":21.916666666666664},{"$f":"AE14*O14+($A$4-80)*AL14*$A$12/1000","v":20.666666666666668}]
[null,59,24.916666666666664,24.916666666666664,24.666666666666671,24.666666666666671,24,24,23.458333333333332,23.458333333333332,22.916666666666664,22.916666666666664,21.583333333333332,21.583333333333332,20.333333333333329,20.333333333333329,null,1.0381944444444444,1.0277777777777779,1,0.97743055555555547,0.95486111111111105,0.89930555555555547,0.8472222222222221,1,1,1,1,1,1,1,1.3467999999999996,1.3336000000000006,2.0000000000000285E-2,2.0000000000000285E-2,2.0000000000000285E-2,1.9999999999999574E-2,1.9999999999999574E-2,{"$f":"Y15*C15+($A$4-80)*AF15*$A$12/1000","v":24.916666666666664},{"$f":"Z15*E15+($A$4-80)*AG15*$A$12/1000","v":24.666666666666671},{"$f":"AA15*G15+($A$4-80)*AH15*$A$12/1000","v":24},{"$f":"AB15*I15+($A$4-80)*AI15*$A$12/1000","v":23.458333333333332},{"$f":"AC15*K15+($A$4-80)*AJ15*$A$12/1000","v":22.916666666666664},{"$f":"AD15*M15+($A$4-80)*AK15*$A$12/1000","v":21.583333333333332},{"$f":"AE15*O15+($A$4-80)*AL15*$A$12/1000","v":20.333333333333329}]
[1125,71,27.416666666666664,16.45,27.25,16.077500000000001,26.583333333333332,15.95,26.041666666666664,16.015625,25.5,16.065000000000001,24.166666666666664,16.916666666666664,22.916666666666664,16.270833333333332,null,1.1423611111111109,1.1354166666666667,1.1076388888888888,1.0850694444444444,1.0625,1.0069444444444444,0.95486111111111105,0.6,0.59,0.6,0.61499999999999999,0.63,0.7,0.71,0.8270222222222221,0.71431111111111123,0.63253333333333261,0.65222222222222215,0.67093333333333394,0.89528888888888825,0.64586666666666681,{"$f":"Y16*C16+($A$4-80)*AF16*$A$16/1000","v":16.45},{"$f":"Z16*E16+($A$4-80)*AG16*$A$16/1000","v":16.077500000000001},{"$f":"AA16*G16+($A$4-80)*AH16*$A$16/1000","v":15.95},{"$f":"AB16*I16+($A$4-80)*AI16*$A$16/1000","v":16.015625},{"$f":"AC16*K16+($A$4-80)*AJ16*$A$16/1000","v":16.065000000000001},{"$f":"AD16*M16+($A$4-80)*AK16*$A$16/1000","v":16.916666666666664},{"$f":"AE16*O16+($A$4-80)*AL16*$A$16/1000","v":16.270833333333332}]
[null,67,26.333333333333336,18.96,26.083333333333336,19.040833333333335,25.5,19.38,24.958333333333336,19.093125000000001,24.416666666666668,18.800833333333333,23.083333333333332,18.466666666666665,21.833333333333332,18.558333333333334,null,1.0972222222222223,1.0868055555555556,1.0625,1.0399305555555556,1.0173611111111112,0.96180555555555547,0.90972222222222221,0.72,0.73,0.76,0.76500000000000001,0.77,0.8,0.85,0.68480000000000008,0.67857777777777784,0.72960000000000047,0.68831111111111143,0.6481777777777773,0.66399999999999992,0.63111111111111129,{"$f":"Y17*C17+($A$4-80)*AF17*$A$16/1000","v":18.96},{"$f":"Z17*E17+($A$4-80)*AG17*$A$16/1000","v":19.040833333333335},{"$f":"AA17*G17+($A$4-80)*AH17*$A$16/1000","v":19.38},{"$f":"AB17*I17+($A$4-80)*AI17*$A$16/1000","v":19.093125000000001},{"$f":"AC17*K17+($A$4-80)*AJ17*$A$16/1000","v":18.800833333333333},{"$f":"AD17*M17+($A$4-80)*AK17*$A$16/1000","v":18.466666666666665},{"$f":"AE17*O17+($A$4-80)*AL17*$A$16/1000","v":18.558333333333334}]
[null,63,25.583333333333329,22.001666666666662,25.416666666666664,21.858333333333331,24.75,22.0275,24.208333333333329,22.876874999999998,23.666666666666664,23.666666666666664,22.333333333333336,22.333333333333336,21.083333333333332,21.083333333333332,null,1.0659722222222221,1.0590277777777777,1.03125,1.0086805555555554,0.98611111111111105,0.93055555555555558,0.87847222222222221,0.86,0.86,0.89,0.94500000000000006,1,1,1,0.72248888888888829,0.67697777777777779,0.64728888888888858,0.89862222222222199,1.1384888888888889,0.93404444444444401,1.7777777777778031E-2,{"$f":"Y18*C18+($A$4-80)*AF18*$A$16/1000","v":22.001666666666662},{"$f":"Z18*E18+($A$4-80)*AG18*$A$16/1000","v":21.858333333333331},{"$f":"AA18*G18+($A$4-80)*AH18*$A$16/1000","v":22.0275},{"$f":"AB18*I18+($A$4-80)*AI18*$A$16/1000","v":22.876874999999998},{"$f":"AC18*K18+($A$4-80)*AJ18*$A$16/1000","v":23.666666666666664},{"$f":"AD18*M18+($A$4-80)*AK18*$A$16/1000","v":22.333333333333336},{"$f":"AE18*O18+($A$4-80)*AL18*$A$16/1000","v":21.083333333333332}]
[null,59,25.25,25.25,25.083333333333332,25.083333333333332,24.416666666666668,24.416666666666668,23.875,23.875,23.333333333333332,23.333333333333332,22,22,20.75,20.75,null,1.0520833333333333,1.0451388888888888,1.0173611111111112,0.99479166666666663,0.97222222222222221,0.91666666666666663,0.86458333333333326,1,1,1,1,1,1,1,1.0378666666666669,3.5555555555556062E-2,3.5555555555555424E-2,3.5555555555554799E-2,3.5555555555555424E-2,3.5555555555555424E-2,3.5555555555555424E-2,{"$f":"Y19*C19+($A$4-80)*AF19*$A$16/1000","v":25.25},{"$f":"Z19*E19+($A$4-80)*AG19*$A$16/1000","v":25.083333333333332},{"$f":"AA19*G19+($A$4-80)*AH19*$A$16/1000","v":24.416666666666668},{"$f":"AB19*I19+($A$4-80)*AI19*$A$16/1000","v":23.875},{"$f":"AC19*K19+($A$4-80)*AJ19*$A$16/1000","v":23.333333333333332},{"$f":"AD19*M19+($A$4-80)*AK19*$A$16/1000","v":22},{"$f":"AE19*O19+($A$4-80)*AL19*$A$16/1000","v":20.75}]

{"sheet":"GSX140_31","index":16,"n_rows":19,"n_cols":45,"rows_kept":19,"cut":false,"hidden":true,"merged":[[2,0,2,1],[2,2,2,15],[3,2,3,3],[3,4,3,5],[3,6,3,7],[3,8,3,9],[3,10,3,11],[3,12,3,13],[3,14,3,15],[5,2,6,2],[5,3,6,3],[5,4,6,4],[5,5,6,5],[5,6,6,6],[5,7,6,7],[5,8,6,8],[4,0,6,0],[4,1,6,1],[4,2,4,3],[4,4,4,5],[4,6,4,7],[4,8,4,9],[5,9,6,9],[5,10,6,10],[5,11,6,11],[5,12,6,12],[5,13,6,13],[5,14,6,14],[5,15,6,15],[4,10,4,11],[4,12,4,13],[4,14,4,15],[7,0,10,0],[11,0,14,0],[15,0,18,0],[22,4,22,15],[23,4,23,5],[23,6,23,7],[23,8,23,9],[23,10,23,11],[23,12,23,13],[23,14,23,15],[25,12,26,12],[25,13,26,13],[25,14,26,14],[25,15,26,15],[27,0,30,0],[31,0,34,0],[24,12,24,13],[24,14,24,15],[25,4,26,4],[25,5,26,5],[25,6,26,6],[25,7,26,7],[25,8,26,8],[25,9,26,9],[25,10,26,10],[25,11,26,11],[24,0,26,0],[24,1,26,1],[24,4,24,5],[24,6,24,7],[24,8,24,9],[24,10,24,11],[35,0,38,0],[41,0,42,1],[41,4,41,15],[42,4,42,5],[42,6,42,7],[42,8,42,9],[42,10,42,11],[42,12,42,13],[42,14,42,15],[44,12,45,12],[44,13,45,13],[44,14,45,14],[44,15,45,15],[46,0,49,0],[50,0,53,0],[43,12,43,13],[43,14,43,15],[44,4,45,4],[44,5,45,5],[44,6,45,6],[44,7,45,7],[44,8,45,8],[44,9,45,9],[44,10,45,10],[44,11,45,11],[43,0,45,0],[43,1,45,1],[43,4,43,5],[43,6,43,7],[43,8,43,9],[43,10,43,11],[54,0,57,0],[60,0,61,1],[60,4,60,15],[61,4,61,5],[61,6,61,7],[61,8,61,9],[61,10,61,11],[61,12,61,13],[61,14,61,15],[63,12,64,12],[63,13,64,13],[63,14,64,14],[63,15,64,15],[65,0,68,0],[69,0,72,0],[62,12,62,13],[62,14,62,15],[63,4,64,4],[63,5,64,5],[63,6,64,6],[63,7,64,7],[63,8,64,8],[63,9,64,9],[63,10,64,10],[63,11,64,11],[62,0,64,0],[62,1,64,1],[62,4,62,5],[62,6,62,7],[62,8,62,9],[62,10,62,11],[73,0,76,0],[79,0,80,1],[79,4,79,15],[80,4,80,5],[80,6,80,7],[80,8,80,9],[80,10,80,11],[80,12,80,13],[80,14,80,15],[82,12,83,12],[82,13,83,13],[82,14,83,14],[82,15,83,15],[84,0,87,0],[88,0,91,0],[81,12,81,13],[81,14,81,15],[82,4,83,4],[82,5,83,5],[82,6,83,6],[82,7,83,7],[82,8,83,8],[82,9,83,9],[82,10,83,10],[82,11,83,11],[81,0,83,0],[81,1,83,1],[81,4,81,5],[81,6,81,7],[81,8,81,9],[81,10,81,11],[92,0,95,0],[98,0,99,1],[98,4,98,15],[99,4,99,5],[99,6,99,7],[99,8,99,9],[99,10,99,11],[99,12,99,13],[99,14,99,15],[101,12,102,12],[101,13,102,13],[101,14,102,14],[101,15,102,15],[103,0,106,0],[107,0,110,0],[100,12,100,13],[100,14,100,15],[101,4,102,4],[101,5,102,5],[101,6,102,6],[101,7,102,7],[101,8,102,8],[101,9,102,9],[101,10,102,10],[101,11,102,11],[100,0,102,0],[100,1,102,1],[100,4,100,5],[100,6,100,7],[100,8,100,9],[100,10,100,11],[111,0,114,0],[117,0,118,1],[117,4,117,15],[118,4,118,5],[118,6,118,7],[118,8,118,9],[118,10,118,11],[118,12,118,13],[118,14,118,15],[130,0,133,0],[120,12,121,12],[120,13,121,13],[120,14,121,14],[120,15,121,15],[122,0,125,0],[126,0,129,0],[119,12,119,13],[119,14,119,15],[120,4,121,4],[120,5,121,5],[120,6,121,6],[120,7,121,7],[120,8,121,8],[120,9,121,9],[120,10,121,10],[120,11,121,11],[119,0,121,0],[119,1,121,1],[119,4,119,5],[119,6,119,7],[119,8,119,9],[119,10,119,11]]}
[]
["GSX140_31"]
["Evaporator Air \n",null,"Condenser  Entering Air Temperature ˚F"]
[80,"°F DB",65,null,75,null,85,null,90,null,95,null,105,null,115]
["CFM","EWB†\n˚F","Capacity Mbtuh",null,"Capacity Mbtuh",null,"Capacity Mbtuh",null,"Capacity Mbtuh",null,"Capacity Mbtuh",null,"Capacity Mbtuh",null,"Capacity Mbtuh"]
[null,null,"Total","Sens.","Total","Sens.","Total","Sens.","Total","Sens.","Total","Sens.","Total","Sens.","Total","Sens."]
[null,null,null,null,null,null,null,null,null,null,null,null,null,null,null,null,null,"Total Factors",null,null,null,null,null,null,"Sens. %",null,null,null,null,null,null,"IDB Adj",null,null,null,null,null,null,"Sens Calc"]
[875,71,{"$f":"R8*$K$13","v":26.769230769230766},{"$f":"IF(AM8>C8,C8,AM8)","v":13.384615384615383},{"$f":"S8*$K$13","v":26.517482517482513},{"$f":"IF(AN8>E8,E8,AN8)","v":14.054265734265732},{"$f":"T8*$K$13","v":25.93006993006993},{"$f":"IF(AO8>G8,G8,AO8)","v":15.558041958041958},{"$f":"U8*$K$13","v":25.34265734265734},{"$f":"IF(AP8>I8,I8,AP8)","v":14.952167832167829},{"$f":"V8*$K$13","v":24.755244755244753},{"$f":"IF(AQ8>K8,K8,AQ8)","v":14.358041958041955},{"$f":"W8*$K$13","v":23.41258741258741},{"$f":"IF(AR8>M8,M8,AR8)","v":14.047552447552446},{"$f":"X8*$K$13","v":22.237762237762237},{"$f":"IF(AS8>O8,O8,AS8)","v":14.454545454545455},null,1.1153846153846152,1.1048951048951048,1.0804195804195804,1.0559440559440558,1.0314685314685315,0.97552447552447541,0.92657342657342656,0.5,0.53,0.6,0.59,0.57999999999999996,0.6,0.65,0.81988571428571422,0.94811428571428558,1.2203428571428572,1.0505142857142853,0.88685714285714268,0.8397714285714285,0.81120000000000025,{"$f":"Y8*C8+($A$4-80)*AF8*$A$8/1000","v":13.384615384615383},{"$f":"Z8*E8+($A$4-80)*AG8*$A$8/1000","v":14.054265734265732},{"$f":"AA8*G8+($A$4-80)*AH8*$A$8/1000","v":15.558041958041958},{"$f":"AB8*I8+($A$4-80)*AI8*$A$8/1000","v":14.952167832167829},{"$f":"AC8*K8+($A$4-80)*AJ8*$A$8/1000","v":14.358041958041955},{"$f":"AD8*M8+($A$4-80)*AK8*$A$8/1000","v":14.047552447552446},{"$f":"AE8*O8+($A$4-80)*AL8*$A$8/1000","v":14.454545454545455}]
[null,67,25.594405594405593,17.148251748251749,25.426573426573427,17.290069930069933,24.755244755244753,17.328671328671327,24.20979020979021,17.309999999999999,{"$f":"V9*$K$13","v":23.664335664335663},17.274965034965035,22.321678321678323,16.741258741258743,21.146853146853147,16.917482517482519,null,1.0664335664335665,1.0594405594405594,1.0314685314685315,1.0087412587412588,0.98601398601398593,0.93006993006993011,0.88111888111888104,0.67,0.68,0.7,0.71499999999999997,0.73,0.75,0.8,0.91862857142857191,0.92548571428571413,0.88959999999999984,0.87062857142857175,0.85165714285714267,0.80457142857142927,0.77942857142857158,{"$f":"Y9*C9+($A$4-80)*AF9*$A$8/1000","v":17.148251748251749},{"$f":"Z9*E9+($A$4-80)*AG9*$A$8/1000","v":17.290069930069933},{"$f":"AA9*G9+($A$4-80)*AH9*$A$8/1000","v":17.328671328671327},{"$f":"AB9*I9+($A$4-80)*AI9*$A$8/1000","v":17.309999999999999},{"$f":"AC9*K9+($A$4-80)*AJ9*$A$8/1000","v":17.274965034965035},{"$f":"AD9*M9+($A$4-80)*AK9*$A$8/1000","v":16.741258741258743},{"$f":"AE9*O9+($A$4-80)*AL9*$A$8/1000","v":16.917482517482519}]
[null,63,24.92307692307692,20.187692307692306,24.67132867132867,20.230489510489509,24.08391608391608,20.471328671328667,23.496503496503493,20.206993006993002,{"$f":"V10*$K$13","v":22.909090909090907},19.93090909090909,21.65034965034965,21.65034965034965,20.39160839160839,20.39160839160839,null,1.0384615384615383,1.0279720279720279,1.0034965034965033,0.97902097902097895,0.95454545454545447,0.90209790209790208,0.84965034965034958,0.81,0.82,0.85,0.86,0.87,1,1,0.91359999999999997,0.88937142857142815,0.88571428571428579,0.85702857142857092,0.82811428571428602,1.4500571428571423,4.5714285714285548E-2,{"$f":"Y10*C10+($A$4-80)*AF10*$A$8/1000","v":20.187692307692306},{"$f":"Z10*E10+($A$4-80)*AG10*$A$8/1000","v":20.230489510489509},{"$f":"AA10*G10+($A$4-80)*AH10*$A$8/1000","v":20.471328671328667},{"$f":"AB10*I10+($A$4-80)*AI10*$A$8/1000","v":20.206993006993002},{"$f":"AC10*K10+($A$4-80)*AJ10*$A$8/1000","v":19.93090909090909},{"$f":"AD10*M10+($A$4-80)*AK10*$A$8/1000","v":21.65034965034965},{"$f":"AE10*O10+($A$4-80)*AL10*$A$8/1000","v":20.39160839160839}]
[null,59,24.587412587412587,24.587412587412587,24.335664335664333,24.335664335664333,23.664335664335663,23.664335664335663,23.118881118881113,23.118881118881113,{"$f":"V11*$K$13","v":22.573426573426573},22.573426573426573,21.23076923076923,21.23076923076923,20.055944055944053,20.055944055944053,null,1.0244755244755244,1.013986013986014,0.98601398601398593,0.96328671328671311,0.94055944055944052,0.88461538461538458,0.83566433566433562,1,1,1,1,1,1,1,1.6420571428571431,1.5421714285714285,2.2857142857142371E-2,2.2857142857141556E-2,2.2857142857142371E-2,2.2857142857143183E-2,4.5714285714285548E-2,{"$f":"Y11*C11+($A$4-80)*AF11*$A$8/1000","v":24.587412587412587},{"$f":"Z11*E11+($A$4-80)*AG11*$A$8/1000","v":24.335664335664333},{"$f":"AA11*G11+($A$4-80)*AH11*$A$8/1000","v":23.664335664335663},{"$f":"AB11*I11+($A$4-80)*AI11*$A$8/1000","v":23.118881118881113},{"$f":"AC11*K11+($A$4-80)*AJ11*$A$8/1000","v":22.573426573426573},{"$f":"AD11*M11+($A$4-80)*AK11*$A$8/1000","v":21.23076923076923},{"$f":"AE11*O11+($A$4-80)*AL11*$A$8/1000","v":20.055944055944053}]
[1000,71,27.1048951048951,16.262937062937059,26.85314685314685,15.843356643356641,26.18181818181818,15.709090909090907,25.636363636363633,15.894545454545453,{"$f":"V12*$K$13","v":25.09090909090909},16.058181818181819,23.748251748251747,16.623776223776222,22.573426573426573,16.252867132867131,null,1.1293706293706292,1.1188811188811187,1.0909090909090908,1.0681818181818181,1.0454545454545454,0.98951048951048948,0.94055944055944052,0.6,0.59,0.6,0.62,0.64,0.7,0.72,0.9227999999999994,0.85039999999999982,0.6961999999999996,0.74319999999999953,0.78759999999999974,0.97279999999999978,0.72300000000000009,{"$f":"Y12*C12+($A$4-80)*AF12*$A$12/1000","v":16.262937062937059},{"$f":"Z12*E12+($A$4-80)*AG12*$A$12/1000","v":15.843356643356641},{"$f":"AA12*G12+($A$4-80)*AH12*$A$12/1000","v":15.709090909090907},{"$f":"AB12*I12+($A$4-80)*AI12*$A$12/1000","v":15.894545454545453},{"$f":"AC12*K12+($A$4-80)*AJ12*$A$12/1000","v":16.058181818181819},{"$f":"AD12*M12+($A$4-80)*AK12*$A$12/1000","v":16.623776223776222},{"$f":"AE12*O12+($A$4-80)*AL12*$A$12/1000","v":16.252867132867131}]
[null,67,25.93006993006993,18.928951048951049,25.76223776223776,19.064055944055941,25.09090909090909,19.32,24.545454545454547,19.145454545454548,24,18.96,22.657342657342657,18.352447552447554,21.398601398601397,18.402797202797199,null,1.0804195804195804,1.0734265734265733,1.0454545454545454,1.0227272727272727,1,0.94405594405594406,0.89160839160839156,0.73,0.74,0.77,0.78,0.79,0.81,0.86,0.81539999999999968,0.82259999999999989,0.79020000000000012,0.77999999999999969,0.77000000000000024,0.7155999999999999,0.67760000000000031,{"$f":"Y13*C13+($A$4-80)*AF13*$A$12/1000","v":18.928951048951049},{"$f":"Z13*E13+($A$4-80)*AG13*$A$12/1000","v":19.064055944055941},{"$f":"AA13*G13+($A$4-80)*AH13*$A$12/1000","v":19.32},{"$f":"AB13*I13+($A$4-80)*AI13*$A$12/1000","v":19.145454545454548},{"$f":"AC13*K13+($A$4-80)*AJ13*$A$12/1000","v":18.96},{"$f":"AD13*M13+($A$4-80)*AK13*$A$12/1000","v":18.352447552447554},{"$f":"AE13*O13+($A$4-80)*AL13*$A$12/1000","v":18.402797202797199}]
[null,63,25.25874125874126,22.227692307692308,25.006993006993007,22.006153846153847,24.335664335664333,22.145454545454545,23.79020979020979,22.719650349650351,{"$f":"V14*$K$13","v":23.244755244755243},23.244755244755243,21.902097902097903,21.902097902097903,20.727272727272727,20.727272727272727,null,1.0524475524475525,1.0419580419580419,1.013986013986014,0.99125874125874125,0.96853146853146843,0.91258741258741261,0.86363636363636354,0.88,0.88,0.91,0.95500000000000007,1,1,1,0.81260000000000121,0.80479999999999952,0.76960000000000051,0.95135000000000003,1.1239999999999994,0.95600000000000018,3.9999999999999855E-2,{"$f":"Y14*C14+($A$4-80)*AF14*$A$12/1000","v":22.227692307692308},{"$f":"Z14*E14+($A$4-80)*AG14*$A$12/1000","v":22.006153846153847},{"$f":"AA14*G14+($A$4-80)*AH14*$A$12/1000","v":22.145454545454545},{"$f":"AB14*I14+($A$4-80)*AI14*$A$12/1000","v":22.719650349650351},{"$f":"AC14*K14+($A$4-80)*AJ14*$A$12/1000","v":23.244755244755243},{"$f":"AD14*M14+($A$4-80)*AK14*$A$12/1000","v":21.902097902097903},{"$f":"AE14*O14+($A$4-80)*AL14*$A$12/1000","v":20.727272727272727}]
[null,59,24.83916083916084,24.83916083916084,24.67132867132867,24.67132867132867,24,24,23.454545454545453,23.454545454545453,22.909090909090907,22.909090909090907,21.566433566433567,21.566433566433567,20.39160839160839,20.39160839160839,null,1.034965034965035,1.0279720279720279,1,0.97727272727272729,0.95454545454545447,0.89860139860139854,0.84965034965034958,1,1,1,1,1,1,1,1.0820000000000007,1.0328000000000004,2.0000000000000285E-2,2.0000000000000285E-2,2.0000000000000285E-2,1.9999999999999574E-2,3.9999999999999855E-2,{"$f":"Y15*C15+($A$4-80)*AF15*$A$12/1000","v":24.83916083916084},{"$f":"Z15*E15+($A$4-80)*AG15*$A$12/1000","v":24.67132867132867},{"$f":"AA15*G15+($A$4-80)*AH15*$A$12/1000","v":24},{"$f":"AB15*I15+($A$4-80)*AI15*$A$12/1000","v":23.454545454545453},{"$f":"AC15*K15+($A$4-80)*AJ15*$A$12/1000","v":22.909090909090907},{"$f":"AD15*M15+($A$4-80)*AK15*$A$12/1000","v":21.566433566433567},{"$f":"AE15*O15+($A$4-80)*AL15*$A$12/1000","v":20.39160839160839}]
[1125,71,27.44055944055944,16.464335664335664,27.27272727272727,17.18181818181818,26.6013986013986,18.620979020979018,26.05594405594405,17.848321678321675,25.51048951048951,17.092027972027974,24.167832167832167,16.917482517482515,22.909090909090907,17.18181818181818,null,1.1433566433566433,1.1363636363636362,1.1083916083916083,1.0856643356643354,1.0629370629370629,1.0069930069930069,0.95454545454545447,0.6,0.63,0.7,0.68500000000000005,0.67,0.7,0.75,0.64817777777777796,0.7688888888888894,1.0328888888888885,0.87444444444444436,0.72177777777777752,0.68586666666666662,0.64195555555555572,{"$f":"Y16*C16+($A$4-80)*AF16*$A$16/1000","v":16.464335664335664},{"$f":"Z16*E16+($A$4-80)*AG16*$A$16/1000","v":17.18181818181818},{"$f":"AA16*G16+($A$4-80)*AH16*$A$16/1000","v":18.620979020979018},{"$f":"AB16*I16+($A$4-80)*AI16*$A$16/1000","v":17.848321678321675},{"$f":"AC16*K16+($A$4-80)*AJ16*$A$16/1000","v":17.092027972027974},{"$f":"AD16*M16+($A$4-80)*AK16*$A$16/1000","v":16.917482517482515},{"$f":"AE16*O16+($A$4-80)*AL16*$A$16/1000","v":17.18181818181818}]
[null,67,26.349650349650346,20.289230769230766,26.0979020979021,20.356363636363639,25.51048951048951,20.408391608391611,24.965034965034967,20.221678321678326,24.41958041958042,20.024055944055942,23.076923076923073,19.615384615384613,21.818181818181817,19.636363636363637,null,1.0979020979020977,1.0874125874125875,1.0629370629370629,1.0402097902097902,1.0174825174825175,0.96153846153846145,0.90909090909090906,0.77,0.78,0.8,0.81,0.82,0.85,0.9,0.74844444444444458,0.73031111111111113,0.72639999999999971,0.71173333333333377,0.69706666666666661,0.66115555555555572,0.61457777777777856,{"$f":"Y17*C17+($A$4-80)*AF17*$A$16/1000","v":20.289230769230766},{"$f":"Z17*E17+($A$4-80)*AG17*$A$16/1000","v":20.356363636363639},{"$f":"AA17*G17+($A$4-80)*AH17*$A$16/1000","v":20.408391608391611},{"$f":"AB17*I17+($A$4-80)*AI17*$A$16/1000","v":20.221678321678326},{"$f":"AC17*K17+($A$4-80)*AJ17*$A$16/1000","v":20.024055944055942},{"$f":"AD17*M17+($A$4-80)*AK17*$A$16/1000","v":19.615384615384613},{"$f":"AE17*O17+($A$4-80)*AL17*$A$16/1000","v":19.636363636363637}]
[null,63,25.594405594405593,23.290909090909089,25.426573426573427,23.392447552447553,24.755244755244753,23.269930069930066,24.20979020979021,23.483496503496504,23.664335664335663,23.664335664335663,22.321678321678323,22.321678321678323,21.062937062937063,21.062937062937063,null,1.0664335664335665,1.0594405594405594,1.0314685314685315,1.0087412587412588,0.98601398601398593,0.93006993006993011,0.8776223776223776,0.91,0.92,0.94,0.97,1,1,1,0.71875555555555604,0.7283555555555552,0.71057777777777709,0.79848888888888858,0.88177777777777799,0.69262222222222303,1.7777777777778031E-2,{"$f":"Y18*C18+($A$4-80)*AF18*$A$16/1000","v":23.290909090909089},{"$f":"Z18*E18+($A$4-80)*AG18*$A$16/1000","v":23.392447552447553},{"$f":"AA18*G18+($A$4-80)*AH18*$A$16/1000","v":23.269930069930066},{"$f":"AB18*I18+($A$4-80)*AI18*$A$16/1000","v":23.483496503496504},{"$f":"AC18*K18+($A$4-80)*AJ18*$A$16/1000","v":23.664335664335663},{"$f":"AD18*M18+($A$4-80)*AK18*$A$16/1000","v":22.321678321678323},{"$f":"AE18*O18+($A$4-80)*AL18*$A$16/1000","v":21.062937062937063}]
[null,59,25.25874125874126,25.25874125874126,25.006993006993007,25.006993006993007,24.41958041958042,24.41958041958042,23.874125874125873,23.874125874125873,23.328671328671327,23.328671328671327,21.986013986013987,21.986013986013987,20.727272727272727,20.727272727272727,null,1.0524475524475525,1.0419580419580419,1.0174825174825175,0.99475524475524479,0.97202797202797198,0.91608391608391604,0.86363636363636354,1,1,1,1,1,1,1,0.76444444444444459,1.7777777777778031E-2,3.5555555555556062E-2,3.5555555555556062E-2,3.5555555555555424E-2,3.5555555555555424E-2,1.77777777777774E-2,{"$f":"Y19*C19+($A$4-80)*AF19*$A$16/1000","v":25.25874125874126},{"$f":"Z19*E19+($A$4-80)*AG19*$A$16/1000","v":25.006993006993007},{"$f":"AA19*G19+($A$4-80)*AH19*$A$16/1000","v":24.41958041958042},{"$f":"AB19*I19+($A$4-80)*AI19*$A$16/1000","v":23.874125874125873},{"$f":"AC19*K19+($A$4-80)*AJ19*$A$16/1000","v":23.328671328671327},{"$f":"AD19*M19+($A$4-80)*AK19*$A$16/1000","v":21.986013986013987},{"$f":"AE19*O19+($A$4-80)*AL19*$A$16/1000","v":20.727272727272727}]

{"sheet":"GSX140_36","index":17,"n_rows":19,"n_cols":45,"rows_kept":19,"cut":false,"hidden":true,"merged":[[2,0,2,1],[2,2,2,15],[3,2,3,3],[3,4,3,5],[3,6,3,7],[3,8,3,9],[3,10,3,11],[3,12,3,13],[3,14,3,15],[5,2,6,2],[5,3,6,3],[5,4,6,4],[5,5,6,5],[5,6,6,6],[5,7,6,7],[5,8,6,8],[4,0,6,0],[4,1,6,1],[4,2,4,3],[4,4,4,5],[4,6,4,7],[4,8,4,9],[5,9,6,9],[5,10,6,10],[5,11,6,11],[5,12,6,12],[5,13,6,13],[5,14,6,14],[5,15,6,15],[4,10,4,11],[4,12,4,13],[4,14,4,15],[7,0,10,0],[11,0,14,0],[15,0,18,0],[22,4,22,15],[23,4,23,5],[23,6,23,7],[23,8,23,9],[23,10,23,11],[23,12,23,13],[23,14,23,15],[25,12,26,12],[25,13,26,13],[25,14,26,14],[25,15,26,15],[27,0,30,0],[31,0,34,0],[24,12,24,13],[24,14,24,15],[25,4,26,4],[25,5,26,5],[25,6,26,6],[25,7,26,7],[25,8,26,8],[25,9,26,9],[25,10,26,10],[25,11,26,11],[24,0,26,0],[24,1,26,1],[24,4,24,5],[24,6,24,7],[24,8,24,9],[24,10,24,11],[35,0,38,0],[41,0,42,1],[41,4,41,15],[42,4,42,5],[42,6,42,7],[42,8,42,9],[42,10,42,11],[42,12,42,13],[42,14,42,15],[44,12,45,12],[44,13,45,13],[44,14,45,14],[44,15,45,15],[46,0,49,0],[50,0,53,0],[43,12,43,13],[43,14,43,15],[44,4,45,4],[44,5,45,5],[44,6,45,6],[44,7,45,7],[44,8,45,8],[44,9,45,9],[44,10,45,10],[44,11,45,11],[43,0,45,0],[43,1,45,1],[43,4,43,5],[43,6,43,7],[43,8,43,9],[43,10,43,11],[54,0,57,0],[60,0,61,1],[60,4,60,15],[61,4,61,5],[61,6,61,7],[61,8,61,9],[61,10,61,11],[61,12,61,13],[61,14,61,15],[63,12,64,12],[63,13,64,13],[63,14,64,14],[63,15,64,15],[65,0,68,0],[69,0,72,0],[62,12,62,13],[62,14,62,15],[63,4,64,4],[63,5,64,5],[63,6,64,6],[63,7,64,7],[63,8,64,8],[63,9,64,9],[63,10,64,10],[63,11,64,11],[62,0,64,0],[62,1,64,1],[62,4,62,5],[62,6,62,7],[62,8,62,9],[62,10,62,11],[73,0,76,0],[79,0,80,1],[79,4,79,15],[80,4,80,5],[80,6,80,7],[80,8,80,9],[80,10,80,11],[80,12,80,13],[80,14,80,15],[82,12,83,12],[82,13,83,13],[82,14,83,14],[82,15,83,15],[84,0,87,0],[88,0,91,0],[81,12,81,13],[81,14,81,15],[82,4,83,4],[82,5,83,5],[82,6,83,6],[82,7,83,7],[82,8,83,8],[82,9,83,9],[82,10,83,10],[82,11,83,11],[81,0,83,0],[81,1,83,1],[81,4,81,5],[81,6,81,7],[81,8,81,9],[81,10,81,11],[92,0,95,0],[98,0,99,1],[98,4,98,15],[99,4,99,5],[99,6,99,7],[99,8,99,9],[99,10,99,11],[99,12,99,13],[99,14,99,15],[101,12,102,12],[101,13,102,13],[101,14,102,14],[101,15,102,15],[103,0,106,0],[107,0,110,0],[100,12,100,13],[100,14,100,15],[101,4,102,4],[101,5,102,5],[101,6,102,6],[101,7,102,7],[101,8,102,8],[101,9,102,9],[101,10,102,10],[101,11,102,11],[100,0,102,0],[100,1,102,1],[100,4,100,5],[100,6,100,7],[100,8,100,9],[100,10,100,11],[111,0,114,0],[117,0,118,1],[117,4,117,15],[118,4,118,5],[118,6,118,7],[118,8,118,9],[118,10,118,11],[118,12,118,13],[118,14,118,15],[130,0,133,0],[120,12,121,12],[120,13,121,13],[120,14,121,14],[120,15,121,15],[122,0,125,0],[126,0,129,0],[119,12,119,13],[119,14,119,15],[120,4,121,4],[120,5,121,5],[120,6,121,6],[120,7,121,7],[120,8,121,8],[120,9,121,9],[120,10,121,10],[120,11,121,11],[119,0,121,0],[119,1,121,1],[119,4,119,5],[119,6,119,7],[119,8,119,9],[119,10,119,11]]}
[]
["GSX140_36"]
["Evaporator Air \n",null,"Condenser  Entering Air Temperature ˚F"]
[80,"°F DB",65,null,75,null,85,null,90,null,95,null,105,null,115]
["CFM","EWB†\n˚F","Capacity Mbtuh",null,"Capacity Mbtuh",null,"Capacity Mbtuh",null,"Capacity Mbtuh",null,"Capacity Mbtuh",null,"Capacity Mbtuh",null,"Capacity Mbtuh"]
[null,null,"Total","Sens.","Total","Sens.","Total","Sens.","Total","Sens.","Total","Sens.","Total","Sens.","Total","Sens."]
[null,null,null,null,null,null,null,null,null,null,null,null,null,null,null,null,null,"Total Factors",null,null,null,null,null,null,"Sens. %",null,null,null,null,null,null,"IDB Adj",null,null,null,null,null,null,"Sens Calc"]
[1050,71,{"$f":"R8*$K$13","v":26.7368421052632},{"$f":"IF(AM8>C8,C8,AM8)","v":13.3684210526316},{"$f":"S8*$K$13","v":26.526315789473681},{"$f":"IF(AN8>E8,E8,AN8)","v":13.263157894736841},{"$f":"T8*$K$13","v":25.89473684210526},{"$f":"IF(AO8>G8,G8,AO8)","v":12.94736842105263},{"$f":"U8*$K$13","v":25.333333333333329},{"$f":"IF(AP8>I8,I8,AP8)","v":13.173333333333332},{"$f":"V8*$K$13","v":24.771929824561397},{"$f":"IF(AQ8>K8,K8,AQ8)","v":13.376842105263155},{"$f":"W8*$K$13","v":23.438596491228068},{"$f":"IF(AR8>M8,M8,AR8)","v":14.063157894736841},{"$f":"X8*$K$13","v":22.245614035087719},{"$f":"IF(AS8>O8,O8,AS8)","v":13.569824561403509},null,1.1140350877192999,1.1052631578947367,1.0789473684210524,1.0555555555555554,1.0321637426900583,0.97660818713450281,0.92690058479532156,0.5,0.5,0.5,0.52,0.54,0.6,0.61,0.95752380952380978,0.87847619047619019,0.71809523809523768,0.76809523809523716,0.81485714285714295,1.0346666666666666,0.74323809523809514,{"$f":"Y8*C8+($A$4-80)*AF8*$A$8/1000","v":13.3684210526316},{"$f":"Z8*E8+($A$4-80)*AG8*$A$8/1000","v":13.263157894736841},{"$f":"AA8*G8+($A$4-80)*AH8*$A$8/1000","v":12.94736842105263},{"$f":"AB8*I8+($A$4-80)*AI8*$A$8/1000","v":13.173333333333332},{"$f":"AC8*K8+($A$4-80)*AJ8*$A$8/1000","v":13.376842105263155},{"$f":"AD8*M8+($A$4-80)*AK8*$A$8/1000","v":14.063157894736841},{"$f":"AE8*O8+($A$4-80)*AL8*$A$8/1000","v":13.569824561403509}]
[null,67,25.614035087719294,16.136842105263156,25.403508771929822,16.258245614035086,24.771929824561397,16.349473684210523,24.210526315789469,16.221052631578946,{"$f":"V9*$K$13","v":23.649122807017545},16.081403508771931,22.315789473684209,15.621052631578944,21.122807017543856,15.842105263157892,null,1.067251461988304,1.0584795321637426,1.0321637426900583,1.0087719298245612,0.98538011695906436,0.92982456140350866,0.88011695906432741,0.63,0.64,0.66,0.67,0.68,0.7,0.75,0.8537142857142862,0.84723809523809601,0.82742857142857096,0.80428571428571427,0.78095238095238118,0.73790476190476162,0.71200000000000063,{"$f":"Y9*C9+($A$4-80)*AF9*$A$8/1000","v":16.136842105263156},{"$f":"Z9*E9+($A$4-80)*AG9*$A$8/1000","v":16.258245614035086},{"$f":"AA9*G9+($A$4-80)*AH9*$A$8/1000","v":16.349473684210523},{"$f":"AB9*I9+($A$4-80)*AI9*$A$8/1000","v":16.221052631578946},{"$f":"AC9*K9+($A$4-80)*AJ9*$A$8/1000","v":16.081403508771931},{"$f":"AD9*M9+($A$4-80)*AK9*$A$8/1000","v":15.621052631578944},{"$f":"AE9*O9+($A$4-80)*AL9*$A$8/1000","v":15.842105263157892}]
[null,63,24.912280701754383,19.182456140350876,24.701754385964911,19.020350877192982,24.070175438596486,19.256140350877189,23.508771929824562,19.042105263157897,{"$f":"V10*$K$13","v":22.94736842105263},18.816842105263156,21.614035087719298,21.614035087719298,20.350877192982452,20.350877192982452,null,1.0380116959064327,1.0292397660818713,1.002923976608187,0.97953216374269003,0.95614035087719296,0.90058479532163738,0.8479532163742689,0.77,0.77,0.8,0.81,0.82,1,1,0.9034285714285718,0.82933333333333381,0.87485714285714222,0.85542857142857276,0.83600000000000063,1.7283809523809528,1.3401904761904764,{"$f":"Y10*C10+($A$4-80)*AF10*$A$8/1000","v":19.182456140350876},{"$f":"Z10*E10+($A$4-80)*AG10*$A$8/1000","v":19.020350877192982},{"$f":"AA10*G10+($A$4-80)*AH10*$A$8/1000","v":19.256140350877189},{"$f":"AB10*I10+($A$4-80)*AI10*$A$8/1000","v":19.042105263157897},{"$f":"AC10*K10+($A$4-80)*AJ10*$A$8/1000","v":18.816842105263156},{"$f":"AD10*M10+($A$4-80)*AK10*$A$8/1000","v":21.614035087719298},{"$f":"AE10*O10+($A$4-80)*AL10*$A$8/1000","v":20.350877192982452}]
[null,59,24.561403508771932,20.631578947368421,24.350877192982455,24.350877192982455,23.719298245614034,23.719298245614034,23.157894736842103,23.157894736842103,{"$f":"V11*$K$13","v":22.596491228070175},22.596491228070175,21.263157894736842,21.263157894736842,20.070175438596493,20.070175438596493,null,1.0233918128654971,1.0146198830409356,0.98830409356725135,0.96491228070175428,0.94152046783625731,0.88596491228070173,0.83625730994152048,0.84,1,1,1,1,1,1,0.82742857142857162,1.8780952380952387,3.8095238095237287E-2,3.809523809523864E-2,3.809523809523864E-2,3.809523809523796E-2,3.809523809523864E-2,{"$f":"Y11*C11+($A$4-80)*AF11*$A$8/1000","v":20.631578947368421},{"$f":"Z11*E11+($A$4-80)*AG11*$A$8/1000","v":24.350877192982455},{"$f":"AA11*G11+($A$4-80)*AH11*$A$8/1000","v":23.719298245614034},{"$f":"AB11*I11+($A$4-80)*AI11*$A$8/1000","v":23.157894736842103},{"$f":"AC11*K11+($A$4-80)*AJ11*$A$8/1000","v":22.596491228070175},{"$f":"AD11*M11+($A$4-80)*AK11*$A$8/1000","v":21.263157894736842},{"$f":"AE11*O11+($A$4-80)*AL11*$A$8/1000","v":20.070175438596493}]
[1200,71,27.087719298245609,16.252631578947366,26.877192982456137,15.051228070175439,26.245614035087712,15.747368421052627,25.684210526315784,15.41052631578947,{"$f":"V12*$K$13","v":25.122807017543856},15.073684210526313,23.789473684210524,14.273684210526314,22.526315789473681,15.092631578947367,null,1.1286549707602338,1.1198830409356724,1.0935672514619881,1.070175438596491,1.0467836257309939,0.99122807017543846,0.9385964912280701,0.6,0.56000000000000005,0.6,0.6,0.6,0.6,0.67,1.1079999999999999,0.78066666666666684,0.88799999999999935,0.8086666666666662,0.73199999999999932,0.58166666666666644,0.65116666666666667,{"$f":"Y12*C12+($A$4-80)*AF12*$A$12/1000","v":16.252631578947366},{"$f":"Z12*E12+($A$4-80)*AG12*$A$12/1000","v":15.051228070175439},{"$f":"AA12*G12+($A$4-80)*AH12*$A$12/1000","v":15.747368421052627},{"$f":"AB12*I12+($A$4-80)*AI12*$A$12/1000","v":15.41052631578947},{"$f":"AC12*K12+($A$4-80)*AJ12*$A$12/1000","v":15.073684210526313},{"$f":"AD12*M12+($A$4-80)*AK12*$A$12/1000","v":14.273684210526314},{"$f":"AE12*O12+($A$4-80)*AL12*$A$12/1000","v":15.092631578947367}]
[null,67,25.964912280701753,17.915789473684207,25.754385964912281,18.028070175438597,25.122807017543856,18.088421052631574,24.561403508771932,17.92982456140351,24,17.759999999999998,22.666666666666664,17.226666666666667,21.403508771929822,17.336842105263155,null,1.0818713450292397,1.0730994152046784,1.0467836257309939,1.0233918128654971,1,0.94444444444444431,0.89181286549707595,0.69,0.7,0.72,0.73,0.74,0.76,0.81,0.75900000000000034,0.75333333333333385,0.73599999999999943,0.72033333333333383,0.70466666666666755,0.66733333333333289,0.6215000000000005,{"$f":"Y13*C13+($A$4-80)*AF13*$A$12/1000","v":17.915789473684207},{"$f":"Z13*E13+($A$4-80)*AG13*$A$12/1000","v":18.028070175438597},{"$f":"AA13*G13+($A$4-80)*AH13*$A$12/1000","v":18.088421052631574},{"$f":"AB13*I13+($A$4-80)*AI13*$A$12/1000","v":17.92982456140351},{"$f":"AC13*K13+($A$4-80)*AJ13*$A$12/1000","v":17.759999999999998},{"$f":"AD13*M13+($A$4-80)*AK13*$A$12/1000","v":17.226666666666667},{"$f":"AE13*O13+($A$4-80)*AL13*$A$12/1000","v":17.336842105263155}]
[null,63,25.192982456140349,20.658245614035085,24.982456140350877,20.735438596491228,24.350877192982455,20.698245614035088,23.824561403508774,20.489122807017544,{"$f":"V14*$K$13","v":23.298245614035089},20.269473684210528,21.89473684210526,21.89473684210526,20.701754385964911,20.701754385964911,null,1.0497076023391811,1.0409356725146199,1.0146198830409356,0.99269005847953218,0.97076023391812871,0.91228070175438591,0.86257309941520466,0.82,0.83,0.85,0.86,0.87,1,1,0.72966666666666735,0.72383333333333333,0.71833333333333371,0.70366666666666688,0.68900000000000061,1.2088333333333325,3.3333333333333215E-2,{"$f":"Y14*C14+($A$4-80)*AF14*$A$12/1000","v":20.658245614035085},{"$f":"Z14*E14+($A$4-80)*AG14*$A$12/1000","v":20.735438596491228},{"$f":"AA14*G14+($A$4-80)*AH14*$A$12/1000","v":20.698245614035088},{"$f":"AB14*I14+($A$4-80)*AI14*$A$12/1000","v":20.489122807017544},{"$f":"AC14*K14+($A$4-80)*AJ14*$A$12/1000","v":20.269473684210528},{"$f":"AD14*M14+($A$4-80)*AK14*$A$12/1000","v":21.89473684210526},{"$f":"AE14*O14+($A$4-80)*AL14*$A$12/1000","v":20.701754385964911}]
[null,59,24.912280701754383,24.912280701754383,24.631578947368418,24.631578947368418,24,24,23.473684210526315,23.473684210526315,22.94736842105263,22.94736842105263,21.614035087719298,21.614035087719298,20.350877192982452,20.350877192982452,null,1.0380116959064327,1.0263157894736841,1,0.97807017543859653,0.95614035087719296,0.90058479532163738,0.8479532163742689,1,1,1,1,1,1,1,1.3276666666666668,1.3,1.6666666666666906E-2,2.5000000000000945E-2,3.3333333333333812E-2,3.3333333333333215E-2,3.3333333333333215E-2,{"$f":"Y15*C15+($A$4-80)*AF15*$A$12/1000","v":24.912280701754383},{"$f":"Z15*E15+($A$4-80)*AG15*$A$12/1000","v":24.631578947368418},{"$f":"AA15*G15+($A$4-80)*AH15*$A$12/1000","v":24},{"$f":"AB15*I15+($A$4-80)*AI15*$A$12/1000","v":23.473684210526315},{"$f":"AC15*K15+($A$4-80)*AJ15*$A$12/1000","v":22.94736842105263},{"$f":"AD15*M15+($A$4-80)*AK15*$A$12/1000","v":21.614035087719298},{"$f":"AE15*O15+($A$4-80)*AL15*$A$12/1000","v":20.350877192982452}]
[1350,71,27.438596491228068,16.463157894736842,27.228070175438592,16.064561403508769,26.596491228070175,15.957894736842103,26.03508771929824,16.011578947368417,25.473684210526308,16.048421052631575,24.140350877192979,16.898245614035083,22.94736842105263,16.292631578947365,null,1.1432748538011694,1.134502923976608,1.1081871345029239,1.0847953216374266,1.0614035087719296,1.0058479532163742,0.95614035087719296,0.6,0.59,0.6,0.61499999999999999,0.63,0.7,0.71,0.82459259259259288,0.70370370370370317,0.63214814814814757,0.64318518518518464,0.65288888888888841,0.88207407407407368,0.64696296296296352,{"$f":"Y16*C16+($A$4-80)*AF16*$A$16/1000","v":16.463157894736842},{"$f":"Z16*E16+($A$4-80)*AG16*$A$16/1000","v":16.064561403508769},{"$f":"AA16*G16+($A$4-80)*AH16*$A$16/1000","v":15.957894736842103},{"$f":"AB16*I16+($A$4-80)*AI16*$A$16/1000","v":16.011578947368417},{"$f":"AC16*K16+($A$4-80)*AJ16*$A$16/1000","v":16.048421052631575},{"$f":"AD16*M16+($A$4-80)*AK16*$A$16/1000","v":16.898245614035083},{"$f":"AE16*O16+($A$4-80)*AL16*$A$16/1000","v":16.292631578947365}]
[null,67,26.315789473684205,18.947368421052627,26.10526315789474,19.056842105263161,25.473684210526308,19.359999999999996,24.912280701754383,19.057894736842105,24.350877192982455,18.750175438596489,23.01754385964912,18.414035087719295,21.82456140350877,18.550877192982455,null,1.0964912280701753,1.0877192982456141,1.0614035087719296,1.0380116959064327,1.0146198830409356,0.95906432748537995,0.90935672514619881,0.72,0.73,0.76,0.76500000000000001,0.77,0.8,0.85,0.67555555555555591,0.67940740740740779,0.71777777777777718,0.67162962962962913,0.62651851851851847,0.64162962962962899,0.62029629629629701,{"$f":"Y17*C17+($A$4-80)*AF17*$A$16/1000","v":18.947368421052627},{"$f":"Z17*E17+($A$4-80)*AG17*$A$16/1000","v":19.056842105263161},{"$f":"AA17*G17+($A$4-80)*AH17*$A$16/1000","v":19.359999999999996},{"$f":"AB17*I17+($A$4-80)*AI17*$A$16/1000","v":19.057894736842105},{"$f":"AC17*K17+($A$4-80)*AJ17*$A$16/1000","v":18.750175438596489},{"$f":"AD17*M17+($A$4-80)*AK17*$A$16/1000","v":18.414035087719295},{"$f":"AE17*O17+($A$4-80)*AL17*$A$16/1000","v":18.550877192982455}]
[null,63,25.614035087719294,22.028070175438593,25.403508771929822,21.847017543859646,24.771929824561397,22.047017543859642,24.210526315789469,22.878947368421048,23.649122807017545,23.649122807017545,22.315789473684209,22.315789473684209,21.122807017543856,21.122807017543856,null,1.067251461988304,1.0584795321637426,1.0321637426900583,1.0087719298245612,0.98538011695906436,0.92982456140350866,0.88011695906432741,0.86,0.86,0.89,0.94500000000000006,1,1,1,0.7245925925925929,0.66548148148148167,0.65037037037036993,0.89185185185185178,1.1214814814814815,0.91911111111111066,2.9629629629630051E-2,{"$f":"Y18*C18+($A$4-80)*AF18*$A$16/1000","v":22.028070175438593},{"$f":"Z18*E18+($A$4-80)*AG18*$A$16/1000","v":21.847017543859646},{"$f":"AA18*G18+($A$4-80)*AH18*$A$16/1000","v":22.047017543859642},{"$f":"AB18*I18+($A$4-80)*AI18*$A$16/1000","v":22.878947368421048},{"$f":"AC18*K18+($A$4-80)*AJ18*$A$16/1000","v":23.649122807017545},{"$f":"AD18*M18+($A$4-80)*AK18*$A$16/1000","v":22.315789473684209},{"$f":"AE18*O18+($A$4-80)*AL18*$A$16/1000","v":21.122807017543856}]
[null,59,25.263157894736842,25.263157894736842,25.052631578947366,25.052631578947366,24.421052631578945,24.421052631578945,23.859649122807017,23.859649122807017,23.298245614035089,23.298245614035089,21.964912280701753,21.964912280701753,20.771929824561404,20.771929824561404,null,1.0526315789473684,1.0438596491228069,1.0175438596491226,0.99415204678362568,0.97076023391812871,0.91520467836257302,0.86549707602339176,1,1,1,1,1,1,1,1.0373333333333332,0.97629629629629688,2.9629629629628999E-2,2.9629629629630051E-2,2.9629629629630051E-2,2.9629629629629523E-2,2.9629629629630051E-2,{"$f":"Y19*C19+($A$4-80)*AF19*$A$16/1000","v":25.263157894736842},{"$f":"Z19*E19+($A$4-80)*AG19*$A$16/1000","v":25.052631578947366},{"$f":"AA19*G19+($A$4-80)*AH19*$A$16/1000","v":24.421052631578945},{"$f":"AB19*I19+($A$4-80)*AI19*$A$16/1000","v":23.859649122807017},{"$f":"AC19*K19+($A$4-80)*AJ19*$A$16/1000","v":23.298245614035089},{"$f":"AD19*M19+($A$4-80)*AK19*$A$16/1000","v":21.964912280701753},{"$f":"AE19*O19+($A$4-80)*AL19*$A$16/1000","v":20.771929824561404}]

{"sheet":"GSX140_37","index":18,"n_rows":19,"n_cols":45,"rows_kept":19,"cut":false,"hidden":true,"merged":[[2,0,2,1],[2,2,2,15],[3,2,3,3],[3,4,3,5],[3,6,3,7],[3,8,3,9],[3,10,3,11],[3,12,3,13],[3,14,3,15],[5,2,6,2],[5,3,6,3],[5,4,6,4],[5,5,6,5],[5,6,6,6],[5,7,6,7],[5,8,6,8],[4,0,6,0],[4,1,6,1],[4,2,4,3],[4,4,4,5],[4,6,4,7],[4,8,4,9],[5,9,6,9],[5,10,6,10],[5,11,6,11],[5,12,6,12],[5,13,6,13],[5,14,6,14],[5,15,6,15],[4,10,4,11],[4,12,4,13],[4,14,4,15],[7,0,10,0],[11,0,14,0],[15,0,18,0],[22,4,22,15],[23,4,23,5],[23,6,23,7],[23,8,23,9],[23,10,23,11],[23,12,23,13],[23,14,23,15],[25,12,26,12],[25,13,26,13],[25,14,26,14],[25,15,26,15],[27,0,30,0],[31,0,34,0],[24,12,24,13],[24,14,24,15],[25,4,26,4],[25,5,26,5],[25,6,26,6],[25,7,26,7],[25,8,26,8],[25,9,26,9],[25,10,26,10],[25,11,26,11],[24,0,26,0],[24,1,26,1],[24,4,24,5],[24,6,24,7],[24,8,24,9],[24,10,24,11],[35,0,38,0],[41,0,42,1],[41,4,41,15],[42,4,42,5],[42,6,42,7],[42,8,42,9],[42,10,42,11],[42,12,42,13],[42,14,42,15],[44,12,45,12],[44,13,45,13],[44,14,45,14],[44,15,45,15],[46,0,49,0],[50,0,53,0],[43,12,43,13],[43,14,43,15],[44,4,45,4],[44,5,45,5],[44,6,45,6],[44,7,45,7],[44,8,45,8],[44,9,45,9],[44,10,45,10],[44,11,45,11],[43,0,45,0],[43,1,45,1],[43,4,43,5],[43,6,43,7],[43,8,43,9],[43,10,43,11],[54,0,57,0],[60,0,61,1],[60,4,60,15],[61,4,61,5],[61,6,61,7],[61,8,61,9],[61,10,61,11],[61,12,61,13],[61,14,61,15],[63,12,64,12],[63,13,64,13],[63,14,64,14],[63,15,64,15],[65,0,68,0],[69,0,72,0],[62,12,62,13],[62,14,62,15],[63,4,64,4],[63,5,64,5],[63,6,64,6],[63,7,64,7],[63,8,64,8],[63,9,64,9],[63,10,64,10],[63,11,64,11],[62,0,64,0],[62,1,64,1],[62,4,62,5],[62,6,62,7],[62,8,62,9],[62,10,62,11],[73,0,76,0],[79,0,80,1],[79,4,79,15],[80,4,80,5],[80,6,80,7],[80,8,80,9],[80,10,80,11],[80,12,80,13],[80,14,80,15],[82,12,83,12],[82,13,83,13],[82,14,83,14],[82,15,83,15],[84,0,87,0],[88,0,91,0],[81,12,81,13],[81,14,81,15],[82,4,83,4],[82,5,83,5],[82,6,83,6],[82,7,83,7],[82,8,83,8],[82,9,83,9],[82,10,83,10],[82,11,83,11],[81,0,83,0],[81,1,83,1],[81,4,81,5],[81,6,81,7],[81,8,81,9],[81,10,81,11],[92,0,95,0],[98,0,99,1],[98,4,98,15],[99,4,99,5],[99,6,99,7],[99,8,99,9],[99,10,99,11],[99,12,99,13],[99,14,99,15],[101,12,102,12],[101,13,102,13],[101,14,102,14],[101,15,102,15],[103,0,106,0],[107,0,110,0],[100,12,100,13],[100,14,100,15],[101,4,102,4],[101,5,102,5],[101,6,102,6],[101,7,102,7],[101,8,102,8],[101,9,102,9],[101,10,102,10],[101,11,102,11],[100,0,102,0],[100,1,102,1],[100,4,100,5],[100,6,100,7],[100,8,100,9],[100,10,100,11],[111,0,114,0],[117,0,118,1],[117,4,117,15],[118,4,118,5],[118,6,118,7],[118,8,118,9],[118,10,118,11],[118,12,118,13],[118,14,118,15],[130,0,133,0],[120,12,121,12],[120,13,121,13],[120,14,121,14],[120,15,121,15],[122,0,125,0],[126,0,129,0],[119,12,119,13],[119,14,119,15],[120,4,121,4],[120,5,121,5],[120,6,121,6],[120,7,121,7],[120,8,121,8],[120,9,121,9],[120,10,121,10],[120,11,121,11],[119,0,121,0],[119,1,121,1],[119,4,119,5],[119,6,119,7],[119,8,119,9],[119,10,119,11]]}
[]
["GSX140_37"]
["Evaporator Air \n",null,"Condenser  Entering Air Temperature ˚F"]
[80,"°F DB",65,null,75,null,85,null,90,null,95,null,105,null,115]
["CFM","EWB†\n˚F","Capacity Mbtuh",null,"Capacity Mbtuh",null,"Capacity Mbtuh",null,"Capacity Mbtuh",null,"Capacity Mbtuh",null,"Capacity Mbtuh",null,"Capacity Mbtuh"]
[null,null,"Total","Sens.","Total","Sens.","Total","Sens.","Total","Sens.","Total","Sens.","Total","Sens.","Total","Sens."]
[null,null,null,null,null,null,null,null,null,null,null,null,null,null,null,null,null,"Total Factors",null,null,null,null,null,null,"Sens. %",null,null,null,null,null,null,"IDB Adj",null,null,null,null,null,null,"Sens Calc"]
[1100,71,{"$f":"R8*$K$13","v":26.720930232558139},{"$f":"IF(AM8>C8,C8,AM8)","v":16.032558139534881},{"$f":"S8*$K$13","v":26.511627906976742},{"$f":"IF(AN8>E8,E8,AN8)","v":15.111627906976741},{"$f":"T8*$K$13","v":25.883720930232563},{"$f":"IF(AO8>G8,G8,AO8)","v":15.530232558139538},{"$f":"U8*$K$13","v":25.36046511627907},{"$f":"IF(AP8>I8,I8,AP8)","v":15.343081395348836},{"$f":"V8*$K$13","v":24.837209302325583},{"$f":"IF(AQ8>K8,K8,AQ8)","v":15.150697674418605},{"$f":"W8*$K$13","v":23.511627906976745},{"$f":"IF(AR8>M8,M8,AR8)","v":14.106976744186047},{"$f":"X8*$K$13","v":22.255813953488371},{"$f":"IF(AS8>O8,O8,AS8)","v":15.356511627906974},null,1.1133720930232558,1.1046511627906976,1.0784883720930234,1.0566860465116279,1.0348837209302326,0.97965116279069775,0.92732558139534882,0.6,0.56999999999999995,0.6,0.60499999999999998,0.61,0.6,0.69,1.1221818181818177,0.83727272727272672,0.88545454545454561,0.83922727272727238,0.79454545454545478,0.57000000000000028,0.76418181818181674,{"$f":"Y8*C8+($A$4-80)*AF8*$A$8/1000","v":16.032558139534881},{"$f":"Z8*E8+($A$4-80)*AG8*$A$8/1000","v":15.111627906976741},{"$f":"AA8*G8+($A$4-80)*AH8*$A$8/1000","v":15.530232558139538},{"$f":"AB8*I8+($A$4-80)*AI8*$A$8/1000","v":15.343081395348836},{"$f":"AC8*K8+($A$4-80)*AJ8*$A$8/1000","v":15.150697674418605},{"$f":"AD8*M8+($A$4-80)*AK8*$A$8/1000","v":14.106976744186047},{"$f":"AE8*O8+($A$4-80)*AL8*$A$8/1000","v":15.356511627906974}]
[null,67,25.674418604651159,18.228837209302323,25.465116279069768,18.080232558139535,24.837209302325583,18.379534883720932,24.279069767441861,18.209302325581397,{"$f":"V9*$K$13","v":23.720930232558143},18.027906976744188,22.395348837209305,17.468372093023259,21.209302325581397,17.603720930232559,null,1.069767441860465,1.0610465116279071,1.0348837209302326,1.0116279069767442,0.9883720930232559,0.93313953488372103,0.88372093023255816,0.71,0.71,0.74,0.75,0.76,0.78,0.83,0.89090909090909065,0.817818181818182,0.86363636363636431,0.84509090909090967,0.82654545454545503,0.78236363636363648,0.68909090909090898,{"$f":"Y9*C9+($A$4-80)*AF9*$A$8/1000","v":18.228837209302323},{"$f":"Z9*E9+($A$4-80)*AG9*$A$8/1000","v":18.080232558139535},{"$f":"AA9*G9+($A$4-80)*AH9*$A$8/1000","v":18.379534883720932},{"$f":"AB9*I9+($A$4-80)*AI9*$A$8/1000","v":18.209302325581397},{"$f":"AC9*K9+($A$4-80)*AJ9*$A$8/1000","v":18.027906976744188},{"$f":"AD9*M9+($A$4-80)*AK9*$A$8/1000","v":17.468372093023259},{"$f":"AE9*O9+($A$4-80)*AL9*$A$8/1000","v":17.603720930232559}]
[null,63,24.906976744186046,20.921860465116279,24.697674418604652,20.993023255813952,24.069767441860463,20.940697674418605,23.54651162790698,20.720930232558143,{"$f":"V10*$K$13","v":23.02325581395349},20.490697674418605,21.697674418604652,21.697674418604652,20.441860465116282,20.441860465116282,null,1.0377906976744187,1.0290697674418605,1.0029069767441861,0.98110465116279078,0.95930232558139539,0.90406976744186052,0.8517441860465117,0.84,0.85,0.87,0.88,0.89,1,1,0.79199999999999959,0.86290909090909007,0.78000000000000058,0.76400000000000035,0.74800000000000089,1.2161818181818183,0.86763636363636398,{"$f":"Y10*C10+($A$4-80)*AF10*$A$8/1000","v":20.921860465116279},{"$f":"Z10*E10+($A$4-80)*AG10*$A$8/1000","v":20.993023255813952},{"$f":"AA10*G10+($A$4-80)*AH10*$A$8/1000","v":20.940697674418605},{"$f":"AB10*I10+($A$4-80)*AI10*$A$8/1000","v":20.720930232558143},{"$f":"AC10*K10+($A$4-80)*AJ10*$A$8/1000","v":20.490697674418605},{"$f":"AD10*M10+($A$4-80)*AK10*$A$8/1000","v":21.697674418604652},{"$f":"AE10*O10+($A$4-80)*AL10*$A$8/1000","v":20.441860465116282}]
[null,59,24.558139534883722,22.593488372093024,24.348837209302324,24.348837209302324,23.720930232558143,23.720930232558143,23.197674418604652,23.197674418604652,{"$f":"V11*$K$13","v":22.674418604651162},22.674418604651162,21.348837209302324,21.348837209302324,20.093023255813954,20.093023255813954,null,1.0232558139534884,1.0145348837209303,0.9883720930232559,0.96656976744186052,0.94476744186046513,0.88953488372093026,0.83720930232558144,0.92,1,1,1,1,1,1,0.84636363636363721,1.2836363636363632,1.8181818181818441E-2,2.7272727272728305E-2,3.6363636363636882E-2,3.6363636363636882E-2,1.8181818181818441E-2,{"$f":"Y11*C11+($A$4-80)*AF11*$A$8/1000","v":22.593488372093024},{"$f":"Z11*E11+($A$4-80)*AG11*$A$8/1000","v":24.348837209302324},{"$f":"AA11*G11+($A$4-80)*AH11*$A$8/1000","v":23.720930232558143},{"$f":"AB11*I11+($A$4-80)*AI11*$A$8/1000","v":23.197674418604652},{"$f":"AC11*K11+($A$4-80)*AJ11*$A$8/1000","v":22.674418604651162},{"$f":"AD11*M11+($A$4-80)*AK11*$A$8/1000","v":21.348837209302324},{"$f":"AE11*O11+($A$4-80)*AL11*$A$8/1000","v":20.093023255813954}]
[1200,71,27.000000000000007,16.200000000000003,26.790697674418603,16.074418604651161,26.162790697674417,15.697674418604649,25.63953488372093,15.896511627906976,{"$f":"V12*$K$13","v":25.116279069767444},16.074418604651164,23.790697674418606,16.653488372093022,22.534883720930232,16.225116279069766,null,1.1250000000000002,1.1162790697674418,1.0901162790697674,1.0683139534883721,1.0465116279069768,0.99127906976744196,0.93895348837209303,0.6,0.6,0.6,0.62,0.64,0.7,0.72,0.84633333333333371,0.84766666666666635,0.64166666666666694,0.6907500000000002,0.73733333333333317,0.92733333333333334,0.709666666666666,{"$f":"Y12*C12+($A$4-80)*AF12*$A$12/1000","v":16.200000000000003},{"$f":"Z12*E12+($A$4-80)*AG12*$A$12/1000","v":16.074418604651161},{"$f":"AA12*G12+($A$4-80)*AH12*$A$12/1000","v":15.697674418604649},{"$f":"AB12*I12+($A$4-80)*AI12*$A$12/1000","v":15.896511627906976},{"$f":"AC12*K12+($A$4-80)*AJ12*$A$12/1000","v":16.074418604651164},{"$f":"AD12*M12+($A$4-80)*AK12*$A$12/1000","v":16.653488372093022},{"$f":"AE12*O12+($A$4-80)*AL12*$A$12/1000","v":16.225116279069766}]
[null,67,25.953488372093027,18.946046511627909,25.674418604651159,18.999069767441856,25.04651162790698,19.035348837209305,24.523255813953487,18.882906976744184,24,18.72,22.674418604651162,18.366279069767444,21.488372093023258,18.48,null,1.0813953488372094,1.069767441860465,1.0436046511627908,1.0218023255813953,1,0.94476744186046513,0.89534883720930236,0.73,0.74,0.76,0.77,0.78,0.81,0.86,0.76433333333333375,0.80749999999999988,0.72866666666666668,0.71924999999999994,0.70999999999999974,0.72683333333333411,0.69166666666666654,{"$f":"Y13*C13+($A$4-80)*AF13*$A$12/1000","v":18.946046511627909},{"$f":"Z13*E13+($A$4-80)*AG13*$A$12/1000","v":18.999069767441856},{"$f":"AA13*G13+($A$4-80)*AH13*$A$12/1000","v":19.035348837209305},{"$f":"AB13*I13+($A$4-80)*AI13*$A$12/1000","v":18.882906976744184},{"$f":"AC13*K13+($A$4-80)*AJ13*$A$12/1000","v":18.72},{"$f":"AD13*M13+($A$4-80)*AK13*$A$12/1000","v":18.366279069767444},{"$f":"AE13*O13+($A$4-80)*AL13*$A$12/1000","v":18.48}]
[null,63,25.186046511627907,21.91186046511628,24.97674418604651,21.729767441860464,24.348837209302324,21.913953488372094,23.825581395348838,21.681279069767442,{"$f":"V14*$K$13","v":23.302325581395348},21.438139534883721,21.976744186046513,21.976744186046513,20.720930232558139,20.720930232558139,null,1.0494186046511629,1.0406976744186045,1.0145348837209303,0.99273255813953487,0.97093023255813948,0.91569767441860472,0.86337209302325579,0.87,0.87,0.9,0.91,0.92,1,1,0.8068333333333334,0.74099999999999899,0.78183333333333316,0.76591666666666636,0.74999999999999933,0.97233333333333316,3.3333333333333215E-2,{"$f":"Y14*C14+($A$4-80)*AF14*$A$12/1000","v":21.91186046511628},{"$f":"Z14*E14+($A$4-80)*AG14*$A$12/1000","v":21.729767441860464},{"$f":"AA14*G14+($A$4-80)*AH14*$A$12/1000","v":21.913953488372094},{"$f":"AB14*I14+($A$4-80)*AI14*$A$12/1000","v":21.681279069767442},{"$f":"AC14*K14+($A$4-80)*AJ14*$A$12/1000","v":21.438139534883721},{"$f":"AD14*M14+($A$4-80)*AK14*$A$12/1000","v":21.976744186046513},{"$f":"AE14*O14+($A$4-80)*AL14*$A$12/1000","v":20.720930232558139}]
[null,59,24.837209302325583,24.837209302325583,24.627906976744185,24.627906976744185,24,24,23.47674418604651,23.47674418604651,22.953488372093023,22.953488372093023,21.627906976744185,21.627906976744185,20.372093023255815,20.372093023255815,null,1.0348837209302326,1.0261627906976745,1,0.97819767441860461,0.95639534883720934,0.90116279069767447,0.84883720930232565,1,1,1,1,1,1,1,1.081666666666667,1.0278333333333332,3.3333333333332625E-2,3.3333333333332625E-2,3.3333333333332625E-2,3.3333333333333215E-2,1.6666666666666313E-2,{"$f":"Y15*C15+($A$4-80)*AF15*$A$12/1000","v":24.837209302325583},{"$f":"Z15*E15+($A$4-80)*AG15*$A$12/1000","v":24.627906976744185},{"$f":"AA15*G15+($A$4-80)*AH15*$A$12/1000","v":24},{"$f":"AB15*I15+($A$4-80)*AI15*$A$12/1000","v":23.47674418604651},{"$f":"AC15*K15+($A$4-80)*AJ15*$A$12/1000","v":22.953488372093023},{"$f":"AD15*M15+($A$4-80)*AK15*$A$12/1000","v":21.627906976744185},{"$f":"AE15*O15+($A$4-80)*AL15*$A$12/1000","v":20.372093023255815}]
[1350,71,27.488372093023258,16.493023255813956,27.279069767441861,16.640232558139534,26.651162790697679,15.990697674418607,26.127906976744185,16.460581395348836,25.604651162790702,16.899069767441866,24.279069767441861,16.995348837209303,23.02325581395349,16.806976744186048,null,1.1453488372093024,1.1366279069767442,1.11046511627907,1.0886627906976745,1.0668604651162792,1.0116279069767442,0.95930232558139539,0.6,0.61,0.6,0.63,0.66,0.7,0.73,0.71466666666666645,0.7096296296296295,0.52444444444444482,0.62570370370370387,0.72251851851851834,0.73837037037036957,0.60474074074074091,{"$f":"Y16*C16+($A$4-80)*AF16*$A$16/1000","v":16.493023255813956},{"$f":"Z16*E16+($A$4-80)*AG16*$A$16/1000","v":16.640232558139534},{"$f":"AA16*G16+($A$4-80)*AH16*$A$16/1000","v":15.990697674418607},{"$f":"AB16*I16+($A$4-80)*AI16*$A$16/1000","v":16.460581395348836},{"$f":"AC16*K16+($A$4-80)*AJ16*$A$16/1000","v":16.899069767441866},{"$f":"AD16*M16+($A$4-80)*AK16*$A$16/1000","v":16.995348837209303},{"$f":"AE16*O16+($A$4-80)*AL16*$A$16/1000","v":16.806976744186048}]
[null,67,26.372093023255815,19.779069767441861,26.162790697674417,19.883720930232556,25.534883720930235,19.917209302325585,25.011627906976749,19.759186046511633,24.488372093023258,19.590697674418607,23.162790697674424,18.993488372093026,21.906976744186046,19.278139534883721,null,1.0988372093023255,1.0901162790697674,1.0639534883720931,1.0421511627906979,1.0203488372093024,0.9651162790697676,0.91279069767441856,0.75,0.76,0.78,0.79,0.8,0.82,0.88,0.68133333333333279,0.73155555555555596,0.67022222222222239,0.65718518518518565,0.64414814814814847,0.61096296296296337,0.61585185185185121,{"$f":"Y17*C17+($A$4-80)*AF17*$A$16/1000","v":19.779069767441861},{"$f":"Z17*E17+($A$4-80)*AG17*$A$16/1000","v":19.883720930232556},{"$f":"AA17*G17+($A$4-80)*AH17*$A$16/1000","v":19.917209302325585},{"$f":"AB17*I17+($A$4-80)*AI17*$A$16/1000","v":19.759186046511633},{"$f":"AC17*K17+($A$4-80)*AJ17*$A$16/1000","v":19.590697674418607},{"$f":"AD17*M17+($A$4-80)*AK17*$A$16/1000","v":18.993488372093026},{"$f":"AE17*O17+($A$4-80)*AL17*$A$16/1000","v":19.278139534883721}]
[null,63,25.674418604651159,22.850232558139531,25.465116279069768,22.663953488372094,24.837209302325583,22.850232558139538,24.279069767441861,23.307906976744185,23.720930232558143,23.720930232558143,22.395348837209305,22.395348837209305,21.209302325581397,21.209302325581397,null,1.069767441860465,1.0610465116279071,1.0348837209302326,1.0116279069767442,0.9883720930232559,0.93313953488372103,0.88372093023255816,0.89,0.89,0.92,0.96,1,1,1,0.73125925925925817,0.67170370370370414,0.70903703703703724,0.8426666666666659,0.96903703703703703,0.8207407407407411,2.9629629629629523E-2,{"$f":"Y18*C18+($A$4-80)*AF18*$A$16/1000","v":22.850232558139531},{"$f":"Z18*E18+($A$4-80)*AG18*$A$16/1000","v":22.663953488372094},{"$f":"AA18*G18+($A$4-80)*AH18*$A$16/1000","v":22.850232558139538},{"$f":"AB18*I18+($A$4-80)*AI18*$A$16/1000","v":23.307906976744185},{"$f":"AC18*K18+($A$4-80)*AJ18*$A$16/1000","v":23.720930232558143},{"$f":"AD18*M18+($A$4-80)*AK18*$A$16/1000","v":22.395348837209305},{"$f":"AE18*O18+($A$4-80)*AL18*$A$16/1000","v":21.209302325581397}]
[null,59,25.325581395348834,25.325581395348834,25.116279069767444,25.116279069767444,24.488372093023258,24.488372093023258,23.965116279069768,23.965116279069768,23.441860465116282,23.441860465116282,22.11627906976744,22.11627906976744,20.86046511627907,20.86046511627907,null,1.0552325581395348,1.0465116279069768,1.0203488372093024,0.99854651162790709,0.9767441860465117,0.92151162790697672,0.8691860465116279,1,1,1,1,1,1,1,0.88533333333333275,0.87822222222222279,2.9629629629630051E-2,2.9629629629630051E-2,2.9629629629630051E-2,2.9629629629629523E-2,2.9629629629629523E-2,{"$f":"Y19*C19+($A$4-80)*AF19*$A$16/1000","v":25.325581395348834},{"$f":"Z19*E19+($A$4-80)*AG19*$A$16/1000","v":25.116279069767444},{"$f":"AA19*G19+($A$4-80)*AH19*$A$16/1000","v":24.488372093023258},{"$f":"AB19*I19+($A$4-80)*AI19*$A$16/1000","v":23.965116279069768},{"$f":"AC19*K19+($A$4-80)*AJ19*$A$16/1000","v":23.441860465116282},{"$f":"AD19*M19+($A$4-80)*AK19*$A$16/1000","v":22.11627906976744},{"$f":"AE19*O19+($A$4-80)*AL19*$A$16/1000","v":20.86046511627907}]

{"sheet":"GSX140_42","index":19,"n_rows":19,"n_cols":45,"rows_kept":19,"cut":false,"hidden":true,"merged":[[2,0,2,1],[2,2,2,15],[3,2,3,3],[3,4,3,5],[3,6,3,7],[3,8,3,9],[3,10,3,11],[3,12,3,13],[3,14,3,15],[5,2,6,2],[5,3,6,3],[5,4,6,4],[5,5,6,5],[5,6,6,6],[5,7,6,7],[5,8,6,8],[4,0,6,0],[4,1,6,1],[4,2,4,3],[4,4,4,5],[4,6,4,7],[4,8,4,9],[5,9,6,9],[5,10,6,10],[5,11,6,11],[5,12,6,12],[5,13,6,13],[5,14,6,14],[5,15,6,15],[4,10,4,11],[4,12,4,13],[4,14,4,15],[7,0,10,0],[11,0,14,0],[15,0,18,0],[22,4,22,15],[23,4,23,5],[23,6,23,7],[23,8,23,9],[23,10,23,11],[23,12,23,13],[23,14,23,15],[25,12,26,12],[25,13,26,13],[25,14,26,14],[25,15,26,15],[27,0,30,0],[31,0,34,0],[24,12,24,13],[24,14,24,15],[25,4,26,4],[25,5,26,5],[25,6,26,6],[25,7,26,7],[25,8,26,8],[25,9,26,9],[25,10,26,10],[25,11,26,11],[24,0,26,0],[24,1,26,1],[24,4,24,5],[24,6,24,7],[24,8,24,9],[24,10,24,11],[35,0,38,0],[41,0,42,1],[41,4,41,15],[42,4,42,5],[42,6,42,7],[42,8,42,9],[42,10,42,11],[42,12,42,13],[42,14,42,15],[44,12,45,12],[44,13,45,13],[44,14,45,14],[44,15,45,15],[46,0,49,0],[50,0,53,0],[43,12,43,13],[43,14,43,15],[44,4,45,4],[44,5,45,5],[44,6,45,6],[44,7,45,7],[44,8,45,8],[44,9,45,9],[44,10,45,10],[44,11,45,11],[43,0,45,0],[43,1,45,1],[43,4,43,5],[43,6,43,7],[43,8,43,9],[43,10,43,11],[54,0,57,0],[60,0,61,1],[60,4,60,15],[61,4,61,5],[61,6,61,7],[61,8,61,9],[61,10,61,11],[61,12,61,13],[61,14,61,15],[63,12,64,12],[63,13,64,13],[63,14,64,14],[63,15,64,15],[65,0,68,0],[69,0,72,0],[62,12,62,13],[62,14,62,15],[63,4,64,4],[63,5,64,5],[63,6,64,6],[63,7,64,7],[63,8,64,8],[63,9,64,9],[63,10,64,10],[63,11,64,11],[62,0,64,0],[62,1,64,1],[62,4,62,5],[62,6,62,7],[62,8,62,9],[62,10,62,11],[73,0,76,0],[79,0,80,1],[79,4,79,15],[80,4,80,5],[80,6,80,7],[80,8,80,9],[80,10,80,11],[80,12,80,13],[80,14,80,15],[82,12,83,12],[82,13,83,13],[82,14,83,14],[82,15,83,15],[84,0,87,0],[88,0,91,0],[81,12,81,13],[81,14,81,15],[82,4,83,4],[82,5,83,5],[82,6,83,6],[82,7,83,7],[82,8,83,8],[82,9,83,9],[82,10,83,10],[82,11,83,11],[81,0,83,0],[81,1,83,1],[81,4,81,5],[81,6,81,7],[81,8,81,9],[81,10,81,11],[92,0,95,0],[98,0,99,1],[98,4,98,15],[99,4,99,5],[99,6,99,7],[99,8,99,9],[99,10,99,11],[99,12,99,13],[99,14,99,15],[101,12,102,12],[101,13,102,13],[101,14,102,14],[101,15,102,15],[103,0,106,0],[107,0,110,0],[100,12,100,13],[100,14,100,15],[101,4,102,4],[101,5,102,5],[101,6,102,6],[101,7,102,7],[101,8,102,8],[101,9,102,9],[101,10,102,10],[101,11,102,11],[100,0,102,0],[100,1,102,1],[100,4,100,5],[100,6,100,7],[100,8,100,9],[100,10,100,11],[111,0,114,0],[117,0,118,1],[117,4,117,15],[118,4,118,5],[118,6,118,7],[118,8,118,9],[118,10,118,11],[118,12,118,13],[118,14,118,15],[130,0,133,0],[120,12,121,12],[120,13,121,13],[120,14,121,14],[120,15,121,15],[122,0,125,0],[126,0,129,0],[119,12,119,13],[119,14,119,15],[120,4,121,4],[120,5,121,5],[120,6,121,6],[120,7,121,7],[120,8,121,8],[120,9,121,9],[120,10,121,10],[120,11,121,11],[119,0,121,0],[119,1,121,1],[119,4,119,5],[119,6,119,7],[119,8,119,9],[119,10,119,11]]}
[]
["GSX140_42"]
["Evaporator Air \n",null,"Condenser  Entering Air Temperature ˚F"]
[80,"°F DB",65,null,75,null,85,null,90,null,95,null,105,null,115]
["CFM","EWB†\n˚F","Capacity Mbtuh",null,"Capacity Mbtuh",null,"Capacity Mbtuh",null,"Capacity Mbtuh",null,"Capacity Mbtuh",null,"Capacity Mbtuh",null,"Capacity Mbtuh"]
[null,null,"Total","Sens.","Total","Sens.","Total","Sens.","Total","Sens.","Total","Sens.","Total","Sens.","Total","Sens."]
[null,null,null,null,null,null,null,null,null,null,null,null,null,null,null,null,null,"Total Factors",null,null,null,null,null,null,"Sens. %",null,null,null,null,null,null,"IDB Adj",null,null,null,null,null,null,"Sens Calc"]
[1225,71,{"$f":"R8*$K$13","v":26.76923076923077},{"$f":"IF(AM8>C8,C8,AM8)","v":13.384615384615385},{"$f":"S8*$K$13","v":26.523076923076925},{"$f":"IF(AN8>E8,E8,AN8)","v":14.05723076923077},{"$f":"T8*$K$13","v":25.907692307692308},{"$f":"IF(AO8>G8,G8,AO8)","v":15.544615384615383},{"$f":"U8*$K$13","v":25.353846153846156},{"$f":"IF(AP8>I8,I8,AP8)","v":14.958769230769231},{"$f":"V8*$K$13","v":24.799999999999997},{"$f":"IF(AQ8>K8,K8,AQ8)","v":14.383999999999997},{"$f":"W8*$K$13","v":23.446153846153848},{"$f":"IF(AR8>M8,M8,AR8)","v":14.067692307692308},{"$f":"X8*$K$13","v":22.215384615384615},{"$f":"IF(AS8>O8,O8,AS8)","v":14.662153846153846},null,1.1153846153846154,1.1051282051282052,1.0794871794871794,1.0564102564102564,1.0333333333333332,0.97692307692307701,0.92564102564102568,0.5,0.53,0.6,0.59,0.57999999999999996,0.6,0.66,0.72326530612244888,0.92783673469387817,1.1825306122448982,1.0233469387755103,0.87004081632652963,0.82400000000000007,0.78351020408163252,{"$f":"Y8*C8+($A$4-80)*AF8*$A$8/1000","v":13.384615384615385},{"$f":"Z8*E8+($A$4-80)*AG8*$A$8/1000","v":14.05723076923077},{"$f":"AA8*G8+($A$4-80)*AH8*$A$8/1000","v":15.544615384615383},{"$f":"AB8*I8+($A$4-80)*AI8*$A$8/1000","v":14.958769230769231},{"$f":"AC8*K8+($A$4-80)*AJ8*$A$8/1000","v":14.383999999999997},{"$f":"AD8*M8+($A$4-80)*AK8*$A$8/1000","v":14.067692307692308},{"$f":"AE8*O8+($A$4-80)*AL8*$A$8/1000","v":14.662153846153846}]
[null,67,25.661538461538463,17.449846153846156,25.415384615384617,17.28246153846154,24.799999999999997,17.607999999999997,24.246153846153845,17.457230769230769,{"$f":"V9*$K$13","v":23.692307692307693},17.295384615384616,22.338461538461537,16.753846153846155,21.107692307692304,17.097230769230766,null,1.0692307692307692,1.058974358974359,1.0333333333333332,1.0102564102564102,0.98717948717948723,0.93076923076923068,0.87948717948717936,0.68,0.68,0.71,0.72,0.73,0.75,0.81,0.91200000000000092,0.89453061224489727,0.87428571428571378,0.85551020408163236,0.83673469387755162,0.79069387755101983,0.80587755102040814,{"$f":"Y9*C9+($A$4-80)*AF9*$A$8/1000","v":17.449846153846156},{"$f":"Z9*E9+($A$4-80)*AG9*$A$8/1000","v":17.28246153846154},{"$f":"AA9*G9+($A$4-80)*AH9*$A$8/1000","v":17.607999999999997},{"$f":"AB9*I9+($A$4-80)*AI9*$A$8/1000","v":17.457230769230769},{"$f":"AC9*K9+($A$4-80)*AJ9*$A$8/1000","v":17.295384615384616},{"$f":"AD9*M9+($A$4-80)*AK9*$A$8/1000","v":16.753846153846155},{"$f":"AE9*O9+($A$4-80)*AL9*$A$8/1000","v":17.097230769230766}]
[null,63,24.923076923076927,20.43692307692308,24.676923076923082,20.235076923076925,24.061538461538461,20.452307692307691,23.507692307692309,21.744615384615386,{"$f":"V10*$K$13","v":22.95384615384615},22.95384615384615,21.6,21.6,20.369230769230768,20.369230769230768,null,1.0384615384615385,1.0282051282051283,1.0025641025641026,0.97948717948717956,0.95641025641025634,0.9,0.8487179487179487,0.82,0.82,0.85,0.92500000000000004,1,1,1,0.88212244897959269,0.87363265306122484,0.8533877551020409,1.2400000000000004,1.6075102040816323,1.4001632653061225,3.2653061224490264E-2,{"$f":"Y10*C10+($A$4-80)*AF10*$A$8/1000","v":20.43692307692308},{"$f":"Z10*E10+($A$4-80)*AG10*$A$8/1000","v":20.235076923076925},{"$f":"AA10*G10+($A$4-80)*AH10*$A$8/1000","v":20.452307692307691},{"$f":"AB10*I10+($A$4-80)*AI10*$A$8/1000","v":21.744615384615386},{"$f":"AC10*K10+($A$4-80)*AJ10*$A$8/1000","v":22.95384615384615},{"$f":"AD10*M10+($A$4-80)*AK10*$A$8/1000","v":21.6},{"$f":"AE10*O10+($A$4-80)*AL10*$A$8/1000","v":20.369230769230768}]
[null,59,24.553846153846152,24.553846153846152,24.369230769230768,24.369230769230768,23.692307692307693,23.692307692307693,23.138461538461538,23.138461538461538,{"$f":"V11*$K$13","v":22.584615384615386},22.584615384615386,21.292307692307695,21.292307692307695,20.061538461538461,20.061538461538461,null,1.023076923076923,1.0153846153846153,0.98717948717948723,0.96410256410256412,0.94102564102564112,0.88717948717948725,0.83589743589743593,1,1,1,1,1,1,1,1.5234285714285707,4.8979591836735385E-2,3.2653061224490264E-2,3.2653061224490264E-2,3.2653061224490264E-2,4.8979591836735385E-2,3.2653061224490264E-2,{"$f":"Y11*C11+($A$4-80)*AF11*$A$8/1000","v":24.553846153846152},{"$f":"Z11*E11+($A$4-80)*AG11*$A$8/1000","v":24.369230769230768},{"$f":"AA11*G11+($A$4-80)*AH11*$A$8/1000","v":23.692307692307693},{"$f":"AB11*I11+($A$4-80)*AI11*$A$8/1000","v":23.138461538461538},{"$f":"AC11*K11+($A$4-80)*AJ11*$A$8/1000","v":22.584615384615386},{"$f":"AD11*M11+($A$4-80)*AK11*$A$8/1000","v":21.292307692307695},{"$f":"AE11*O11+($A$4-80)*AL11*$A$8/1000","v":20.061538461538461}]
[1400,71,27.076923076923077,16.246153846153845,26.830769230769231,16.098461538461539,26.215384615384618,15.729230769230771,25.661538461538463,15.910153846153847,{"$f":"V12*$K$13","v":25.107692307692304},16.068923076923074,23.753846153846155,16.627692307692307,22.523076923076921,16.216615384615384,null,1.1282051282051282,1.117948717948718,1.0923076923076924,1.0692307692307692,1.046153846153846,0.98974358974358978,0.93846153846153846,0.6,0.6,0.6,0.62,0.64,0.7,0.72,0.89314285714285702,0.82314285714285729,0.68342857142857127,0.72914285714285754,0.77228571428571402,0.95257142857142851,0.69657142857142873,{"$f":"Y12*C12+($A$4-80)*AF12*$A$12/1000","v":16.246153846153845},{"$f":"Z12*E12+($A$4-80)*AG12*$A$12/1000","v":16.098461538461539},{"$f":"AA12*G12+($A$4-80)*AH12*$A$12/1000","v":15.729230769230771},{"$f":"AB12*I12+($A$4-80)*AI12*$A$12/1000","v":15.910153846153847},{"$f":"AC12*K12+($A$4-80)*AJ12*$A$12/1000","v":16.068923076923074},{"$f":"AD12*M12+($A$4-80)*AK12*$A$12/1000","v":16.627692307692307},{"$f":"AE12*O12+($A$4-80)*AL12*$A$12/1000","v":16.216615384615384}]
[null,67,25.969230769230773,19.21723076923077,25.723076923076924,19.035076923076925,25.107692307692304,19.332923076923073,24.553846153846152,19.151999999999997,24,18.96,22.646153846153844,18.343384615384615,21.415384615384614,18.631384615384615,null,1.0820512820512822,1.0717948717948718,1.046153846153846,1.023076923076923,1,0.94358974358974357,0.89230769230769225,0.74,0.74,0.77,0.78,0.79,0.81,0.87,0.80114285714285727,0.79371428571428537,0.77599999999999925,0.75957142857142801,0.74314285714285744,0.70285714285714262,0.66742857142857104,{"$f":"Y13*C13+($A$4-80)*AF13*$A$12/1000","v":19.21723076923077},{"$f":"Z13*E13+($A$4-80)*AG13*$A$12/1000","v":19.035076923076925},{"$f":"AA13*G13+($A$4-80)*AH13*$A$12/1000","v":19.332923076923073},{"$f":"AB13*I13+($A$4-80)*AI13*$A$12/1000","v":19.151999999999997},{"$f":"AC13*K13+($A$4-80)*AJ13*$A$12/1000","v":18.96},{"$f":"AD13*M13+($A$4-80)*AK13*$A$12/1000","v":18.343384615384615},{"$f":"AE13*O13+($A$4-80)*AL13*$A$12/1000","v":18.631384615384615}]
[null,63,25.230769230769234,22.203076923076924,24.984615384615388,22.236307692307697,24.369230769230768,22.175999999999998,23.815384615384616,22.74369230769231,{"$f":"V14*$K$13","v":23.261538461538457},23.261538461538457,21.907692307692308,21.907692307692308,20.676923076923078,20.676923076923078,null,1.0512820512820513,1.0410256410256411,1.0153846153846153,0.99230769230769234,0.96923076923076912,0.91282051282051291,0.86153846153846159,0.88,0.89,0.91,0.95500000000000007,1,1,1,0.78285714285714292,0.77571428571428558,0.75771428571428601,0.934785714285715,1.1028571428571421,2.8571428571428976E-2,2.8571428571428976E-2,{"$f":"Y14*C14+($A$4-80)*AF14*$A$12/1000","v":22.203076923076924},{"$f":"Z14*E14+($A$4-80)*AG14*$A$12/1000","v":22.236307692307697},{"$f":"AA14*G14+($A$4-80)*AH14*$A$12/1000","v":22.175999999999998},{"$f":"AB14*I14+($A$4-80)*AI14*$A$12/1000","v":22.74369230769231},{"$f":"AC14*K14+($A$4-80)*AJ14*$A$12/1000","v":23.261538461538457},{"$f":"AD14*M14+($A$4-80)*AK14*$A$12/1000","v":21.907692307692308},{"$f":"AE14*O14+($A$4-80)*AL14*$A$12/1000","v":20.676923076923078}]
[null,59,24.861538461538458,24.861538461538458,24.676923076923082,24.676923076923082,24,24,23.476923076923075,23.476923076923075,22.95384615384615,22.95384615384615,21.6,21.6,20.369230769230768,20.369230769230768,null,1.0358974358974358,1.0282051282051283,1,0.97820512820512817,0.95641025641025634,0.9,0.8487179487179487,1,1,1,1,1,1,1,1.0048571428571429,2.8571428571428976E-2,2.8571428571428976E-2,3.5714285714285719E-2,4.2857142857142448E-2,2.8571428571428976E-2,2.8571428571428976E-2,{"$f":"Y15*C15+($A$4-80)*AF15*$A$12/1000","v":24.861538461538458},{"$f":"Z15*E15+($A$4-80)*AG15*$A$12/1000","v":24.676923076923082},{"$f":"AA15*G15+($A$4-80)*AH15*$A$12/1000","v":24},{"$f":"AB15*I15+($A$4-80)*AI15*$A$12/1000","v":23.476923076923075},{"$f":"AC15*K15+($A$4-80)*AJ15*$A$12/1000","v":22.95384615384615},{"$f":"AD15*M15+($A$4-80)*AK15*$A$12/1000","v":21.6},{"$f":"AE15*O15+($A$4-80)*AL15*$A$12/1000","v":20.369230769230768}]
[1575,71,27.446153846153845,16.467692307692307,27.261538461538461,17.174769230769229,26.584615384615386,18.60923076923077,26.030769230769231,17.961230769230767,25.476923076923079,17.324307692307695,24.184615384615384,16.929230769230767,22.95384615384615,17.215384615384615,null,1.1435897435897435,1.1358974358974359,1.1076923076923078,1.0846153846153845,1.0615384615384615,1.0076923076923077,0.95641025641025634,0.6,0.63,0.7,0.69,0.68,0.7,0.75,0.63542857142857156,0.7503492063492061,0.94603174603174545,0.81942857142857051,0.69739682539682502,0.66323809523809507,0.63149206349206288,{"$f":"Y16*C16+($A$4-80)*AF16*$A$16/1000","v":16.467692307692307},{"$f":"Z16*E16+($A$4-80)*AG16*$A$16/1000","v":17.174769230769229},{"$f":"AA16*G16+($A$4-80)*AH16*$A$16/1000","v":18.60923076923077},{"$f":"AB16*I16+($A$4-80)*AI16*$A$16/1000","v":17.961230769230767},{"$f":"AC16*K16+($A$4-80)*AJ16*$A$16/1000","v":17.324307692307695},{"$f":"AD16*M16+($A$4-80)*AK16*$A$16/1000","v":16.929230769230767},{"$f":"AE16*O16+($A$4-80)*AL16*$A$16/1000","v":17.215384615384615}]
[null,67,26.338461538461537,20.280615384615384,26.092307692307692,20.352,25.476923076923079,20.636307692307696,24.923076923076927,20.436923076923083,24.369230769230768,20.226461538461535,23.015384615384612,19.56307692307692,21.846153846153847,21.846153846153847,null,1.0974358974358973,1.0871794871794871,1.0615384615384615,1.0384615384615385,1.0153846153846153,0.9589743589743589,0.91025641025641024,0.77,0.78,0.81,0.82000000000000006,0.83,0.85,1,0.72279365079364988,0.71644444444444433,0.70069841269841193,0.68609523809523876,0.67149206349206403,0.6356825396825394,1.0563809523809526,{"$f":"Y17*C17+($A$4-80)*AF17*$A$16/1000","v":20.280615384615384},{"$f":"Z17*E17+($A$4-80)*AG17*$A$16/1000","v":20.352},{"$f":"AA17*G17+($A$4-80)*AH17*$A$16/1000","v":20.636307692307696},{"$f":"AB17*I17+($A$4-80)*AI17*$A$16/1000","v":20.436923076923083},{"$f":"AC17*K17+($A$4-80)*AJ17*$A$16/1000","v":20.226461538461535},{"$f":"AD17*M17+($A$4-80)*AK17*$A$16/1000","v":19.56307692307692},{"$f":"AE17*O17+($A$4-80)*AL17*$A$16/1000","v":21.846153846153847}]
[null,63,25.6,23.296000000000003,25.415384615384617,23.382153846153848,24.738461538461543,24.738461538461543,24.184615384615384,24.184615384615384,23.630769230769229,23.630769230769229,22.338461538461537,22.338461538461537,21.107692307692304,21.107692307692304,null,1.0666666666666667,1.058974358974359,1.0307692307692309,1.0076923076923077,0.98461538461538456,0.93076923076923068,0.87948717948717936,0.91,0.92,1,1,1,1,1,0.70653968253968247,0.70184126984126993,0.93968253968254034,0.86946031746031671,0.80152380952380931,2.5396825396824856E-2,2.5396825396824856E-2,{"$f":"Y18*C18+($A$4-80)*AF18*$A$16/1000","v":23.296000000000003},{"$f":"Z18*E18+($A$4-80)*AG18*$A$16/1000","v":23.382153846153848},{"$f":"AA18*G18+($A$4-80)*AH18*$A$16/1000","v":24.738461538461543},{"$f":"AB18*I18+($A$4-80)*AI18*$A$16/1000","v":24.184615384615384},{"$f":"AC18*K18+($A$4-80)*AJ18*$A$16/1000","v":23.630769230769229},{"$f":"AD18*M18+($A$4-80)*AK18*$A$16/1000","v":22.338461538461537},{"$f":"AE18*O18+($A$4-80)*AL18*$A$16/1000","v":21.107692307692304}]
[null,59,25.292307692307695,25.292307692307695,25.04615384615385,25.04615384615385,24.430769230769236,24.430769230769236,23.876923076923074,23.876923076923074,23.323076923076922,23.323076923076922,21.969230769230769,21.969230769230769,20.738461538461539,20.738461538461539,null,1.0538461538461539,1.0435897435897437,1.0179487179487181,0.99487179487179478,0.97179487179487178,0.91538461538461546,0.86410256410256414,1,1,1,1,1,1,1,0.76342857142857234,2.5396825396825761E-2,2.5396825396825761E-2,2.5396825396824856E-2,2.5396825396824856E-2,2.5396825396825761E-2,2.5396825396825761E-2,{"$f":"Y19*C19+($A$4-80)*AF19*$A$16/1000","v":25.292307692307695},{"$f":"Z19*E19+($A$4-80)*AG19*$A$16/1000","v":25.04615384615385},{"$f":"AA19*G19+($A$4-80)*AH19*$A$16/1000","v":24.430769230769236},{"$f":"AB19*I19+($A$4-80)*AI19*$A$16/1000","v":23.876923076923074},{"$f":"AC19*K19+($A$4-80)*AJ19*$A$16/1000","v":23.323076923076922},{"$f":"AD19*M19+($A$4-80)*AK19*$A$16/1000","v":21.969230769230769},{"$f":"AE19*O19+($A$4-80)*AL19*$A$16/1000","v":20.738461538461539}]

{"sheet":"GSX140_43","index":20,"n_rows":19,"n_cols":45,"rows_kept":19,"cut":false,"hidden":true,"merged":[[130,0,133,0],[120,12,121,12],[120,13,121,13],[120,14,121,14],[120,15,121,15],[122,0,125,0],[126,0,129,0],[119,12,119,13],[119,14,119,15],[120,4,121,4],[120,5,121,5],[120,6,121,6],[120,7,121,7],[120,8,121,8],[120,9,121,9],[120,10,121,10],[120,11,121,11],[119,0,121,0],[119,1,121,1],[119,4,119,5],[119,6,119,7],[119,8,119,9],[119,10,119,11],[111,0,114,0],[117,0,118,1],[117,4,117,15],[118,4,118,5],[118,6,118,7],[118,8,118,9],[118,10,118,11],[118,12,118,13],[118,14,118,15],[101,12,102,12],[101,13,102,13],[101,14,102,14],[101,15,102,15],[103,0,106,0],[107,0,110,0],[100,12,100,13],[100,14,100,15],[101,4,102,4],[101,5,102,5],[101,6,102,6],[101,7,102,7],[101,8,102,8],[101,9,102,9],[101,10,102,10],[101,11,102,11],[100,0,102,0],[100,1,102,1],[100,4,100,5],[100,6,100,7],[100,8,100,9],[100,10,100,11],[92,0,95,0],[98,0,99,1],[98,4,98,15],[99,4,99,5],[99,6,99,7],[99,8,99,9],[99,10,99,11],[99,12,99,13],[99,14,99,15],[82,12,83,12],[82,13,83,13],[82,14,83,14],[82,15,83,15],[84,0,87,0],[88,0,91,0],[81,12,81,13],[81,14,81,15],[82,4,83,4],[82,5,83,5],[82,6,83,6],[82,7,83,7],[82,8,83,8],[82,9,83,9],[82,10,83,10],[82,11,83,11],[81,0,83,0],[81,1,83,1],[81,4,81,5],[81,6,81,7],[81,8,81,9],[81,10,81,11],[73,0,76,0],[79,0,80,1],[79,4,79,15],[80,4,80,5],[80,6,80,7],[80,8,80,9],[80,10,80,11],[80,12,80,13],[80,14,80,15],[63,12,64,12],[63,13,64,13],[63,14,64,14],[63,15,64,15],[65,0,68,0],[69,0,72,0],[62,12,62,13],[62,14,62,15],[63,4,64,4],[63,5,64,5],[63,6,64,6],[63,7,64,7],[63,8,64,8],[63,9,64,9],[63,10,64,10],[63,11,64,11],[62,0,64,0],[62,1,64,1],[62,4,62,5],[62,6,62,7],[62,8,62,9],[62,10,62,11],[54,0,57,0],[60,0,61,1],[60,4,60,15],[61,4,61,5],[61,6,61,7],[61,8,61,9],[61,10,61,11],[61,12,61,13],[61,14,61,15],[44,12,45,12],[44,13,45,13],[44,14,45,14],[44,15,45,15],[46,0,49,0],[50,0,53,0],[43,12,43,13],[43,14,43,15],[44,4,45,4],[44,5,45,5],[44,6,45,6],[44,7,45,7],[44,8,45,8],[44,9,45,9],[44,10,45,10],[44,11,45,11],[43,0,45,0],[43,1,45,1],[43,4,43,5],[43,6,43,7],[43,8,43,9],[43,10,43,11],[35,0,38,0],[41,0,42,1],[41,4,41,15],[42,4,42,5],[42,6,42,7],[42,8,42,9],[42,10,42,11],[42,12,42,13],[42,14,42,15],[25,12,26,12],[25,13,26,13],[25,14,26,14],[25,15,26,15],[27,0,30,0],[31,0,34,0],[24,12,24,13],[24,14,24,15],[25,4,26,4],[25,5,26,5],[25,6,26,6],[25,7,26,7],[25,8,26,8],[25,9,26,9],[25,10,26,10],[25,11,26,11],[24,0,26,0],[24,1,26,1],[24,4,24,5],[24,6,24,7],[24,8,24,9],[24,10,24,11],[7,0,10,0],[11,0,14,0],[15,0,18,0],[22,4,22,15],[23,4,23,5],[23,6,23,7],[23,8,23,9],[23,10,23,11],[23,12,23,13],[23,14,23,15],[5,10,6,10],[5,11,6,11],[5,12,6,12],[5,13,6,13],[5,14,6,14],[5,15,6,15],[4,10,4,11],[4,12,4,13],[4,14,4,15],[5,2,6,2],[5,3,6,3],[5,4,6,4],[5,5,6,5],[5,6,6,6],[5,7,6,7],[5,8,6,8],[4,0,6,0],[4,1,6,1],[4,2,4,3],[4,4,4,5],[4,6,4,7],[4,8,4,9],[5,9,6,9],[2,0,2,1],[2,2,2,15],[3,2,3,3],[3,4,3,5],[3,6,3,7],[3,8,3,9],[3,10,3,11],[3,12,3,13],[3,14,3,15]]}
[]
["GSX140_43"]
["Evaporator Air \n",null,"Condenser  Entering Air Temperature ˚F"]
[80,"°F DB",65,null,75,null,85,null,90,null,95,null,105,null,115]
["CFM","EWB†\n˚F","Capacity Mbtuh",null,"Capacity Mbtuh",null,"Capacity Mbtuh",null,"Capacity Mbtuh",null,"Capacity Mbtuh",null,"Capacity Mbtuh",null,"Capacity Mbtuh"]
[null,null,"Total","Sens.","Total","Sens.","Total","Sens.","Total","Sens.","Total","Sens.","Total","Sens.","Total","Sens."]
[null,null,null,null,null,null,null,null,null,null,null,null,null,null,null,null,null,"Total Factors",null,null,null,null,null,null,"Sens. %",null,null,null,null,null,null,"IDB Adj",null,null,null,null,null,null,"Sens Calc"]
[1225,71,{"$f":"R8*$K$13","v":26.76923076923077},{"$f":"IF(AM8>C8,C8,AM8)","v":13.384615384615385},{"$f":"S8*$K$13","v":26.523076923076925},{"$f":"IF(AN8>E8,E8,AN8)","v":14.05723076923077},{"$f":"T8*$K$13","v":25.907692307692308},{"$f":"IF(AO8>G8,G8,AO8)","v":15.544615384615383},{"$f":"U8*$K$13","v":25.353846153846156},{"$f":"IF(AP8>I8,I8,AP8)","v":14.958769230769231},{"$f":"V8*$K$13","v":24.799999999999997},{"$f":"IF(AQ8>K8,K8,AQ8)","v":14.383999999999997},{"$f":"W8*$K$13","v":23.446153846153848},{"$f":"IF(AR8>M8,M8,AR8)","v":14.067692307692308},{"$f":"X8*$K$13","v":22.215384615384615},{"$f":"IF(AS8>O8,O8,AS8)","v":14.662153846153846},null,1.1153846153846154,1.1051282051282052,1.0794871794871794,1.0564102564102564,1.0333333333333332,0.97692307692307701,0.92564102564102568,0.5,0.53,0.6,0.59,0.57999999999999996,0.6,0.66,0.72326530612244888,0.92783673469387817,1.1825306122448982,1.0233469387755103,0.87004081632652963,0.82400000000000007,0.78351020408163252,{"$f":"Y8*C8+($A$4-80)*AF8*$A$8/1000","v":13.384615384615385},{"$f":"Z8*E8+($A$4-80)*AG8*$A$8/1000","v":14.05723076923077},{"$f":"AA8*G8+($A$4-80)*AH8*$A$8/1000","v":15.544615384615383},{"$f":"AB8*I8+($A$4-80)*AI8*$A$8/1000","v":14.958769230769231},{"$f":"AC8*K8+($A$4-80)*AJ8*$A$8/1000","v":14.383999999999997},{"$f":"AD8*M8+($A$4-80)*AK8*$A$8/1000","v":14.067692307692308},{"$f":"AE8*O8+($A$4-80)*AL8*$A$8/1000","v":14.662153846153846}]
[null,67,25.661538461538463,17.449846153846156,25.415384615384617,17.28246153846154,24.799999999999997,17.607999999999997,24.246153846153845,17.457230769230769,{"$f":"V9*$K$13","v":23.692307692307693},17.295384615384616,22.338461538461537,16.753846153846155,21.107692307692304,17.097230769230766,null,1.0692307692307692,1.058974358974359,1.0333333333333332,1.0102564102564102,0.98717948717948723,0.93076923076923068,0.87948717948717936,0.68,0.68,0.71,0.72,0.73,0.75,0.81,0.91200000000000092,0.89453061224489727,0.87428571428571378,0.85551020408163236,0.83673469387755162,0.79069387755101983,0.80587755102040814,{"$f":"Y9*C9+($A$4-80)*AF9*$A$8/1000","v":17.449846153846156},{"$f":"Z9*E9+($A$4-80)*AG9*$A$8/1000","v":17.28246153846154},{"$f":"AA9*G9+($A$4-80)*AH9*$A$8/1000","v":17.607999999999997},{"$f":"AB9*I9+($A$4-80)*AI9*$A$8/1000","v":17.457230769230769},{"$f":"AC9*K9+($A$4-80)*AJ9*$A$8/1000","v":17.295384615384616},{"$f":"AD9*M9+($A$4-80)*AK9*$A$8/1000","v":16.753846153846155},{"$f":"AE9*O9+($A$4-80)*AL9*$A$8/1000","v":17.097230769230766}]
[null,63,24.923076923076927,20.43692307692308,24.676923076923082,20.235076923076925,24.061538461538461,20.452307692307691,23.507692307692309,21.744615384615386,{"$f":"V10*$K$13","v":22.95384615384615},22.95384615384615,21.6,21.6,20.369230769230768,20.369230769230768,null,1.0384615384615385,1.0282051282051283,1.0025641025641026,0.97948717948717956,0.95641025641025634,0.9,0.8487179487179487,0.82,0.82,0.85,0.92500000000000004,1,1,1,0.88212244897959269,0.87363265306122484,0.8533877551020409,1.2400000000000004,1.6075102040816323,1.4001632653061225,3.2653061224490264E-2,{"$f":"Y10*C10+($A$4-80)*AF10*$A$8/1000","v":20.43692307692308},{"$f":"Z10*E10+($A$4-80)*AG10*$A$8/1000","v":20.235076923076925},{"$f":"AA10*G10+($A$4-80)*AH10*$A$8/1000","v":20.452307692307691},{"$f":"AB10*I10+($A$4-80)*AI10*$A$8/1000","v":21.744615384615386},{"$f":"AC10*K10+($A$4-80)*AJ10*$A$8/1000","v":22.95384615384615},{"$f":"AD10*M10+($A$4-80)*AK10*$A$8/1000","v":21.6},{"$f":"AE10*O10+($A$4-80)*AL10*$A$8/1000","v":20.369230769230768}]
[null,59,24.553846153846152,24.553846153846152,24.369230769230768,24.369230769230768,23.692307692307693,23.692307692307693,23.138461538461538,23.138461538461538,{"$f":"V11*$K$13","v":22.584615384615386},22.584615384615386,21.292307692307695,21.292307692307695,20.061538461538461,20.061538461538461,null,1.023076923076923,1.0153846153846153,0.98717948717948723,0.96410256410256412,0.94102564102564112,0.88717948717948725,0.83589743589743593,1,1,1,1,1,1,1,1.5234285714285707,4.8979591836735385E-2,3.2653061224490264E-2,3.2653061224490264E-2,3.2653061224490264E-2,4.8979591836735385E-2,3.2653061224490264E-2,{"$f":"Y11*C11+($A$4-80)*AF11*$A$8/1000","v":24.553846153846152},{"$f":"Z11*E11+($A$4-80)*AG11*$A$8/1000","v":24.369230769230768},{"$f":"AA11*G11+($A$4-80)*AH11*$A$8/1000","v":23.692307692307693},{"$f":"AB11*I11+($A$4-80)*AI11*$A$8/1000","v":23.138461538461538},{"$f":"AC11*K11+($A$4-80)*AJ11*$A$8/1000","v":22.584615384615386},{"$f":"AD11*M11+($A$4-80)*AK11*$A$8/1000","v":21.292307692307695},{"$f":"AE11*O11+($A$4-80)*AL11*$A$8/1000","v":20.061538461538461}]
[1400,71,27.076923076923077,16.246153846153845,26.830769230769231,16.098461538461539,26.215384615384618,15.729230769230771,25.661538461538463,15.910153846153847,{"$f":"V12*$K$13","v":25.107692307692304},16.068923076923074,23.753846153846155,16.627692307692307,22.523076923076921,16.216615384615384,null,1.1282051282051282,1.117948717948718,1.0923076923076924,1.0692307692307692,1.046153846153846,0.98974358974358978,0.93846153846153846,0.6,0.6,0.6,0.62,0.64,0.7,0.72,0.89314285714285702,0.82314285714285729,0.68342857142857127,0.72914285714285754,0.77228571428571402,0.95257142857142851,0.69657142857142873,{"$f":"Y12*C12+($A$4-80)*AF12*$A$12/1000","v":16.246153846153845},{"$f":"Z12*E12+($A$4-80)*AG12*$A$12/1000","v":16.098461538461539},{"$f":"AA12*G12+($A$4-80)*AH12*$A$12/1000","v":15.729230769230771},{"$f":"AB12*I12+($A$4-80)*AI12*$A$12/1000","v":15.910153846153847},{"$f":"AC12*K12+($A$4-80)*AJ12*$A$12/1000","v":16.068923076923074},{"$f":"AD12*M12+($A$4-80)*AK12*$A$12/1000","v":16.627692307692307},{"$f":"AE12*O12+($A$4-80)*AL12*$A$12/1000","v":16.216615384615384}]
[null,67,25.969230769230773,19.21723076923077,25.723076923076924,19.035076923076925,25.107692307692304,19.332923076923073,24.553846153846152,19.151999999999997,24,18.96,22.646153846153844,18.343384615384615,21.415384615384614,18.631384615384615,null,1.0820512820512822,1.0717948717948718,1.046153846153846,1.023076923076923,1,0.94358974358974357,0.89230769230769225,0.74,0.74,0.77,0.78,0.79,0.81,0.87,0.80114285714285727,0.79371428571428537,0.77599999999999925,0.75957142857142801,0.74314285714285744,0.70285714285714262,0.66742857142857104,{"$f":"Y13*C13+($A$4-80)*AF13*$A$12/1000","v":19.21723076923077},{"$f":"Z13*E13+($A$4-80)*AG13*$A$12/1000","v":19.035076923076925},{"$f":"AA13*G13+($A$4-80)*AH13*$A$12/1000","v":19.332923076923073},{"$f":"AB13*I13+($A$4-80)*AI13*$A$12/1000","v":19.151999999999997},{"$f":"AC13*K13+($A$4-80)*AJ13*$A$12/1000","v":18.96},{"$f":"AD13*M13+($A$4-80)*AK13*$A$12/1000","v":18.343384615384615},{"$f":"AE13*O13+($A$4-80)*AL13*$A$12/1000","v":18.631384615384615}]
[null,63,25.230769230769234,22.203076923076924,24.984615384615388,22.236307692307697,24.369230769230768,22.175999999999998,23.815384615384616,22.74369230769231,{"$f":"V14*$K$13","v":23.261538461538457},23.261538461538457,21.907692307692308,21.907692307692308,20.676923076923078,20.676923076923078,null,1.0512820512820513,1.0410256410256411,1.0153846153846153,0.99230769230769234,0.96923076923076912,0.91282051282051291,0.86153846153846159,0.88,0.89,0.91,0.95500000000000007,1,1,1,0.78285714285714292,0.77571428571428558,0.75771428571428601,0.934785714285715,1.1028571428571421,2.8571428571428976E-2,2.8571428571428976E-2,{"$f":"Y14*C14+($A$4-80)*AF14*$A$12/1000","v":22.203076923076924},{"$f":"Z14*E14+($A$4-80)*AG14*$A$12/1000","v":22.236307692307697},{"$f":"AA14*G14+($A$4-80)*AH14*$A$12/1000","v":22.175999999999998},{"$f":"AB14*I14+($A$4-80)*AI14*$A$12/1000","v":22.74369230769231},{"$f":"AC14*K14+($A$4-80)*AJ14*$A$12/1000","v":23.261538461538457},{"$f":"AD14*M14+($A$4-80)*AK14*$A$12/1000","v":21.907692307692308},{"$f":"AE14*O14+($A$4-80)*AL14*$A$12/1000","v":20.676923076923078}]
[null,59,24.861538461538458,24.861538461538458,24.676923076923082,24.676923076923082,24,24,23.476923076923075,23.476923076923075,22.95384615384615,22.95384615384615,21.6,21.6,20.369230769230768,20.369230769230768,null,1.0358974358974358,1.0282051282051283,1,0.97820512820512817,0.95641025641025634,0.9,0.8487179487179487,1,1,1,1,1,1,1,1.0048571428571429,2.8571428571428976E-2,2.8571428571428976E-2,3.5714285714285719E-2,4.2857142857142448E-2,2.8571428571428976E-2,2.8571428571428976E-2,{"$f":"Y15*C15+($A$4-80)*AF15*$A$12/1000","v":24.861538461538458},{"$f":"Z15*E15+($A$4-80)*AG15*$A$12/1000","v":24.676923076923082},{"$f":"AA15*G15+($A$4-80)*AH15*$A$12/1000","v":24},{"$f":"AB15*I15+($A$4-80)*AI15*$A$12/1000","v":23.476923076923075},{"$f":"AC15*K15+($A$4-80)*AJ15*$A$12/1000","v":22.95384615384615},{"$f":"AD15*M15+($A$4-80)*AK15*$A$12/1000","v":21.6},{"$f":"AE15*O15+($A$4-80)*AL15*$A$12/1000","v":20.369230769230768}]
[1575,71,27.446153846153845,16.467692307692307,27.261538461538461,17.174769230769229,26.584615384615386,18.60923076923077,26.030769230769231,17.961230769230767,25.476923076923079,17.324307692307695,24.184615384615384,16.929230769230767,22.95384615384615,17.215384615384615,null,1.1435897435897435,1.1358974358974359,1.1076923076923078,1.0846153846153845,1.0615384615384615,1.0076923076923077,0.95641025641025634,0.6,0.63,0.7,0.69,0.68,0.7,0.75,0.63542857142857156,0.7503492063492061,0.94603174603174545,0.81942857142857051,0.69739682539682502,0.66323809523809507,0.63149206349206288,{"$f":"Y16*C16+($A$4-80)*AF16*$A$16/1000","v":16.467692307692307},{"$f":"Z16*E16+($A$4-80)*AG16*$A$16/1000","v":17.174769230769229},{"$f":"AA16*G16+($A$4-80)*AH16*$A$16/1000","v":18.60923076923077},{"$f":"AB16*I16+($A$4-80)*AI16*$A$16/1000","v":17.961230769230767},{"$f":"AC16*K16+($A$4-80)*AJ16*$A$16/1000","v":17.324307692307695},{"$f":"AD16*M16+($A$4-80)*AK16*$A$16/1000","v":16.929230769230767},{"$f":"AE16*O16+($A$4-80)*AL16*$A$16/1000","v":17.215384615384615}]
[null,67,26.338461538461537,20.280615384615384,26.092307692307692,20.352,25.476923076923079,20.636307692307696,24.923076923076927,20.436923076923083,24.369230769230768,20.226461538461535,23.015384615384612,19.56307692307692,21.846153846153847,21.846153846153847,null,1.0974358974358973,1.0871794871794871,1.0615384615384615,1.0384615384615385,1.0153846153846153,0.9589743589743589,0.91025641025641024,0.77,0.78,0.81,0.82000000000000006,0.83,0.85,1,0.72279365079364988,0.71644444444444433,0.70069841269841193,0.68609523809523876,0.67149206349206403,0.6356825396825394,1.0563809523809526,{"$f":"Y17*C17+($A$4-80)*AF17*$A$16/1000","v":20.280615384615384},{"$f":"Z17*E17+($A$4-80)*AG17*$A$16/1000","v":20.352},{"$f":"AA17*G17+($A$4-80)*AH17*$A$16/1000","v":20.636307692307696},{"$f":"AB17*I17+($A$4-80)*AI17*$A$16/1000","v":20.436923076923083},{"$f":"AC17*K17+($A$4-80)*AJ17*$A$16/1000","v":20.226461538461535},{"$f":"AD17*M17+($A$4-80)*AK17*$A$16/1000","v":19.56307692307692},{"$f":"AE17*O17+($A$4-80)*AL17*$A$16/1000","v":21.846153846153847}]
[null,63,25.6,23.296000000000003,25.415384615384617,23.382153846153848,24.738461538461543,24.738461538461543,24.184615384615384,24.184615384615384,23.630769230769229,23.630769230769229,22.338461538461537,22.338461538461537,21.107692307692304,21.107692307692304,null,1.0666666666666667,1.058974358974359,1.0307692307692309,1.0076923076923077,0.98461538461538456,0.93076923076923068,0.87948717948717936,0.91,0.92,1,1,1,1,1,0.70653968253968247,0.70184126984126993,0.93968253968254034,0.86946031746031671,0.80152380952380931,2.5396825396824856E-2,2.5396825396824856E-2,{"$f":"Y18*C18+($A$4-80)*AF18*$A$16/1000","v":23.296000000000003},{"$f":"Z18*E18+($A$4-80)*AG18*$A$16/1000","v":23.382153846153848},{"$f":"AA18*G18+($A$4-80)*AH18*$A$16/1000","v":24.738461538461543},{"$f":"AB18*I18+($A$4-80)*AI18*$A$16/1000","v":24.184615384615384},{"$f":"AC18*K18+($A$4-80)*AJ18*$A$16/1000","v":23.630769230769229},{"$f":"AD18*M18+($A$4-80)*AK18*$A$16/1000","v":22.338461538461537},{"$f":"AE18*O18+($A$4-80)*AL18*$A$16/1000","v":21.107692307692304}]
[null,59,25.292307692307695,25.292307692307695,25.04615384615385,25.04615384615385,24.430769230769236,24.430769230769236,23.876923076923074,23.876923076923074,23.323076923076922,23.323076923076922,21.969230769230769,21.969230769230769,20.738461538461539,20.738461538461539,null,1.0538461538461539,1.0435897435897437,1.0179487179487181,0.99487179487179478,0.97179487179487178,0.91538461538461546,0.86410256410256414,1,1,1,1,1,1,1,0.76342857142857234,2.5396825396825761E-2,2.5396825396825761E-2,2.5396825396824856E-2,2.5396825396824856E-2,2.5396825396825761E-2,2.5396825396825761E-2,{"$f":"Y19*C19+($A$4-80)*AF19*$A$16/1000","v":25.292307692307695},{"$f":"Z19*E19+($A$4-80)*AG19*$A$16/1000","v":25.04615384615385},{"$f":"AA19*G19+($A$4-80)*AH19*$A$16/1000","v":24.430769230769236},{"$f":"AB19*I19+($A$4-80)*AI19*$A$16/1000","v":23.876923076923074},{"$f":"AC19*K19+($A$4-80)*AJ19*$A$16/1000","v":23.323076923076922},{"$f":"AD19*M19+($A$4-80)*AK19*$A$16/1000","v":21.969230769230769},{"$f":"AE19*O19+($A$4-80)*AL19*$A$16/1000","v":20.738461538461539}]

{"sheet":"GSX140_48","index":21,"n_rows":19,"n_cols":45,"rows_kept":19,"cut":false,"hidden":true,"merged":[[2,0,2,1],[2,2,2,15],[3,2,3,3],[3,4,3,5],[3,6,3,7],[3,8,3,9],[3,10,3,11],[3,12,3,13],[3,14,3,15],[5,2,6,2],[5,3,6,3],[5,4,6,4],[5,5,6,5],[5,6,6,6],[5,7,6,7],[5,8,6,8],[4,0,6,0],[4,1,6,1],[4,2,4,3],[4,4,4,5],[4,6,4,7],[4,8,4,9],[5,9,6,9],[5,10,6,10],[5,11,6,11],[5,12,6,12],[5,13,6,13],[5,14,6,14],[5,15,6,15],[4,10,4,11],[4,12,4,13],[4,14,4,15],[7,0,10,0],[11,0,14,0],[15,0,18,0],[22,4,22,15],[23,4,23,5],[23,6,23,7],[23,8,23,9],[23,10,23,11],[23,12,23,13],[23,14,23,15],[25,12,26,12],[25,13,26,13],[25,14,26,14],[25,15,26,15],[27,0,30,0],[31,0,34,0],[24,12,24,13],[24,14,24,15],[25,4,26,4],[25,5,26,5],[25,6,26,6],[25,7,26,7],[25,8,26,8],[25,9,26,9],[25,10,26,10],[25,11,26,11],[24,0,26,0],[24,1,26,1],[24,4,24,5],[24,6,24,7],[24,8,24,9],[24,10,24,11],[35,0,38,0],[41,0,42,1],[41,4,41,15],[42,4,42,5],[42,6,42,7],[42,8,42,9],[42,10,42,11],[42,12,42,13],[42,14,42,15],[44,12,45,12],[44,13,45,13],[44,14,45,14],[44,15,45,15],[46,0,49,0],[50,0,53,0],[43,12,43,13],[43,14,43,15],[44,4,45,4],[44,5,45,5],[44,6,45,6],[44,7,45,7],[44,8,45,8],[44,9,45,9],[44,10,45,10],[44,11,45,11],[43,0,45,0],[43,1,45,1],[43,4,43,5],[43,6,43,7],[43,8,43,9],[43,10,43,11],[54,0,57,0],[60,0,61,1],[60,4,60,15],[61,4,61,5],[61,6,61,7],[61,8,61,9],[61,10,61,11],[61,12,61,13],[61,14,61,15],[63,12,64,12],[63,13,64,13],[63,14,64,14],[63,15,64,15],[65,0,68,0],[69,0,72,0],[62,12,62,13],[62,14,62,15],[63,4,64,4],[63,5,64,5],[63,6,64,6],[63,7,64,7],[63,8,64,8],[63,9,64,9],[63,10,64,10],[63,11,64,11],[62,0,64,0],[62,1,64,1],[62,4,62,5],[62,6,62,7],[62,8,62,9],[62,10,62,11],[73,0,76,0],[79,0,80,1],[79,4,79,15],[80,4,80,5],[80,6,80,7],[80,8,80,9],[80,10,80,11],[80,12,80,13],[80,14,80,15],[82,12,83,12],[82,13,83,13],[82,14,83,14],[82,15,83,15],[84,0,87,0],[88,0,91,0],[81,12,81,13],[81,14,81,15],[82,4,83,4],[82,5,83,5],[82,6,83,6],[82,7,83,7],[82,8,83,8],[82,9,83,9],[82,10,83,10],[82,11,83,11],[81,0,83,0],[81,1,83,1],[81,4,81,5],[81,6,81,7],[81,8,81,9],[81,10,81,11],[92,0,95,0],[98,0,99,1],[98,4,98,15],[99,4,99,5],[99,6,99,7],[99,8,99,9],[99,10,99,11],[99,12,99,13],[99,14,99,15],[101,12,102,12],[101,13,102,13],[101,14,102,14],[101,15,102,15],[103,0,106,0],[107,0,110,0],[100,12,100,13],[100,14,100,15],[101,4,102,4],[101,5,102,5],[101,6,102,6],[101,7,102,7],[101,8,102,8],[101,9,102,9],[101,10,102,10],[101,11,102,11],[100,0,102,0],[100,1,102,1],[100,4,100,5],[100,6,100,7],[100,8,100,9],[100,10,100,11],[111,0,114,0],[117,0,118,1],[117,4,117,15],[118,4,118,5],[118,6,118,7],[118,8,118,9],[118,10,118,11],[118,12,118,13],[118,14,118,15],[130,0,133,0],[120,12,121,12],[120,13,121,13],[120,14,121,14],[120,15,121,15],[122,0,125,0],[126,0,129,0],[119,12,119,13],[119,14,119,15],[120,4,121,4],[120,5,121,5],[120,6,121,6],[120,7,121,7],[120,8,121,8],[120,9,121,9],[120,10,121,10],[120,11,121,11],[119,0,121,0],[119,1,121,1],[119,4,119,5],[119,6,119,7],[119,8,119,9],[119,10,119,11]]}
[]
["GSX140_48"]
["Evaporator Air \n",null,"Condenser  Entering Air Temperature ˚F"]
[80,"°F DB",65,null,75,null,85,null,90,null,95,null,105,null,115]
["CFM","EWB†\n˚F","Capacity Mbtuh",null,"Capacity Mbtuh",null,"Capacity Mbtuh",null,"Capacity Mbtuh",null,"Capacity Mbtuh",null,"Capacity Mbtuh",null,"Capacity Mbtuh"]
[null,null,"Total","Sens.","Total","Sens.","Total","Sens.","Total","Sens.","Total","Sens.","Total","Sens.","Total","Sens."]
[null,null,null,null,null,null,null,null,null,null,null,null,null,null,null,null,null,"Total Factors",null,null,null,null,null,null,"Sens. %",null,null,null,null,null,null,"IDB Adj",null,null,null,null,null,null,"Sens Calc"]
[1400,71,{"$f":"R8*$K$13","v":26.795604395604396},{"$f":"IF(AM8>C8,C8,AM8)","v":13.397802197802198},{"$f":"S8*$K$13","v":26.584615384615386},{"$f":"IF(AN8>E8,E8,AN8)","v":13.824000000000002},{"$f":"T8*$K$13","v":25.951648351648355},{"$f":"IF(AO8>G8,G8,AO8)","v":15.570989010989013},{"$f":"U8*$K$13","v":25.3978021978022},{"$f":"IF(AP8>I8,I8,AP8)","v":14.857714285714286},{"$f":"V8*$K$13","v":24.843956043956048},{"$f":"IF(AQ8>K8,K8,AQ8)","v":14.161054945054946},{"$f":"W8*$K$13","v":23.525274725274727},{"$f":"IF(AR8>M8,M8,AR8)","v":14.115164835164835},{"$f":"X8*$K$13","v":22.312087912087911},{"$f":"IF(AS8>O8,O8,AS8)","v":14.279736263736263},null,1.1164835164835165,1.1076923076923078,1.0813186813186815,1.0582417582417583,1.0351648351648353,0.98021978021978029,0.92967032967032959,0.5,0.52,0.6,0.58499999999999996,0.56999999999999995,0.6,0.64,0.80942857142857094,0.875428571428571,1.2771428571428574,1.0784642857142859,0.88728571428571412,0.90514285714285736,0.80742857142857105,{"$f":"Y8*C8+($A$4-80)*AF8*$A$8/1000","v":13.397802197802198},{"$f":"Z8*E8+($A$4-80)*AG8*$A$8/1000","v":13.824000000000002},{"$f":"AA8*G8+($A$4-80)*AH8*$A$8/1000","v":15.570989010989013},{"$f":"AB8*I8+($A$4-80)*AI8*$A$8/1000","v":14.857714285714286},{"$f":"AC8*K8+($A$4-80)*AJ8*$A$8/1000","v":14.161054945054946},{"$f":"AD8*M8+($A$4-80)*AK8*$A$8/1000","v":14.115164835164835},{"$f":"AE8*O8+($A$4-80)*AL8*$A$8/1000","v":14.279736263736263}]
[null,67,25.687912087912089,16.954021978021981,25.476923076923079,16.814769230769233,24.843956043956048,17.142329670329673,24.290109890109889,17.003076923076922,{"$f":"V9*$K$13","v":23.736263736263737},16.852747252747253,22.417582417582416,16.364835164835164,21.204395604395607,16.539428571428573,null,1.0703296703296703,1.0615384615384615,1.0351648351648353,1.012087912087912,0.98901098901098905,0.93406593406593408,0.8835164835164836,0.66,0.66,0.69,0.7,0.71,0.73,0.78,0.91957142857142882,0.84342857142857086,0.89071428571428468,0.87149999999999994,0.85228571428571454,0.81499999999999961,0.71742857142857175,{"$f":"Y9*C9+($A$4-80)*AF9*$A$8/1000","v":16.954021978021981},{"$f":"Z9*E9+($A$4-80)*AG9*$A$8/1000","v":16.814769230769233},{"$f":"AA9*G9+($A$4-80)*AH9*$A$8/1000","v":17.142329670329673},{"$f":"AB9*I9+($A$4-80)*AI9*$A$8/1000","v":17.003076923076922},{"$f":"AC9*K9+($A$4-80)*AJ9*$A$8/1000","v":16.852747252747253},{"$f":"AD9*M9+($A$4-80)*AK9*$A$8/1000","v":16.364835164835164},{"$f":"AE9*O9+($A$4-80)*AL9*$A$8/1000","v":16.539428571428573}]
[null,63,24.949450549450546,19.710065934065931,24.738461538461536,19.790769230769229,24.105494505494505,19.766505494505495,23.551648351648357,19.547868131868135,{"$f":"V10*$K$13","v":22.997802197802198},19.318153846153844,21.67912087912088,21.67912087912088,20.465934065934064,20.465934065934064,null,1.0395604395604394,1.0307692307692307,1.0043956043956044,0.9813186813186815,0.95824175824175828,0.90329670329670331,0.85274725274725272,0.79,0.8,0.82,0.83,0.84,1,1,0.8299999999999994,0.89014285714285679,0.80342857142857127,0.7857142857142857,0.76800000000000079,1.5477142857142863,4.2857142857142448E-2,{"$f":"Y10*C10+($A$4-80)*AF10*$A$8/1000","v":19.710065934065931},{"$f":"Z10*E10+($A$4-80)*AG10*$A$8/1000","v":19.790769230769229},{"$f":"AA10*G10+($A$4-80)*AH10*$A$8/1000","v":19.766505494505495},{"$f":"AB10*I10+($A$4-80)*AI10*$A$8/1000","v":19.547868131868135},{"$f":"AC10*K10+($A$4-80)*AJ10*$A$8/1000","v":19.318153846153844},{"$f":"AD10*M10+($A$4-80)*AK10*$A$8/1000","v":21.67912087912088},{"$f":"AE10*O10+($A$4-80)*AL10*$A$8/1000","v":20.465934065934064}]
[null,59,24.632967032967038,24.632967032967038,24.42197802197802,24.42197802197802,23.78901098901099,23.78901098901099,23.235164835164831,23.235164835164831,{"$f":"V11*$K$13","v":22.681318681318679},22.681318681318679,21.309890109890109,21.309890109890109,20.096703296703296,20.096703296703296,null,1.0263736263736265,1.0175824175824175,0.99120879120879124,0.96813186813186802,0.94505494505494503,0.88791208791208787,0.83736263736263739,1,1,1,1,1,1,1,1.7662857142857149,1.6857142857142855,4.2857142857143468E-2,4.2857142857142448E-2,4.2857142857142448E-2,2.857142857142796E-2,2.8571428571428976E-2,{"$f":"Y11*C11+($A$4-80)*AF11*$A$8/1000","v":24.632967032967038},{"$f":"Z11*E11+($A$4-80)*AG11*$A$8/1000","v":24.42197802197802},{"$f":"AA11*G11+($A$4-80)*AH11*$A$8/1000","v":23.78901098901099},{"$f":"AB11*I11+($A$4-80)*AI11*$A$8/1000","v":23.235164835164831},{"$f":"AC11*K11+($A$4-80)*AJ11*$A$8/1000","v":22.681318681318679},{"$f":"AD11*M11+($A$4-80)*AK11*$A$8/1000","v":21.309890109890109},{"$f":"AE11*O11+($A$4-80)*AL11*$A$8/1000","v":20.096703296703296}]
[1550,71,27.059340659340659,16.235604395604394,26.848351648351649,15.303560439560439,26.215384615384618,15.729230769230771,25.661538461538466,15.525230769230772,{"$f":"V12*$K$13","v":25.107692307692311},15.315692307692309,23.78901098901099,14.273406593406593,22.575824175824174,15.351560439560439,null,1.1274725274725275,1.1186813186813187,1.0923076923076924,1.0692307692307694,1.0461538461538462,0.99120879120879124,0.94065934065934065,0.6,0.56999999999999995,0.6,0.60499999999999998,0.61,0.6,0.68,1.0704516129032251,0.86516129032258049,0.84580645161290358,0.7970645161290324,0.749677419354839,0.54348387096774198,0.6843870967741934,{"$f":"Y12*C12+($A$4-80)*AF12*$A$12/1000","v":16.235604395604394},{"$f":"Z12*E12+($A$4-80)*AG12*$A$12/1000","v":15.303560439560439},{"$f":"AA12*G12+($A$4-80)*AH12*$A$12/1000","v":15.729230769230771},{"$f":"AB12*I12+($A$4-80)*AI12*$A$12/1000","v":15.525230769230772},{"$f":"AC12*K12+($A$4-80)*AJ12*$A$12/1000","v":15.315692307692309},{"$f":"AD12*M12+($A$4-80)*AK12*$A$12/1000","v":14.273406593406593},{"$f":"AE12*O12+($A$4-80)*AL12*$A$12/1000","v":15.351560439560439}]
[null,67,25.951648351648355,18.166153846153847,25.740659340659342,18.275868131868133,25.107692307692311,18.328615384615386,24.553846153846152,18.169846153846152,24,18,22.681318681318679,17.464615384615382,21.415384615384617,17.560615384615385,null,1.0813186813186815,1.0725274725274725,1.0461538461538462,1.023076923076923,1,0.94505494505494503,0.89230769230769236,0.7,0.71,0.73,0.74,0.75,0.77,0.82,0.77677419354838706,0.84103225806451576,0.76064516129032245,0.74077419354838658,0.72077419354838734,0.69096774193548349,0.64670967741935537,{"$f":"Y13*C13+($A$4-80)*AF13*$A$12/1000","v":18.166153846153847},{"$f":"Z13*E13+($A$4-80)*AG13*$A$12/1000","v":18.275868131868133},{"$f":"AA13*G13+($A$4-80)*AH13*$A$12/1000","v":18.328615384615386},{"$f":"AB13*I13+($A$4-80)*AI13*$A$12/1000","v":18.169846153846152},{"$f":"AC13*K13+($A$4-80)*AJ13*$A$12/1000","v":18},{"$f":"AD13*M13+($A$4-80)*AK13*$A$12/1000","v":17.464615384615382},{"$f":"AE13*O13+($A$4-80)*AL13*$A$12/1000","v":17.560615384615385}]
[null,63,25.213186813186816,20.926945054945055,25.002197802197806,21.001846153846156,24.369230769230775,20.957538461538466,23.81538461538462,22.148307692307696,{"$f":"V14*$K$13","v":23.261538461538461},23.261538461538461,21.942857142857143,21.942857142857143,20.729670329670327,20.729670329670327,null,1.0505494505494506,1.0417582417582418,1.0153846153846156,0.99230769230769245,0.96923076923076923,0.91428571428571437,0.86373626373626367,0.83,0.84,0.86,0.92999999999999994,1,1,1,0.75845161290322494,0.75251612903225729,0.73445161290322591,1.0679999999999994,1.3852903225806454,1.2110967741935488,3.8709677419354466E-2,{"$f":"Y14*C14+($A$4-80)*AF14*$A$12/1000","v":20.926945054945055},{"$f":"Z14*E14+($A$4-80)*AG14*$A$12/1000","v":21.001846153846156},{"$f":"AA14*G14+($A$4-80)*AH14*$A$12/1000","v":20.957538461538466},{"$f":"AB14*I14+($A$4-80)*AI14*$A$12/1000","v":22.148307692307696},{"$f":"AC14*K14+($A$4-80)*AJ14*$A$12/1000","v":23.261538461538461},{"$f":"AD14*M14+($A$4-80)*AK14*$A$12/1000","v":21.942857142857143},{"$f":"AE14*O14+($A$4-80)*AL14*$A$12/1000","v":20.729670329670327}]
[null,59,24.896703296703301,24.896703296703301,24.685714285714283,24.685714285714283,24,24,23.472527472527471,23.472527472527471,22.945054945054945,22.945054945054945,21.573626373626372,21.573626373626372,20.360439560439559,20.360439560439559,null,1.0373626373626375,1.0285714285714285,1,0.97802197802197799,0.95604395604395609,0.89890109890109882,0.84835164835164834,1,1,1,1,1,1,1,1.3095483870967743,1.2987096774193545,2.5806451612903594E-2,3.2258064516129031E-2,3.8709677419354466E-2,2.5806451612902678E-2,2.5806451612903594E-2,{"$f":"Y15*C15+($A$4-80)*AF15*$A$12/1000","v":24.896703296703301},{"$f":"Z15*E15+($A$4-80)*AG15*$A$12/1000","v":24.685714285714283},{"$f":"AA15*G15+($A$4-80)*AH15*$A$12/1000","v":24},{"$f":"AB15*I15+($A$4-80)*AI15*$A$12/1000","v":23.472527472527471},{"$f":"AC15*K15+($A$4-80)*AJ15*$A$12/1000","v":22.945054945054945},{"$f":"AD15*M15+($A$4-80)*AK15*$A$12/1000","v":21.573626373626372},{"$f":"AE15*O15+($A$4-80)*AL15*$A$12/1000","v":20.360439560439559}]
[1800,71,27.586813186813185,16.552087912087909,27.375824175824174,16.425494505494505,26.742857142857144,16.045714285714286,26.189010989010992,16.368131868131869,25.635164835164836,16.662857142857145,24.263736263736263,16.984615384615381,23.05054945054945,16.596395604395603,null,1.1494505494505494,1.1406593406593406,1.1142857142857143,1.0912087912087913,1.0681318681318681,1.0109890109890109,0.96043956043956047,0.6,0.6,0.6,0.625,0.65,0.7,0.72,0.77111111111111075,0.70799999999999963,0.58000000000000018,0.6514166666666672,0.71933333333333371,0.77888888888888819,0.59600000000000053,{"$f":"Y16*C16+($A$4-80)*AF16*$A$16/1000","v":16.552087912087909},{"$f":"Z16*E16+($A$4-80)*AG16*$A$16/1000","v":16.425494505494505},{"$f":"AA16*G16+($A$4-80)*AH16*$A$16/1000","v":16.045714285714286},{"$f":"AB16*I16+($A$4-80)*AI16*$A$16/1000","v":16.368131868131869},{"$f":"AC16*K16+($A$4-80)*AJ16*$A$16/1000","v":16.662857142857145},{"$f":"AD16*M16+($A$4-80)*AK16*$A$16/1000","v":16.984615384615381},{"$f":"AE16*O16+($A$4-80)*AL16*$A$16/1000","v":16.596395604395603}]
[null,67,26.479120879120881,19.594549450549451,26.268131868131867,19.701098901098902,25.582417582417584,19.69846153846154,25.054945054945058,19.542857142857144,24.527472527472526,19.376703296703297,23.156043956043955,18.756395604395607,21.942857142857143,18.870857142857144,null,1.1032967032967034,1.0945054945054944,1.0659340659340659,1.043956043956044,1.0219780219780219,0.96483516483516485,0.91428571428571437,0.74,0.75,0.77,0.78,0.79,0.81,0.86,0.6900000000000005,0.73999999999999921,0.66111111111111109,0.65166666666666695,0.64233333333333276,0.60066666666666746,0.57111111111111168,{"$f":"Y17*C17+($A$4-80)*AF17*$A$16/1000","v":19.594549450549451},{"$f":"Z17*E17+($A$4-80)*AG17*$A$16/1000","v":19.701098901098902},{"$f":"AA17*G17+($A$4-80)*AH17*$A$16/1000","v":19.69846153846154},{"$f":"AB17*I17+($A$4-80)*AI17*$A$16/1000","v":19.542857142857144},{"$f":"AC17*K17+($A$4-80)*AJ17*$A$16/1000","v":19.376703296703297},{"$f":"AD17*M17+($A$4-80)*AK17*$A$16/1000","v":18.756395604395607},{"$f":"AE17*O17+($A$4-80)*AL17*$A$16/1000","v":18.870857142857144}]
[null,63,25.740659340659342,22.394373626373628,25.529670329670331,22.466109890109891,24.896703296703301,22.407032967032972,24.342857142857149,23.125714285714292,23.78901098901099,23.78901098901099,22.417582417582416,22.417582417582416,21.204395604395607,21.204395604395607,null,1.0725274725274725,1.0637362637362637,1.0373626373626375,1.0142857142857145,0.99120879120879124,0.93406593406593408,0.8835164835164836,0.87,0.88,0.9,0.95,1,1,1,0.6756666666666663,0.67066666666666608,0.65533333333333377,0.84677777777777796,1.0288888888888894,0.86822222222222301,2.2222222222222539E-2,{"$f":"Y18*C18+($A$4-80)*AF18*$A$16/1000","v":22.394373626373628},{"$f":"Z18*E18+($A$4-80)*AG18*$A$16/1000","v":22.466109890109891},{"$f":"AA18*G18+($A$4-80)*AH18*$A$16/1000","v":22.407032967032972},{"$f":"AB18*I18+($A$4-80)*AI18*$A$16/1000","v":23.125714285714292},{"$f":"AC18*K18+($A$4-80)*AJ18*$A$16/1000","v":23.78901098901099},{"$f":"AD18*M18+($A$4-80)*AK18*$A$16/1000","v":22.417582417582416},{"$f":"AE18*O18+($A$4-80)*AL18*$A$16/1000","v":21.204395604395607}]
[null,59,25.371428571428574,25.371428571428574,25.160439560439563,25.160439560439563,24.527472527472526,24.527472527472526,23.973626373626377,23.973626373626377,23.419780219780218,23.419780219780218,22.101098901098901,22.101098901098901,20.887912087912088,20.887912087912088,null,1.0571428571428572,1.0483516483516484,1.0219780219780219,0.99890109890109902,0.9758241758241758,0.92087912087912083,0.87032967032967035,1,1,1,1,1,1,1,0.98022222222222255,2.2222222222222539E-2,2.2222222222222539E-2,2.2222222222222539E-2,2.2222222222221748E-2,2.2222222222221748E-2,3.3333333333333812E-2,{"$f":"Y19*C19+($A$4-80)*AF19*$A$16/1000","v":25.371428571428574},{"$f":"Z19*E19+($A$4-80)*AG19*$A$16/1000","v":25.160439560439563},{"$f":"AA19*G19+($A$4-80)*AH19*$A$16/1000","v":24.527472527472526},{"$f":"AB19*I19+($A$4-80)*AI19*$A$16/1000","v":23.973626373626377},{"$f":"AC19*K19+($A$4-80)*AJ19*$A$16/1000","v":23.419780219780218},{"$f":"AD19*M19+($A$4-80)*AK19*$A$16/1000","v":22.101098901098901},{"$f":"AE19*O19+($A$4-80)*AL19*$A$16/1000","v":20.887912087912088}]

{"sheet":"GSX140_60","index":22,"n_rows":19,"n_cols":45,"rows_kept":19,"cut":false,"hidden":true,"merged":[[2,0,2,1],[2,2,2,15],[3,2,3,3],[3,4,3,5],[3,6,3,7],[3,8,3,9],[3,10,3,11],[3,12,3,13],[3,14,3,15],[5,2,6,2],[5,3,6,3],[5,4,6,4],[5,5,6,5],[5,6,6,6],[5,7,6,7],[5,8,6,8],[4,0,6,0],[4,1,6,1],[4,2,4,3],[4,4,4,5],[4,6,4,7],[4,8,4,9],[5,9,6,9],[5,10,6,10],[5,11,6,11],[5,12,6,12],[5,13,6,13],[5,14,6,14],[5,15,6,15],[4,10,4,11],[4,12,4,13],[4,14,4,15],[7,0,10,0],[11,0,14,0],[15,0,18,0],[22,4,22,15],[23,4,23,5],[23,6,23,7],[23,8,23,9],[23,10,23,11],[23,12,23,13],[23,14,23,15],[25,12,26,12],[25,13,26,13],[25,14,26,14],[25,15,26,15],[27,0,30,0],[31,0,34,0],[24,12,24,13],[24,14,24,15],[25,4,26,4],[25,5,26,5],[25,6,26,6],[25,7,26,7],[25,8,26,8],[25,9,26,9],[25,10,26,10],[25,11,26,11],[24,0,26,0],[24,1,26,1],[24,4,24,5],[24,6,24,7],[24,8,24,9],[24,10,24,11],[35,0,38,0],[41,0,42,1],[41,4,41,15],[42,4,42,5],[42,6,42,7],[42,8,42,9],[42,10,42,11],[42,12,42,13],[42,14,42,15],[44,12,45,12],[44,13,45,13],[44,14,45,14],[44,15,45,15],[46,0,49,0],[50,0,53,0],[43,12,43,13],[43,14,43,15],[44,4,45,4],[44,5,45,5],[44,6,45,6],[44,7,45,7],[44,8,45,8],[44,9,45,9],[44,10,45,10],[44,11,45,11],[43,0,45,0],[43,1,45,1],[43,4,43,5],[43,6,43,7],[43,8,43,9],[43,10,43,11],[54,0,57,0],[60,0,61,1],[60,4,60,15],[61,4,61,5],[61,6,61,7],[61,8,61,9],[61,10,61,11],[61,12,61,13],[61,14,61,15],[63,12,64,12],[63,13,64,13],[63,14,64,14],[63,15,64,15],[65,0,68,0],[69,0,72,0],[62,12,62,13],[62,14,62,15],[63,4,64,4],[63,5,64,5],[63,6,64,6],[63,7,64,7],[63,8,64,8],[63,9,64,9],[63,10,64,10],[63,11,64,11],[62,0,64,0],[62,1,64,1],[62,4,62,5],[62,6,62,7],[62,8,62,9],[62,10,62,11],[73,0,76,0],[79,0,80,1],[79,4,79,15],[80,4,80,5],[80,6,80,7],[80,8,80,9],[80,10,80,11],[80,12,80,13],[80,14,80,15],[82,12,83,12],[82,13,83,13],[82,14,83,14],[82,15,83,15],[84,0,87,0],[88,0,91,0],[81,12,81,13],[81,14,81,15],[82,4,83,4],[82,5,83,5],[82,6,83,6],[82,7,83,7],[82,8,83,8],[82,9,83,9],[82,10,83,10],[82,11,83,11],[81,0,83,0],[81,1,83,1],[81,4,81,5],[81,6,81,7],[81,8,81,9],[81,10,81,11],[92,0,95,0],[98,0,99,1],[98,4,98,15],[99,4,99,5],[99,6,99,7],[99,8,99,9],[99,10,99,11],[99,12,99,13],[99,14,99,15],[101,12,102,12],[101,13,102,13],[101,14,102,14],[101,15,102,15],[103,0,106,0],[107,0,110,0],[100,12,100,13],[100,14,100,15],[101,4,102,4],[101,5,102,5],[101,6,102,6],[101,7,102,7],[101,8,102,8],[101,9,102,9],[101,10,102,10],[101,11,102,11],[100,0,102,0],[100,1,102,1],[100,4,100,5],[100,6,100,7],[100,8,100,9],[100,10,100,11],[111,0,114,0],[117,0,118,1],[117,4,117,15],[118,4,118,5],[118,6,118,7],[118,8,118,9],[118,10,118,11],[118,12,118,13],[118,14,118,15],[130,0,133,0],[120,12,121,12],[120,13,121,13],[120,14,121,14],[120,15,121,15],[122,0,125,0],[126,0,129,0],[119,12,119,13],[119,14,119,15],[120,4,121,4],[120,5,121,5],[120,6,121,6],[120,7,121,7],[120,8,121,8],[120,9,121,9],[120,10,121,10],[120,11,121,11],[119,0,121,0],[119,1,121,1],[119,4,119,5],[119,6,119,7],[119,8,119,9],[119,10,119,11]]}
[]
["GSX140_60"]
["Evaporator Air \n",null,"Condenser  Entering Air Temperature ˚F"]
[80,"°F DB",65,null,75,null,85,null,90,null,95,null,105,null,115]
["CFM","EWB†\n˚F","Capacity Mbtuh",null,"Capacity Mbtuh",null,"Capacity Mbtuh",null,"Capacity Mbtuh",null,"Capacity Mbtuh",null,"Capacity Mbtuh",null,"Capacity Mbtuh"]
[null,null,"Total","Sens.","Total","Sens.","Total","Sens.","Total","Sens.","Total","Sens.","Total","Sens.","Total","Sens."]
[null,null,null,null,null,null,null,null,null,null,null,null,null,null,null,null,null,"Total Factors",null,null,null,null,null,null,"Sens. %",null,null,null,null,null,null,"IDB Adj",null,null,null,null,null,null,"Sens Calc"]
[1550,71,{"$f":"R8*$K$13","v":26.652849740932645},{"$f":"IF(AM8>C8,C8,AM8)","v":13.326424870466322},{"$f":"S8*$K$13","v":26.445595854922281},{"$f":"IF(AN8>E8,E8,AN8)","v":14.016165803108811},{"$f":"T8*$K$13","v":25.823834196891191},{"$f":"IF(AO8>G8,G8,AO8)","v":15.494300518134715},{"$f":"U8*$K$13","v":25.264248704663217},{"$f":"IF(AP8>I8,I8,AP8)","v":14.77958549222798},{"$f":"V8*$K$13","v":24.704663212435236},{"$f":"IF(AQ8>K8,K8,AQ8)","v":14.081658031088082},{"$f":"W8*$K$13","v":23.419689119170982},{"$f":"IF(AR8>M8,M8,AR8)","v":14.051813471502589},{"$f":"X8*$K$13","v":22.217616580310882},{"$f":"IF(AS8>O8,O8,AS8)","v":14.219274611398964},null,1.1105354058721935,1.1018998272884284,1.075993091537133,1.0526770293609673,1.0293609671848014,0.97582037996545767,0.92573402417962003,0.5,0.53,0.6,0.58499999999999996,0.56999999999999995,0.6,0.64,0.76258064516129032,1.003741935483871,1.303225806451612,1.0791290322580642,0.86374193548387124,0.89341935483870949,0.85006451612903233,{"$f":"Y8*C8+($A$4-80)*AF8*$A$8/1000","v":13.326424870466322},{"$f":"Z8*E8+($A$4-80)*AG8*$A$8/1000","v":14.016165803108811},{"$f":"AA8*G8+($A$4-80)*AH8*$A$8/1000","v":15.494300518134715},{"$f":"AB8*I8+($A$4-80)*AI8*$A$8/1000","v":14.77958549222798},{"$f":"AC8*K8+($A$4-80)*AJ8*$A$8/1000","v":14.081658031088082},{"$f":"AD8*M8+($A$4-80)*AK8*$A$8/1000","v":14.051813471502589},{"$f":"AE8*O8+($A$4-80)*AL8*$A$8/1000","v":14.219274611398964}]
[null,67,25.533678756476686,16.852227979274613,25.326424870466326,16.715440414507775,24.704663212435236,17.046217616580311,24.165803108808287,16.795233160621759,{"$f":"V9*$K$13","v":23.626943005181349},16.538860103626945,22.300518134715023,16.056373056994815,21.098445595854923,16.245803108808289,null,1.0639032815198619,1.0552677029360968,1.0293609671848014,1.006908462867012,0.98445595854922285,0.92918825561312601,0.87910189982728848,0.66,0.66,0.69,0.69499999999999995,0.7,0.72,0.77,0.97470967741935499,0.88851612903225852,0.9449032258064517,0.88754838709677353,0.83187096774193492,0.78722580645161278,0.74799999999999955,{"$f":"Y9*C9+($A$4-80)*AF9*$A$8/1000","v":16.852227979274613},{"$f":"Z9*E9+($A$4-80)*AG9*$A$8/1000","v":16.715440414507775},{"$f":"AA9*G9+($A$4-80)*AH9*$A$8/1000","v":17.046217616580311},{"$f":"AB9*I9+($A$4-80)*AI9*$A$8/1000","v":16.795233160621759},{"$f":"AC9*K9+($A$4-80)*AJ9*$A$8/1000","v":16.538860103626945},{"$f":"AD9*M9+($A$4-80)*AK9*$A$8/1000","v":16.056373056994815},{"$f":"AE9*O9+($A$4-80)*AL9*$A$8/1000","v":16.245803108808289}]
[null,63,24.829015544041454,19.366632124352336,24.62176165803109,19.451191709844561,24,19.440000000000001,23.461139896373055,19.238134715025907,{"$f":"V10*$K$13","v":22.922279792746114},19.025492227979274,21.595854922279791,18.356476683937821,20.393782383419691,20.393782383419691,null,1.0345423143350605,1.0259067357512954,1,0.97754749568221067,0.95509499136442144,0.89982728842832471,0.84974093264248707,0.78,0.79,0.81,0.82000000000000006,0.83,0.85,1,0.87612903225806438,0.94567741935483884,0.84890322580645172,0.86716129032258082,0.88374193548387048,0.83496774193548351,1.4268387096774191,{"$f":"Y10*C10+($A$4-80)*AF10*$A$8/1000","v":19.366632124352336},{"$f":"Z10*E10+($A$4-80)*AG10*$A$8/1000","v":19.451191709844561},{"$f":"AA10*G10+($A$4-80)*AH10*$A$8/1000","v":19.440000000000001},{"$f":"AB10*I10+($A$4-80)*AI10*$A$8/1000","v":19.238134715025907},{"$f":"AC10*K10+($A$4-80)*AJ10*$A$8/1000","v":19.025492227979274},{"$f":"AD10*M10+($A$4-80)*AK10*$A$8/1000","v":18.356476683937821},{"$f":"AE10*O10+($A$4-80)*AL10*$A$8/1000","v":20.393782383419691}]
[null,59,24.497409326424872,20.822797927461142,24.290155440414509,24.290155440414509,23.668393782383419,23.668393782383419,23.108808290155441,23.108808290155441,{"$f":"V11*$K$13","v":22.54922279792746},22.54922279792746,21.26424870466321,21.26424870466321,20.062176165803109,20.062176165803109,null,1.0207253886010363,1.0120898100172713,0.98618307426597585,0.96286701208981007,0.93955094991364418,0.88601036269430045,0.83592400690846291,0.85,1,1,1,1,1,1,0.86748387096774182,1.9945806451612909,1.7243870967741941,0.86151612903225772,3.8709677419354466E-2,3.8709677419354466E-2,3.8709677419354466E-2,{"$f":"Y11*C11+($A$4-80)*AF11*$A$8/1000","v":20.822797927461142},{"$f":"Z11*E11+($A$4-80)*AG11*$A$8/1000","v":24.290155440414509},{"$f":"AA11*G11+($A$4-80)*AH11*$A$8/1000","v":23.668393782383419},{"$f":"AB11*I11+($A$4-80)*AI11*$A$8/1000","v":23.108808290155441},{"$f":"AC11*K11+($A$4-80)*AJ11*$A$8/1000","v":22.54922279792746},{"$f":"AD11*M11+($A$4-80)*AK11*$A$8/1000","v":21.26424870466321},{"$f":"AE11*O11+($A$4-80)*AL11*$A$8/1000","v":20.062176165803109}]
[1750,71,27.025906735751299,16.21554404145078,26.818652849740936,15.018445595854926,26.196891191709845,15.718134715025906,25.658031088082904,15.394818652849741,{"$f":"V12*$K$13","v":25.119170984455955},15.071502590673573,23.792746113989637,14.275647668393782,22.590673575129536,15.135751295336791,null,1.1260794473229707,1.1174438687392056,1.0915371329879102,1.069084628670121,1.0466321243523315,0.99136442141623493,0.94127806563039729,0.6,0.56000000000000005,0.6,0.6,0.6,0.6,0.67,1.2073142857142853,0.82880000000000031,0.95508571428571476,0.86537142857142901,0.77862857142857178,0.60788571428571392,0.70434285714285672,{"$f":"Y12*C12+($A$4-80)*AF12*$A$12/1000","v":16.21554404145078},{"$f":"Z12*E12+($A$4-80)*AG12*$A$12/1000","v":15.018445595854926},{"$f":"AA12*G12+($A$4-80)*AH12*$A$12/1000","v":15.718134715025906},{"$f":"AB12*I12+($A$4-80)*AI12*$A$12/1000","v":15.394818652849741},{"$f":"AC12*K12+($A$4-80)*AJ12*$A$12/1000","v":15.071502590673573},{"$f":"AD12*M12+($A$4-80)*AK12*$A$12/1000","v":14.275647668393782},{"$f":"AE12*O12+($A$4-80)*AL12*$A$12/1000","v":15.135751295336791}]
[null,67,25.948186528497409,17.90424870466321,25.740932642487046,18.018652849740931,25.119170984455955,18.085803108808289,24.559585492227981,17.928497409326425,24,17.759999999999998,22.71502590673575,17.263419689119171,21.512953367875646,17.210362694300517,null,1.081174438687392,1.072538860103627,1.0466321243523315,1.0233160621761659,1,0.94645941278065626,0.89637305699481862,0.69,0.7,0.72,0.73,0.74,0.76,0.8,0.87805714285714276,0.87154285714285762,0.85165714285714267,0.83348571428571427,0.81531428571428499,0.77348571428571355,0.67611428571428611,{"$f":"Y13*C13+($A$4-80)*AF13*$A$12/1000","v":17.90424870466321},{"$f":"Z13*E13+($A$4-80)*AG13*$A$12/1000","v":18.018652849740931},{"$f":"AA13*G13+($A$4-80)*AH13*$A$12/1000","v":18.085803108808289},{"$f":"AB13*I13+($A$4-80)*AI13*$A$12/1000","v":17.928497409326425},{"$f":"AC13*K13+($A$4-80)*AJ13*$A$12/1000","v":17.759999999999998},{"$f":"AD13*M13+($A$4-80)*AK13*$A$12/1000","v":17.263419689119171},{"$f":"AE13*O13+($A$4-80)*AL13*$A$12/1000","v":17.210362694300517}]
[null,63,25.243523316062173,20.447253886010362,24.994818652849737,20.495751295336785,24.373056994818654,20.473367875647668,23.834196891191709,20.259067357512951,{"$f":"V14*$K$13","v":23.295336787564768},20.033989637305702,21.968911917098445,19.33264248704663,20.766839378238345,20.766839378238345,null,1.0518134715025906,1.0414507772020725,1.0155440414507773,0.99309153713298792,0.9706390328151987,0.91537132987910197,0.86528497409326433,0.81,0.82,0.84,0.85,0.86,0.88,1,0.78959999999999975,0.85097142857142838,0.76422857142857115,0.74822857142857113,0.73222857142857189,0.69268571428571435,1.1156571428571429,{"$f":"Y14*C14+($A$4-80)*AF14*$A$12/1000","v":20.447253886010362},{"$f":"Z14*E14+($A$4-80)*AG14*$A$12/1000","v":20.495751295336785},{"$f":"AA14*G14+($A$4-80)*AH14*$A$12/1000","v":20.473367875647668},{"$f":"AB14*I14+($A$4-80)*AI14*$A$12/1000","v":20.259067357512951},{"$f":"AC14*K14+($A$4-80)*AJ14*$A$12/1000","v":20.033989637305702},{"$f":"AD14*M14+($A$4-80)*AK14*$A$12/1000","v":19.33264248704663},{"$f":"AE14*O14+($A$4-80)*AL14*$A$12/1000","v":20.766839378238345}]
[null,59,24.870466321243526,22.13471502590674,24.663212435233159,24.663212435233159,24.041450777202073,24.041450777202073,23.502590673575131,23.502590673575131,22.963730569948186,22.963730569948186,21.637305699481868,21.637305699481868,20.435233160621763,20.435233160621763,null,1.0362694300518136,1.0276338514680483,1.0017271157167531,0.97927461139896377,0.95682210708117443,0.90155440414507781,0.85146804835924006,0.89,1,1,1,1,1,1,0.8492571428571426,1.522742857142857,1.3531428571428568,0.6788571428571426,3.4285714285713961E-2,3.4285714285714773E-2,3.4285714285713961E-2,{"$f":"Y15*C15+($A$4-80)*AF15*$A$12/1000","v":22.13471502590674},{"$f":"Z15*E15+($A$4-80)*AG15*$A$12/1000","v":24.663212435233159},{"$f":"AA15*G15+($A$4-80)*AH15*$A$12/1000","v":24.041450777202073},{"$f":"AB15*I15+($A$4-80)*AI15*$A$12/1000","v":23.502590673575131},{"$f":"AC15*K15+($A$4-80)*AJ15*$A$12/1000","v":22.963730569948186},{"$f":"AD15*M15+($A$4-80)*AK15*$A$12/1000","v":21.637305699481868},{"$f":"AE15*O15+($A$4-80)*AL15*$A$12/1000","v":20.435233160621763}]
[2000,71,27.647668393782389,16.588601036269434,27.440414507772019,15.64103626943005,26.818652849740936,16.091191709844562,26.279792746113994,15.899274611398965,25.740932642487046,15.701968911917097,24.414507772020723,14.648704663212433,23.212435233160623,15.784455958549225,null,1.1519861830742661,1.1433506044905009,1.1174438687392056,1.0949913644214164,1.072538860103627,1.0172711571675301,0.9671848013816926,0.6,0.56999999999999995,0.6,0.60499999999999998,0.61,0.6,0.68,1.014,0.74199999999999977,0.79079999999999973,0.74379999999999991,0.69810000000000016,0.48679999999999951,0.68880000000000019,{"$f":"Y16*C16+($A$4-80)*AF16*$A$16/1000","v":16.588601036269434},{"$f":"Z16*E16+($A$4-80)*AG16*$A$16/1000","v":15.64103626943005},{"$f":"AA16*G16+($A$4-80)*AH16*$A$16/1000","v":16.091191709844562},{"$f":"AB16*I16+($A$4-80)*AI16*$A$16/1000","v":15.899274611398965},{"$f":"AC16*K16+($A$4-80)*AJ16*$A$16/1000","v":15.701968911917097},{"$f":"AD16*M16+($A$4-80)*AK16*$A$16/1000","v":14.648704663212433},{"$f":"AE16*O16+($A$4-80)*AL16*$A$16/1000","v":15.784455958549225}]
[null,67,26.569948186528492,18.598963730569942,26.321243523316063,18.424870466321241,25.699481865284973,18.76062176165803,25.160621761658032,18.618860103626943,24.62176165803109,18.466321243523318,23.295336787564768,17.93740932642487,22.093264248704664,17.89554404145078,null,1.1070811744386873,1.0967184801381693,1.0708117443868739,1.0483592400690847,1.0259067357512954,0.9706390328151987,0.92055267702936094,0.7,0.7,0.73,0.74,0.75,0.77,0.81,0.7865999999999993,0.71619999999999995,0.76229999999999976,0.74699999999999989,0.73169999999999935,0.69389999999999996,0.60730000000000073,{"$f":"Y17*C17+($A$4-80)*AF17*$A$16/1000","v":18.598963730569942},{"$f":"Z17*E17+($A$4-80)*AG17*$A$16/1000","v":18.424870466321241},{"$f":"AA17*G17+($A$4-80)*AH17*$A$16/1000","v":18.76062176165803},{"$f":"AB17*I17+($A$4-80)*AI17*$A$16/1000","v":18.618860103626943},{"$f":"AC17*K17+($A$4-80)*AJ17*$A$16/1000","v":18.466321243523318},{"$f":"AD17*M17+($A$4-80)*AK17*$A$16/1000","v":17.93740932642487},{"$f":"AE17*O17+($A$4-80)*AL17*$A$16/1000","v":17.89554404145078}]
[null,63,25.823834196891191,21.175544041450774,25.616580310880828,21.261761658031087,24.994818652849737,21.245595854922275,24.4559585492228,21.032124352331607,23.917098445595855,20.807875647668393,22.590673575129536,22.590673575129536,21.388601036269431,21.388601036269431,null,1.075993091537133,1.0673575129533679,1.0414507772020725,1.0189982728842832,0.99654576856649402,0.94127806563039729,0.89119170984455964,0.82,0.83,0.85,0.86,0.87,1,1,0.70659999999999956,0.7628999999999998,0.68549999999999967,0.70084999999999975,0.71490000000000076,1.2223999999999997,0.95340000000000058,{"$f":"Y18*C18+($A$4-80)*AF18*$A$16/1000","v":21.175544041450774},{"$f":"Z18*E18+($A$4-80)*AG18*$A$16/1000","v":21.261761658031087},{"$f":"AA18*G18+($A$4-80)*AH18*$A$16/1000","v":21.245595854922275},{"$f":"AB18*I18+($A$4-80)*AI18*$A$16/1000","v":21.032124352331607},{"$f":"AC18*K18+($A$4-80)*AJ18*$A$16/1000","v":20.807875647668393},{"$f":"AD18*M18+($A$4-80)*AK18*$A$16/1000","v":22.590673575129536},{"$f":"AE18*O18+($A$4-80)*AL18*$A$16/1000","v":21.388601036269431}]
[null,59,25.49222797927461,22.688082901554402,25.28497409326425,25.28497409326425,24.663212435233159,24.663212435233159,24.124352331606218,24.124352331606218,23.585492227979273,23.585492227979273,22.259067357512954,22.259067357512954,21.05699481865285,21.05699481865285,null,1.0621761658031088,1.0535405872193437,1.0276338514680483,1.0051813471502591,0.98272884283246975,0.92746113989637313,0.87737478411053538,0.89,1,1,1,1,1,1,0.69989999999999952,1.3653999999999997,2.9999999999999714E-2,2.9999999999999714E-2,2.9999999999999714E-2,3.0000000000000426E-2,2.9999999999999714E-2,{"$f":"Y19*C19+($A$4-80)*AF19*$A$16/1000","v":22.688082901554402},{"$f":"Z19*E19+($A$4-80)*AG19*$A$16/1000","v":25.28497409326425},{"$f":"AA19*G19+($A$4-80)*AH19*$A$16/1000","v":24.663212435233159},{"$f":"AB19*I19+($A$4-80)*AI19*$A$16/1000","v":24.124352331606218},{"$f":"AC19*K19+($A$4-80)*AJ19*$A$16/1000","v":23.585492227979273},{"$f":"AD19*M19+($A$4-80)*AK19*$A$16/1000","v":22.259067357512954},{"$f":"AE19*O19+($A$4-80)*AL19*$A$16/1000","v":21.05699481865285}]

{"sheet":"GSX160_18","index":23,"n_rows":19,"n_cols":45,"rows_kept":19,"cut":false,"hidden":true,"merged":[[2,0,2,1],[2,2,2,15],[3,2,3,3],[3,4,3,5],[3,6,3,7],[3,8,3,9],[3,10,3,11],[3,12,3,13],[3,14,3,15],[5,2,6,2],[5,3,6,3],[5,4,6,4],[5,5,6,5],[5,6,6,6],[5,7,6,7],[5,8,6,8],[4,0,6,0],[4,1,6,1],[4,2,4,3],[4,4,4,5],[4,6,4,7],[4,8,4,9],[5,9,6,9],[5,10,6,10],[5,11,6,11],[5,12,6,12],[5,13,6,13],[5,14,6,14],[5,15,6,15],[4,10,4,11],[4,12,4,13],[4,14,4,15],[7,0,10,0],[11,0,14,0],[15,0,18,0],[22,4,22,15],[23,4,23,5],[23,6,23,7],[23,8,23,9],[23,10,23,11],[23,12,23,13],[23,14,23,15],[25,12,26,12],[25,13,26,13],[25,14,26,14],[25,15,26,15],[27,0,30,0],[31,0,34,0],[24,12,24,13],[24,14,24,15],[25,4,26,4],[25,5,26,5],[25,6,26,6],[25,7,26,7],[25,8,26,8],[25,9,26,9],[25,10,26,10],[25,11,26,11],[24,0,26,0],[24,1,26,1],[24,4,24,5],[24,6,24,7],[24,8,24,9],[24,10,24,11],[35,0,38,0],[41,0,42,1],[41,4,41,15],[42,4,42,5],[42,6,42,7],[42,8,42,9],[42,10,42,11],[42,12,42,13],[42,14,42,15],[44,12,45,12],[44,13,45,13],[44,14,45,14],[44,15,45,15],[46,0,49,0],[50,0,53,0],[43,12,43,13],[43,14,43,15],[44,4,45,4],[44,5,45,5],[44,6,45,6],[44,7,45,7],[44,8,45,8],[44,9,45,9],[44,10,45,10],[44,11,45,11],[43,0,45,0],[43,1,45,1],[43,4,43,5],[43,6,43,7],[43,8,43,9],[43,10,43,11],[54,0,57,0],[60,0,61,1],[60,4,60,15],[61,4,61,5],[61,6,61,7],[61,8,61,9],[61,10,61,11],[61,12,61,13],[61,14,61,15],[63,12,64,12],[63,13,64,13],[63,14,64,14],[63,15,64,15],[65,0,68,0],[69,0,72,0],[62,12,62,13],[62,14,62,15],[63,4,64,4],[63,5,64,5],[63,6,64,6],[63,7,64,7],[63,8,64,8],[63,9,64,9],[63,10,64,10],[63,11,64,11],[62,0,64,0],[62,1,64,1],[62,4,62,5],[62,6,62,7],[62,8,62,9],[62,10,62,11],[73,0,76,0],[79,0,80,1],[79,4,79,15],[80,4,80,5],[80,6,80,7],[80,8,80,9],[80,10,80,11],[80,12,80,13],[80,14,80,15],[82,12,83,12],[82,13,83,13],[82,14,83,14],[82,15,83,15],[84,0,87,0],[88,0,91,0],[81,12,81,13],[81,14,81,15],[82,4,83,4],[82,5,83,5],[82,6,83,6],[82,7,83,7],[82,8,83,8],[82,9,83,9],[82,10,83,10],[82,11,83,11],[81,0,83,0],[81,1,83,1],[81,4,81,5],[81,6,81,7],[81,8,81,9],[81,10,81,11],[92,0,95,0],[98,0,99,1],[98,4,98,15],[99,4,99,5],[99,6,99,7],[99,8,99,9],[99,10,99,11],[99,12,99,13],[99,14,99,15],[101,12,102,12],[101,13,102,13],[101,14,102,14],[101,15,102,15],[103,0,106,0],[107,0,110,0],[100,12,100,13],[100,14,100,15],[101,4,102,4],[101,5,102,5],[101,6,102,6],[101,7,102,7],[101,8,102,8],[101,9,102,9],[101,10,102,10],[101,11,102,11],[100,0,102,0],[100,1,102,1],[100,4,100,5],[100,6,100,7],[100,8,100,9],[100,10,100,11],[111,0,114,0],[117,0,118,1],[117,4,117,15],[118,4,118,5],[118,6,118,7],[118,8,118,9],[118,10,118,11],[118,12,118,13],[118,14,118,15],[130,0,133,0],[120,12,121,12],[120,13,121,13],[120,14,121,14],[120,15,121,15],[122,0,125,0],[126,0,129,0],[119,12,119,13],[119,14,119,15],[120,4,121,4],[120,5,121,5],[120,6,121,6],[120,7,121,7],[120,8,121,8],[120,9,121,9],[120,10,121,10],[120,11,121,11],[119,0,121,0],[119,1,121,1],[119,4,119,5],[119,6,119,7],[119,8,119,9],[119,10,119,11]]}
[]
["GSX160_18"]
["Evaporator Air \n",null,"Condenser  Entering Air Temperature ˚F"]
[80,"°F DB",65,null,75,null,85,null,90,null,95,null,105,null,115]
["CFM","EWB†\n˚F","Capacity Mbtuh",null,"Capacity Mbtuh",null,"Capacity Mbtuh",null,"Capacity Mbtuh",null,"Capacity Mbtuh",null,"Capacity Mbtuh",null,"Capacity Mbtuh"]
[null,null,"Total","Sens.","Total","Sens.","Total","Sens.","Total","Sens.","Total","Sens.","Total","Sens.","Total","Sens."]
[null,null,null,null,null,null,null,null,null,null,null,null,null,null,null,null,null,"Total Factors",null,null,null,null,null,null,"Sens. %",null,null,null,null,null,null,"IDB Adj",null,null,null,null,null,null,"Sens Calc"]
[525,71,{"$f":"R8*$K$13","v":25.785},{"$f":"IF(AM8>C8,C8,AM8)","v":12.634650000000001},{"$f":"S8*$K$13","v":25.110000000000003},{"$f":"IF(AN8>E8,E8,AN8)","v":12.555000000000001},{"$f":"T8*$K$13","v":24.57},{"$f":"IF(AO8>G8,G8,AO8)","v":12.776400000000001},{"$f":"U8*$K$13","v":24.3},{"$f":"IF(AP8>I8,I8,AP8)","v":12.7575},{"$f":"V8*$K$13","v":24.03},{"$f":"IF(AQ8>K8,K8,AQ8)","v":12.735900000000001},{"$f":"W8*$K$13","v":22.814999999999998},{"$f":"IF(AR8>M8,M8,AR8)","v":12.548249999999999},{"$f":"X8*$K$13","v":21.060000000000002},{"$f":"IF(AS8>O8,O8,AS8)","v":11.793600000000003},null,1.0611111111111111,1.0333333333333334,1.0111111111111111,1,0.98888888888888893,0.93888888888888877,0.8666666666666667,0.49,0.5,0.52,0.52500000000000002,0.53,0.55000000000000004,0.56000000000000005,1.0784761904761901,1.0361904761904766,1.0956190476190477,1.0832380952380953,1.0708571428571436,1.0152380952380953,0.99542857142857155,{"$f":"Y8*C8+($A$4-80)*AF8*$A$8/1000","v":12.634650000000001},{"$f":"Z8*E8+($A$4-80)*AG8*$A$8/1000","v":12.555000000000001},{"$f":"AA8*G8+($A$4-80)*AH8*$A$8/1000","v":12.776400000000001},{"$f":"AB8*I8+($A$4-80)*AI8*$A$8/1000","v":12.7575},{"$f":"AC8*K8+($A$4-80)*AJ8*$A$8/1000","v":12.735900000000001},{"$f":"AD8*M8+($A$4-80)*AK8*$A$8/1000","v":12.548249999999999},{"$f":"AE8*O8+($A$4-80)*AL8*$A$8/1000","v":11.793600000000003}]
[null,67,24.164999999999999,15.70725,23.49,15.738300000000001,22.95,15.835499999999998,22.68,15.875999999999999,{"$f":"V9*$K$13","v":22.410000000000004},15.911100000000001,21.330000000000002,15.784200000000002,19.71,14.782500000000001,null,0.99444444444444435,0.96666666666666656,0.94444444444444442,0.93333333333333335,0.92222222222222228,0.87777777777777777,0.81111111111111112,0.65,0.67,0.69,0.7,0.71,0.74,0.75,0.81828571428571406,0.77447619047619032,0.82057142857142729,0.81028571428571394,0.80000000000000049,0.84266666666666656,0.81142857142857172,{"$f":"Y9*C9+($A$4-80)*AF9*$A$8/1000","v":15.70725},{"$f":"Z9*E9+($A$4-80)*AG9*$A$8/1000","v":15.738300000000001},{"$f":"AA9*G9+($A$4-80)*AH9*$A$8/1000","v":15.835499999999998},{"$f":"AB9*I9+($A$4-80)*AI9*$A$8/1000","v":15.875999999999999},{"$f":"AC9*K9+($A$4-80)*AJ9*$A$8/1000","v":15.911100000000001},{"$f":"AD9*M9+($A$4-80)*AK9*$A$8/1000","v":15.784200000000002},{"$f":"AE9*O9+($A$4-80)*AL9*$A$8/1000","v":14.782500000000001}]
[null,63,22.544999999999998,18.035999999999998,22.004999999999999,18.264149999999997,21.465,18.245249999999999,21.262499999999999,18.392062499999998,{"$f":"V10*$K$13","v":21.060000000000002},18.532800000000002,19.980000000000004,18.181800000000003,18.495000000000001,17.015400000000003,null,0.9277777777777777,0.90555555555555556,0.8833333333333333,0.875,0.8666666666666667,0.8222222222222223,0.76111111111111107,0.8,0.83,0.85,0.86499999999999999,0.88,0.91,0.92,0.75238095238095215,0.71047619047619059,0.69447619047619069,0.73285714285714221,0.77104761904761865,0.73676190476190506,0.68723809523809465,{"$f":"Y10*C10+($A$4-80)*AF10*$A$8/1000","v":18.035999999999998},{"$f":"Z10*E10+($A$4-80)*AG10*$A$8/1000","v":18.264149999999997},{"$f":"AA10*G10+($A$4-80)*AH10*$A$8/1000","v":18.245249999999999},{"$f":"AB10*I10+($A$4-80)*AI10*$A$8/1000","v":18.392062499999998},{"$f":"AC10*K10+($A$4-80)*AJ10*$A$8/1000","v":18.532800000000002},{"$f":"AD10*M10+($A$4-80)*AK10*$A$8/1000","v":18.181800000000003},{"$f":"AE10*O10+($A$4-80)*AL10*$A$8/1000","v":17.015400000000003}]
[null,59,22.139999999999997,18.818999999999996,21.599999999999998,19.007999999999999,21.060000000000002,19.164600000000004,20.79,19.126799999999999,{"$f":"V11*$K$13","v":20.52},19.083600000000001,19.575000000000003,18.987750000000002,18.09,17.728200000000001,null,0.91111111111111098,0.88888888888888884,0.8666666666666667,0.85555555555555551,0.84444444444444444,0.80555555555555558,0.74444444444444446,0.85,0.88,0.91,0.92,0.93,0.97,0.98,0.52647619047618899,0.51923809523809505,0.57028571428571428,0.54933333333333345,0.52799999999999969,0.59771428571428609,0.52723809523809539,{"$f":"Y11*C11+($A$4-80)*AF11*$A$8/1000","v":18.818999999999996},{"$f":"Z11*E11+($A$4-80)*AG11*$A$8/1000","v":19.007999999999999},{"$f":"AA11*G11+($A$4-80)*AH11*$A$8/1000","v":19.164600000000004},{"$f":"AB11*I11+($A$4-80)*AI11*$A$8/1000","v":19.126799999999999},{"$f":"AC11*K11+($A$4-80)*AJ11*$A$8/1000","v":19.083600000000001},{"$f":"AD11*M11+($A$4-80)*AK11*$A$8/1000","v":18.987750000000002},{"$f":"AE11*O11+($A$4-80)*AL11*$A$8/1000","v":17.728200000000001}]
[650,71,27.945,13.9725,27.27,14.180400000000001,26.594999999999999,14.3613,26.2575,14.310337500000001,{"$f":"V12*$K$13","v":25.92},14.256000000000002,24.704999999999998,14.081849999999998,22.814999999999998,13.232699999999998,null,1.1499999999999999,1.1222222222222222,1.0944444444444443,1.0805555555555555,1.0666666666666667,1.0166666666666666,0.93888888888888877,0.5,0.52,0.54,0.54500000000000004,0.55000000000000004,0.56999999999999995,0.57999999999999996,0.94461538461538475,0.9833846153846153,1.0076923076923077,0.99430769230769278,0.98092307692307712,0.94492307692307698,0.91138461538461446,{"$f":"Y12*C12+($A$4-80)*AF12*$A$12/1000","v":13.9725},{"$f":"Z12*E12+($A$4-80)*AG12*$A$12/1000","v":14.180400000000001},{"$f":"AA12*G12+($A$4-80)*AH12*$A$12/1000","v":14.3613},{"$f":"AB12*I12+($A$4-80)*AI12*$A$12/1000","v":14.310337500000001},{"$f":"AC12*K12+($A$4-80)*AJ12*$A$12/1000","v":14.256000000000002},{"$f":"AD12*M12+($A$4-80)*AK12*$A$12/1000","v":14.081849999999998},{"$f":"AE12*O12+($A$4-80)*AL12*$A$12/1000","v":13.232699999999998}]
[null,67,26.189999999999998,17.5473,25.514999999999997,17.860499999999998,24.974999999999998,17.981999999999999,24.637499999999999,17.985374999999998,24.3,17.981999999999999,23.085000000000001,17.775449999999999,21.330000000000002,16.424100000000003,null,1.0777777777777777,1.0499999999999998,1.0277777777777777,1.0138888888888888,1,0.95000000000000007,0.87777777777777777,0.67,0.7,0.72,0.73,0.74,0.77,0.77,0.7163076923076922,0.73846153846153861,0.7969230769230774,0.77707692307692289,0.7569230769230767,0.77015384615384674,0.66123076923076951,{"$f":"Y13*C13+($A$4-80)*AF13*$A$12/1000","v":17.5473},{"$f":"Z13*E13+($A$4-80)*AG13*$A$12/1000","v":17.860499999999998},{"$f":"AA13*G13+($A$4-80)*AH13*$A$12/1000","v":17.981999999999999},{"$f":"AB13*I13+($A$4-80)*AI13*$A$12/1000","v":17.985374999999998},{"$f":"AC13*K13+($A$4-80)*AJ13*$A$12/1000","v":17.981999999999999},{"$f":"AD13*M13+($A$4-80)*AK13*$A$12/1000","v":17.775449999999999},{"$f":"AE13*O13+($A$4-80)*AL13*$A$12/1000","v":16.424100000000003}]
[null,63,24.434999999999999,20.281049999999997,23.895,20.549699999999998,23.355,20.552400000000002,23.017500000000002,20.600662500000002,{"$f":"V14*$K$13","v":22.68},20.6388,21.599999999999998,20.303999999999998,19.980000000000004,18.981000000000002,null,1.0055555555555555,0.98333333333333328,0.96111111111111114,0.9472222222222223,0.93333333333333335,0.88888888888888884,0.8222222222222223,0.83,0.86,0.88,0.89500000000000002,0.91,0.94,0.95,0.65692307692307739,0.64523076923076905,0.63292307692307648,0.6393076923076928,0.64461538461538537,0.64123076923076916,0.57200000000000062,{"$f":"Y14*C14+($A$4-80)*AF14*$A$12/1000","v":20.281049999999997},{"$f":"Z14*E14+($A$4-80)*AG14*$A$12/1000","v":20.549699999999998},{"$f":"AA14*G14+($A$4-80)*AH14*$A$12/1000","v":20.552400000000002},{"$f":"AB14*I14+($A$4-80)*AI14*$A$12/1000","v":20.600662500000002},{"$f":"AC14*K14+($A$4-80)*AJ14*$A$12/1000","v":20.6388},{"$f":"AD14*M14+($A$4-80)*AK14*$A$12/1000","v":20.303999999999998},{"$f":"AE14*O14+($A$4-80)*AL14*$A$12/1000","v":18.981000000000002}]
[null,59,23.895,21.0276,23.355,21.486600000000003,22.814999999999998,21.446099999999998,22.544999999999998,21.530474999999996,22.274999999999999,21.606749999999998,21.195,21.195,19.575000000000003,19.575000000000003,null,0.98333333333333328,0.96111111111111114,0.93888888888888877,0.9277777777777777,0.91666666666666663,0.87222222222222223,0.80555555555555558,0.88,0.92,0.94,0.95499999999999996,0.97,1,1,0.45599999999999979,0.50338461538461621,0.49538461538461409,0.51707692307692321,0.53815384615384587,0.4713846153846149,0.36953846153846115,{"$f":"Y15*C15+($A$4-80)*AF15*$A$12/1000","v":21.0276},{"$f":"Z15*E15+($A$4-80)*AG15*$A$12/1000","v":21.486600000000003},{"$f":"AA15*G15+($A$4-80)*AH15*$A$12/1000","v":21.446099999999998},{"$f":"AB15*I15+($A$4-80)*AI15*$A$12/1000","v":21.530474999999996},{"$f":"AC15*K15+($A$4-80)*AJ15*$A$12/1000","v":21.606749999999998},{"$f":"AD15*M15+($A$4-80)*AK15*$A$12/1000","v":21.195},{"$f":"AE15*O15+($A$4-80)*AL15*$A$12/1000","v":19.575000000000003}]
[675,71,27.945,13.9725,27.27,14.180400000000001,26.594999999999999,14.3613,26.2575,14.310337500000001,25.92,14.256000000000002,24.704999999999998,14.081849999999998,22.814999999999998,13.232699999999998,null,1.1499999999999999,1.1222222222222222,1.0944444444444443,1.0805555555555555,1.0666666666666667,1.0166666666666666,0.93888888888888877,0.5,0.52,0.54,0.54500000000000004,0.55000000000000004,0.56999999999999995,0.57999999999999996,0.90962962962962979,0.9469629629629629,0.97037037037037044,0.95748148148148204,0.94459259259259276,0.90992592592592592,0.87762962962962865,{"$f":"Y16*C16+($A$4-80)*AF16*$A$16/1000","v":13.9725},{"$f":"Z16*E16+($A$4-80)*AG16*$A$16/1000","v":14.180400000000001},{"$f":"AA16*G16+($A$4-80)*AH16*$A$16/1000","v":14.3613},{"$f":"AB16*I16+($A$4-80)*AI16*$A$16/1000","v":14.310337500000001},{"$f":"AC16*K16+($A$4-80)*AJ16*$A$16/1000","v":14.256000000000002},{"$f":"AD16*M16+($A$4-80)*AK16*$A$16/1000","v":14.081849999999998},{"$f":"AE16*O16+($A$4-80)*AL16*$A$16/1000","v":13.232699999999998}]
[null,67,26.189999999999998,17.5473,25.514999999999997,17.860499999999998,24.974999999999998,17.981999999999999,24.637499999999999,17.985374999999998,24.3,17.981999999999999,23.085000000000001,17.775449999999999,21.330000000000002,16.424100000000003,null,1.0777777777777777,1.0499999999999998,1.0277777777777777,1.0138888888888888,1,0.95000000000000007,0.87777777777777777,0.67,0.7,0.72,0.73,0.74,0.77,0.77,0.6897777777777776,0.71111111111111125,0.76740740740740798,0.74829629629629613,0.72888888888888859,0.74162962962963019,0.63674074074074094,{"$f":"Y17*C17+($A$4-80)*AF17*$A$16/1000","v":17.5473},{"$f":"Z17*E17+($A$4-80)*AG17*$A$16/1000","v":17.860499999999998},{"$f":"AA17*G17+($A$4-80)*AH17*$A$16/1000","v":17.981999999999999},{"$f":"AB17*I17+($A$4-80)*AI17*$A$16/1000","v":17.985374999999998},{"$f":"AC17*K17+($A$4-80)*AJ17*$A$16/1000","v":17.981999999999999},{"$f":"AD17*M17+($A$4-80)*AK17*$A$16/1000","v":17.775449999999999},{"$f":"AE17*O17+($A$4-80)*AL17*$A$16/1000","v":16.424100000000003}]
[null,63,24.434999999999999,20.281049999999997,23.895,20.549699999999998,23.355,20.552400000000002,23.017500000000002,20.600662500000002,22.68,20.6388,21.599999999999998,20.303999999999998,19.980000000000004,18.981000000000002,null,1.0055555555555555,0.98333333333333328,0.96111111111111114,0.9472222222222223,0.93333333333333335,0.88888888888888884,0.8222222222222223,0.83,0.86,0.88,0.89500000000000002,0.91,0.94,0.95,0.63259259259259315,0.62133333333333307,0.60948148148148107,0.61562962962963019,0.62074074074074148,0.61748148148148141,0.55081481481481531,{"$f":"Y18*C18+($A$4-80)*AF18*$A$16/1000","v":20.281049999999997},{"$f":"Z18*E18+($A$4-80)*AG18*$A$16/1000","v":20.549699999999998},{"$f":"AA18*G18+($A$4-80)*AH18*$A$16/1000","v":20.552400000000002},{"$f":"AB18*I18+($A$4-80)*AI18*$A$16/1000","v":20.600662500000002},{"$f":"AC18*K18+($A$4-80)*AJ18*$A$16/1000","v":20.6388},{"$f":"AD18*M18+($A$4-80)*AK18*$A$16/1000","v":20.303999999999998},{"$f":"AE18*O18+($A$4-80)*AL18*$A$16/1000","v":18.981000000000002}]
[null,59,23.895,21.0276,23.355,21.486600000000003,22.814999999999998,21.446099999999998,22.544999999999998,21.530474999999996,22.274999999999999,21.606749999999998,21.195,21.195,19.575000000000003,19.575000000000003,null,0.98333333333333328,0.96111111111111114,0.93888888888888877,0.9277777777777777,0.91666666666666663,0.87222222222222223,0.80555555555555558,0.88,0.92,0.94,0.95499999999999996,0.97,1,1,0.43911111111111095,0.48474074074074153,0.47703703703703582,0.49792592592592605,0.51822222222222192,0.45392592592592546,0.35585185185185148,{"$f":"Y19*C19+($A$4-80)*AF19*$A$16/1000","v":21.0276},{"$f":"Z19*E19+($A$4-80)*AG19*$A$16/1000","v":21.486600000000003},{"$f":"AA19*G19+($A$4-80)*AH19*$A$16/1000","v":21.446099999999998},{"$f":"AB19*I19+($A$4-80)*AI19*$A$16/1000","v":21.530474999999996},{"$f":"AC19*K19+($A$4-80)*AJ19*$A$16/1000","v":21.606749999999998},{"$f":"AD19*M19+($A$4-80)*AK19*$A$16/1000","v":21.195},{"$f":"AE19*O19+($A$4-80)*AL19*$A$16/1000","v":19.575000000000003}]

{"sheet":"GSX160_24","index":24,"n_rows":19,"n_cols":45,"rows_kept":19,"cut":false,"hidden":true,"merged":[[2,0,2,1],[2,2,2,15],[3,2,3,3],[3,4,3,5],[3,6,3,7],[3,8,3,9],[3,10,3,11],[3,12,3,13],[3,14,3,15],[5,2,6,2],[5,3,6,3],[5,4,6,4],[5,5,6,5],[5,6,6,6],[5,7,6,7],[5,8,6,8],[4,0,6,0],[4,1,6,1],[4,2,4,3],[4,4,4,5],[4,6,4,7],[4,8,4,9],[5,9,6,9],[5,10,6,10],[5,11,6,11],[5,12,6,12],[5,13,6,13],[5,14,6,14],[5,15,6,15],[4,10,4,11],[4,12,4,13],[4,14,4,15],[7,0,10,0],[11,0,14,0],[15,0,18,0],[22,4,22,15],[23,4,23,5],[23,6,23,7],[23,8,23,9],[23,10,23,11],[23,12,23,13],[23,14,23,15],[25,12,26,12],[25,13,26,13],[25,14,26,14],[25,15,26,15],[27,0,30,0],[31,0,34,0],[24,12,24,13],[24,14,24,15],[25,4,26,4],[25,5,26,5],[25,6,26,6],[25,7,26,7],[25,8,26,8],[25,9,26,9],[25,10,26,10],[25,11,26,11],[24,0,26,0],[24,1,26,1],[24,4,24,5],[24,6,24,7],[24,8,24,9],[24,10,24,11],[35,0,38,0],[41,0,42,1],[41,4,41,15],[42,4,42,5],[42,6,42,7],[42,8,42,9],[42,10,42,11],[42,12,42,13],[42,14,42,15],[44,12,45,12],[44,13,45,13],[44,14,45,14],[44,15,45,15],[46,0,49,0],[50,0,53,0],[43,12,43,13],[43,14,43,15],[44,4,45,4],[44,5,45,5],[44,6,45,6],[44,7,45,7],[44,8,45,8],[44,9,45,9],[44,10,45,10],[44,11,45,11],[43,0,45,0],[43,1,45,1],[43,4,43,5],[43,6,43,7],[43,8,43,9],[43,10,43,11],[54,0,57,0],[60,0,61,1],[60,4,60,15],[61,4,61,5],[61,6,61,7],[61,8,61,9],[61,10,61,11],[61,12,61,13],[61,14,61,15],[63,12,64,12],[63,13,64,13],[63,14,64,14],[63,15,64,15],[65,0,68,0],[69,0,72,0],[62,12,62,13],[62,14,62,15],[63,4,64,4],[63,5,64,5],[63,6,64,6],[63,7,64,7],[63,8,64,8],[63,9,64,9],[63,10,64,10],[63,11,64,11],[62,0,64,0],[62,1,64,1],[62,4,62,5],[62,6,62,7],[62,8,62,9],[62,10,62,11],[73,0,76,0],[79,0,80,1],[79,4,79,15],[80,4,80,5],[80,6,80,7],[80,8,80,9],[80,10,80,11],[80,12,80,13],[80,14,80,15],[82,12,83,12],[82,13,83,13],[82,14,83,14],[82,15,83,15],[84,0,87,0],[88,0,91,0],[81,12,81,13],[81,14,81,15],[82,4,83,4],[82,5,83,5],[82,6,83,6],[82,7,83,7],[82,8,83,8],[82,9,83,9],[82,10,83,10],[82,11,83,11],[81,0,83,0],[81,1,83,1],[81,4,81,5],[81,6,81,7],[81,8,81,9],[81,10,81,11],[92,0,95,0],[98,0,99,1],[98,4,98,15],[99,4,99,5],[99,6,99,7],[99,8,99,9],[99,10,99,11],[99,12,99,13],[99,14,99,15],[101,12,102,12],[101,13,102,13],[101,14,102,14],[101,15,102,15],[103,0,106,0],[107,0,110,0],[100,12,100,13],[100,14,100,15],[101,4,102,4],[101,5,102,5],[101,6,102,6],[101,7,102,7],[101,8,102,8],[101,9,102,9],[101,10,102,10],[101,11,102,11],[100,0,102,0],[100,1,102,1],[100,4,100,5],[100,6,100,7],[100,8,100,9],[100,10,100,11],[111,0,114,0],[117,0,118,1],[117,4,117,15],[118,4,118,5],[118,6,118,7],[118,8,118,9],[118,10,118,11],[118,12,118,13],[118,14,118,15],[130,0,133,0],[120,12,121,12],[120,13,121,13],[120,14,121,14],[120,15,121,15],[122,0,125,0],[126,0,129,0],[119,12,119,13],[119,14,119,15],[120,4,121,4],[120,5,121,5],[120,6,121,6],[120,7,121,7],[120,8,121,8],[120,9,121,9],[120,10,121,10],[120,11,121,11],[119,0,121,0],[119,1,121,1],[119,4,119,5],[119,6,119,7],[119,8,119,9],[119,10,119,11]]}
[]
["GSX160_24"]
["Evaporator Air \n",null,"Condenser  Entering Air Temperature ˚F"]
[80,"°F DB",65,null,75,null,85,null,90,null,95,null,105,null,115]
["CFM","EWB†\n˚F","Capacity Mbtuh",null,"Capacity Mbtuh",null,"Capacity Mbtuh",null,"Capacity Mbtuh",null,"Capacity Mbtuh",null,"Capacity Mbtuh",null,"Capacity Mbtuh"]
[null,null,"Total","Sens.","Total","Sens.","Total","Sens.","Total","Sens.","Total","Sens.","Total","Sens.","Total","Sens."]
[null,null,null,null,null,null,null,null,null,null,null,null,null,null,null,null,null,"Total Factors",null,null,null,null,null,null,"Sens. %",null,null,null,null,null,null,"IDB Adj",null,null,null,null,null,null,"Sens Calc"]
[700,71,{"$f":"R8*$K$13","v":27.491949152542372},{"$f":"IF(AM8>C8,C8,AM8)","v":13.471055084745762},{"$f":"S8*$K$13","v":26.87415254237288},{"$f":"IF(AN8>E8,E8,AN8)","v":13.70581779661017},{"$f":"T8*$K$13","v":26.256355932203391},{"$f":"IF(AO8>G8,G8,AO8)","v":13.653305084745764},{"$f":"U8*$K$13","v":25.895974576271186},{"$f":"IF(AP8>I8,I8,AP8)","v":13.72486652542373},{"$f":"V8*$K$13","v":25.535593220338981},{"$f":"IF(AQ8>K8,K8,AQ8)","v":13.789220338983052},{"$f":"W8*$K$13","v":24.3},{"$f":"IF(AR8>M8,M8,AR8)","v":13.608000000000002},{"$f":"X8*$K$13","v":22.549576271186439},{"$f":"IF(AS8>O8,O8,AS8)","v":12.853258474576268},null,1.1313559322033897,1.1059322033898304,1.0805084745762712,1.0656779661016949,1.0508474576271185,1,0.92796610169491511,0.49,0.51,0.52,0.53,0.54,0.56000000000000005,0.56999999999999995,1.1248571428571428,1.0980000000000008,1.1554285714285715,1.1338571428571425,1.1120000000000003,1.1240000000000008,1.1151428571428568,{"$f":"Y8*C8+($A$4-80)*AF8*$A$8/1000","v":13.471055084745762},{"$f":"Z8*E8+($A$4-80)*AG8*$A$8/1000","v":13.70581779661017},{"$f":"AA8*G8+($A$4-80)*AH8*$A$8/1000","v":13.653305084745764},{"$f":"AB8*I8+($A$4-80)*AI8*$A$8/1000","v":13.72486652542373},{"$f":"AC8*K8+($A$4-80)*AJ8*$A$8/1000","v":13.789220338983052},{"$f":"AD8*M8+($A$4-80)*AK8*$A$8/1000","v":13.608000000000002},{"$f":"AE8*O8+($A$4-80)*AL8*$A$8/1000","v":12.853258474576268}]
[null,67,25.74152542372881,16.989406779661014,25.123728813559321,17.084135593220338,24.505932203389829,17.154152542372881,24.197033898305083,17.179894067796607,{"$f":"V9*$K$13","v":23.888135593220337},17.19945762711864,22.755508474576274,17.066631355932206,21.108050847457626,16.042118644067795,null,1.0593220338983049,1.0338983050847457,1.0084745762711864,0.99576271186440668,0.98305084745762705,0.93644067796610175,0.86864406779661008,0.66,0.68,0.7,0.71,0.72,0.75,0.76,0.91342857142857126,0.8905714285714279,0.86771428571428644,0.88999999999999957,0.9114285714285717,0.88400000000000079,0.87857142857142889,{"$f":"Y9*C9+($A$4-80)*AF9*$A$8/1000","v":16.989406779661014},{"$f":"Z9*E9+($A$4-80)*AG9*$A$8/1000","v":17.084135593220338},{"$f":"AA9*G9+($A$4-80)*AH9*$A$8/1000","v":17.154152542372881},{"$f":"AB9*I9+($A$4-80)*AI9*$A$8/1000","v":17.179894067796607},{"$f":"AC9*K9+($A$4-80)*AJ9*$A$8/1000","v":17.19945762711864},{"$f":"AD9*M9+($A$4-80)*AK9*$A$8/1000","v":17.066631355932206},{"$f":"AE9*O9+($A$4-80)*AL9*$A$8/1000","v":16.042118644067795}]
[null,63,24.094067796610169,19.516194915254239,23.476271186440677,19.720067796610167,22.961440677966099,19.746838983050846,22.704025423728812,19.866022245762711,{"$f":"V10*$K$13","v":22.446610169491525},19.977483050847457,21.313983050847455,19.608864406779659,19.666525423728817,18.289868644067802,null,0.99152542372881347,0.96610169491525422,0.94491525423728806,0.93432203389830504,0.92372881355932202,0.87711864406779649,0.80932203389830515,0.81,0.84,0.86,0.875,0.89,0.92,0.93,0.77542857142857202,0.75828571428571412,0.74371428571428511,0.77878571428571375,0.81342857142857183,0.75542857142857112,0.67800000000000038,{"$f":"Y10*C10+($A$4-80)*AF10*$A$8/1000","v":19.516194915254239},{"$f":"Z10*E10+($A$4-80)*AG10*$A$8/1000","v":19.720067796610167},{"$f":"AA10*G10+($A$4-80)*AH10*$A$8/1000","v":19.746838983050846},{"$f":"AB10*I10+($A$4-80)*AI10*$A$8/1000","v":19.866022245762711},{"$f":"AC10*K10+($A$4-80)*AJ10*$A$8/1000","v":19.977483050847457},{"$f":"AD10*M10+($A$4-80)*AK10*$A$8/1000","v":19.608864406779659},{"$f":"AE10*O10+($A$4-80)*AL10*$A$8/1000","v":18.289868644067802}]
[null,59,23.579237288135591,20.278144067796607,23.064406779661017,20.757966101694915,22.446610169491525,20.650881355932203,22.189194915254237,20.746897245762714,{"$f":"V11*$K$13","v":21.931779661016947},20.8351906779661,20.79915254237288,20.383169491525422,19.25466101694915,19.06211440677966,null,0.97033898305084731,0.94915254237288127,0.92372881355932202,0.91313559322033899,0.90254237288135586,0.85593220338983045,0.79237288135593209,0.86,0.9,0.92,0.93500000000000005,0.95,0.98,0.99,0.54828571428571338,0.60571428571428598,0.59428571428571486,0.62050000000000083,0.6459999999999998,0.5388571428571427,0.55799999999999983,{"$f":"Y11*C11+($A$4-80)*AF11*$A$8/1000","v":20.278144067796607},{"$f":"Z11*E11+($A$4-80)*AG11*$A$8/1000","v":20.757966101694915},{"$f":"AA11*G11+($A$4-80)*AH11*$A$8/1000","v":20.650881355932203},{"$f":"AB11*I11+($A$4-80)*AI11*$A$8/1000","v":20.746897245762714},{"$f":"AC11*K11+($A$4-80)*AJ11*$A$8/1000","v":20.8351906779661},{"$f":"AD11*M11+($A$4-80)*AK11*$A$8/1000","v":20.383169491525422},{"$f":"AE11*O11+($A$4-80)*AL11*$A$8/1000","v":19.06211440677966}]
[750,71,27.903813559322035,14.230944915254238,27.28601694915254,14.461588983050847,26.668220338983051,14.400838983050848,26.307838983050846,14.469311440677966,{"$f":"V12*$K$13","v":25.947457627118641},14.53057627118644,24.711864406779661,14.332881355932201,22.858474576271185,13.486499999999998,null,1.1483050847457628,1.1228813559322033,1.097457627118644,1.0826271186440677,1.0677966101694913,1.0169491525423728,0.94067796610169485,0.51,0.53,0.54,0.55000000000000004,0.56000000000000005,0.57999999999999996,0.59,1.0648000000000004,1.1109333333333333,1.0949333333333331,1.1087999999999998,1.1215999999999999,1.1413333333333326,1.0437333333333332,{"$f":"Y12*C12+($A$4-80)*AF12*$A$12/1000","v":14.230944915254238},{"$f":"Z12*E12+($A$4-80)*AG12*$A$12/1000","v":14.461588983050847},{"$f":"AA12*G12+($A$4-80)*AH12*$A$12/1000","v":14.400838983050848},{"$f":"AB12*I12+($A$4-80)*AI12*$A$12/1000","v":14.469311440677966},{"$f":"AC12*K12+($A$4-80)*AJ12*$A$12/1000","v":14.53057627118644},{"$f":"AD12*M12+($A$4-80)*AK12*$A$12/1000","v":14.332881355932201},{"$f":"AE12*O12+($A$4-80)*AL12*$A$12/1000","v":13.486499999999998}]
[null,67,26.15338983050847,17.78430508474576,25.535593220338981,18.130271186440677,24.917796610169489,18.189991525423725,24.608898305084747,18.210584745762713,24.3,18.225000000000001,23.064406779661017,17.990237288135592,21.416949152542372,16.70522033898305,null,1.0762711864406778,1.0508474576271185,1.0254237288135593,1.0127118644067796,1,0.94915254237288127,0.88135593220338981,0.68,0.71,0.73,0.74,0.75,0.78,0.78,0.88053333333333372,0.9106666666666674,0.88773333333333349,0.87626666666666697,0.86480000000000101,0.8791999999999992,0.83199999999999985,{"$f":"Y13*C13+($A$4-80)*AF13*$A$12/1000","v":17.78430508474576},{"$f":"Z13*E13+($A$4-80)*AG13*$A$12/1000","v":18.130271186440677},{"$f":"AA13*G13+($A$4-80)*AH13*$A$12/1000","v":18.189991525423725},{"$f":"AB13*I13+($A$4-80)*AI13*$A$12/1000","v":18.210584745762713},{"$f":"AC13*K13+($A$4-80)*AJ13*$A$12/1000","v":18.225000000000001},{"$f":"AD13*M13+($A$4-80)*AK13*$A$12/1000","v":17.990237288135592},{"$f":"AE13*O13+($A$4-80)*AL13*$A$12/1000","v":16.70522033898305}]
[null,63,24.402966101694915,20.498491525423727,23.888135593220337,20.782677966101694,23.270338983050848,20.710601694915255,23.012923728813561,20.826695974576275,{"$f":"V14*$K$13","v":22.755508474576274},20.935067796610173,21.622881355932204,20.757966101694915,19.975423728813556,19.176406779661015,null,1.0042372881355932,0.98305084745762705,0.9576271186440678,0.94703389830508478,0.93644067796610175,0.88983050847457623,0.82203389830508466,0.84,0.87,0.89,0.90500000000000003,0.92,0.96,0.96,0.73413333333333242,0.72106666666666686,0.70453333333333412,0.72753333333333403,0.7498666666666669,0.77226666666666688,0.66559999999999975,{"$f":"Y14*C14+($A$4-80)*AF14*$A$12/1000","v":20.498491525423727},{"$f":"Z14*E14+($A$4-80)*AG14*$A$12/1000","v":20.782677966101694},{"$f":"AA14*G14+($A$4-80)*AH14*$A$12/1000","v":20.710601694915255},{"$f":"AB14*I14+($A$4-80)*AI14*$A$12/1000","v":20.826695974576275},{"$f":"AC14*K14+($A$4-80)*AJ14*$A$12/1000","v":20.935067796610173},{"$f":"AD14*M14+($A$4-80)*AK14*$A$12/1000","v":20.757966101694915},{"$f":"AE14*O14+($A$4-80)*AL14*$A$12/1000","v":19.176406779661015}]
[null,59,23.888135593220337,21.499322033898302,23.373305084745759,21.737173728813556,22.858474576271185,21.715550847457624,22.549576271186439,21.760341101694912,22.240677966101696,21.795864406779661,21.108050847457626,21.108050847457626,19.5635593220339,19.5635593220339,null,0.98305084745762705,0.9618644067796609,0.94067796610169485,0.92796610169491511,0.9152542372881356,0.86864406779661008,0.80508474576271183,0.9,0.93,0.95,0.96499999999999997,0.98,1,1,0.58240000000000025,0.57493333333333296,0.56639999999999968,0.56159999999999954,0.55680000000000029,0.45706666666666629,0.37920000000000009,{"$f":"Y15*C15+($A$4-80)*AF15*$A$12/1000","v":21.499322033898302},{"$f":"Z15*E15+($A$4-80)*AG15*$A$12/1000","v":21.737173728813556},{"$f":"AA15*G15+($A$4-80)*AH15*$A$12/1000","v":21.715550847457624},{"$f":"AB15*I15+($A$4-80)*AI15*$A$12/1000","v":21.760341101694912},{"$f":"AC15*K15+($A$4-80)*AJ15*$A$12/1000","v":21.795864406779661},{"$f":"AD15*M15+($A$4-80)*AK15*$A$12/1000","v":21.108050847457626},{"$f":"AE15*O15+($A$4-80)*AL15*$A$12/1000","v":19.5635593220339}]
[900,71,28.933474576271184,15.624076271186441,28.212711864406774,15.799118644067795,27.594915254237286,16.005050847457625,27.234533898305084,16.068375,26.87415254237288,16.124491525423728,25.535593220338981,15.832067796610168,23.682203389830509,14.682966101694916,null,1.1906779661016949,1.1610169491525422,1.1355932203389829,1.1207627118644068,1.1059322033898304,1.0508474576271185,0.97457627118644063,0.54,0.56000000000000005,0.57999999999999996,0.59,0.6,0.62,0.62,0.98222222222222266,1.0177777777777779,1.0542222222222217,1.0693888888888889,1.083777777777778,1.0279999999999998,0.9615555555555555,{"$f":"Y16*C16+($A$4-80)*AF16*$A$16/1000","v":15.624076271186441},{"$f":"Z16*E16+($A$4-80)*AG16*$A$16/1000","v":15.799118644067795},{"$f":"AA16*G16+($A$4-80)*AH16*$A$16/1000","v":16.005050847457625},{"$f":"AB16*I16+($A$4-80)*AI16*$A$16/1000","v":16.068375},{"$f":"AC16*K16+($A$4-80)*AJ16*$A$16/1000","v":16.124491525423728},{"$f":"AD16*M16+($A$4-80)*AK16*$A$16/1000","v":15.832067796610168},{"$f":"AE16*O16+($A$4-80)*AL16*$A$16/1000","v":14.682966101694916}]
[null,67,27.080084745762711,19.768461864406778,26.359322033898305,19.769491525423728,25.74152542372881,19.820974576271183,25.432627118644067,19.964612288135594,25.123728813559321,20.098983050847458,23.888135593220337,19.827152542372879,22.137711864406779,18.374300847457626,null,1.1144067796610169,1.0847457627118644,1.0593220338983049,1.0466101694915253,1.0338983050847457,0.98305084745762705,0.91101694915254228,0.73,0.75,0.77,0.78500000000000003,0.8,0.83,0.83,0.81822222222222263,0.78288888888888963,0.81955555555555537,0.83677777777777795,0.85333333333333328,0.80999999999999983,0.74955555555555509,{"$f":"Y17*C17+($A$4-80)*AF17*$A$16/1000","v":19.768461864406778},{"$f":"Z17*E17+($A$4-80)*AG17*$A$16/1000","v":19.769491525423728},{"$f":"AA17*G17+($A$4-80)*AH17*$A$16/1000","v":19.820974576271183},{"$f":"AB17*I17+($A$4-80)*AI17*$A$16/1000","v":19.964612288135594},{"$f":"AC17*K17+($A$4-80)*AJ17*$A$16/1000","v":20.098983050847458},{"$f":"AD17*M17+($A$4-80)*AK17*$A$16/1000","v":19.827152542372879},{"$f":"AE17*O17+($A$4-80)*AL17*$A$16/1000","v":18.374300847457626}]
[null,63,25.329661016949149,22.543398305084743,24.711864406779661,22.982033898305087,24.094067796610169,22.889364406779659,23.836652542372878,23.240736228813557,23.579237288135591,23.579237288135591,22.343644067796607,22.343644067796607,20.69618644067797,20.69618644067797,null,1.0423728813559321,1.0169491525423728,0.99152542372881347,0.98093220338983034,0.97033898305084731,0.9194915254237287,0.85169491525423735,0.89,0.93,0.95,0.97499999999999998,1,1,1,0.65333333333333365,0.72888888888888825,0.66088888888888819,0.74116666666666708,0.81999999999999951,0.6177777777777772,0.53088888888888952,{"$f":"Y18*C18+($A$4-80)*AF18*$A$16/1000","v":22.543398305084743},{"$f":"Z18*E18+($A$4-80)*AG18*$A$16/1000","v":22.982033898305087},{"$f":"AA18*G18+($A$4-80)*AH18*$A$16/1000","v":22.889364406779659},{"$f":"AB18*I18+($A$4-80)*AI18*$A$16/1000","v":23.240736228813557},{"$f":"AC18*K18+($A$4-80)*AJ18*$A$16/1000","v":23.579237288135591},{"$f":"AD18*M18+($A$4-80)*AK18*$A$16/1000","v":22.343644067796607},{"$f":"AE18*O18+($A$4-80)*AL18*$A$16/1000","v":20.69618644067797}]
[null,59,24.814830508474575,23.574088983050846,24.197033898305083,24.197033898305083,23.579237288135591,23.579237288135591,23.321822033898304,23.321822033898304,23.064406779661017,23.064406779661017,21.931779661016947,21.931779661016947,20.284322033898302,20.284322033898302,null,1.021186440677966,0.99576271186440668,0.97033898305084731,0.95974576271186429,0.94915254237288127,0.90254237288135586,0.83474576271186429,0.95,1,1,1,1,1,1,0.52511111111111097,0.60222222222222166,0.48888888888888876,0.41027777777777724,0.33333333333333331,0.13533333333333372,8.8888888888888573E-2,{"$f":"Y19*C19+($A$4-80)*AF19*$A$16/1000","v":23.574088983050846},{"$f":"Z19*E19+($A$4-80)*AG19*$A$16/1000","v":24.197033898305083},{"$f":"AA19*G19+($A$4-80)*AH19*$A$16/1000","v":23.579237288135591},{"$f":"AB19*I19+($A$4-80)*AI19*$A$16/1000","v":23.321822033898304},{"$f":"AC19*K19+($A$4-80)*AJ19*$A$16/1000","v":23.064406779661017},{"$f":"AD19*M19+($A$4-80)*AK19*$A$16/1000","v":21.931779661016947},{"$f":"AE19*O19+($A$4-80)*AL19*$A$16/1000","v":20.284322033898302}]

{"sheet":"GSX160_30","index":25,"n_rows":19,"n_cols":45,"rows_kept":19,"cut":false,"hidden":true,"merged":[[2,0,2,1],[2,2,2,15],[3,2,3,3],[3,4,3,5],[3,6,3,7],[3,8,3,9],[3,10,3,11],[3,12,3,13],[3,14,3,15],[5,2,6,2],[5,3,6,3],[5,4,6,4],[5,5,6,5],[5,6,6,6],[5,7,6,7],[5,8,6,8],[4,0,6,0],[4,1,6,1],[4,2,4,3],[4,4,4,5],[4,6,4,7],[4,8,4,9],[5,9,6,9],[5,10,6,10],[5,11,6,11],[5,12,6,12],[5,13,6,13],[5,14,6,14],[5,15,6,15],[4,10,4,11],[4,12,4,13],[4,14,4,15],[7,0,10,0],[11,0,14,0],[15,0,18,0],[22,4,22,15],[23,4,23,5],[23,6,23,7],[23,8,23,9],[23,10,23,11],[23,12,23,13],[23,14,23,15],[25,12,26,12],[25,13,26,13],[25,14,26,14],[25,15,26,15],[27,0,30,0],[31,0,34,0],[24,12,24,13],[24,14,24,15],[25,4,26,4],[25,5,26,5],[25,6,26,6],[25,7,26,7],[25,8,26,8],[25,9,26,9],[25,10,26,10],[25,11,26,11],[24,0,26,0],[24,1,26,1],[24,4,24,5],[24,6,24,7],[24,8,24,9],[24,10,24,11],[35,0,38,0],[41,0,42,1],[41,4,41,15],[42,4,42,5],[42,6,42,7],[42,8,42,9],[42,10,42,11],[42,12,42,13],[42,14,42,15],[44,12,45,12],[44,13,45,13],[44,14,45,14],[44,15,45,15],[46,0,49,0],[50,0,53,0],[43,12,43,13],[43,14,43,15],[44,4,45,4],[44,5,45,5],[44,6,45,6],[44,7,45,7],[44,8,45,8],[44,9,45,9],[44,10,45,10],[44,11,45,11],[43,0,45,0],[43,1,45,1],[43,4,43,5],[43,6,43,7],[43,8,43,9],[43,10,43,11],[54,0,57,0],[60,0,61,1],[60,4,60,15],[61,4,61,5],[61,6,61,7],[61,8,61,9],[61,10,61,11],[61,12,61,13],[61,14,61,15],[63,12,64,12],[63,13,64,13],[63,14,64,14],[63,15,64,15],[65,0,68,0],[69,0,72,0],[62,12,62,13],[62,14,62,15],[63,4,64,4],[63,5,64,5],[63,6,64,6],[63,7,64,7],[63,8,64,8],[63,9,64,9],[63,10,64,10],[63,11,64,11],[62,0,64,0],[62,1,64,1],[62,4,62,5],[62,6,62,7],[62,8,62,9],[62,10,62,11],[73,0,76,0],[79,0,80,1],[79,4,79,15],[80,4,80,5],[80,6,80,7],[80,8,80,9],[80,10,80,11],[80,12,80,13],[80,14,80,15],[82,12,83,12],[82,13,83,13],[82,14,83,14],[82,15,83,15],[84,0,87,0],[88,0,91,0],[81,12,81,13],[81,14,81,15],[82,4,83,4],[82,5,83,5],[82,6,83,6],[82,7,83,7],[82,8,83,8],[82,9,83,9],[82,10,83,10],[82,11,83,11],[81,0,83,0],[81,1,83,1],[81,4,81,5],[81,6,81,7],[81,8,81,9],[81,10,81,11],[92,0,95,0],[98,0,99,1],[98,4,98,15],[99,4,99,5],[99,6,99,7],[99,8,99,9],[99,10,99,11],[99,12,99,13],[99,14,99,15],[101,12,102,12],[101,13,102,13],[101,14,102,14],[101,15,102,15],[103,0,106,0],[107,0,110,0],[100,12,100,13],[100,14,100,15],[101,4,102,4],[101,5,102,5],[101,6,102,6],[101,7,102,7],[101,8,102,8],[101,9,102,9],[101,10,102,10],[101,11,102,11],[100,0,102,0],[100,1,102,1],[100,4,100,5],[100,6,100,7],[100,8,100,9],[100,10,100,11],[111,0,114,0],[117,0,118,1],[117,4,117,15],[118,4,118,5],[118,6,118,7],[118,8,118,9],[118,10,118,11],[118,12,118,13],[118,14,118,15],[130,0,133,0],[120,12,121,12],[120,13,121,13],[120,14,121,14],[120,15,121,15],[122,0,125,0],[126,0,129,0],[119,12,119,13],[119,14,119,15],[120,4,121,4],[120,5,121,5],[120,6,121,6],[120,7,121,7],[120,8,121,8],[120,9,121,9],[120,10,121,10],[120,11,121,11],[119,0,121,0],[119,1,121,1],[119,4,119,5],[119,6,119,7],[119,8,119,9],[119,10,119,11]]}
[]
["GSX160_30"]
["Evaporator Air \n",null,"Condenser  Entering Air Temperature ˚F"]
[80,"°F DB",65,null,75,null,85,null,90,null,95,null,105,null,115]
["CFM","EWB†\n˚F","Capacity Mbtuh",null,"Capacity Mbtuh",null,"Capacity Mbtuh",null,"Capacity Mbtuh",null,"Capacity Mbtuh",null,"Capacity Mbtuh",null,"Capacity Mbtuh"]
[null,null,"Total","Sens.","Total","Sens.","Total","Sens.","Total","Sens.","Total","Sens.","Total","Sens.","Total","Sens."]
[null,null,null,null,null,null,null,null,null,null,null,null,null,null,null,null,null,"Total Factors",null,null,null,null,null,null,"Sens. %",null,null,null,null,null,null,"IDB Adj",null,null,null,null,null,null,"Sens Calc"]
[875,71,{"$f":"R8*$K$13","v":25.808275862068971},{"$f":"IF(AM8>C8,C8,AM8)","v":12.904137931034485},{"$f":"S8*$K$13","v":25.137931034482762},{"$f":"IF(AN8>E8,E8,AN8)","v":13.071724137931037},{"$f":"T8*$K$13","v":24.551379310344831},{"$f":"IF(AO8>G8,G8,AO8)","v":13.012231034482761},{"$f":"U8*$K$13","v":24.258103448275865},{"$f":"IF(AP8>I8,I8,AP8)","v":13.099375862068968},{"$f":"V8*$K$13","v":23.964827586206898},{"$f":"IF(AQ8>K8,K8,AQ8)","v":13.180655172413795},{"$f":"W8*$K$13","v":22.791724137931034},{"$f":"IF(AR8>M8,M8,AR8)","v":12.991282758620688},{"$f":"X8*$K$13","v":21.115862068965516},{"$f":"IF(AS8>O8,O8,AS8)","v":12.036041379310342},null,1.0620689655172415,1.0344827586206897,1.010344827586207,0.99827586206896557,0.98620689655172422,0.93793103448275861,0.86896551724137927,0.5,0.52,0.53,0.54,0.55000000000000004,0.56999999999999995,0.56999999999999995,1.04,1.0724571428571432,1.0546285714285719,1.0746857142857151,1.0939428571428573,1.0386285714285708,0.9609142857142855,{"$f":"Y8*C8+($A$4-80)*AF8*$A$8/1000","v":12.904137931034485},{"$f":"Z8*E8+($A$4-80)*AG8*$A$8/1000","v":13.071724137931037},{"$f":"AA8*G8+($A$4-80)*AH8*$A$8/1000","v":13.012231034482761},{"$f":"AB8*I8+($A$4-80)*AI8*$A$8/1000","v":13.099375862068968},{"$f":"AC8*K8+($A$4-80)*AJ8*$A$8/1000","v":13.180655172413795},{"$f":"AD8*M8+($A$4-80)*AK8*$A$8/1000","v":12.991282758620688},{"$f":"AE8*O8+($A$4-80)*AL8*$A$8/1000","v":12.036041379310342}]
[null,67,24.132413793103449,16.168717241379312,23.545862068965519,16.246644827586206,22.959310344827585,16.301110344827585,22.707931034482762,16.349710344827589,{"$f":"V9*$K$13","v":22.456551724137935},16.393282758620693,21.283448275862067,16.175420689655173,19.775172413793104,15.226882758620691,null,0.99310344827586206,0.96896551724137936,0.94482758620689655,0.93448275862068975,0.92413793103448283,0.87586206896551722,0.81379310344827593,0.67,0.69,0.71,0.72,0.73,0.76,0.77,0.84342857142857219,0.82217142857142811,0.86377142857142808,0.8605714285714291,0.85760000000000025,0.79862857142857102,0.80914285714285705,{"$f":"Y9*C9+($A$4-80)*AF9*$A$8/1000","v":16.168717241379312},{"$f":"Z9*E9+($A$4-80)*AG9*$A$8/1000","v":16.246644827586206},{"$f":"AA9*G9+($A$4-80)*AH9*$A$8/1000","v":16.301110344827585},{"$f":"AB9*I9+($A$4-80)*AI9*$A$8/1000","v":16.349710344827589},{"$f":"AC9*K9+($A$4-80)*AJ9*$A$8/1000","v":16.393282758620693},{"$f":"AD9*M9+($A$4-80)*AK9*$A$8/1000","v":16.175420689655173},{"$f":"AE9*O9+($A$4-80)*AL9*$A$8/1000","v":15.226882758620691}]
[null,63,22.540344827586207,18.483082758620689,22.037586206896552,18.73194827586207,21.534827586206898,18.735300000000002,21.283448275862067,18.835851724137928,{"$f":"V10*$K$13","v":21.032068965517244},18.928862068965518,19.942758620689656,18.546765517241379,18.434482758620689,17.328413793103447,null,0.92758620689655169,0.90689655172413797,0.88620689655172413,0.87586206896551722,0.86551724137931041,0.82068965517241377,0.75862068965517238,0.82,0.85,0.87,0.88500000000000001,0.9,0.93,0.94,0.70879999999999987,0.71200000000000052,0.69828571428571418,0.72045714285714235,0.74194285714285768,0.68982857142857079,0.64091428571428533,{"$f":"Y10*C10+($A$4-80)*AF10*$A$8/1000","v":18.483082758620689},{"$f":"Z10*E10+($A$4-80)*AG10*$A$8/1000","v":18.73194827586207},{"$f":"AA10*G10+($A$4-80)*AH10*$A$8/1000","v":18.735300000000002},{"$f":"AB10*I10+($A$4-80)*AI10*$A$8/1000","v":18.835851724137928},{"$f":"AC10*K10+($A$4-80)*AJ10*$A$8/1000","v":18.928862068965518},{"$f":"AD10*M10+($A$4-80)*AK10*$A$8/1000","v":18.546765517241379},{"$f":"AE10*O10+($A$4-80)*AL10*$A$8/1000","v":17.328413793103447}]
[null,59,22.121379310344828,19.466813793103448,21.534827586206898,19.596693103448278,21.032068965517244,19.559824137931038,20.780689655172417,19.637751724137935,{"$f":"V11*$K$13","v":20.529310344827586},19.708137931034482,19.523793103448277,19.523793103448277,18.09931034482759,18.09931034482759,null,0.91034482758620683,0.88620689655172413,0.86551724137931041,0.85517241379310349,0.84482758620689657,0.80344827586206902,0.7448275862068966,0.88,0.91,0.93,0.94500000000000006,0.96,1,1,0.57417142857142867,0.54582857142857177,0.53668571428571576,0.53257142857142981,0.52845714285714229,0.56251428571428619,0.47908571428571434,{"$f":"Y11*C11+($A$4-80)*AF11*$A$8/1000","v":19.466813793103448},{"$f":"Z11*E11+($A$4-80)*AG11*$A$8/1000","v":19.596693103448278},{"$f":"AA11*G11+($A$4-80)*AH11*$A$8/1000","v":19.559824137931038},{"$f":"AB11*I11+($A$4-80)*AI11*$A$8/1000","v":19.637751724137935},{"$f":"AC11*K11+($A$4-80)*AJ11*$A$8/1000","v":19.708137931034482},{"$f":"AD11*M11+($A$4-80)*AK11*$A$8/1000","v":19.523793103448277},{"$f":"AE11*O11+($A$4-80)*AL11*$A$8/1000","v":18.09931034482759}]
[1000,71,27.903103448275861,14.509613793103448,27.316551724137934,14.750937931034485,26.646206896551725,14.655413793103449,26.311034482758622,14.73417931034483,{"$f":"V12*$K$13","v":25.975862068965515},14.806241379310343,24.718965517241379,14.584189655172413,22.87551724137931,13.496555172413792,null,1.1482758620689655,1.1241379310344828,1.096551724137931,1.0827586206896551,1.0689655172413792,1.0172413793103448,0.94137931034482758,0.52,0.54,0.55000000000000004,0.56000000000000005,0.56999999999999995,0.59,0.59,1.0439999999999998,1.0936000000000008,1.0660000000000003,1.0519999999999996,1.0379999999999996,1.0455999999999996,0.96640000000000015,{"$f":"Y12*C12+($A$4-80)*AF12*$A$12/1000","v":14.509613793103448},{"$f":"Z12*E12+($A$4-80)*AG12*$A$12/1000","v":14.750937931034485},{"$f":"AA12*G12+($A$4-80)*AH12*$A$12/1000","v":14.655413793103449},{"$f":"AB12*I12+($A$4-80)*AI12*$A$12/1000","v":14.73417931034483},{"$f":"AC12*K12+($A$4-80)*AJ12*$A$12/1000","v":14.806241379310343},{"$f":"AD12*M12+($A$4-80)*AK12*$A$12/1000","v":14.584189655172413},{"$f":"AE12*O12+($A$4-80)*AL12*$A$12/1000","v":13.496555172413792}]
[null,67,26.143448275862067,18.038979310344825,25.55689655172414,18.400965517241382,24.886551724137931,18.416048275862067,24.593275862068968,18.444956896551727,24.3,18.468,23.12689655172414,18.270248275862073,21.367241379310347,17.093793103448277,null,1.0758620689655172,1.0517241379310345,1.0241379310344827,1.0120689655172415,1,0.9517241379310345,0.87931034482758619,0.69,0.72,0.74,0.75,0.76,0.79,0.8,0.79999999999999927,0.85400000000000065,0.81959999999999977,0.8390500000000003,0.85779999999999956,0.82800000000000007,0.80320000000000036,{"$f":"Y13*C13+($A$4-80)*AF13*$A$12/1000","v":18.038979310344825},{"$f":"Z13*E13+($A$4-80)*AG13*$A$12/1000","v":18.400965517241382},{"$f":"AA13*G13+($A$4-80)*AH13*$A$12/1000","v":18.416048275862067},{"$f":"AB13*I13+($A$4-80)*AI13*$A$12/1000","v":18.444956896551727},{"$f":"AC13*K13+($A$4-80)*AJ13*$A$12/1000","v":18.468},{"$f":"AD13*M13+($A$4-80)*AK13*$A$12/1000","v":18.270248275862073},{"$f":"AE13*O13+($A$4-80)*AL13*$A$12/1000","v":17.093793103448277}]
[null,63,24.467586206896552,20.79744827586207,23.881034482758622,21.015310344827586,23.294482758620692,20.965034482758622,23.001206896551725,21.04610431034483,{"$f":"V14*$K$13","v":22.707931034482762},21.118375862068969,21.618620689655174,20.970062068965518,20.026551724137931,19.626020689655171,null,1.0068965517241379,0.98275862068965514,0.95862068965517244,0.94655172413793109,0.93448275862068975,0.8896551724137931,0.82413793103448274,0.85,0.88,0.9,0.91500000000000004,0.93,0.97,0.98,0.68680000000000019,0.67320000000000069,0.65899999999999959,0.67135000000000034,0.6828000000000003,0.72120000000000029,0.672399999999999,{"$f":"Y14*C14+($A$4-80)*AF14*$A$12/1000","v":20.79744827586207},{"$f":"Z14*E14+($A$4-80)*AG14*$A$12/1000","v":21.015310344827586},{"$f":"AA14*G14+($A$4-80)*AH14*$A$12/1000","v":20.965034482758622},{"$f":"AB14*I14+($A$4-80)*AI14*$A$12/1000","v":21.04610431034483},{"$f":"AC14*K14+($A$4-80)*AJ14*$A$12/1000","v":21.118375862068969},{"$f":"AD14*M14+($A$4-80)*AK14*$A$12/1000","v":20.970062068965518},{"$f":"AE14*O14+($A$4-80)*AL14*$A$12/1000","v":19.626020689655171}]
[null,59,23.964827586206898,21.807993103448279,23.378275862068964,21.975579310344823,22.791724137931034,21.88005517241379,22.540344827586207,22.089537931034481,22.28896551724138,22.28896551724138,21.115862068965516,21.115862068965516,19.607586206896553,19.607586206896553,null,0.98620689655172422,0.9620689655172413,0.93793103448275861,0.92758620689655169,0.91724137931034488,0.86896551724137927,0.80689655172413788,0.91,0.94,0.96,0.98,1,1,1,0.54060000000000064,0.5323999999999991,0.50559999999999972,0.53784999999999883,0.56980000000000008,0.37760000000000032,0.31000000000000016,{"$f":"Y15*C15+($A$4-80)*AF15*$A$12/1000","v":21.807993103448279},{"$f":"Z15*E15+($A$4-80)*AG15*$A$12/1000","v":21.975579310344823},{"$f":"AA15*G15+($A$4-80)*AH15*$A$12/1000","v":21.88005517241379},{"$f":"AB15*I15+($A$4-80)*AI15*$A$12/1000","v":22.089537931034481},{"$f":"AC15*K15+($A$4-80)*AJ15*$A$12/1000","v":22.28896551724138},{"$f":"AD15*M15+($A$4-80)*AK15*$A$12/1000","v":21.115862068965516},{"$f":"AE15*O15+($A$4-80)*AL15*$A$12/1000","v":19.607586206896553}]
[1125,71,28.741034482758618,15.520158620689655,28.070689655172416,15.719586206896555,27.40034482758621,15.892200000000001,27.065172413793103,15.96845172413793,26.729999999999997,16.037999999999997,25.389310344827585,15.741372413793103,23.545862068965519,14.598434482758622,null,1.182758620689655,1.1551724137931034,1.1275862068965519,1.1137931034482758,1.0999999999999999,1.0448275862068965,0.96896551724137936,0.54,0.56000000000000005,0.57999999999999996,0.59,0.6,0.62,0.62,0.95537777777777722,0.99164444444444488,1.0250666666666666,1.0407111111111105,1.0556444444444437,1.0081777777777781,0.93386666666666662,{"$f":"Y16*C16+($A$4-80)*AF16*$A$16/1000","v":15.520158620689655},{"$f":"Z16*E16+($A$4-80)*AG16*$A$16/1000","v":15.719586206896555},{"$f":"AA16*G16+($A$4-80)*AH16*$A$16/1000","v":15.892200000000001},{"$f":"AB16*I16+($A$4-80)*AI16*$A$16/1000","v":15.96845172413793},{"$f":"AC16*K16+($A$4-80)*AJ16*$A$16/1000","v":16.037999999999997},{"$f":"AD16*M16+($A$4-80)*AK16*$A$16/1000","v":15.741372413793103},{"$f":"AE16*O16+($A$4-80)*AL16*$A$16/1000","v":14.598434482758622}]
[null,67,26.897586206896555,19.635237931034485,26.311034482758622,19.733275862068965,25.640689655172416,19.743331034482761,25.347413793103449,19.897719827586208,25.054137931034482,20.043310344827589,23.797241379310343,19.751710344827583,22.037586206896552,18.291196551724138,null,1.106896551724138,1.0827586206896551,1.0551724137931036,1.0431034482758621,1.0310344827586206,0.97931034482758617,0.90689655172413797,0.73,0.75,0.77,0.78500000000000003,0.8,0.83,0.83,0.78844444444444428,0.77066666666666617,0.80497777777777813,0.82235555555555551,0.83911111111111159,0.79591111111111046,0.73617777777777815,{"$f":"Y17*C17+($A$4-80)*AF17*$A$16/1000","v":19.635237931034485},{"$f":"Z17*E17+($A$4-80)*AG17*$A$16/1000","v":19.733275862068965},{"$f":"AA17*G17+($A$4-80)*AH17*$A$16/1000","v":19.743331034482761},{"$f":"AB17*I17+($A$4-80)*AI17*$A$16/1000","v":19.897719827586208},{"$f":"AC17*K17+($A$4-80)*AJ17*$A$16/1000","v":20.043310344827589},{"$f":"AD17*M17+($A$4-80)*AK17*$A$16/1000","v":19.751710344827583},{"$f":"AE17*O17+($A$4-80)*AL17*$A$16/1000","v":18.291196551724138}]
[null,63,25.221724137931034,22.44733448275862,24.635172413793104,22.910710344827589,24.048620689655174,22.846189655172413,23.755344827586207,23.161461206896551,23.462068965517243,23.462068965517243,22.28896551724138,22.28896551724138,20.613103448275865,20.613103448275865,null,1.0379310344827586,1.0137931034482759,0.98965517241379308,0.97758620689655173,0.96551724137931039,0.91724137931034488,0.84827586206896555,0.89,0.93,0.95,0.97499999999999998,1,1,1,0.63022222222222246,0.72213333333333296,0.70702222222222233,0.75013333333333398,0.79200000000000026,0.61439999999999995,0.51271111111111178,{"$f":"Y18*C18+($A$4-80)*AF18*$A$16/1000","v":22.44733448275862},{"$f":"Z18*E18+($A$4-80)*AG18*$A$16/1000","v":22.910710344827589},{"$f":"AA18*G18+($A$4-80)*AH18*$A$16/1000","v":22.846189655172413},{"$f":"AB18*I18+($A$4-80)*AI18*$A$16/1000","v":23.161461206896551},{"$f":"AC18*K18+($A$4-80)*AJ18*$A$16/1000","v":23.462068965517243},{"$f":"AD18*M18+($A$4-80)*AK18*$A$16/1000","v":22.28896551724138},{"$f":"AE18*O18+($A$4-80)*AL18*$A$16/1000","v":20.613103448275865}]
[null,59,24.635172413793104,23.403413793103446,24.048620689655174,24.048620689655174,23.462068965517243,23.462068965517243,23.210689655172416,23.210689655172416,22.959310344827585,22.959310344827585,21.786206896551725,21.786206896551725,20.194137931034483,20.194137931034483,null,1.0137931034482759,0.98965517241379308,0.96551724137931039,0.95517241379310347,0.94482758620689655,0.89655172413793105,0.83103448275862069,0.95,1,1,1,1,1,1,0.4954666666666665,0.5902222222222222,0.46364444444444392,0.39488888888888846,0.32800000000000046,0.13422222222222205,7.11111111111115E-2,{"$f":"Y19*C19+($A$4-80)*AF19*$A$16/1000","v":23.403413793103446},{"$f":"Z19*E19+($A$4-80)*AG19*$A$16/1000","v":24.048620689655174},{"$f":"AA19*G19+($A$4-80)*AH19*$A$16/1000","v":23.462068965517243},{"$f":"AB19*I19+($A$4-80)*AI19*$A$16/1000","v":23.210689655172416},{"$f":"AC19*K19+($A$4-80)*AJ19*$A$16/1000","v":22.959310344827585},{"$f":"AD19*M19+($A$4-80)*AK19*$A$16/1000","v":21.786206896551725},{"$f":"AE19*O19+($A$4-80)*AL19*$A$16/1000","v":20.194137931034483}]

{"sheet":"GSX160_36","index":26,"n_rows":19,"n_cols":45,"rows_kept":19,"cut":false,"hidden":true,"merged":[[2,0,2,1],[2,2,2,15],[3,2,3,3],[3,4,3,5],[3,6,3,7],[3,8,3,9],[3,10,3,11],[3,12,3,13],[3,14,3,15],[5,2,6,2],[5,3,6,3],[5,4,6,4],[5,5,6,5],[5,6,6,6],[5,7,6,7],[5,8,6,8],[4,0,6,0],[4,1,6,1],[4,2,4,3],[4,4,4,5],[4,6,4,7],[4,8,4,9],[5,9,6,9],[5,10,6,10],[5,11,6,11],[5,12,6,12],[5,13,6,13],[5,14,6,14],[5,15,6,15],[4,10,4,11],[4,12,4,13],[4,14,4,15],[7,0,10,0],[11,0,14,0],[15,0,18,0],[22,4,22,15],[23,4,23,5],[23,6,23,7],[23,8,23,9],[23,10,23,11],[23,12,23,13],[23,14,23,15],[25,12,26,12],[25,13,26,13],[25,14,26,14],[25,15,26,15],[27,0,30,0],[31,0,34,0],[24,12,24,13],[24,14,24,15],[25,4,26,4],[25,5,26,5],[25,6,26,6],[25,7,26,7],[25,8,26,8],[25,9,26,9],[25,10,26,10],[25,11,26,11],[24,0,26,0],[24,1,26,1],[24,4,24,5],[24,6,24,7],[24,8,24,9],[24,10,24,11],[35,0,38,0],[41,0,42,1],[41,4,41,15],[42,4,42,5],[42,6,42,7],[42,8,42,9],[42,10,42,11],[42,12,42,13],[42,14,42,15],[44,12,45,12],[44,13,45,13],[44,14,45,14],[44,15,45,15],[46,0,49,0],[50,0,53,0],[43,12,43,13],[43,14,43,15],[44,4,45,4],[44,5,45,5],[44,6,45,6],[44,7,45,7],[44,8,45,8],[44,9,45,9],[44,10,45,10],[44,11,45,11],[43,0,45,0],[43,1,45,1],[43,4,43,5],[43,6,43,7],[43,8,43,9],[43,10,43,11],[54,0,57,0],[60,0,61,1],[60,4,60,15],[61,4,61,5],[61,6,61,7],[61,8,61,9],[61,10,61,11],[61,12,61,13],[61,14,61,15],[63,12,64,12],[63,13,64,13],[63,14,64,14],[63,15,64,15],[65,0,68,0],[69,0,72,0],[62,12,62,13],[62,14,62,15],[63,4,64,4],[63,5,64,5],[63,6,64,6],[63,7,64,7],[63,8,64,8],[63,9,64,9],[63,10,64,10],[63,11,64,11],[62,0,64,0],[62,1,64,1],[62,4,62,5],[62,6,62,7],[62,8,62,9],[62,10,62,11],[73,0,76,0],[79,0,80,1],[79,4,79,15],[80,4,80,5],[80,6,80,7],[80,8,80,9],[80,10,80,11],[80,12,80,13],[80,14,80,15],[82,12,83,12],[82,13,83,13],[82,14,83,14],[82,15,83,15],[84,0,87,0],[88,0,91,0],[81,12,81,13],[81,14,81,15],[82,4,83,4],[82,5,83,5],[82,6,83,6],[82,7,83,7],[82,8,83,8],[82,9,83,9],[82,10,83,10],[82,11,83,11],[81,0,83,0],[81,1,83,1],[81,4,81,5],[81,6,81,7],[81,8,81,9],[81,10,81,11],[92,0,95,0],[98,0,99,1],[98,4,98,15],[99,4,99,5],[99,6,99,7],[99,8,99,9],[99,10,99,11],[99,12,99,13],[99,14,99,15],[101,12,102,12],[101,13,102,13],[101,14,102,14],[101,15,102,15],[103,0,106,0],[107,0,110,0],[100,12,100,13],[100,14,100,15],[101,4,102,4],[101,5,102,5],[101,6,102,6],[101,7,102,7],[101,8,102,8],[101,9,102,9],[101,10,102,10],[101,11,102,11],[100,0,102,0],[100,1,102,1],[100,4,100,5],[100,6,100,7],[100,8,100,9],[100,10,100,11],[111,0,114,0],[117,0,118,1],[117,4,117,15],[118,4,118,5],[118,6,118,7],[118,8,118,9],[118,10,118,11],[118,12,118,13],[118,14,118,15],[130,0,133,0],[120,12,121,12],[120,13,121,13],[120,14,121,14],[120,15,121,15],[122,0,125,0],[126,0,129,0],[119,12,119,13],[119,14,119,15],[120,4,121,4],[120,5,121,5],[120,6,121,6],[120,7,121,7],[120,8,121,8],[120,9,121,9],[120,10,121,10],[120,11,121,11],[119,0,121,0],[119,1,121,1],[119,4,119,5],[119,6,119,7],[119,8,119,9],[119,10,119,11]]}
[]
["GSX160_36"]
["Evaporator Air \n",null,"Condenser  Entering Air Temperature ˚F"]
[75,"°F DB",65,null,75,null,85,null,90,null,95,null,105,null,115]
["CFM","EWB†\n˚F","Capacity Mbtuh",null,"Capacity Mbtuh",null,"Capacity Mbtuh",null,"Capacity Mbtuh",null,"Capacity Mbtuh",null,"Capacity Mbtuh",null,"Capacity Mbtuh"]
[null,null,"Total","Sens.","Total","Sens.","Total","Sens.","Total","Sens.","Total","Sens.","Total","Sens.","Total","Sens."]
[null,null,null,null,null,null,null,null,null,null,null,null,null,null,null,null,null,"Total Factors",null,null,null,null,null,null,"Sens. %",null,null,null,null,null,null,"IDB Adj",null,null,null,null,null,null,"Sens Calc"]
[1050,71,{"$f":"R8*$K$13","v":36.9},{"$f":"IF(AM8>C8,C8,AM8)","v":13.02},{"$f":"S8*$K$13","v":36.1},{"$f":"IF(AN8>E8,E8,AN8)","v":13.067999999999998},{"$f":"T8*$K$13","v":35.200000000000003},{"$f":"IF(AO8>G8,G8,AO8)","v":13.097999999999999},{"$f":"U8*$K$13","v":34.75},{"$f":"IF(AP8>I8,I8,AP8)","v":13.300000000000002},{"$f":"V8*$K$13","v":34.299999999999997},{"$f":"IF(AQ8>K8,K8,AQ8)","v":13.494000000000002},{"$f":"W8*$K$13","v":32.6},{"$f":"IF(AR8>M8,M8,AR8)","v":13.12},{"$f":"X8*$K$13","v":30.200000000000003},{"$f":"IF(AS8>O8,O8,AS8)","v":12.160000000000004},null,1.0603448275862069,1.0373563218390807,1.0114942528735633,0.99856321839080464,0.98563218390804597,0.93678160919540243,0.86781609195402309,0.51,0.52,0.54,0.54500000000000004,0.55000000000000004,0.57999999999999996,0.57999999999999996,1.1045714285714285,1.0864761904761913,1.1257142857142866,1.0740476190476191,1.0230476190476185,1.1024761904761908,1.0201904761904759,{"$f":"Y8*C8+($A$4-80)*AF8*$A$8/1000","v":13.02},{"$f":"Z8*E8+($A$4-80)*AG8*$A$8/1000","v":13.067999999999998},{"$f":"AA8*G8+($A$4-80)*AH8*$A$8/1000","v":13.097999999999999},{"$f":"AB8*I8+($A$4-80)*AI8*$A$8/1000","v":13.300000000000002},{"$f":"AC8*K8+($A$4-80)*AJ8*$A$8/1000","v":13.494000000000002},{"$f":"AD8*M8+($A$4-80)*AK8*$A$8/1000","v":13.12},{"$f":"AE8*O8+($A$4-80)*AL8*$A$8/1000","v":12.160000000000004}]
[null,67,34.5,19.03,33.700000000000003,19.265999999999998,32.9,19.139999999999997,32.5,19.233999999999998,{"$f":"V9*$K$13","v":32.1},19.32,30.5,18.972000000000001,28.3,17.891999999999999,null,0.99137931034482762,0.96839080459770133,0.9454022988505747,0.9339080459770116,0.9224137931034484,0.87643678160919547,0.81321839080459779,0.68,0.7,0.72,0.73,0.74,0.77,0.78,0.84380952380952368,0.82361904761904792,0.86628571428571477,0.85542857142857132,0.84457142857142875,0.85961904761904717,0.79657142857142904,{"$f":"Y9*C9+($A$4-80)*AF9*$A$8/1000","v":19.03},{"$f":"Z9*E9+($A$4-80)*AG9*$A$8/1000","v":19.265999999999998},{"$f":"AA9*G9+($A$4-80)*AH9*$A$8/1000","v":19.139999999999997},{"$f":"AB9*I9+($A$4-80)*AI9*$A$8/1000","v":19.233999999999998},{"$f":"AC9*K9+($A$4-80)*AJ9*$A$8/1000","v":19.32},{"$f":"AD9*M9+($A$4-80)*AK9*$A$8/1000","v":18.972000000000001},{"$f":"AE9*O9+($A$4-80)*AL9*$A$8/1000","v":17.891999999999999}]
[null,63,32.299999999999997,23.04,31.6,23.475000000000001,30.8,23.484999999999999,30.450000000000003,23.516999999999999,{"$f":"V10*$K$13","v":30.1},23.542000000000002,28.600000000000005,23.206,26.5,21.745999999999999,null,0.92816091954022983,0.90804597701149437,0.88505747126436796,0.87500000000000011,0.86494252873563227,0.82183908045977028,0.76149425287356332,0.83,0.86,0.88,0.89500000000000002,0.91,0.95,0.95,0.7179047619047616,0.704952380952381,0.68933333333333335,0.71157142857142919,0.73314285714285721,0.75504761904761941,0.65314285714285691,{"$f":"Y10*C10+($A$4-80)*AF10*$A$8/1000","v":23.04},{"$f":"Z10*E10+($A$4-80)*AG10*$A$8/1000","v":23.475000000000001},{"$f":"AA10*G10+($A$4-80)*AH10*$A$8/1000","v":23.484999999999999},{"$f":"AB10*I10+($A$4-80)*AI10*$A$8/1000","v":23.516999999999999},{"$f":"AC10*K10+($A$4-80)*AJ10*$A$8/1000","v":23.542000000000002},{"$f":"AD10*M10+($A$4-80)*AK10*$A$8/1000","v":23.206},{"$f":"AE10*O10+($A$4-80)*AL10*$A$8/1000","v":21.745999999999999}]
[null,59,31.6,25.191000000000003,30.9,25.535999999999998,30.200000000000003,25.456000000000003,29.799999999999997,25.59375,{"$f":"V11*$K$13","v":29.4},25.721,28,25.3,25.9,23.622,null,0.90804597701149437,0.88793103448275867,0.86781609195402309,0.85632183908045978,0.84482758620689657,0.8045977011494253,0.74425287356321845,0.89,0.92,0.94,0.95499999999999996,0.97,1.01,1.02,0.55866666666666676,0.55085714285714338,0.55847619047619024,0.54576190476190389,0.53276190476190421,0.56761904761904769,0.53257142857142847,{"$f":"Y11*C11+($A$4-80)*AF11*$A$8/1000","v":25.191000000000003},{"$f":"Z11*E11+($A$4-80)*AG11*$A$8/1000","v":25.535999999999998},{"$f":"AA11*G11+($A$4-80)*AH11*$A$8/1000","v":25.456000000000003},{"$f":"AB11*I11+($A$4-80)*AI11*$A$8/1000","v":25.59375},{"$f":"AC11*K11+($A$4-80)*AJ11*$A$8/1000","v":25.721},{"$f":"AD11*M11+($A$4-80)*AK11*$A$8/1000","v":25.3},{"$f":"AE11*O11+($A$4-80)*AL11*$A$8/1000","v":23.622}]
[1200,71,40,14.911,39.1,14.934000000000001,38.099999999999994,14.975999999999996,37.650000000000006,14.990250000000001,{"$f":"V12*$K$13","v":37.200000000000003},15,35.299999999999997,14.952000000000002,32.700000000000003,13.86,null,1.149425287356322,1.1235632183908046,1.0948275862068966,1.0818965517241381,1.0689655172413794,1.014367816091954,0.93965517241379326,0.52,0.54,0.56000000000000005,0.57000000000000006,0.57999999999999996,0.6,0.6,0.98150000000000015,1.03,1.0600000000000007,1.0783750000000007,1.0960000000000001,1.0379999999999991,0.9600000000000003,{"$f":"Y12*C12+($A$4-80)*AF12*$A$12/1000","v":14.911},{"$f":"Z12*E12+($A$4-80)*AG12*$A$12/1000","v":14.934000000000001},{"$f":"AA12*G12+($A$4-80)*AH12*$A$12/1000","v":14.975999999999996},{"$f":"AB12*I12+($A$4-80)*AI12*$A$12/1000","v":14.990250000000001},{"$f":"AC12*K12+($A$4-80)*AJ12*$A$12/1000","v":15},{"$f":"AD12*M12+($A$4-80)*AK12*$A$12/1000","v":14.952000000000002},{"$f":"AE12*O12+($A$4-80)*AL12*$A$12/1000","v":13.86}]
[null,67,37.4,21.374999999999996,36.5,21.594000000000001,35.700000000000003,21.479999999999997,35.25,21.563499999999998,34.799999999999997,21.637999999999998,33.1,21.580000000000002,30.6,19.955000000000002,null,1.0747126436781609,1.0488505747126438,1.0258620689655173,1.0129310344827587,1,0.95114942528735646,0.8793103448275863,0.7,0.73,0.75,0.76,0.77,0.8,0.81,0.80083333333333329,0.8418333333333331,0.88250000000000095,0.87108333333333365,0.85966666666666691,0.81666666666666698,0.80516666666666659,{"$f":"Y13*C13+($A$4-80)*AF13*$A$12/1000","v":21.374999999999996},{"$f":"Z13*E13+($A$4-80)*AG13*$A$12/1000","v":21.594000000000001},{"$f":"AA13*G13+($A$4-80)*AH13*$A$12/1000","v":21.479999999999997},{"$f":"AB13*I13+($A$4-80)*AI13*$A$12/1000","v":21.563499999999998},{"$f":"AC13*K13+($A$4-80)*AJ13*$A$12/1000","v":21.637999999999998},{"$f":"AD13*M13+($A$4-80)*AK13*$A$12/1000","v":21.580000000000002},{"$f":"AE13*O13+($A$4-80)*AL13*$A$12/1000","v":19.955000000000002}]
[null,63,35,26.025000000000002,34.200000000000003,26.442,33.4,26.480000000000004,33,26.446500000000007,{"$f":"V14*$K$13","v":32.6},26.404,30.9,26.01,28.7,24.423999999999999,null,1.0057471264367817,0.98275862068965536,0.95977011494252873,0.94827586206896564,0.93678160919540243,0.88793103448275867,0.82471264367816099,0.86,0.89,0.92,0.93500000000000005,0.95,0.98,0.99,0.67916666666666603,0.66600000000000037,0.70799999999999952,0.7347499999999989,0.7609999999999999,0.71199999999999908,0.6648333333333335,{"$f":"Y14*C14+($A$4-80)*AF14*$A$12/1000","v":26.025000000000002},{"$f":"Z14*E14+($A$4-80)*AG14*$A$12/1000","v":26.442},{"$f":"AA14*G14+($A$4-80)*AH14*$A$12/1000","v":26.480000000000004},{"$f":"AB14*I14+($A$4-80)*AI14*$A$12/1000","v":26.446500000000007},{"$f":"AC14*K14+($A$4-80)*AJ14*$A$12/1000","v":26.404},{"$f":"AD14*M14+($A$4-80)*AK14*$A$12/1000","v":26.01},{"$f":"AE14*O14+($A$4-80)*AL14*$A$12/1000","v":24.423999999999999}]
[null,59,34.299999999999997,28.308,33.5,28.622999999999998,32.700000000000003,28.569000000000003,32.299999999999997,28.688500000000005,31.9,28.796000000000003,30.3,28.31,28.1,26.495999999999999,null,0.98563218390804597,0.96264367816091967,0.93965517241379326,0.92816091954022983,0.91666666666666674,0.87068965517241392,0.80747126436781624,0.92,0.95,0.98,0.99,1,1,1,0.54133333333333289,0.53366666666666684,0.57949999999999946,0.54808333333333192,0.51733333333333265,0.331666666666667,0.26733333333333376,{"$f":"Y15*C15+($A$4-80)*AF15*$A$12/1000","v":28.308},{"$f":"Z15*E15+($A$4-80)*AG15*$A$12/1000","v":28.622999999999998},{"$f":"AA15*G15+($A$4-80)*AH15*$A$12/1000","v":28.569000000000003},{"$f":"AB15*I15+($A$4-80)*AI15*$A$12/1000","v":28.688500000000005},{"$f":"AC15*K15+($A$4-80)*AJ15*$A$12/1000","v":28.796000000000003},{"$f":"AD15*M15+($A$4-80)*AK15*$A$12/1000","v":28.31},{"$f":"AE15*O15+($A$4-80)*AL15*$A$12/1000","v":26.495999999999999}]
[1350,71,41.2,15.77,40.200000000000003,16.2,39.299999999999997,16.236000000000001,38.799999999999997,16.226500000000001,38.299999999999997,16.212,36.4,16.148,33.700000000000003,14.96,null,1.1839080459770117,1.1551724137931036,1.1293103448275863,1.1149425287356323,1.1005747126436782,1.0459770114942528,0.96839080459770133,0.55000000000000004,0.56999999999999995,0.57999999999999996,0.59,0.6,0.63,0.63,1.0207407407407414,0.99466666666666648,0.97155555555555495,0.98748148148148063,1.0026666666666662,1.005037037037037,0.92903703703703711,{"$f":"Y16*C16+($A$4-80)*AF16*$A$16/1000","v":15.77},{"$f":"Z16*E16+($A$4-80)*AG16*$A$16/1000","v":16.2},{"$f":"AA16*G16+($A$4-80)*AH16*$A$16/1000","v":16.236000000000001},{"$f":"AB16*I16+($A$4-80)*AI16*$A$16/1000","v":16.226500000000001},{"$f":"AC16*K16+($A$4-80)*AJ16*$A$16/1000","v":16.212},{"$f":"AD16*M16+($A$4-80)*AK16*$A$16/1000","v":16.148},{"$f":"AE16*O16+($A$4-80)*AL16*$A$16/1000","v":14.96}]
[null,67,38.5,23.16,37.600000000000009,23.374000000000009,36.700000000000003,23.247,36.25,23.328000000000003,35.799999999999997,23.400000000000006,34.1,23.256000000000004,31.5,21.488000000000003,null,1.1063218390804599,1.0804597701149428,1.0545977011494254,1.0416666666666667,1.0287356321839081,0.97988505747126453,0.90517241379310354,0.74,0.76,0.78,0.79500000000000004,0.81,0.84,0.84,0.78962962962962935,0.77066666666666639,0.79688888888888965,0.81344444444444419,0.82933333333333303,0.79822222222222194,0.7365925925925918,{"$f":"Y17*C17+($A$4-80)*AF17*$A$16/1000","v":23.16},{"$f":"Z17*E17+($A$4-80)*AG17*$A$16/1000","v":23.374000000000009},{"$f":"AA17*G17+($A$4-80)*AH17*$A$16/1000","v":23.247},{"$f":"AB17*I17+($A$4-80)*AI17*$A$16/1000","v":23.328000000000003},{"$f":"AC17*K17+($A$4-80)*AJ17*$A$16/1000","v":23.400000000000006},{"$f":"AD17*M17+($A$4-80)*AK17*$A$16/1000","v":23.256000000000004},{"$f":"AE17*O17+($A$4-80)*AL17*$A$16/1000","v":21.488000000000003}]
[null,63,36.1,28.203000000000003,35.200000000000003,28.269000000000002,34.4,28.56,33.950000000000003,28.56,33.5,28.552000000000003,31.9,28.44,29.5,26.28,null,1.0373563218390807,1.0114942528735633,0.9885057471264368,0.97557471264367834,0.96264367816091967,0.91666666666666674,0.8477011494252874,0.9,0.94,0.96,0.98,1,1,1,0.63511111111111107,0.71392592592592574,0.66133333333333366,0.69792592592592617,0.7330370370370366,0.51259259259259227,0.47703703703703687,{"$f":"Y18*C18+($A$4-80)*AF18*$A$16/1000","v":28.203000000000003},{"$f":"Z18*E18+($A$4-80)*AG18*$A$16/1000","v":28.269000000000002},{"$f":"AA18*G18+($A$4-80)*AH18*$A$16/1000","v":28.56},{"$f":"AB18*I18+($A$4-80)*AI18*$A$16/1000","v":28.56},{"$f":"AC18*K18+($A$4-80)*AJ18*$A$16/1000","v":28.552000000000003},{"$f":"AD18*M18+($A$4-80)*AK18*$A$16/1000","v":28.44},{"$f":"AE18*O18+($A$4-80)*AL18*$A$16/1000","v":26.28}]
[null,59,35.299999999999997,30.536000000000001,34.5,30.849,33.700000000000003,30.783000000000001,33.25,30.901500000000006,32.799999999999997,31.007999999999996,31.2,30.6,28.9,28.4,null,1.014367816091954,0.99137931034482762,0.96839080459770133,0.95545977011494265,0.94252873563218387,0.89655172413793105,0.83045977011494254,0.96,1,1,1,1,1,1,0.49659259259259209,0.54088888888888886,0.43214814814814839,0.34792592592592508,0.26548148148148171,8.8888888888888587E-2,7.407407407407407E-2,{"$f":"Y19*C19+($A$4-80)*AF19*$A$16/1000","v":30.536000000000001},{"$f":"Z19*E19+($A$4-80)*AG19*$A$16/1000","v":30.849},{"$f":"AA19*G19+($A$4-80)*AH19*$A$16/1000","v":30.783000000000001},{"$f":"AB19*I19+($A$4-80)*AI19*$A$16/1000","v":30.901500000000006},{"$f":"AC19*K19+($A$4-80)*AJ19*$A$16/1000","v":31.007999999999996},{"$f":"AD19*M19+($A$4-80)*AK19*$A$16/1000","v":30.6},{"$f":"AE19*O19+($A$4-80)*AL19*$A$16/1000","v":28.4}]

{"sheet":"GSX160_42","index":27,"n_rows":19,"n_cols":45,"rows_kept":19,"cut":false,"hidden":true,"merged":[[2,0,2,1],[2,2,2,15],[3,2,3,3],[3,4,3,5],[3,6,3,7],[3,8,3,9],[3,10,3,11],[3,12,3,13],[3,14,3,15],[5,2,6,2],[5,3,6,3],[5,4,6,4],[5,5,6,5],[5,6,6,6],[5,7,6,7],[5,8,6,8],[4,0,6,0],[4,1,6,1],[4,2,4,3],[4,4,4,5],[4,6,4,7],[4,8,4,9],[5,9,6,9],[5,10,6,10],[5,11,6,11],[5,12,6,12],[5,13,6,13],[5,14,6,14],[5,15,6,15],[4,10,4,11],[4,12,4,13],[4,14,4,15],[7,0,10,0],[11,0,14,0],[15,0,18,0],[22,4,22,15],[23,4,23,5],[23,6,23,7],[23,8,23,9],[23,10,23,11],[23,12,23,13],[23,14,23,15],[25,12,26,12],[25,13,26,13],[25,14,26,14],[25,15,26,15],[27,0,30,0],[31,0,34,0],[24,12,24,13],[24,14,24,15],[25,4,26,4],[25,5,26,5],[25,6,26,6],[25,7,26,7],[25,8,26,8],[25,9,26,9],[25,10,26,10],[25,11,26,11],[24,0,26,0],[24,1,26,1],[24,4,24,5],[24,6,24,7],[24,8,24,9],[24,10,24,11],[35,0,38,0],[41,0,42,1],[41,4,41,15],[42,4,42,5],[42,6,42,7],[42,8,42,9],[42,10,42,11],[42,12,42,13],[42,14,42,15],[44,12,45,12],[44,13,45,13],[44,14,45,14],[44,15,45,15],[46,0,49,0],[50,0,53,0],[43,12,43,13],[43,14,43,15],[44,4,45,4],[44,5,45,5],[44,6,45,6],[44,7,45,7],[44,8,45,8],[44,9,45,9],[44,10,45,10],[44,11,45,11],[43,0,45,0],[43,1,45,1],[43,4,43,5],[43,6,43,7],[43,8,43,9],[43,10,43,11],[54,0,57,0],[60,0,61,1],[60,4,60,15],[61,4,61,5],[61,6,61,7],[61,8,61,9],[61,10,61,11],[61,12,61,13],[61,14,61,15],[63,12,64,12],[63,13,64,13],[63,14,64,14],[63,15,64,15],[65,0,68,0],[69,0,72,0],[62,12,62,13],[62,14,62,15],[63,4,64,4],[63,5,64,5],[63,6,64,6],[63,7,64,7],[63,8,64,8],[63,9,64,9],[63,10,64,10],[63,11,64,11],[62,0,64,0],[62,1,64,1],[62,4,62,5],[62,6,62,7],[62,8,62,9],[62,10,62,11],[73,0,76,0],[79,0,80,1],[79,4,79,15],[80,4,80,5],[80,6,80,7],[80,8,80,9],[80,10,80,11],[80,12,80,13],[80,14,80,15],[82,12,83,12],[82,13,83,13],[82,14,83,14],[82,15,83,15],[84,0,87,0],[88,0,91,0],[81,12,81,13],[81,14,81,15],[82,4,83,4],[82,5,83,5],[82,6,83,6],[82,7,83,7],[82,8,83,8],[82,9,83,9],[82,10,83,10],[82,11,83,11],[81,0,83,0],[81,1,83,1],[81,4,81,5],[81,6,81,7],[81,8,81,9],[81,10,81,11],[92,0,95,0],[98,0,99,1],[98,4,98,15],[99,4,99,5],[99,6,99,7],[99,8,99,9],[99,10,99,11],[99,12,99,13],[99,14,99,15],[101,12,102,12],[101,13,102,13],[101,14,102,14],[101,15,102,15],[103,0,106,0],[107,0,110,0],[100,12,100,13],[100,14,100,15],[101,4,102,4],[101,5,102,5],[101,6,102,6],[101,7,102,7],[101,8,102,8],[101,9,102,9],[101,10,102,10],[101,11,102,11],[100,0,102,0],[100,1,102,1],[100,4,100,5],[100,6,100,7],[100,8,100,9],[100,10,100,11],[111,0,114,0],[117,0,118,1],[117,4,117,15],[118,4,118,5],[118,6,118,7],[118,8,118,9],[118,10,118,11],[118,12,118,13],[118,14,118,15],[130,0,133,0],[120,12,121,12],[120,13,121,13],[120,14,121,14],[120,15,121,15],[122,0,125,0],[126,0,129,0],[119,12,119,13],[119,14,119,15],[120,4,121,4],[120,5,121,5],[120,6,121,6],[120,7,121,7],[120,8,121,8],[120,9,121,9],[120,10,121,10],[120,11,121,11],[119,0,121,0],[119,1,121,1],[119,4,119,5],[119,6,119,7],[119,8,119,9],[119,10,119,11]]}
[]
["GSX160_42"]
["Evaporator Air \n",null,"Condenser  Entering Air Temperature ˚F"]
[80,"°F DB",65,null,75,null,85,null,90,null,95,null,105,null,115]
["CFM","EWB†\n˚F","Capacity Mbtuh",null,"Capacity Mbtuh",null,"Capacity Mbtuh",null,"Capacity Mbtuh",null,"Capacity Mbtuh",null,"Capacity Mbtuh",null,"Capacity Mbtuh"]
[null,null,"Total","Sens.","Total","Sens.","Total","Sens.","Total","Sens.","Total","Sens.","Total","Sens.","Total","Sens."]
[null,null,null,null,null,null,null,null,null,null,null,null,null,null,null,null,null,"Total Factors",null,null,null,null,null,null,"Sens. %",null,null,null,null,null,null,"IDB Adj",null,null,null,null,null,null,"Sens Calc"]
[1225,71,{"$f":"R8*$K$13","v":25.746428571428574},{"$f":"IF(AM8>C8,C8,AM8)","v":12.873214285714287},{"$f":"S8*$K$13","v":25.167857142857144},{"$f":"IF(AN8>E8,E8,AN8)","v":13.087285714285716},{"$f":"T8*$K$13","v":24.589285714285715},{"$f":"IF(AO8>G8,G8,AO8)","v":13.03232142857143},{"$f":"U8*$K$13","v":24.271071428571432},{"$f":"IF(AP8>I8,I8,AP8)","v":13.106378571428573},{"$f":"V8*$K$13","v":23.952857142857141},{"$f":"IF(AQ8>K8,K8,AQ8)","v":13.174071428571429},{"$f":"W8*$K$13","v":22.795714285714286},{"$f":"IF(AR8>M8,M8,AR8)","v":12.993557142857142},{"$f":"X8*$K$13","v":21.117857142857144},{"$f":"IF(AS8>O8,O8,AS8)","v":12.037178571428571},null,1.0595238095238095,1.0357142857142858,1.0119047619047619,0.99880952380952392,0.98571428571428565,0.93809523809523809,0.86904761904761907,0.5,0.52,0.53,0.54,0.55000000000000004,0.56999999999999995,0.56999999999999995,1.0669387755102044,1.1186938775510209,1.0920816326530618,1.1117142857142861,1.1304489795918362,1.0804897959183668,0.99999999999999978,{"$f":"Y8*C8+($A$4-80)*AF8*$A$8/1000","v":12.873214285714287},{"$f":"Z8*E8+($A$4-80)*AG8*$A$8/1000","v":13.087285714285716},{"$f":"AA8*G8+($A$4-80)*AH8*$A$8/1000","v":13.03232142857143},{"$f":"AB8*I8+($A$4-80)*AI8*$A$8/1000","v":13.106378571428573},{"$f":"AC8*K8+($A$4-80)*AJ8*$A$8/1000","v":13.174071428571429},{"$f":"AD8*M8+($A$4-80)*AK8*$A$8/1000","v":12.993557142857142},{"$f":"AE8*O8+($A$4-80)*AL8*$A$8/1000","v":12.037178571428571}]
[null,67,24.126428571428573,16.164707142857143,23.547857142857147,16.24802142857143,22.969285714285718,16.30819285714286,22.708928571428572,16.350428571428573,{"$f":"V9*$K$13","v":22.448571428571427},16.387457142857141,21.291428571428568,16.181485714285714,19.729285714285716,15.191550000000001,null,0.99285714285714288,0.96904761904761916,0.94523809523809532,0.93452380952380953,0.92380952380952375,0.87619047619047608,0.81190476190476191,0.67,0.69,0.71,0.72,0.73,0.76,0.77,0.87624489795918437,0.85469387755102033,0.8888163265306126,0.88293877551020439,0.8772244897959186,0.83102040816326483,0.82497959183673475,{"$f":"Y9*C9+($A$4-80)*AF9*$A$8/1000","v":16.164707142857143},{"$f":"Z9*E9+($A$4-80)*AG9*$A$8/1000","v":16.24802142857143},{"$f":"AA9*G9+($A$4-80)*AH9*$A$8/1000","v":16.30819285714286},{"$f":"AB9*I9+($A$4-80)*AI9*$A$8/1000","v":16.350428571428573},{"$f":"AC9*K9+($A$4-80)*AJ9*$A$8/1000","v":16.387457142857141},{"$f":"AD9*M9+($A$4-80)*AK9*$A$8/1000","v":16.181485714285714},{"$f":"AE9*O9+($A$4-80)*AL9*$A$8/1000","v":15.191550000000001}]
[null,63,22.564285714285717,18.502714285714287,22.043571428571429,18.737035714285714,21.522857142857145,18.724885714285715,21.262499999999999,18.8173125,{"$f":"V10*$K$13","v":21.002142857142857},18.901928571428574,19.960714285714285,18.563464285714286,18.456428571428571,17.349042857142855,null,0.9285714285714286,0.90714285714285714,0.88571428571428579,0.875,0.86428571428571421,0.8214285714285714,0.75952380952380949,0.82,0.85,0.87,0.88500000000000001,0.9,0.93,0.94,0.74677551020408128,0.73257142857142765,0.71771428571428697,0.74028571428571488,0.76212244897959225,0.72881632653061201,0.66514285714285692,{"$f":"Y10*C10+($A$4-80)*AF10*$A$8/1000","v":18.502714285714287},{"$f":"Z10*E10+($A$4-80)*AG10*$A$8/1000","v":18.737035714285714},{"$f":"AA10*G10+($A$4-80)*AH10*$A$8/1000","v":18.724885714285715},{"$f":"AB10*I10+($A$4-80)*AI10*$A$8/1000","v":18.8173125},{"$f":"AC10*K10+($A$4-80)*AJ10*$A$8/1000","v":18.901928571428574},{"$f":"AD10*M10+($A$4-80)*AK10*$A$8/1000","v":18.563464285714286},{"$f":"AE10*O10+($A$4-80)*AL10*$A$8/1000","v":17.349042857142855}]
[null,59,22.101428571428574,19.449257142857146,21.580714285714286,19.638450000000002,21.06,19.585799999999999,20.79964285714286,19.655662500000005,{"$f":"V11*$K$13","v":20.539285714285715},19.717714285714287,19.497857142857143,19.497857142857143,18.051428571428573,18.051428571428573,null,0.90952380952380962,0.88809523809523805,0.86666666666666659,0.85595238095238102,0.84523809523809523,0.80238095238095242,0.74285714285714288,0.88,0.91,0.93,0.94500000000000006,0.96,1,1,0.59036734693877546,0.58204081632653026,0.55869387755102173,0.55428571428571594,0.54987755102040792,0.58432653061224504,0.48261224489795918,{"$f":"Y11*C11+($A$4-80)*AF11*$A$8/1000","v":19.449257142857146},{"$f":"Z11*E11+($A$4-80)*AG11*$A$8/1000","v":19.638450000000002},{"$f":"AA11*G11+($A$4-80)*AH11*$A$8/1000","v":19.585799999999999},{"$f":"AB11*I11+($A$4-80)*AI11*$A$8/1000","v":19.655662500000005},{"$f":"AC11*K11+($A$4-80)*AJ11*$A$8/1000","v":19.717714285714287},{"$f":"AD11*M11+($A$4-80)*AK11*$A$8/1000","v":19.497857142857143},{"$f":"AE11*O11+($A$4-80)*AL11*$A$8/1000","v":18.051428571428573}]
[1400,71,27.945,14.531400000000001,27.250714285714288,14.715385714285716,26.614285714285717,14.637857142857145,26.296071428571434,14.725800000000005,{"$f":"V12*$K$13","v":25.977857142857143},14.80737857142857,24.705000000000005,14.575950000000002,22.853571428571428,13.483607142857142,null,1.1499999999999999,1.1214285714285714,1.0952380952380953,1.0821428571428573,1.069047619047619,1.0166666666666668,0.94047619047619047,0.52,0.54,0.55000000000000004,0.56000000000000005,0.56999999999999995,0.59,0.59,1.0885714285714287,1.122714285714286,1.1008571428571432,1.0870714285714291,1.0732857142857135,1.0804285714285717,0.99814285714285733,{"$f":"Y12*C12+($A$4-80)*AF12*$A$12/1000","v":14.531400000000001},{"$f":"Z12*E12+($A$4-80)*AG12*$A$12/1000","v":14.715385714285716},{"$f":"AA12*G12+($A$4-80)*AH12*$A$12/1000","v":14.637857142857145},{"$f":"AB12*I12+($A$4-80)*AI12*$A$12/1000","v":14.725800000000005},{"$f":"AC12*K12+($A$4-80)*AJ12*$A$12/1000","v":14.80737857142857},{"$f":"AD12*M12+($A$4-80)*AK12*$A$12/1000","v":14.575950000000002},{"$f":"AE12*O12+($A$4-80)*AL12*$A$12/1000","v":13.483607142857142}]
[null,67,26.151428571428575,18.044485714285717,25.515000000000001,18.370799999999999,24.936428571428575,18.452957142857144,24.618214285714284,18.463660714285712,24.3,18.468,23.085000000000001,18.23715,21.407142857142858,17.125714285714288,null,1.0761904761904764,1.05,1.0261904761904763,1.013095238095238,1,0.95,0.88095238095238093,0.69,0.72,0.74,0.75,0.76,0.79,0.8,0.83142857142857085,0.87371428571428555,0.85342857142857154,0.87274999999999936,0.89128571428571446,0.84585714285714275,0.83657142857142874,{"$f":"Y13*C13+($A$4-80)*AF13*$A$12/1000","v":18.044485714285717},{"$f":"Z13*E13+($A$4-80)*AG13*$A$12/1000","v":18.370799999999999},{"$f":"AA13*G13+($A$4-80)*AH13*$A$12/1000","v":18.452957142857144},{"$f":"AB13*I13+($A$4-80)*AI13*$A$12/1000","v":18.463660714285712},{"$f":"AC13*K13+($A$4-80)*AJ13*$A$12/1000","v":18.468},{"$f":"AD13*M13+($A$4-80)*AK13*$A$12/1000","v":18.23715},{"$f":"AE13*O13+($A$4-80)*AL13*$A$12/1000","v":17.125714285714288}]
[null,63,24.473571428571429,20.802535714285714,23.895,21.0276,23.31642857142857,20.984785714285714,23.027142857142856,21.069835714285713,{"$f":"V14*$K$13","v":22.737857142857141},21.146207142857143,21.580714285714286,20.933292857142856,20.01857142857143,19.618200000000002,null,1.0071428571428571,0.98333333333333328,0.95952380952380945,0.94761904761904758,0.93571428571428561,0.88809523809523805,0.82380952380952388,0.85,0.88,0.9,0.91500000000000004,0.93,0.97,0.98,0.71757142857142853,0.69300000000000039,0.67842857142857083,0.69957142857142884,0.71999999999999986,0.72871428571428554,0.69114285714285728,{"$f":"Y14*C14+($A$4-80)*AF14*$A$12/1000","v":20.802535714285714},{"$f":"Z14*E14+($A$4-80)*AG14*$A$12/1000","v":21.0276},{"$f":"AA14*G14+($A$4-80)*AH14*$A$12/1000","v":20.984785714285714},{"$f":"AB14*I14+($A$4-80)*AI14*$A$12/1000","v":21.069835714285713},{"$f":"AC14*K14+($A$4-80)*AJ14*$A$12/1000","v":21.146207142857143},{"$f":"AD14*M14+($A$4-80)*AK14*$A$12/1000","v":20.933292857142856},{"$f":"AE14*O14+($A$4-80)*AL14*$A$12/1000","v":19.618200000000002}]
[null,59,23.952857142857141,21.7971,23.374285714285712,21.971828571428567,22.795714285714286,21.883885714285714,22.535357142857144,22.08465,22.274999999999999,22.274999999999999,21.117857142857144,21.117857142857144,19.613571428571429,19.613571428571429,null,0.98571428571428565,0.96190476190476182,0.93809523809523809,0.92738095238095242,0.91666666666666663,0.86904761904761907,0.80714285714285716,0.91,0.94,0.96,0.98,1,1,1,0.56799999999999984,0.54771428571428515,0.53828571428571337,0.56246428571428553,0.58600000000000063,0.39342857142857213,0.32357142857142918,{"$f":"Y15*C15+($A$4-80)*AF15*$A$12/1000","v":21.7971},{"$f":"Z15*E15+($A$4-80)*AG15*$A$12/1000","v":21.971828571428567},{"$f":"AA15*G15+($A$4-80)*AH15*$A$12/1000","v":21.883885714285714},{"$f":"AB15*I15+($A$4-80)*AI15*$A$12/1000","v":22.08465},{"$f":"AC15*K15+($A$4-80)*AJ15*$A$12/1000","v":22.274999999999999},{"$f":"AD15*M15+($A$4-80)*AK15*$A$12/1000","v":21.117857142857144},{"$f":"AE15*O15+($A$4-80)*AL15*$A$12/1000","v":19.613571428571429}]
[1575,71,28.755000000000003,15.527700000000003,28.118571428571432,15.746400000000003,27.424285714285716,15.906085714285714,27.07714285714286,15.975514285714286,26.730000000000004,16.038,25.399285714285718,15.747557142857145,23.547857142857147,14.599671428571432,null,1.1833333333333333,1.1571428571428573,1.1285714285714286,1.1142857142857143,1.1000000000000001,1.0452380952380953,0.96904761904761916,0.54,0.56000000000000005,0.57999999999999996,0.59,0.6,0.62,0.62,0.99047619047619118,1.0342857142857147,1.0681904761904757,1.081428571428571,1.0938412698412703,1.0427936507936506,0.96558730158730199,{"$f":"Y16*C16+($A$4-80)*AF16*$A$16/1000","v":15.527700000000003},{"$f":"Z16*E16+($A$4-80)*AG16*$A$16/1000","v":15.746400000000003},{"$f":"AA16*G16+($A$4-80)*AH16*$A$16/1000","v":15.906085714285714},{"$f":"AB16*I16+($A$4-80)*AI16*$A$16/1000","v":15.975514285714286},{"$f":"AC16*K16+($A$4-80)*AJ16*$A$16/1000","v":16.038},{"$f":"AD16*M16+($A$4-80)*AK16*$A$16/1000","v":15.747557142857145},{"$f":"AE16*O16+($A$4-80)*AL16*$A$16/1000","v":14.599671428571432}]
[null,67,26.903571428571432,19.639607142857145,26.267142857142858,19.700357142857143,25.630714285714287,19.735650000000003,25.341428571428569,19.893021428571426,25.052142857142854,20.041714285714285,23.779285714285717,19.736807142857145,22.043571428571429,18.296164285714287,null,1.1071428571428572,1.0809523809523809,1.0547619047619048,1.0428571428571427,1.0309523809523808,0.97857142857142865,0.90714285714285714,0.73,0.75,0.77,0.78500000000000003,0.8,0.83,0.83,0.81917460317460311,0.79161904761904744,0.82806349206349172,0.85009523809523824,0.87161904761904774,0.82653968253968213,0.76558730158730115,{"$f":"Y17*C17+($A$4-80)*AF17*$A$16/1000","v":19.639607142857145},{"$f":"Z17*E17+($A$4-80)*AG17*$A$16/1000","v":19.700357142857143},{"$f":"AA17*G17+($A$4-80)*AH17*$A$16/1000","v":19.735650000000003},{"$f":"AB17*I17+($A$4-80)*AI17*$A$16/1000","v":19.893021428571426},{"$f":"AC17*K17+($A$4-80)*AJ17*$A$16/1000","v":20.041714285714285},{"$f":"AD17*M17+($A$4-80)*AK17*$A$16/1000","v":19.736807142857145},{"$f":"AE17*O17+($A$4-80)*AL17*$A$16/1000","v":18.296164285714287}]
[null,63,25.167857142857144,22.39939285714286,24.589285714285715,22.868035714285718,24.010714285714286,22.810178571428573,23.721428571428572,23.128392857142856,23.432142857142857,23.432142857142857,22.274999999999999,22.274999999999999,20.597142857142856,20.597142857142856,null,1.0357142857142858,1.0119047619047619,0.98809523809523814,0.97619047619047616,0.9642857142857143,0.91666666666666663,0.84761904761904761,0.89,0.93,0.95,0.97499999999999998,1,1,1,0.6472380952380955,0.74222222222222212,0.72673015873015867,0.77130158730158793,0.81460317460317455,0.63136507936507957,0.53117460317460363,{"$f":"Y18*C18+($A$4-80)*AF18*$A$16/1000","v":22.39939285714286},{"$f":"Z18*E18+($A$4-80)*AG18*$A$16/1000","v":22.868035714285718},{"$f":"AA18*G18+($A$4-80)*AH18*$A$16/1000","v":22.810178571428573},{"$f":"AB18*I18+($A$4-80)*AI18*$A$16/1000","v":23.128392857142856},{"$f":"AC18*K18+($A$4-80)*AJ18*$A$16/1000","v":23.432142857142857},{"$f":"AD18*M18+($A$4-80)*AK18*$A$16/1000","v":22.274999999999999},{"$f":"AE18*O18+($A$4-80)*AL18*$A$16/1000","v":20.597142857142856}]
[null,59,24.647142857142857,23.414785714285713,24.068571428571431,24.068571428571431,23.490000000000002,23.490000000000002,23.200714285714287,23.200714285714287,22.911428571428573,22.911428571428573,21.754285714285714,21.754285714285714,20.192142857142855,20.192142857142855,null,1.0142857142857142,0.99047619047619051,0.96666666666666667,0.95476190476190481,0.94285714285714284,0.89523809523809528,0.83095238095238089,0.95,1,1,1,1,1,1,0.51009523809523838,0.60825396825396816,0.49422222222222262,0.41409523809523846,0.33587301587301627,0.12317460317460305,7.6190476190476378E-2,{"$f":"Y19*C19+($A$4-80)*AF19*$A$16/1000","v":23.414785714285713},{"$f":"Z19*E19+($A$4-80)*AG19*$A$16/1000","v":24.068571428571431},{"$f":"AA19*G19+($A$4-80)*AH19*$A$16/1000","v":23.490000000000002},{"$f":"AB19*I19+($A$4-80)*AI19*$A$16/1000","v":23.200714285714287},{"$f":"AC19*K19+($A$4-80)*AJ19*$A$16/1000","v":22.911428571428573},{"$f":"AD19*M19+($A$4-80)*AK19*$A$16/1000","v":21.754285714285714},{"$f":"AE19*O19+($A$4-80)*AL19*$A$16/1000","v":20.192142857142855}]

{"sheet":"GSX160_48","index":28,"n_rows":19,"n_cols":45,"rows_kept":19,"cut":false,"hidden":true,"merged":[[2,0,2,1],[2,2,2,15],[3,2,3,3],[3,4,3,5],[3,6,3,7],[3,8,3,9],[3,10,3,11],[3,12,3,13],[3,14,3,15],[5,2,6,2],[5,3,6,3],[5,4,6,4],[5,5,6,5],[5,6,6,6],[5,7,6,7],[5,8,6,8],[4,0,6,0],[4,1,6,1],[4,2,4,3],[4,4,4,5],[4,6,4,7],[4,8,4,9],[5,9,6,9],[5,10,6,10],[5,11,6,11],[5,12,6,12],[5,13,6,13],[5,14,6,14],[5,15,6,15],[4,10,4,11],[4,12,4,13],[4,14,4,15],[7,0,10,0],[11,0,14,0],[15,0,18,0],[22,4,22,15],[23,4,23,5],[23,6,23,7],[23,8,23,9],[23,10,23,11],[23,12,23,13],[23,14,23,15],[25,12,26,12],[25,13,26,13],[25,14,26,14],[25,15,26,15],[27,0,30,0],[31,0,34,0],[24,12,24,13],[24,14,24,15],[25,4,26,4],[25,5,26,5],[25,6,26,6],[25,7,26,7],[25,8,26,8],[25,9,26,9],[25,10,26,10],[25,11,26,11],[24,0,26,0],[24,1,26,1],[24,4,24,5],[24,6,24,7],[24,8,24,9],[24,10,24,11],[35,0,38,0],[41,0,42,1],[41,4,41,15],[42,4,42,5],[42,6,42,7],[42,8,42,9],[42,10,42,11],[42,12,42,13],[42,14,42,15],[44,12,45,12],[44,13,45,13],[44,14,45,14],[44,15,45,15],[46,0,49,0],[50,0,53,0],[43,12,43,13],[43,14,43,15],[44,4,45,4],[44,5,45,5],[44,6,45,6],[44,7,45,7],[44,8,45,8],[44,9,45,9],[44,10,45,10],[44,11,45,11],[43,0,45,0],[43,1,45,1],[43,4,43,5],[43,6,43,7],[43,8,43,9],[43,10,43,11],[54,0,57,0],[60,0,61,1],[60,4,60,15],[61,4,61,5],[61,6,61,7],[61,8,61,9],[61,10,61,11],[61,12,61,13],[61,14,61,15],[63,12,64,12],[63,13,64,13],[63,14,64,14],[63,15,64,15],[65,0,68,0],[69,0,72,0],[62,12,62,13],[62,14,62,15],[63,4,64,4],[63,5,64,5],[63,6,64,6],[63,7,64,7],[63,8,64,8],[63,9,64,9],[63,10,64,10],[63,11,64,11],[62,0,64,0],[62,1,64,1],[62,4,62,5],[62,6,62,7],[62,8,62,9],[62,10,62,11],[73,0,76,0],[79,0,80,1],[79,4,79,15],[80,4,80,5],[80,6,80,7],[80,8,80,9],[80,10,80,11],[80,12,80,13],[80,14,80,15],[82,12,83,12],[82,13,83,13],[82,14,83,14],[82,15,83,15],[84,0,87,0],[88,0,91,0],[81,12,81,13],[81,14,81,15],[82,4,83,4],[82,5,83,5],[82,6,83,6],[82,7,83,7],[82,8,83,8],[82,9,83,9],[82,10,83,10],[82,11,83,11],[81,0,83,0],[81,1,83,1],[81,4,81,5],[81,6,81,7],[81,8,81,9],[81,10,81,11],[92,0,95,0],[98,0,99,1],[98,4,98,15],[99,4,99,5],[99,6,99,7],[99,8,99,9],[99,10,99,11],[99,12,99,13],[99,14,99,15],[101,12,102,12],[101,13,102,13],[101,14,102,14],[101,15,102,15],[103,0,106,0],[107,0,110,0],[100,12,100,13],[100,14,100,15],[101,4,102,4],[101,5,102,5],[101,6,102,6],[101,7,102,7],[101,8,102,8],[101,9,102,9],[101,10,102,10],[101,11,102,11],[100,0,102,0],[100,1,102,1],[100,4,100,5],[100,6,100,7],[100,8,100,9],[100,10,100,11],[111,0,114,0],[117,0,118,1],[117,4,117,15],[118,4,118,5],[118,6,118,7],[118,8,118,9],[118,10,118,11],[118,12,118,13],[118,14,118,15],[130,0,133,0],[120,12,121,12],[120,13,121,13],[120,14,121,14],[120,15,121,15],[122,0,125,0],[126,0,129,0],[119,12,119,13],[119,14,119,15],[120,4,121,4],[120,5,121,5],[120,6,121,6],[120,7,121,7],[120,8,121,8],[120,9,121,9],[120,10,121,10],[120,11,121,11],[119,0,121,0],[119,1,121,1],[119,4,119,5],[119,6,119,7],[119,8,119,9],[119,10,119,11]]}
[]
["GSX160_48"]
["Evaporator Air \n",null,"Condenser  Entering Air Temperature ˚F"]
[80,"°F DB",65,null,75,null,85,null,90,null,95,null,105,null,115]
["CFM","EWB†\n˚F","Capacity Mbtuh",null,"Capacity Mbtuh",null,"Capacity Mbtuh",null,"Capacity Mbtuh",null,"Capacity Mbtuh",null,"Capacity Mbtuh",null,"Capacity Mbtuh"]
[null,null,"Total","Sens.","Total","Sens.","Total","Sens.","Total","Sens.","Total","Sens.","Total","Sens.","Total","Sens."]
[null,null,null,null,null,null,null,null,null,null,null,null,null,null,null,null,null,"Total Factors",null,null,null,null,null,null,"Sens. %",null,null,null,null,null,null,"IDB Adj",null,null,null,null,null,null,"Sens Calc"]
[1400,71,{"$f":"R8*$K$13","v":27.504395604395604},{"$f":"IF(AM8>C8,C8,AM8)","v":13.752197802197802},{"$f":"S8*$K$13","v":26.863516483516481},{"$f":"IF(AN8>E8,E8,AN8)","v":13.96902857142857},{"$f":"T8*$K$13","v":26.222637362637361},{"$f":"IF(AO8>G8,G8,AO8)","v":13.897997802197802},{"$f":"U8*$K$13","v":25.902197802197804},{"$f":"IF(AP8>I8,I8,AP8)","v":13.987186813186815},{"$f":"V8*$K$13","v":25.581758241758244},{"$f":"IF(AQ8>K8,K8,AQ8)","v":14.069967032967035},{"$f":"W8*$K$13","v":24.3},{"$f":"IF(AR8>M8,M8,AR8)","v":13.850999999999999},{"$f":"X8*$K$13","v":22.537582417582421},{"$f":"IF(AS8>O8,O8,AS8)","v":12.846421978021979},null,1.1318681318681318,1.1054945054945053,1.0791208791208791,1.0659340659340659,1.0527472527472528,1,0.92747252747252751,0.5,0.52,0.53,0.54,0.55000000000000004,0.56999999999999995,0.56999999999999995,1.0835714285714289,1.1291428571428572,1.1011428571428574,1.1244642857142857,1.147,1.0878571428571426,1.0077142857142853,{"$f":"Y8*C8+($A$4-80)*AF8*$A$8/1000","v":13.752197802197802},{"$f":"Z8*E8+($A$4-80)*AG8*$A$8/1000","v":13.96902857142857},{"$f":"AA8*G8+($A$4-80)*AH8*$A$8/1000","v":13.897997802197802},{"$f":"AB8*I8+($A$4-80)*AI8*$A$8/1000","v":13.987186813186815},{"$f":"AC8*K8+($A$4-80)*AJ8*$A$8/1000","v":14.069967032967035},{"$f":"AD8*M8+($A$4-80)*AK8*$A$8/1000","v":13.850999999999999},{"$f":"AE8*O8+($A$4-80)*AL8*$A$8/1000","v":12.846421978021979}]
[null,67,25.741978021978024,17.247125274725278,25.154505494505496,17.356608791208792,24.513626373626373,17.404674725274724,24.219890109890109,17.438320879120877,{"$f":"V9*$K$13","v":23.926153846153845},17.466092307692307,22.751208791208793,17.290918681318683,21.042197802197801,16.202492307692307,null,1.0593406593406594,1.0351648351648353,1.0087912087912088,0.9967032967032966,0.98461538461538456,0.93626373626373627,0.86593406593406586,0.67,0.69,0.71,0.72,0.73,0.76,0.77,0.8874285714285719,0.86671428571428411,0.9017142857142858,0.89042857142857113,0.87914285714285778,0.84314285714285786,0.82657142857142873,{"$f":"Y9*C9+($A$4-80)*AF9*$A$8/1000","v":17.247125274725278},{"$f":"Z9*E9+($A$4-80)*AG9*$A$8/1000","v":17.356608791208792},{"$f":"AA9*G9+($A$4-80)*AH9*$A$8/1000","v":17.404674725274724},{"$f":"AB9*I9+($A$4-80)*AI9*$A$8/1000","v":17.438320879120877},{"$f":"AC9*K9+($A$4-80)*AJ9*$A$8/1000","v":17.466092307692307},{"$f":"AD9*M9+($A$4-80)*AK9*$A$8/1000","v":17.290918681318683},{"$f":"AE9*O9+($A$4-80)*AL9*$A$8/1000","v":16.202492307692307}]
[null,63,24.086373626373629,19.750826373626374,23.498901098901101,19.974065934065933,22.964835164835165,19.979406593406594,22.671098901098901,20.063922527472528,{"$f":"V10*$K$13","v":22.377362637362637},20.139626373626374,21.309230769230769,19.817584615384618,19.707032967032969,18.524610989010991,null,0.99120879120879124,0.96703296703296704,0.94505494505494503,0.93296703296703298,0.92087912087912083,0.87692307692307692,0.81098901098901099,0.82,0.85,0.87,0.88500000000000001,0.9,0.93,0.94,0.75942857142857112,0.7337142857142851,0.71914285714285597,0.74139285714285863,0.76285714285714223,0.73028571428571409,0.67942857142857149,{"$f":"Y10*C10+($A$4-80)*AF10*$A$8/1000","v":19.750826373626374},{"$f":"Z10*E10+($A$4-80)*AG10*$A$8/1000","v":19.974065934065933},{"$f":"AA10*G10+($A$4-80)*AH10*$A$8/1000","v":19.979406593406594},{"$f":"AB10*I10+($A$4-80)*AI10*$A$8/1000","v":20.063922527472528},{"$f":"AC10*K10+($A$4-80)*AJ10*$A$8/1000","v":20.139626373626374},{"$f":"AD10*M10+($A$4-80)*AK10*$A$8/1000","v":19.817584615384618},{"$f":"AE10*O10+($A$4-80)*AL10*$A$8/1000","v":18.524610989010991}]
[null,59,23.552307692307693,20.726030769230771,23.018241758241761,20.946600000000004,22.484175824175825,20.910283516483517,22.217142857142861,20.995200000000004,{"$f":"V11*$K$13","v":21.950109890109893},21.072105494505497,20.828571428571429,20.828571428571429,19.279780219780221,19.279780219780221,null,0.96923076923076923,0.94725274725274733,0.92527472527472532,0.91428571428571437,0.90329670329670331,0.8571428571428571,0.79340659340659347,0.88,0.91,0.93,0.94500000000000006,0.96,1,1,0.58400000000000007,0.57557142857142907,0.57828571428571551,0.57428571428571573,0.57028571428571495,0.59242857142857119,0.49142857142857105,{"$f":"Y11*C11+($A$4-80)*AF11*$A$8/1000","v":20.726030769230771},{"$f":"Z11*E11+($A$4-80)*AG11*$A$8/1000","v":20.946600000000004},{"$f":"AA11*G11+($A$4-80)*AH11*$A$8/1000","v":20.910283516483517},{"$f":"AB11*I11+($A$4-80)*AI11*$A$8/1000","v":20.995200000000004},{"$f":"AC11*K11+($A$4-80)*AJ11*$A$8/1000","v":21.072105494505497},{"$f":"AD11*M11+($A$4-80)*AK11*$A$8/1000","v":20.828571428571429},{"$f":"AE11*O11+($A$4-80)*AL11*$A$8/1000","v":19.279780219780221}]
[1600,71,27.931648351648349,14.524457142857141,27.290769230769232,14.737015384615386,26.649890109890109,14.657439560439562,26.302747252747253,14.729538461538462,{"$f":"V12*$K$13","v":25.955604395604396},14.794694505494505,24.67384615384616,14.557569230769234,22.858021978021977,13.486232967032965,null,1.1494505494505494,1.1230769230769231,1.0967032967032966,1.0824175824175823,1.0681318681318681,1.0153846153846156,0.94065934065934065,0.52,0.54,0.55000000000000004,0.56000000000000005,0.56999999999999995,0.59,0.59,1.0965333333333329,1.1434666666666666,1.1158666666666666,1.0981333333333334,1.0802666666666663,1.0924,1.0107999999999995,{"$f":"Y12*C12+($A$4-80)*AF12*$A$12/1000","v":14.524457142857141},{"$f":"Z12*E12+($A$4-80)*AG12*$A$12/1000","v":14.737015384615386},{"$f":"AA12*G12+($A$4-80)*AH12*$A$12/1000","v":14.657439560439562},{"$f":"AB12*I12+($A$4-80)*AI12*$A$12/1000","v":14.729538461538462},{"$f":"AC12*K12+($A$4-80)*AJ12*$A$12/1000","v":14.794694505494505},{"$f":"AD12*M12+($A$4-80)*AK12*$A$12/1000","v":14.557569230769234},{"$f":"AE12*O12+($A$4-80)*AL12*$A$12/1000","v":13.486232967032965}]
[null,67,26.115824175824176,18.019918681318682,25.528351648351649,18.380413186813186,24.887472527472532,18.416729670329673,24.593736263736265,18.445302197802199,24.3,18.468,23.071648351648353,18.226602197802201,21.362637362637361,17.09010989010989,null,1.0747252747252747,1.0505494505494506,1.0241758241758243,1.012087912087912,1,0.94945054945054952,0.87912087912087911,0.69,0.72,0.74,0.75,0.76,0.79,0.8,0.83266666666666633,0.88453333333333328,0.85386666666666711,0.8781999999999992,0.90186666666666648,0.84693333333333432,0.83626666666666649,{"$f":"Y13*C13+($A$4-80)*AF13*$A$12/1000","v":18.019918681318682},{"$f":"Z13*E13+($A$4-80)*AG13*$A$12/1000","v":18.380413186813186},{"$f":"AA13*G13+($A$4-80)*AH13*$A$12/1000","v":18.416729670329673},{"$f":"AB13*I13+($A$4-80)*AI13*$A$12/1000","v":18.445302197802199},{"$f":"AC13*K13+($A$4-80)*AJ13*$A$12/1000","v":18.468},{"$f":"AD13*M13+($A$4-80)*AK13*$A$12/1000","v":18.226602197802201},{"$f":"AE13*O13+($A$4-80)*AL13*$A$12/1000","v":17.09010989010989}]
[null,63,24.460219780219781,20.791186813186812,23.872747252747256,21.008017582417587,23.338681318681321,21.004813186813188,23.044945054945057,21.086124725274729,{"$f":"V14*$K$13","v":22.751208791208793},21.15862417582418,21.629670329670329,20.980780219780218,20.027472527472526,19.626923076923074,null,1.0065934065934066,0.98241758241758248,0.96043956043956047,0.94835164835164842,0.93626373626373627,0.89010989010989006,0.82417582417582413,0.85,0.88,0.9,0.91500000000000004,0.93,0.97,0.98,0.72106666666666686,0.69666666666666777,0.69359999999999977,0.70963333333333389,0.7248,0.74679999999999991,0.69533333333333325,{"$f":"Y14*C14+($A$4-80)*AF14*$A$12/1000","v":20.791186813186812},{"$f":"Z14*E14+($A$4-80)*AG14*$A$12/1000","v":21.008017582417587},{"$f":"AA14*G14+($A$4-80)*AH14*$A$12/1000","v":21.004813186813188},{"$f":"AB14*I14+($A$4-80)*AI14*$A$12/1000","v":21.086124725274729},{"$f":"AC14*K14+($A$4-80)*AJ14*$A$12/1000","v":21.15862417582418},{"$f":"AD14*M14+($A$4-80)*AK14*$A$12/1000","v":20.980780219780218},{"$f":"AE14*O14+($A$4-80)*AL14*$A$12/1000","v":19.626923076923074}]
[null,59,23.926153846153845,21.7728,23.392087912087909,21.988562637362634,22.804615384615389,21.892430769230771,22.537582417582421,22.086830769230772,22.270549450549453,22.270549450549453,21.149010989010989,21.149010989010989,19.600219780219781,19.600219780219781,null,0.98461538461538456,0.96263736263736255,0.93846153846153857,0.92747252747252751,0.91648351648351656,0.87032967032967035,0.80659340659340661,0.91,0.94,0.96,0.98,1,1,1,0.56640000000000068,0.55893333333333328,0.53760000000000052,0.56180000000000041,0.58533333333333348,0.40453333333333413,0.33333333333333431,{"$f":"Y15*C15+($A$4-80)*AF15*$A$12/1000","v":21.7728},{"$f":"Z15*E15+($A$4-80)*AG15*$A$12/1000","v":21.988562637362634},{"$f":"AA15*G15+($A$4-80)*AH15*$A$12/1000","v":21.892430769230771},{"$f":"AB15*I15+($A$4-80)*AI15*$A$12/1000","v":22.086830769230772},{"$f":"AC15*K15+($A$4-80)*AJ15*$A$12/1000","v":22.270549450549453},{"$f":"AD15*M15+($A$4-80)*AK15*$A$12/1000","v":21.149010989010989},{"$f":"AE15*O15+($A$4-80)*AL15*$A$12/1000","v":19.600219780219781}]
[1800,71,28.892967032967032,15.891131868131868,28.252087912087909,16.103690109890106,27.557802197802197,15.983525274725272,27.21065934065934,16.05428901098901,26.863516483516481,16.118109890109888,25.528351648351649,16.08286153846154,23.659120879120881,14.905246153846155,null,1.189010989010989,1.1626373626373625,1.134065934065934,1.1197802197802198,1.1054945054945053,1.0505494505494506,0.97362637362637361,0.55000000000000004,0.56999999999999995,0.57999999999999996,0.59,0.6,0.63,0.63,1.0050000000000003,0.98588888888888815,0.9564444444444441,0.97225000000000017,0.98733333333333295,0.98955555555555497,0.92055555555555524,{"$f":"Y16*C16+($A$4-80)*AF16*$A$16/1000","v":15.891131868131868},{"$f":"Z16*E16+($A$4-80)*AG16*$A$16/1000","v":16.103690109890106},{"$f":"AA16*G16+($A$4-80)*AH16*$A$16/1000","v":15.983525274725272},{"$f":"AB16*I16+($A$4-80)*AI16*$A$16/1000","v":16.05428901098901},{"$f":"AC16*K16+($A$4-80)*AJ16*$A$16/1000","v":16.118109890109888},{"$f":"AD16*M16+($A$4-80)*AK16*$A$16/1000","v":16.08286153846154},{"$f":"AE16*O16+($A$4-80)*AL16*$A$16/1000","v":14.905246153846155}]
[null,67,27.023736263736264,19.997564835164834,26.382857142857141,20.050971428571426,25.795384615384616,20.1204,25.474945054945056,20.252581318681322,25.154505494505496,20.375149450549454,23.872747252747256,20.053107692307695,22.110329670329669,18.793780219780217,null,1.1120879120879121,1.0857142857142856,1.0615384615384615,1.0483516483516484,1.0351648351648353,0.98241758241758248,0.90989010989010988,0.74,0.76,0.78,0.79500000000000004,0.81,0.84,0.85,0.77377777777777834,0.75466666666666637,0.79799999999999982,0.81438888888888927,0.83011111111111113,0.77955555555555578,0.76688888888888818,{"$f":"Y17*C17+($A$4-80)*AF17*$A$16/1000","v":19.997564835164834},{"$f":"Z17*E17+($A$4-80)*AG17*$A$16/1000","v":20.050971428571426},{"$f":"AA17*G17+($A$4-80)*AH17*$A$16/1000","v":20.1204},{"$f":"AB17*I17+($A$4-80)*AI17*$A$16/1000","v":20.252581318681322},{"$f":"AC17*K17+($A$4-80)*AJ17*$A$16/1000","v":20.375149450549454},{"$f":"AD17*M17+($A$4-80)*AK17*$A$16/1000","v":20.053107692307695},{"$f":"AE17*O17+($A$4-80)*AL17*$A$16/1000","v":18.793780219780217}]
[null,63,25.314725274725276,22.78325274725275,24.727252747252745,23.243617582417578,24.139780219780221,23.174189010989011,23.84604395604396,23.369123076923081,23.552307692307693,23.552307692307693,22.377362637362637,22.377362637362637,20.721758241758241,20.721758241758241,null,1.0417582417582418,1.0175824175824175,0.99340659340659343,0.9813186813186815,0.96923076923076923,0.92087912087912083,0.85274725274725272,0.9,0.94,0.96,0.98,1,1,1,0.62322222222222168,0.66288888888888819,0.64933333333333343,0.69216666666666682,0.73377777777777764,0.50555555555555531,0.47111111111111054,{"$f":"Y18*C18+($A$4-80)*AF18*$A$16/1000","v":22.78325274725275},{"$f":"Z18*E18+($A$4-80)*AG18*$A$16/1000","v":23.243617582417578},{"$f":"AA18*G18+($A$4-80)*AH18*$A$16/1000","v":23.174189010989011},{"$f":"AB18*I18+($A$4-80)*AI18*$A$16/1000","v":23.369123076923081},{"$f":"AC18*K18+($A$4-80)*AJ18*$A$16/1000","v":23.552307692307693},{"$f":"AD18*M18+($A$4-80)*AK18*$A$16/1000","v":22.377362637362637},{"$f":"AE18*O18+($A$4-80)*AL18*$A$16/1000","v":20.721758241758241}]
[null,59,24.780659340659341,23.789432967032965,24.193186813186813,24.193186813186813,23.605714285714289,23.605714285714289,23.311978021978025,23.311978021978025,23.018241758241761,23.018241758241761,21.896703296703297,21.896703296703297,20.294505494505497,20.294505494505497,null,1.0197802197802197,0.99560439560439551,0.97142857142857153,0.95934065934065949,0.94725274725274733,0.90109890109890112,0.8351648351648352,0.96,1,1,1,1,1,1,0.49066666666666625,0.53388888888888808,0.42644444444444451,0.34550000000000042,0.2662222222222223,7.7777777777778098E-2,7.7777777777778098E-2,{"$f":"Y19*C19+($A$4-80)*AF19*$A$16/1000","v":23.789432967032965},{"$f":"Z19*E19+($A$4-80)*AG19*$A$16/1000","v":24.193186813186813},{"$f":"AA19*G19+($A$4-80)*AH19*$A$16/1000","v":23.605714285714289},{"$f":"AB19*I19+($A$4-80)*AI19*$A$16/1000","v":23.311978021978025},{"$f":"AC19*K19+($A$4-80)*AJ19*$A$16/1000","v":23.018241758241761},{"$f":"AD19*M19+($A$4-80)*AK19*$A$16/1000","v":21.896703296703297},{"$f":"AE19*O19+($A$4-80)*AL19*$A$16/1000","v":20.294505494505497}]

{"sheet":"GSX160_60","index":29,"n_rows":19,"n_cols":45,"rows_kept":19,"cut":false,"hidden":true,"merged":[[2,0,2,1],[2,2,2,15],[3,2,3,3],[3,4,3,5],[3,6,3,7],[3,8,3,9],[3,10,3,11],[3,12,3,13],[3,14,3,15],[5,2,6,2],[5,3,6,3],[5,4,6,4],[5,5,6,5],[5,6,6,6],[5,7,6,7],[5,8,6,8],[4,0,6,0],[4,1,6,1],[4,2,4,3],[4,4,4,5],[4,6,4,7],[4,8,4,9],[5,9,6,9],[5,10,6,10],[5,11,6,11],[5,12,6,12],[5,13,6,13],[5,14,6,14],[5,15,6,15],[4,10,4,11],[4,12,4,13],[4,14,4,15],[7,0,10,0],[11,0,14,0],[15,0,18,0],[22,4,22,15],[23,4,23,5],[23,6,23,7],[23,8,23,9],[23,10,23,11],[23,12,23,13],[23,14,23,15],[25,12,26,12],[25,13,26,13],[25,14,26,14],[25,15,26,15],[27,0,30,0],[31,0,34,0],[24,12,24,13],[24,14,24,15],[25,4,26,4],[25,5,26,5],[25,6,26,6],[25,7,26,7],[25,8,26,8],[25,9,26,9],[25,10,26,10],[25,11,26,11],[24,0,26,0],[24,1,26,1],[24,4,24,5],[24,6,24,7],[24,8,24,9],[24,10,24,11],[35,0,38,0],[41,0,42,1],[41,4,41,15],[42,4,42,5],[42,6,42,7],[42,8,42,9],[42,10,42,11],[42,12,42,13],[42,14,42,15],[44,12,45,12],[44,13,45,13],[44,14,45,14],[44,15,45,15],[46,0,49,0],[50,0,53,0],[43,12,43,13],[43,14,43,15],[44,4,45,4],[44,5,45,5],[44,6,45,6],[44,7,45,7],[44,8,45,8],[44,9,45,9],[44,10,45,10],[44,11,45,11],[43,0,45,0],[43,1,45,1],[43,4,43,5],[43,6,43,7],[43,8,43,9],[43,10,43,11],[54,0,57,0],[60,0,61,1],[60,4,60,15],[61,4,61,5],[61,6,61,7],[61,8,61,9],[61,10,61,11],[61,12,61,13],[61,14,61,15],[63,12,64,12],[63,13,64,13],[63,14,64,14],[63,15,64,15],[65,0,68,0],[69,0,72,0],[62,12,62,13],[62,14,62,15],[63,4,64,4],[63,5,64,5],[63,6,64,6],[63,7,64,7],[63,8,64,8],[63,9,64,9],[63,10,64,10],[63,11,64,11],[62,0,64,0],[62,1,64,1],[62,4,62,5],[62,6,62,7],[62,8,62,9],[62,10,62,11],[73,0,76,0],[79,0,80,1],[79,4,79,15],[80,4,80,5],[80,6,80,7],[80,8,80,9],[80,10,80,11],[80,12,80,13],[80,14,80,15],[82,12,83,12],[82,13,83,13],[82,14,83,14],[82,15,83,15],[84,0,87,0],[88,0,91,0],[81,12,81,13],[81,14,81,15],[82,4,83,4],[82,5,83,5],[82,6,83,6],[82,7,83,7],[82,8,83,8],[82,9,83,9],[82,10,83,10],[82,11,83,11],[81,0,83,0],[81,1,83,1],[81,4,81,5],[81,6,81,7],[81,8,81,9],[81,10,81,11],[92,0,95,0],[98,0,99,1],[98,4,98,15],[99,4,99,5],[99,6,99,7],[99,8,99,9],[99,10,99,11],[99,12,99,13],[99,14,99,15],[101,12,102,12],[101,13,102,13],[101,14,102,14],[101,15,102,15],[103,0,106,0],[107,0,110,0],[100,12,100,13],[100,14,100,15],[101,4,102,4],[101,5,102,5],[101,6,102,6],[101,7,102,7],[101,8,102,8],[101,9,102,9],[101,10,102,10],[101,11,102,11],[100,0,102,0],[100,1,102,1],[100,4,100,5],[100,6,100,7],[100,8,100,9],[100,10,100,11],[111,0,114,0],[117,0,118,1],[117,4,117,15],[118,4,118,5],[118,6,118,7],[118,8,118,9],[118,10,118,11],[118,12,118,13],[118,14,118,15],[130,0,133,0],[120,12,121,12],[120,13,121,13],[120,14,121,14],[120,15,121,15],[122,0,125,0],[126,0,129,0],[119,12,119,13],[119,14,119,15],[120,4,121,4],[120,5,121,5],[120,6,121,6],[120,7,121,7],[120,8,121,8],[120,9,121,9],[120,10,121,10],[120,11,121,11],[119,0,121,0],[119,1,121,1],[119,4,119,5],[119,6,119,7],[119,8,119,9],[119,10,119,11]]}
[]
["GSX160_60"]
["Evaporator Air \n",null,"Condenser  Entering Air Temperature ˚F"]
[80,"°F DB",65,null,75,null,85,null,90,null,95,null,105,null,115]
["CFM","EWB†\n˚F","Capacity Mbtuh",null,"Capacity Mbtuh",null,"Capacity Mbtuh",null,"Capacity Mbtuh",null,"Capacity Mbtuh",null,"Capacity Mbtuh",null,"Capacity Mbtuh"]
[null,null,"Total","Sens.","Total","Sens.","Total","Sens.","Total","Sens.","Total","Sens.","Total","Sens.","Total","Sens."]
[null,null,null,null,null,null,null,null,null,null,null,null,null,null,null,null,null,"Total Factors",null,null,null,null,null,null,"Sens. %",null,null,null,null,null,null,"IDB Adj",null,null,null,null,null,null,"Sens Calc"]
[1625,71,{"$f":"R8*$K$13","v":27.945000000000004},{"$f":"IF(AM8>C8,C8,AM8)","v":14.531400000000003},{"$f":"S8*$K$13","v":27.27},{"$f":"IF(AN8>E8,E8,AN8)","v":14.725800000000001},{"$f":"T8*$K$13","v":26.64},{"$f":"IF(AO8>G8,G8,AO8)","v":14.652000000000001},{"$f":"U8*$K$13","v":26.302500000000002},{"$f":"IF(AP8>I8,I8,AP8)","v":14.729400000000002},{"$f":"V8*$K$13","v":25.965000000000003},{"$f":"IF(AQ8>K8,K8,AQ8)","v":14.800050000000001},{"$f":"W8*$K$13","v":24.66},{"$f":"IF(AR8>M8,M8,AR8)","v":14.549399999999999},{"$f":"X8*$K$13","v":22.86},{"$f":"IF(AS8>O8,O8,AS8)","v":13.487399999999999},null,1.1500000000000001,1.1222222222222222,1.0962962962962963,1.0824074074074075,1.0685185185185186,1.0148148148148148,0.94074074074074066,0.52,0.54,0.55000000000000004,0.56000000000000005,0.56999999999999995,0.59,0.59,1.205169230769231,1.2497230769230774,1.2199384615384621,1.2037538461538466,1.18756923076923,1.1938461538461527,1.105230769230769,{"$f":"Y8*C8+($A$4-80)*AF8*$A$8/1000","v":14.531400000000003},{"$f":"Z8*E8+($A$4-80)*AG8*$A$8/1000","v":14.725800000000001},{"$f":"AA8*G8+($A$4-80)*AH8*$A$8/1000","v":14.652000000000001},{"$f":"AB8*I8+($A$4-80)*AI8*$A$8/1000","v":14.729400000000002},{"$f":"AC8*K8+($A$4-80)*AJ8*$A$8/1000","v":14.800050000000001},{"$f":"AD8*M8+($A$4-80)*AK8*$A$8/1000","v":14.549399999999999},{"$f":"AE8*O8+($A$4-80)*AL8*$A$8/1000","v":13.487399999999999}]
[null,67,26.145000000000003,18.040050000000001,25.515000000000001,18.370799999999999,24.93,18.4482,24.615000000000002,18.46125,{"$f":"V9*$K$13","v":24.3},18.468,23.085000000000001,18.23715,21.375,17.100000000000001,null,1.075925925925926,1.05,1.0259259259259259,1.0129629629629631,1,0.95,0.87962962962962965,0.69,0.72,0.74,0.75,0.76,0.79,0.8,0.92270769230769134,0.9627076923076926,0.94719999999999982,0.9650153846153855,0.98190769230769248,0.93132307692307692,0.91963076923076892,{"$f":"Y9*C9+($A$4-80)*AF9*$A$8/1000","v":18.040050000000001},{"$f":"Z9*E9+($A$4-80)*AG9*$A$8/1000","v":18.370799999999999},{"$f":"AA9*G9+($A$4-80)*AH9*$A$8/1000","v":18.4482},{"$f":"AB9*I9+($A$4-80)*AI9*$A$8/1000","v":18.46125},{"$f":"AC9*K9+($A$4-80)*AJ9*$A$8/1000","v":18.468},{"$f":"AD9*M9+($A$4-80)*AK9*$A$8/1000","v":18.23715},{"$f":"AE9*O9+($A$4-80)*AL9*$A$8/1000","v":17.100000000000001}]
[null,63,24.434999999999999,20.769749999999998,23.895000000000003,21.027600000000003,23.310000000000002,20.979000000000003,23.017499999999998,21.0610125,{"$f":"V10*$K$13","v":22.725000000000001},21.134250000000002,21.599999999999998,20.951999999999998,20.025000000000002,19.624500000000001,null,1.0055555555555555,0.98333333333333339,0.95925925925925926,0.94722222222222219,0.93518518518518523,0.88888888888888884,0.82407407407407407,0.85,0.88,0.9,0.91500000000000004,0.93,0.97,0.98,0.7806769230769226,0.77575384615384591,0.74990769230769183,0.77319999999999978,0.79569230769230803,0.81969230769230816,0.76430769230769235,{"$f":"Y10*C10+($A$4-80)*AF10*$A$8/1000","v":20.769749999999998},{"$f":"Z10*E10+($A$4-80)*AG10*$A$8/1000","v":21.027600000000003},{"$f":"AA10*G10+($A$4-80)*AH10*$A$8/1000","v":20.979000000000003},{"$f":"AB10*I10+($A$4-80)*AI10*$A$8/1000","v":21.0610125},{"$f":"AC10*K10+($A$4-80)*AJ10*$A$8/1000","v":21.134250000000002},{"$f":"AD10*M10+($A$4-80)*AK10*$A$8/1000","v":20.951999999999998},{"$f":"AE10*O10+($A$4-80)*AL10*$A$8/1000","v":19.624500000000001}]
[null,59,23.94,21.785400000000003,23.355,21.953699999999998,22.815000000000005,21.902400000000004,22.545000000000002,22.094100000000001,{"$f":"V11*$K$13","v":22.274999999999999},22.274999999999999,21.15,21.15,19.575000000000003,19.575000000000003,null,0.98518518518518527,0.96111111111111114,0.93888888888888899,0.92777777777777781,0.91666666666666663,0.87037037037037035,0.80555555555555558,0.91,0.94,0.96,0.98,1,1,1,0.6259692307692315,0.60627692307692238,0.59667692307692377,0.62326153846153753,0.64910769230769161,0.43963076923076955,0.34953846153846202,{"$f":"Y11*C11+($A$4-80)*AF11*$A$8/1000","v":21.785400000000003},{"$f":"Z11*E11+($A$4-80)*AG11*$A$8/1000","v":21.953699999999998},{"$f":"AA11*G11+($A$4-80)*AH11*$A$8/1000","v":21.902400000000004},{"$f":"AB11*I11+($A$4-80)*AI11*$A$8/1000","v":22.094100000000001},{"$f":"AC11*K11+($A$4-80)*AJ11*$A$8/1000","v":22.274999999999999},{"$f":"AD11*M11+($A$4-80)*AK11*$A$8/1000","v":21.15},{"$f":"AE11*O11+($A$4-80)*AL11*$A$8/1000","v":19.575000000000003}]
[1750,71,28.215000000000003,14.953950000000003,27.54,15.147,26.91,15.069600000000001,26.572500000000002,15.146325000000003,{"$f":"V12*$K$13","v":26.234999999999996},15.216299999999997,24.93,14.957999999999998,23.085000000000001,14.081850000000001,null,1.1611111111111112,1.1333333333333333,1.1074074074074074,1.0935185185185186,1.0796296296296295,1.0259259259259259,0.95,0.53,0.55000000000000004,0.56000000000000005,0.57000000000000006,0.57999999999999996,0.6,0.61,1.1296000000000002,1.1716571428571432,1.1439999999999999,1.1629428571428573,1.1810285714285702,1.1204571428571426,1.0947428571428572,{"$f":"Y12*C12+($A$4-80)*AF12*$A$12/1000","v":14.953950000000003},{"$f":"Z12*E12+($A$4-80)*AG12*$A$12/1000","v":15.147},{"$f":"AA12*G12+($A$4-80)*AH12*$A$12/1000","v":15.069600000000001},{"$f":"AB12*I12+($A$4-80)*AI12*$A$12/1000","v":15.146325000000003},{"$f":"AC12*K12+($A$4-80)*AJ12*$A$12/1000","v":15.216299999999997},{"$f":"AD12*M12+($A$4-80)*AK12*$A$12/1000","v":14.957999999999998},{"$f":"AE12*O12+($A$4-80)*AL12*$A$12/1000","v":14.081850000000001}]
[null,67,26.37,18.7227,25.785,18.823049999999999,25.155000000000001,18.866250000000001,24.840000000000003,19.002600000000005,24.3,18.954000000000001,23.310000000000002,18.648000000000003,21.599999999999998,17.495999999999999,null,1.0851851851851853,1.0611111111111111,1.0351851851851852,1.0222222222222224,1.0092592592592593,0.95925925925925926,0.88888888888888884,0.71,0.73,0.75,0.76500000000000001,0.78,0.8,0.81,0.92457142857142904,0.91005714285714201,0.88045714285714205,0.90057142857142813,0.9198857142857142,0.87314285714285644,0.81531428571428566,{"$f":"Y13*C13+($A$4-80)*AF13*$A$12/1000","v":18.7227},{"$f":"Z13*E13+($A$4-80)*AG13*$A$12/1000","v":18.823049999999999},{"$f":"AA13*G13+($A$4-80)*AH13*$A$12/1000","v":18.866250000000001},{"$f":"AB13*I13+($A$4-80)*AI13*$A$12/1000","v":19.002600000000005},{"$f":"AC13*K13+($A$4-80)*AJ13*$A$12/1000","v":18.954000000000001},{"$f":"AD13*M13+($A$4-80)*AK13*$A$12/1000","v":18.648000000000003},{"$f":"AE13*O13+($A$4-80)*AL13*$A$12/1000","v":17.495999999999999}]
[null,63,24.704999999999998,21.49335,24.12,21.708000000000002,23.535,21.652200000000001,23.2425,21.731737500000001,{"$f":"V14*$K$13","v":22.95},21.802499999999998,21.824999999999999,21.606749999999998,20.205000000000002,20.205000000000002,null,1.0166666666666666,0.99259259259259258,0.96851851851851845,0.95648148148148149,0.94444444444444442,0.89814814814814814,0.83148148148148149,0.87,0.9,0.92,0.93500000000000005,0.95,0.99,1,0.80434285714285769,0.77965714285714316,0.76297142857142874,0.75491428571428565,0.74685714285714244,0.76971428571428568,0.70685714285714318,{"$f":"Y14*C14+($A$4-80)*AF14*$A$12/1000","v":21.49335},{"$f":"Z14*E14+($A$4-80)*AG14*$A$12/1000","v":21.708000000000002},{"$f":"AA14*G14+($A$4-80)*AH14*$A$12/1000","v":21.652200000000001},{"$f":"AB14*I14+($A$4-80)*AI14*$A$12/1000","v":21.731737500000001},{"$f":"AC14*K14+($A$4-80)*AJ14*$A$12/1000","v":21.802499999999998},{"$f":"AD14*M14+($A$4-80)*AK14*$A$12/1000","v":21.606749999999998},{"$f":"AE14*O14+($A$4-80)*AL14*$A$12/1000","v":20.205000000000002}]
[null,59,24.165000000000003,22.473450000000003,23.625,22.68,23.040000000000003,22.579200000000004,22.770000000000003,22.542300000000004,22.5,22.5,21.375,21.375,19.8,19.8,null,0.99444444444444446,0.97222222222222221,0.94814814814814818,0.93703703703703711,0.92592592592592593,0.87962962962962965,0.81481481481481477,0.93,0.96,0.98,0.99,1,1,1,0.63874285714285783,0.63942857142857124,0.56068571428571501,0.5278285714285712,0.49565714285714252,0.3158857142857146,0.23954285714285675,{"$f":"Y15*C15+($A$4-80)*AF15*$A$12/1000","v":22.473450000000003},{"$f":"Z15*E15+($A$4-80)*AG15*$A$12/1000","v":22.68},{"$f":"AA15*G15+($A$4-80)*AH15*$A$12/1000","v":22.579200000000004},{"$f":"AB15*I15+($A$4-80)*AI15*$A$12/1000","v":22.542300000000004},{"$f":"AC15*K15+($A$4-80)*AJ15*$A$12/1000","v":22.5},{"$f":"AD15*M15+($A$4-80)*AK15*$A$12/1000","v":21.375},{"$f":"AE15*O15+($A$4-80)*AL15*$A$12/1000","v":19.8}]
[2000,71,28.89,15.889500000000002,28.215000000000003,16.082550000000001,27.54,15.973199999999999,27.202500000000001,16.049475000000001,26.865000000000002,16.119,25.56,16.102799999999998,23.67,14.912100000000001,null,1.1888888888888889,1.1611111111111112,1.1333333333333333,1.1194444444444445,1.1055555555555556,1.0518518518518518,0.97407407407407409,0.55000000000000004,0.56999999999999995,0.57999999999999996,0.59,0.6,0.63,0.63,0.95324444444444445,0.92968888888888856,0.90657777777777804,0.92188888888888898,0.93653333333333344,0.94364444444444417,0.87662222222222208,{"$f":"Y16*C16+($A$4-80)*AF16*$A$16/1000","v":15.889500000000002},{"$f":"Z16*E16+($A$4-80)*AG16*$A$16/1000","v":16.082550000000001},{"$f":"AA16*G16+($A$4-80)*AH16*$A$16/1000","v":15.973199999999999},{"$f":"AB16*I16+($A$4-80)*AI16*$A$16/1000","v":16.049475000000001},{"$f":"AC16*K16+($A$4-80)*AJ16*$A$16/1000","v":16.119},{"$f":"AD16*M16+($A$4-80)*AK16*$A$16/1000","v":16.102799999999998},{"$f":"AE16*O16+($A$4-80)*AL16*$A$16/1000","v":14.912100000000001}]
[null,67,27.045000000000002,20.013300000000001,26.414999999999999,20.075399999999998,25.785,20.112300000000001,25.47,20.248650000000001,25.155000000000001,20.37555,23.895000000000003,20.071800000000003,22.140000000000004,18.819000000000003,null,1.1129629629629629,1.087037037037037,1.0611111111111111,1.0481481481481481,1.0351851851851852,0.98333333333333339,0.9111111111111112,0.74,0.76,0.78,0.79500000000000004,0.81,0.84,0.85,0.7372444444444447,0.7194666666666667,0.75280000000000014,0.7684444444444446,0.78346666666666664,0.74311111111111106,0.73742222222222209,{"$f":"Y17*C17+($A$4-80)*AF17*$A$16/1000","v":20.013300000000001},{"$f":"Z17*E17+($A$4-80)*AG17*$A$16/1000","v":20.075399999999998},{"$f":"AA17*G17+($A$4-80)*AH17*$A$16/1000","v":20.112300000000001},{"$f":"AB17*I17+($A$4-80)*AI17*$A$16/1000","v":20.248650000000001},{"$f":"AC17*K17+($A$4-80)*AJ17*$A$16/1000","v":20.37555},{"$f":"AD17*M17+($A$4-80)*AK17*$A$16/1000","v":20.071800000000003},{"$f":"AE17*O17+($A$4-80)*AL17*$A$16/1000","v":18.819000000000003}]
[null,63,25.29,22.760999999999999,24.704999999999998,23.222699999999996,24.12,23.155200000000001,23.827500000000004,23.350950000000005,23.535,23.535,22.365000000000002,22.365000000000002,20.7,20.7,null,1.0407407407407407,1.0166666666666666,0.99259259259259258,0.98055555555555562,0.96851851851851845,0.92037037037037039,0.85185185185185186,0.9,0.94,0.96,0.98,1,1,1,0.58462222222222204,0.62204444444444418,0.60906666666666642,0.64964444444444469,0.68906666666666683,0.48177777777777792,0.440888888888889,{"$f":"Y18*C18+($A$4-80)*AF18*$A$16/1000","v":22.760999999999999},{"$f":"Z18*E18+($A$4-80)*AG18*$A$16/1000","v":23.222699999999996},{"$f":"AA18*G18+($A$4-80)*AH18*$A$16/1000","v":23.155200000000001},{"$f":"AB18*I18+($A$4-80)*AI18*$A$16/1000","v":23.350950000000005},{"$f":"AC18*K18+($A$4-80)*AJ18*$A$16/1000","v":23.535},{"$f":"AD18*M18+($A$4-80)*AK18*$A$16/1000","v":22.365000000000002},{"$f":"AE18*O18+($A$4-80)*AL18*$A$16/1000","v":20.7}]
[null,59,24.750000000000004,23.76,24.21,24.21,23.625,23.625,23.332500000000003,23.332500000000003,23.040000000000003,23.040000000000003,21.87,21.87,20.295000000000002,20.295000000000002,null,1.0185185185185186,0.99629629629629624,0.97222222222222221,0.96018518518518525,0.94814814814814818,0.9,0.83518518518518525,0.96,1,1,1,1,1,1,0.46151111111111048,0.51128888888888846,0.40106666666666602,0.32908888888888821,0.25884444444444499,7.11111111111115E-2,7.11111111111115E-2,{"$f":"Y19*C19+($A$4-80)*AF19*$A$16/1000","v":23.76},{"$f":"Z19*E19+($A$4-80)*AG19*$A$16/1000","v":24.21},{"$f":"AA19*G19+($A$4-80)*AH19*$A$16/1000","v":23.625},{"$f":"AB19*I19+($A$4-80)*AI19*$A$16/1000","v":23.332500000000003},{"$f":"AC19*K19+($A$4-80)*AJ19*$A$16/1000","v":23.040000000000003},{"$f":"AD19*M19+($A$4-80)*AK19*$A$16/1000","v":21.87},{"$f":"AE19*O19+($A$4-80)*AL19*$A$16/1000","v":20.295000000000002}]

{"sheet":"Form","index":30,"n_rows":53,"n_cols":16,"rows_kept":53,"cut":false,"hidden":true,"merged":[[1,3,1,8],[2,3,2,8],[13,0,13,15],[26,14,26,15],[26,10,26,11],[18,6,18,11],[26,4,26,5],[26,12,26,13],[26,8,26,9],[25,2,25,15],[25,0,25,1],[26,2,26,3],[17,6,17,11],[26,6,26,7],[52,1,52,4],[28,2,29,2],[28,3,29,3],[28,9,29,9],[28,8,29,8],[27,1,29,1],[27,2,27,3],[27,6,27,7],[38,0,41,0],[27,12,27,13],[28,4,29,4],[28,5,29,5],[28,6,29,6],[28,7,29,7],[30,0,33,0],[27,8,27,9],[27,10,27,11],[28,12,29,12],[27,0,29,0],[28,11,29,11],[28,15,29,15],[27,4,27,5],[34,0,37,0],[28,13,29,13],[28,10,29,10],[27,14,27,15],[28,14,29,14]]}
[]
[null,null,"Select Goodman Condenser:  "]
[null,null,"ADP Evaporator:  ",null,null,null,null,null,null,null,null,null,null,24]
[null,null,"Nominal Capacity:  ",null,"(Mbtuh)",null,null,null,null,null,null,"Condenser Entering Air Temperature: ",null,"(°F) Dry Bulb, 65°F to 115°F"]
[null,null,"AHRI Rated Capacity:  ",null,"(Mbtuh) @ 95 ˚F & 80/67 ˚F conditions",null,null,null,null,null,null,"Evaporator Air Flow (CFM): ",null,null,"to"]
[null,null,"Entering Evaporator Air (DB):  ",null,"(°F) Dry Bulb -- 80°F Standard",null,null,null,null,null,null,"Entering Evaporator Air (WB):  ",null,"(°F) Wet Bulb, 59°F to 71°F"]
[null,null,null,null,null,null,null,null,null,null,null,null,null,48]
[null,null,null,null,null,null,null,null,null,null,null,null,null,"CFM"]
[]
[]
[]
[]
[]
["Extended Ratings"]
[]
[]
[]
[null,null,null,null,null,"Goodman Condenser :  "]
[null,null,null,null,null,"ADP Evaporator:  "]
[null,null,null,null,null,"Condenser Entering Air Temperature: ",null,"(°F) Dry Bulb, 65°F to 115°F"]
[null,null,null,null,null,"Evaporator Air Flow:",null,"CFM"]
[null,null,null,null,null,"Entering Evaporator Air (DB):  ",null,"(°F) Dry Bulb"]
[null,null,null,null,null,"Entering Evaporator Air (WB):  ",null,"(°F) Wet Bulb, 59°F to 71°F"]
[null,null,null,null,null,"AHRI Rated Capacity:  ",null,"(Mbtuh) @ 95 ˚F & 80/67 ˚F conditions"]
[]
["Evaporator Air \n",null,"Condenser  Entering Air Temperature ˚F"]
[75,"°F DB",65,null,75,null,85,null,90,null,95,null,105,null,115]
["CFM","EWB†\n˚F","Capacity Mbtuh",null,"Capacity Mbtuh",null,"Capacity Mbtuh",null,"Capacity Mbtuh",null,"Capacity Mbtuh",null,"Capacity Mbtuh",null,"Capacity Mbtuh"]
[null,null,"Total","Sens.","Total","Sens.","Total","Sens.","Total","Sens.","Total","Sens.","Total","Sens.","Total","Sens."]
[]
[]
[]
[]
[]
[]
[]
[]
[]
[]
[]
[]
[]
[]
[null,null,null,"Condenser Entering Air Temperature: ",null,"(°F) Dry Bulb, 65°F to 115°F",null,null,null,"CAPACITY IN MBTUH UNDER SPECIFIC CONDITIONS LISTED"]
[null,null,null,"Evaporator Air Flow:",null,"CFM",null,null,null,null,"TOTAL"]
[null,null,null,"Entering Evaporator Air (WB):  ",null,"(°F) Wet Bulb, 59°F to 71°F",null,null,null,null,"SENSIBLE"]
[]
["Notes:","† Entering Wet Bulb"]
[null,"Extended ratings are not certified.  They are calculated based upon typical condenser performance curves and are for engineering information only."]
[null,"When the required data fall between the published data, interpolation may be performed. Extrapolation is not an acceptable practice."]
[null,"Displayed sensible capacity has been adjusted based upon indoor DB.  Sensible capacity will increase with higher indoor DB and decrease with lower indoor DB."]
[null,"The magnitude of the adjustment depends partially on evaporator air flow, with greater adjustment at higher CFM."]
["Printed:",null,null,null,null,null,null,null,null,null,null,null,null,null,null,"G-19-A"]

{"sheet":"Instructions","index":31,"n_rows":42,"n_cols":5,"rows_kept":42,"cut":false,"hidden":true,"merged":[]}
[]
[]
[]
[]
[]
[]
[null,"This spreadsheet generates capacity information for ADP rated matches at other than nominal conditions."]
[null,"The information is provided is not certified and is provided for engineering use only."]
[]
[null,"The latest version will allways be available at:  www.adpnow.com/extratings/"]
[]
[null,"In order to generate an extended rating, you will need the following information:"]
[null,null,"Condenser model number"]
[null,null,"ADP coil model number"]
[null,null,"Nominal capacity"]
[null,null,"Rated capacity (from AHRI database)"]
[null,null,"Condenser entering air dry bulb temperature"]
[null,null,"Indoor entering air dry bulb temperature"]
[null,null,"Indoor entering air wet bulb temperature"]
[null,null,"Indoor airflow"]
[]
[null,"Select the condenser series and nominal tonnage form the drop down lists."]
[null,"Enter the remaining information in the correct cells. Note there are limits on the range of values allowed."]
[null,"Click on \"Calculate\" to calculate the extended ratings."]
[null,"The table will show capacities for various conditions.  The capacities at the specific design point are "]
[null,"at the bottom of the page."]
[null,"From this point you may:"]
[null,null,"Click \"Clear\" to clear the form and start over."]
[null,null,"Click \"Print\" to print a copy of the data."]
[null,null,"Click \"Copy\" to copy the data to a new spreadsheet and save it in the same directory."]
[]
[null,"Notes:","Displayed sensible capacity has been adjusted based upon indoor DB. Sensible capacity will"]
[null,null,"increase with higher indoor DB and decrease with lower indoor DB.  The magnitude of the "]
[null,null,"adjustment depends partially on evaporator air flow, with greater adjustment at higher CFM."]
[]
[null,"Versions:","G-13-A","2013-08-01","Initial public release"]
[null,null,"G-13-B","2013-08-16","Corrected broken macro from initial release"]
[null,null,"G-14-A","2013-12-31","Renewed date key through 2014"]
[null,null,"G-15-A","2015-01-31","Added GSX14 and Renewed date key through 2015"]
[null,null,"G-15-B","2015-06-01","Added GSX14043"]
[null,null,"G-16-A","2016-03-22","Renewed date key through 2016"]
[null,null,"G-19-A","2019-05-20","New Version"]

{"sheet":"Prompt","index":32,"n_rows":17,"n_cols":2,"rows_kept":17,"cut":false,"hidden":false,"merged":[]}
[]
[]
[]
[]
[]
[null,"In order to use this spreadsheet, "]
[null,"Please enable Macros in your security settings."]
[]
[null,"Enabling Macros in Excel 2007"]
[null,"1. In Excel, click the Office button in the upper left corner of the screen."]
[null,"2. Click the \"Excel Options\" button in the lower right."]
[null,"3. Click the \"Trust Center\" button on the left. Then, at the bottom right, select \"Trust Center Settings\" as shown below."]
[null,"4. In the next window, select \"Macro Settings,\" then select the radio button for \"Disable all macros with notification.\""]
[null,"5. When openning this spreadsheet, you will see a warning like this in the menu bar:"]
[]
[]
[null,"6. Select \"Enable this content\" and click \"Okay\".  The spreadsheet will now be functional."]