{"text_format":"1","workbook":"xlsx","n_sheets":22,"sheets":["notes","Options","Calcs","4AC13L_18","4AC13L_24","4AC13L_30","4AC13L_36","4AC13L_42","4AC13L_48","4AC13L_60","4AC14L_18","4AC14L_24","4AC14L_30","4AC14L_36","4AC14L_41","4AC14L_42","4AC14L_47","4AC14L_48","4AC14L_60","Form","Instructions","Prompt"],"not_rendered":{"charts":0,"images":7,"macros":1,"external_links":0,"defined_names":34,"comments":0,"pivot_tables":0},"unopened":[],"bounds":{"document_bytes":16777216,"sheet_cells":100000,"rows_first":2000,"rows_last":500,"rows_between":2000,"halvings":0,"cell_chars":16384,"cell_head_chars":4096},"cells_cut":0,"cells_raw":0,"read":"whole","date_system":"1900"}

{"sheet":"notes","index":0,"n_rows":65,"n_cols":16,"rows_kept":65,"cut":false,"hidden":true,"merged":[]}
[]
[null,null,null,null,null,null,null,{"$f":"SUM(H3:H8)","v":0}]
[null,null,600,24,600,1000,{"$f":"IF(Form!$D$4=D3,1,0)","v":0},{"$f":"IF(G3=1,IF(OR(E3>Form!M$5,F3<Form!M$5),1,0),0)","v":0}]
[null,null,800,30,800,1200,{"$f":"IF(Form!$D$4=D4,1,0)","v":0},{"$f":"IF(G4=1,IF(OR(E4>Form!M$5,F4<Form!M$5),1,0),0)","v":0}]
[null,null,1000,36,1000,1400,{"$f":"IF(Form!$D$4=D5,1,0)","v":0},{"$f":"IF(G5=1,IF(OR(E5>Form!M$5,F5<Form!M$5),1,0),0)","v":0}]
[null,null,1200,42,1200,1600,{"$f":"IF(Form!$D$4=D6,1,0)","v":0},{"$f":"IF(G6=1,IF(OR(E6>Form!M$5,F6<Form!M$5),1,0),0)","v":0}]
[null,null,1400,48,1400,1800,{"$f":"IF(Form!$D$4=D7,1,0)","v":0},{"$f":"IF(G7=1,IF(OR(E7>Form!M$5,F7<Form!M$5),1,0),0)","v":0}]
[null,null,1600,60,1600,2000,{"$f":"IF(Form!$D$4=D8,1,0)","v":0},{"$f":"IF(G8=1,IF(OR(E8>Form!M$5,F8<Form!M$5),1,0),0)","v":0}]
[null,null,1800]
[null,null,2000]
[]
[]
[null,null,null,"Total"]
[null,{"$f":"Form!M5+Form!M6","v":0},null,null,{"$f":"E31","v":0},{"$f":"F31","v":0},0,0,0,0,0,{"$f":"SUM(E14:K14)","v":0},null,null,null,58]
[null,null,null,null,{"$f":"Form!C27","v":65},{"$f":"Form!E27","v":75},{"$f":"Form!G27","v":85},{"$f":"Form!I27","v":90},{"$f":"Form!K27","v":95},{"$f":"Form!M27","v":105},{"$f":"Form!O27","v":115}]
[{"$f":"C16+D16","v":0},{"$f":"P16","v":0},{"$f":"Form!A31","v":0},{"$f":"Form!B31","v":0},{"$f":"Form!C31","v":0},{"$f":"Form!E31","v":0},{"$f":"Form!G31","v":0},{"$f":"Form!I31","v":0},{"$f":"Form!K31","v":0},{"$f":"Form!M31","v":0},{"$f":"Form!O31","v":0},{"$f":"Form!$M$5+Form!M$6","v":0},{"$f":"IF(C16+D16=Form!M$5+Form!M$6,1,0)","v":1},{"$f":"IF(A16<L16,1,0)","v":0},{"$f":"IF(A16>L16,2,0)","v":0},{"$f":"IF(AND(N16=1,N17=0),1,0)+IF(AND(O15=0,O16=2),2,0)","v":0}]
[{"$f":"C17+D17","v":0},{"$f":"P17","v":0},{"$f":"C16","v":0},{"$f":"Form!B32","v":0},{"$f":"Form!C32","v":0},{"$f":"Form!E32","v":0},{"$f":"Form!G32","v":0},{"$f":"Form!I32","v":0},{"$f":"Form!K32","v":0},{"$f":"Form!M32","v":0},{"$f":"Form!O32","v":0},{"$f":"Form!$M$5+Form!M$6","v":0},{"$f":"IF(C17+D17=Form!M$5+Form!M$6,1,0)","v":1},{"$f":"IF(A17<L17,1,0)","v":0},{"$f":"IF(A17>L17,2,0)","v":0},{"$f":"IF(AND(N17=1,N18=0),1,0)+IF(AND(O16=0,O17=2),2,0)","v":0}]
[0,0,{"$f":"C17","v":0},{"$f":"Form!B33","v":0},{"$f":"Form!C33","v":0},{"$f":"Form!E33","v":0},{"$f":"Form!G33","v":0},{"$f":"Form!I33","v":0},{"$f":"Form!K33","v":0},{"$f":"Form!M33","v":0},{"$f":"Form!O33","v":0},{"$f":"Form!$M$5+Form!M$6","v":0},{"$f":"IF(C18+D18=Form!M$5+Form!M$6,1,0)","v":1},0,{"$f":"IF(A18>L18,2,0)","v":0},{"$f":"IF(AND(N18=1,N19=0),1,0)+IF(AND(O17=0,O18=2),2,0)","v":0}]
[0,0,{"$f":"C18","v":0},{"$f":"Form!B34","v":0},{"$f":"Form!C34","v":0},{"$f":"Form!E34","v":0},{"$f":"Form!G34","v":0},{"$f":"Form!I34","v":0},{"$f":"Form!K34","v":0},{"$f":"Form!M34","v":0},{"$f":"Form!O34","v":0},{"$f":"Form!$M$5+Form!M$6","v":0},{"$f":"IF(C19+D19=Form!M$5+Form!M$6,1,0)","v":1},0,{"$f":"IF(A19>L19,2,0)","v":0},{"$f":"IF(AND(N19=1,N20=0),1,0)+IF(AND(O18=0,O19=2),2,0)","v":0}]
[0,0,{"$f":"Form!A35","v":0},{"$f":"Form!B35","v":0},{"$f":"Form!C35","v":0},{"$f":"Form!E35","v":0},{"$f":"Form!G35","v":0},{"$f":"Form!I35","v":0},{"$f":"Form!K35","v":0},{"$f":"Form!M35","v":0},{"$f":"Form!O35","v":0},{"$f":"Form!$M$5+Form!M$6","v":0},{"$f":"IF(C20+D20=Form!M$5+Form!M$6,1,0)","v":1},0,{"$f":"IF(A20>L20,2,0)","v":0},{"$f":"IF(AND(N20=1,N21=0),1,0)+IF(AND(O19=0,O20=2),2,0)","v":0}]
[0,0,{"$f":"C20","v":0},{"$f":"Form!B36","v":0},{"$f":"Form!C36","v":0},{"$f":"Form!E36","v":0},{"$f":"Form!G36","v":0},{"$f":"Form!I36","v":0},{"$f":"Form!K36","v":0},{"$f":"Form!M36","v":0},{"$f":"Form!O36","v":0},{"$f":"Form!$M$5+Form!M$6","v":0},{"$f":"IF(C21+D21=Form!M$5+Form!M$6,1,0)","v":1},0,{"$f":"IF(A21>L21,2,0)","v":0},{"$f":"IF(AND(N21=1,N22=0),1,0)+IF(AND(O20=0,O21=2),2,0)","v":0}]
[0,0,{"$f":"C21","v":0},{"$f":"Form!B37","v":0},{"$f":"Form!C37","v":0},{"$f":"Form!E37","v":0},{"$f":"Form!G37","v":0},{"$f":"Form!I37","v":0},{"$f":"Form!K37","v":0},{"$f":"Form!M37","v":0},{"$f":"Form!O37","v":0},{"$f":"Form!$M$5+Form!M$6","v":0},{"$f":"IF(C22+D22=Form!M$5+Form!M$6,1,0)","v":1},0,0,0]
[0,0,{"$f":"C22","v":0},{"$f":"Form!B38","v":0},{"$f":"Form!C38","v":0},{"$f":"Form!E38","v":0},{"$f":"Form!G38","v":0},{"$f":"Form!I38","v":0},{"$f":"Form!K38","v":0},{"$f":"Form!M38","v":0},{"$f":"Form!O38","v":0},{"$f":"Form!$M$5+Form!M$6","v":0},{"$f":"IF(C23+D23=Form!M$5+Form!M$6,1,0)","v":1},0,0,0]
[0,0,{"$f":"Form!A39","v":0},{"$f":"Form!B39","v":0},{"$f":"Form!C39","v":0},{"$f":"Form!E39","v":0},{"$f":"Form!G39","v":0},{"$f":"Form!I39","v":0},{"$f":"Form!K39","v":0},{"$f":"Form!M39","v":0},{"$f":"Form!O39","v":0},{"$f":"Form!$M$5+Form!M$6","v":0},{"$f":"IF(C24+D24=Form!M$5+Form!M$6,1,0)","v":1},0,0,0]
[0,0,{"$f":"C24","v":0},{"$f":"Form!B40","v":0},{"$f":"Form!C40","v":0},{"$f":"Form!E40","v":0},{"$f":"Form!G40","v":0},{"$f":"Form!I40","v":0},{"$f":"Form!K40","v":0},{"$f":"Form!M40","v":0},{"$f":"Form!O40","v":0},{"$f":"Form!$M$5+Form!M$6","v":0},{"$f":"IF(C25+D25=Form!M$5+Form!M$6,1,0)","v":1},0,0,0]
[0,0,{"$f":"C25","v":0},{"$f":"Form!B41","v":0},{"$f":"Form!C41","v":0},{"$f":"Form!E41","v":0},{"$f":"Form!G41","v":0},{"$f":"Form!I41","v":0},{"$f":"Form!K41","v":0},{"$f":"Form!M41","v":0},{"$f":"Form!O41","v":0},{"$f":"Form!$M$5+Form!M$6","v":0},{"$f":"IF(C26+D26=Form!M$5+Form!M$6,1,0)","v":1},0,0,0]
[0,0,{"$f":"C26","v":0},{"$f":"Form!B42","v":0},{"$f":"Form!C42","v":0},{"$f":"Form!E42","v":0},{"$f":"Form!G42","v":0},{"$f":"Form!I42","v":0},{"$f":"Form!K42","v":0},{"$f":"Form!M42","v":0},{"$f":"Form!O42","v":0},{"$f":"Form!$M$5+Form!M$6","v":0},{"$f":"IF(C27+D27=Form!M$5+Form!M$6,1,0)","v":1},0,0,0]
[0,{"$f":"SUM(B16:B27)","v":0}]
[null,null,null,null,null,{"$f":"IF(AND(F15>Form!$M$4,E15<Form!$M$4),2,0)","v":0},{"$f":"IF(AND(G15>Form!$M$4,F15<Form!$M$4),2,0)","v":0},{"$f":"IF(AND(H15>Form!$M$4,G15<Form!$M$4),2,0)","v":0},{"$f":"IF(AND(I15>Form!$M$4,H15<Form!$M$4),2,0)","v":0},{"$f":"IF(AND(J15>Form!$M$4,I15<Form!$M$4),2,0)","v":0},{"$f":"IF(AND(K15>Form!$M$4,J15<Form!$M$4),2,0)","v":0}]
[null,null,{"$f":"HLOOKUP(1,E14:K15,2,FALSE)","v":{"$error":"#N/A"}},null,{"$f":"IF(F29=2,1,0)","v":0},{"$f":"IF(G29=2,1,0)","v":0},0,0,0,0,0]
[null,null,{"$f":"HLOOKUP(2,E14:K15,2,FALSE)","v":{"$error":"#N/A"}},null,{"$f":"SUM(E29:E30)","v":0},0,0,0,0,0,0]
[null,{"$f":"(VLOOKUP(1,B14:K27,3,FALSE))","v":{"$error":"#N/A"}},{"$f":"IF(ISERROR(B32),0,B32)","v":0},null,{"$f":"(C34-C35)/(C32-C33)*(Form!$M$6-C33)+C35","v":{"$error":"#N/A"}},{"$f":"(C36-C37)/(C32-C33)*(Form!M6-C33)+C37","v":{"$error":"#N/A"}}]
[null,{"$f":"VLOOKUP(2,B14:K27,3,FALSE)","v":{"$error":"#N/A"}},{"$f":"IF(ISERROR(B33),0,B33)","v":0},null,{"$f":"IF(AND(B28=0,L14=3),VLOOKUP(Form!$M$5+Form!$M$6,notes!A14:K27,MATCH(1,notes!A14:K14,FALSE),FALSE),0)","v":0},{"$f":"IF(AND(B28=0,L14=3),VLOOKUP(Form!$M$5+Form!$M$6,notes!A14:K27,MATCH(2,notes!A14:K14,FALSE),FALSE),0)","v":0},null,null,"exactly"]
[null,{"$f":"VLOOKUP(1,B14:K27,MATCH(1,B14:K14,FALSE),FALSE)","v":{"$error":"#N/A"}},{"$f":"MIN(B34,B36)","v":{"$error":"#N/A"}},null,{"$f":"IF(ISERROR(E32),E33,E32)","v":0},{"$f":"IF(ISERROR(F32),F33,F32)","v":0},null,null,"x","y","err1","err2","err3","ans"]
[null,{"$f":"VLOOKUP(2,B14:K27,MATCH(1,B14:K14,FALSE),FALSE)","v":{"$error":"#N/A"}},{"$f":"MAX(B35,B37)","v":{"$error":"#N/A"}},null,{"$f":"MIN(E34:F34)","v":0},{"$f":"MAX(E34:F34)","v":0},null,null,"y","y",{"$f":"IF(ISERROR(VLOOKUP(Form!$M$5+Form!$M$6,notes!A15:K27,MATCH(Form!$M$4,notes!A15:K15,FALSE),FALSE)),0,VLOOKUP(Form!$M$5+Form!$M$6,notes!A15:K27,MATCH(Form!$M$4,notes!A15:K15,FALSE),FALSE))","v":0},null,null,{"$f":"SUM(K35:M35)","v":0}]
[null,{"$f":"VLOOKUP(1,B14:K27,MATCH(2,B14:K14,FALSE),FALSE)","v":{"$error":"#N/A"}},{"$f":"MAX(B36,B34)","v":{"$error":"#N/A"}},null,{"$f":"(E35-F35)/(C31-C30)*(Form!$M$4-C30)+F35","v":{"$error":"#N/A"}},null,null,null,"y","n",null,null,null,{"$f":"SUM(K36:M36)","v":0}]
[null,{"$f":"VLOOKUP(2,B14:K27,MATCH(2,B14:K14,FALSE),FALSE)","v":{"$error":"#N/A"}},{"$f":"MIN(B35,B37)","v":{"$error":"#N/A"}},null,null,null,null,null,"n","n",{"$f":"IF(OR(E36>100000,E36<=0),0,E36)","v":{"$error":"#N/A"}},{"$f":"IF(K37<>0,0,MIN(E32:F32))","v":{"$error":"#N/A"}},{"$f":"IF(AND(L37=0,K37=0),C34,0)","v":{"$error":"#N/A"}},{"$f":"SUM(K37:M37)","v":{"$error":"#N/A"}}]
[null,null,null,null,null,null,null,null,null,null,null,null,null,{"$f":"IF(ISERROR(N37),N35,N37)","v":0}]
[]
[]
["sens",null,null,null,{"$f":"E58","v":0},{"$f":"F58","v":0},0,0,0,0,0,{"$f":"SUM(E41:K41)","v":0}]
[null,null,null,null,{"$f":"E15","v":65},{"$f":"F15","v":75},85,90,95,105,115]
[{"$f":"C43+D43","v":0},{"$f":"P43","v":0},{"$f":"C16","v":0},{"$f":"D16","v":0},{"$f":"Form!D31","v":0},{"$f":"Form!F31","v":0},{"$f":"Form!H31","v":0},{"$f":"Form!J31","v":0},{"$f":"Form!L31","v":0},{"$f":"Form!N31","v":0},{"$f":"Form!P31","v":0},{"$f":"Form!$M$5+Form!M$6","v":0},{"$f":"IF(C43+D43=Form!M$5+Form!M$6,1,0)","v":1},{"$f":"IF(A43<L43,1,0)","v":0},{"$f":"IF(A43>L43,2,0)","v":0},{"$f":"IF(AND(N43=1,N44=0),1,0)+IF(AND(O42=0,O43=2),2,0)","v":0}]
[{"$f":"C44+D44","v":0},{"$f":"P44","v":0},{"$f":"C17","v":0},{"$f":"D17","v":0},{"$f":"Form!D32","v":0},{"$f":"Form!F32","v":0},{"$f":"Form!H32","v":0},{"$f":"Form!J32","v":0},{"$f":"Form!L32","v":0},{"$f":"Form!N32","v":0},{"$f":"Form!P32","v":0},{"$f":"Form!$M$5+Form!M$6","v":0},{"$f":"IF(C44+D44=Form!M$5+Form!M$6,1,0)","v":1},{"$f":"IF(A44<L44,1,0)","v":0},{"$f":"IF(A44>L44,2,0)","v":0},{"$f":"IF(AND(N44=1,N45=0),1,0)+IF(AND(O43=0,O44=2),2,0)","v":0}]
[{"$f":"C45+D45","v":0},0,0,0,{"$f":"Form!D33","v":0},{"$f":"Form!F33","v":0},{"$f":"Form!H33","v":0},{"$f":"Form!J33","v":0},{"$f":"Form!L33","v":0},{"$f":"Form!N33","v":0},{"$f":"Form!P33","v":0},{"$f":"Form!$M$5+Form!M$6","v":0},{"$f":"IF(C45+D45=Form!M$5+Form!M$6,1,0)","v":1},0,{"$f":"IF(A45>L45,2,0)","v":0},{"$f":"IF(AND(N45=1,N46=0),1,0)+IF(AND(O44=0,O45=2),2,0)","v":0}]
[0,0,0,0,{"$f":"Form!D34","v":0},{"$f":"Form!F34","v":0},{"$f":"Form!H34","v":0},{"$f":"Form!J34","v":0},{"$f":"Form!L34","v":0},{"$f":"Form!N34","v":0},{"$f":"Form!P34","v":0},{"$f":"Form!$M$5+Form!M$6","v":0},{"$f":"IF(C46+D46=Form!M$5+Form!M$6,1,0)","v":1},0,{"$f":"IF(A46>L46,2,0)","v":0},{"$f":"IF(AND(N46=1,N47=0),1,0)+IF(AND(O45=0,O46=2),2,0)","v":0}]
[0,0,0,0,{"$f":"Form!D35","v":0},{"$f":"Form!F35","v":0},{"$f":"Form!H35","v":0},{"$f":"Form!J35","v":0},{"$f":"Form!L35","v":0},{"$f":"Form!N35","v":0},{"$f":"Form!P35","v":0},{"$f":"Form!$M$5+Form!M$6","v":0},{"$f":"IF(C47+D47=Form!M$5+Form!M$6,1,0)","v":1},0,{"$f":"IF(A47>L47,2,0)","v":0},{"$f":"IF(AND(N47=1,N48=0),1,0)+IF(AND(O46=0,O47=2),2,0)","v":0}]
[0,0,0,0,{"$f":"Form!D36","v":0},{"$f":"Form!F36","v":0},{"$f":"Form!H36","v":0},{"$f":"Form!J36","v":0},{"$f":"Form!L36","v":0},{"$f":"Form!N36","v":0},{"$f":"Form!P36","v":0},{"$f":"Form!$M$5+Form!M$6","v":0},{"$f":"IF(C48+D48=Form!M$5+Form!M$6,1,0)","v":1},0,{"$f":"IF(A48>L48,2,0)","v":0},{"$f":"IF(AND(N48=1,N49=0),1,0)+IF(AND(O47=0,O48=2),2,0)","v":0}]
[0,0,0,0,{"$f":"Form!D37","v":0},{"$f":"Form!F37","v":0},{"$f":"Form!H37","v":0},{"$f":"Form!J37","v":0},{"$f":"Form!L37","v":0},{"$f":"Form!N37","v":0},{"$f":"Form!P37","v":0},{"$f":"Form!$M$5+Form!M$6","v":0},{"$f":"IF(C49+D49=Form!M$5+Form!M$6,1,0)","v":1},0,0,0]
[0,0,0,0,{"$f":"Form!D38","v":0},{"$f":"Form!F38","v":0},{"$f":"Form!H38","v":0},{"$f":"Form!J38","v":0},{"$f":"Form!L38","v":0},{"$f":"Form!N38","v":0},{"$f":"Form!P38","v":0},{"$f":"Form!$M$5+Form!M$6","v":0},{"$f":"IF(C50+D50=Form!M$5+Form!M$6,1,0)","v":1},0,0,0]
[0,0,0,0,{"$f":"Form!D39","v":0},{"$f":"Form!F39","v":0},{"$f":"Form!H39","v":0},{"$f":"Form!J39","v":0},{"$f":"Form!L39","v":0},{"$f":"Form!N39","v":0},{"$f":"Form!P39","v":0},{"$f":"Form!$M$5+Form!M$6","v":0},{"$f":"IF(C51+D51=Form!M$5+Form!M$6,1,0)","v":1},0,0,0]
[0,0,0,0,{"$f":"Form!D40","v":0},{"$f":"Form!F40","v":0},{"$f":"Form!H40","v":0},{"$f":"Form!J40","v":0},{"$f":"Form!L40","v":0},{"$f":"Form!N40","v":0},{"$f":"Form!P40","v":0},{"$f":"Form!$M$5+Form!M$6","v":0},{"$f":"IF(C52+D52=Form!M$5+Form!M$6,1,0)","v":1},0,0,0]
[0,0,0,0,{"$f":"Form!D41","v":0},{"$f":"Form!F41","v":0},{"$f":"Form!H41","v":0},{"$f":"Form!J41","v":0},{"$f":"Form!L41","v":0},{"$f":"Form!N41","v":0},{"$f":"Form!P41","v":0},{"$f":"Form!$M$5+Form!M$6","v":0},{"$f":"IF(C53+D53=Form!M$5+Form!M$6,1,0)","v":1},0,0,0]
[0,0,0,0,{"$f":"Form!D42","v":0},{"$f":"Form!F42","v":0},{"$f":"Form!H42","v":0},{"$f":"Form!J42","v":0},{"$f":"Form!L42","v":0},{"$f":"Form!N42","v":0},{"$f":"Form!P42","v":0},{"$f":"Form!$M$5+Form!M$6","v":0},{"$f":"IF(C54+D54=Form!M$5+Form!M$6,1,0)","v":1},0,0,0]
[0,{"$f":"SUM(B43:B54)","v":0}]
[null,null,null,null,null,{"$f":"IF(AND(F42>Form!$M$4,E42<Form!$M$4),2,0)","v":0},{"$f":"IF(AND(G42>Form!$M$4,F42<Form!$M$4),2,0)","v":0},{"$f":"IF(AND(H42>Form!$M$4,G42<Form!$M$4),2,0)","v":0},{"$f":"IF(AND(I42>Form!$M$4,H42<Form!$M$4),2,0)","v":0},{"$f":"IF(AND(J42>Form!$M$4,I42<Form!$M$4),2,0)","v":0},{"$f":"IF(AND(K42>Form!$M$4,J42<Form!$M$4),2,0)","v":0}]
[null,null,{"$f":"HLOOKUP(1,E41:K42,2,FALSE)","v":{"$error":"#N/A"}},null,{"$f":"IF(F56=2,1,0)","v":0},{"$f":"IF(G56=2,1,0)","v":0},0,0,0,0,0]
[null,null,{"$f":"HLOOKUP(2,E41:K42,2,FALSE)","v":{"$error":"#N/A"}},null,{"$f":"SUM(E56:E57)","v":0},0,0,0,0,0,0]
[null,{"$f":"(VLOOKUP(1,B41:K54,3,FALSE))","v":{"$error":"#N/A"}},{"$f":"IF(ISERROR(B59),0,B59)","v":0},null,{"$f":"(C61-C62)/(C59-C60)*(Form!$M$6-C60)+C62","v":{"$error":"#N/A"}},{"$f":"(C63-C64)/(C59-C60)*(Form!M6-C60)+C64","v":{"$error":"#N/A"}}]
[null,{"$f":"VLOOKUP(2,B41:K54,3,FALSE)","v":{"$error":"#N/A"}},{"$f":"IF(ISERROR(B60),0,B60)","v":0},null,{"$f":"IF(AND(B55=0,L41=3),VLOOKUP(Form!$M$5+Form!$M$6,notes!A41:K54,MATCH(1,notes!A41:K41,FALSE),FALSE),0)","v":0},{"$f":"IF(AND(B55=0,L41=3),VLOOKUP(Form!$M$5+Form!$M$6,notes!A41:K54,MATCH(2,notes!A41:K41,FALSE),FALSE),0)","v":0},null,null,"exactly"]
[null,{"$f":"VLOOKUP(1,B41:K54,MATCH(1,B41:K41,FALSE),FALSE)","v":{"$error":"#N/A"}},{"$f":"MIN(B61,B63)","v":{"$error":"#N/A"}},null,{"$f":"IF(ISERROR(E59),E60,E59)","v":0},{"$f":"IF(ISERROR(F59),F60,F59)","v":0},null,null,"x","y","err1","err2","err3","ans"]
[null,{"$f":"VLOOKUP(2,B41:K54,MATCH(1,B41:K41,FALSE),FALSE)","v":{"$error":"#N/A"}},{"$f":"MAX(B62,B64)","v":{"$error":"#N/A"}},null,{"$f":"MIN(E61:F61)","v":0},{"$f":"MAX(E61:F61)","v":0},null,null,"y","y",{"$f":"IF(ISERROR(VLOOKUP(Form!$M$5+Form!$M$6,notes!A42:K54,MATCH(Form!$M$4,notes!A42:K42,FALSE),FALSE)),0,VLOOKUP(Form!$M$5+Form!$M$6,notes!A42:K54,MATCH(Form!$M$4,notes!A42:K42,FALSE),FALSE))","v":0},null,null,{"$f":"SUM(K62:M62)","v":0}]
[null,{"$f":"VLOOKUP(1,B41:K54,MATCH(2,B41:K41,FALSE),FALSE)","v":{"$error":"#N/A"}},{"$f":"MAX(B63,B61)","v":{"$error":"#N/A"}},null,{"$f":"(E62-F62)/(C58-C57)*(Form!$M$4-C57)+F62","v":{"$error":"#N/A"}},null,null,null,"y","n",null,null,null,{"$f":"SUM(K63:M63)","v":0}]
[null,{"$f":"VLOOKUP(2,B41:K54,MATCH(2,B41:K41,FALSE),FALSE)","v":{"$error":"#N/A"}},{"$f":"MIN(B62,B64)","v":{"$error":"#N/A"}},null,null,null,null,null,"n","n",{"$f":"IF(OR(E63>100000,E63<=0),0,E63)","v":{"$error":"#N/A"}},{"$f":"IF(K64<>0,0,MIN(E59:F59))","v":{"$error":"#N/A"}},{"$f":"IF(AND(L64=0,K64=0),C61,0)","v":{"$error":"#N/A"}},{"$f":"SUM(K64:M64)","v":{"$error":"#N/A"}}]
[null,{"$f":"VLOOKUP(Form!M32+Form!M33,A41:K54,MATCH(2,A41:K41,FALSE),FALSE)","v":{"$error":"#N/A"}},null,null,null,null,null,null,null,null,null,null,null,{"$f":"IF(ISERROR(N64),N62,N64)","v":0}]

{"sheet":"Options","index":1,"n_rows":2,"n_cols":1,"rows_kept":2,"cut":false,"hidden":true,"merged":[]}
["4AC13L"]
["4AC14L"]

{"sheet":"Calcs","index":2,"n_rows":21,"n_cols":7,"rows_kept":21,"cut":false,"hidden":true,"merged":[[0,4,0,9],[1,4,1,9]]}
[null,null,null,"Condenser :  "]
[null,null,null,"ADP Evaporator:  "]
[null,null,null,"Condenser Entering Air Temperature: ",100,"(°F) Dry Bulb, 85°F to 115°F"]
[null,null,null,"Evaporator Air Flow:",1265,"CFM"]
[null,null,null,"Entering Evaporator Air (DB):  ",77.5,"(°F) Dry Bulb"]
[null,null,null,"Entering Evaporator Air (WB):  ",60.6,"(°F) Wet Bulb, 63°F to 71°F"]
[]
[]
["Total"]
[28.549999999999997,"1200 60.6"]
[]
[null,"Diff 200",{"$f":"A10-A14","v":0.30799999999999983},"Diff 1 cfm",{"$f":"C12/200","v":1.5399999999999991E-3},"  1265 total",{"$f":"A10-(65*E12)","v":28.449899999999996}]
[]
[28.241999999999997,"1400 60.6"]
[]
["Sens"]
[25.319999999999997,"1200 60.6"]
[]
[null,"Diff 200",{"$f":"A17-A21","v":0.55439999999999756},"Diff 1 cfm",{"$f":"C19/200","v":2.771999999999988E-3},"  1265 Sens",{"$f":"A17-(65*E19)","v":25.139819999999997}]
[]
[24.765599999999999,"1400 60.6"]

{"sheet":"4AC13L_18","index":3,"n_rows":19,"n_cols":45,"rows_kept":19,"cut":false,"hidden":true,"merged":[[130,0,133,0],[120,12,121,12],[120,13,121,13],[120,14,121,14],[120,15,121,15],[122,0,125,0],[126,0,129,0],[119,12,119,13],[119,14,119,15],[120,4,121,4],[120,5,121,5],[120,6,121,6],[120,7,121,7],[120,8,121,8],[120,9,121,9],[120,10,121,10],[120,11,121,11],[119,0,121,0],[119,1,121,1],[119,4,119,5],[119,6,119,7],[119,8,119,9],[119,10,119,11],[111,0,114,0],[117,0,118,1],[117,4,117,15],[118,4,118,5],[118,6,118,7],[118,8,118,9],[118,10,118,11],[118,12,118,13],[118,14,118,15],[101,12,102,12],[101,13,102,13],[101,14,102,14],[101,15,102,15],[103,0,106,0],[107,0,110,0],[100,12,100,13],[100,14,100,15],[101,4,102,4],[101,5,102,5],[101,6,102,6],[101,7,102,7],[101,8,102,8],[101,9,102,9],[101,10,102,10],[101,11,102,11],[100,0,102,0],[100,1,102,1],[100,4,100,5],[100,6,100,7],[100,8,100,9],[100,10,100,11],[92,0,95,0],[98,0,99,1],[98,4,98,15],[99,4,99,5],[99,6,99,7],[99,8,99,9],[99,10,99,11],[99,12,99,13],[99,14,99,15],[82,12,83,12],[82,13,83,13],[82,14,83,14],[82,15,83,15],[84,0,87,0],[88,0,91,0],[81,12,81,13],[81,14,81,15],[82,4,83,4],[82,5,83,5],[82,6,83,6],[82,7,83,7],[82,8,83,8],[82,9,83,9],[82,10,83,10],[82,11,83,11],[81,0,83,0],[81,1,83,1],[81,4,81,5],[81,6,81,7],[81,8,81,9],[81,10,81,11],[73,0,76,0],[79,0,80,1],[79,4,79,15],[80,4,80,5],[80,6,80,7],[80,8,80,9],[80,10,80,11],[80,12,80,13],[80,14,80,15],[63,12,64,12],[63,13,64,13],[63,14,64,14],[63,15,64,15],[65,0,68,0],[69,0,72,0],[62,12,62,13],[62,14,62,15],[63,4,64,4],[63,5,64,5],[63,6,64,6],[63,7,64,7],[63,8,64,8],[63,9,64,9],[63,10,64,10],[63,11,64,11],[62,0,64,0],[62,1,64,1],[62,4,62,5],[62,6,62,7],[62,8,62,9],[62,10,62,11],[54,0,57,0],[60,0,61,1],[60,4,60,15],[61,4,61,5],[61,6,61,7],[61,8,61,9],[61,10,61,11],[61,12,61,13],[61,14,61,15],[44,12,45,12],[44,13,45,13],[44,14,45,14],[44,15,45,15],[46,0,49,0],[50,0,53,0],[43,12,43,13],[43,14,43,15],[44,4,45,4],[44,5,45,5],[44,6,45,6],[44,7,45,7],[44,8,45,8],[44,9,45,9],[44,10,45,10],[44,11,45,11],[43,0,45,0],[43,1,45,1],[43,4,43,5],[43,6,43,7],[43,8,43,9],[43,10,43,11],[35,0,38,0],[41,0,42,1],[41,4,41,15],[42,4,42,5],[42,6,42,7],[42,8,42,9],[42,10,42,11],[42,12,42,13],[42,14,42,15],[25,12,26,12],[25,13,26,13],[25,14,26,14],[25,15,26,15],[27,0,30,0],[31,0,34,0],[24,12,24,13],[24,14,24,15],[25,4,26,4],[25,5,26,5],[25,6,26,6],[25,7,26,7],[25,8,26,8],[25,9,26,9],[25,10,26,10],[25,11,26,11],[24,0,26,0],[24,1,26,1],[24,4,24,5],[24,6,24,7],[24,8,24,9],[24,10,24,11],[7,0,10,0],[11,0,14,0],[15,0,18,0],[22,4,22,15],[23,4,23,5],[23,6,23,7],[23,8,23,9],[23,10,23,11],[23,12,23,13],[23,14,23,15],[5,10,6,10],[5,11,6,11],[5,12,6,12],[5,13,6,13],[5,14,6,14],[5,15,6,15],[4,10,4,11],[4,12,4,13],[4,14,4,15],[5,2,6,2],[5,3,6,3],[5,4,6,4],[5,5,6,5],[5,6,6,6],[5,7,6,7],[5,8,6,8],[4,0,6,0],[4,1,6,1],[4,2,4,3],[4,4,4,5],[4,6,4,7],[4,8,4,9],[5,9,6,9],[2,0,2,1],[2,2,2,15],[3,2,3,3],[3,4,3,5],[3,6,3,7],[3,8,3,9],[3,10,3,11],[3,12,3,13],[3,14,3,15]]}
[]
["4AC13L_18"]
["Evaporator Air \n",null,"Condenser  Entering Air Temperature ˚F"]
[80,"°F DB",65,null,75,null,85,null,90,null,95,null,105,null,115]
["CFM","EWB†\n˚F","Capacity Mbtuh",null,"Capacity Mbtuh",null,"Capacity Mbtuh",null,"Capacity Mbtuh",null,"Capacity Mbtuh",null,"Capacity Mbtuh",null,"Capacity Mbtuh"]
[null,null,"Total","Sens.","Total","Sens.","Total","Sens.","Total","Sens.","Total","Sens.","Total","Sens.","Total","Sens."]
[null,null,null,null,null,null,null,null,null,null,null,null,null,null,null,null,null,"Total Factors",null,null,null,null,null,null,"Sens. %",null,null,null,null,null,null,"IDB Adj",null,null,null,null,null,null,"Sens Calc"]
[500,72,{"$f":"R8*$K$13","v":22.235294117647058},{"$f":"IF(AM8>C8,C8,AM8)","v":11.074794283239497},{"$f":"S8*$K$13","v":21.176470588235293},{"$f":"IF(AN8>E8,E8,AN8)","v":10.689396777819409},{"$f":"T8*$K$13","v":20.117647058823529},{"$f":"IF(AO8>G8,G8,AO8)","v":10.304148933171735},{"$f":"U8*$K$13","v":19.588235294117645},{"$f":"IF(AP8>I8,I8,AP8)","v":10.113796488839323},{"$f":"V8*$K$13","v":19.058823529411764},{"$f":"IF(AQ8>K8,K8,AQ8)","v":9.9190759704691605},{"$f":"W8*$K$13","v":18},{"$f":"IF(AR8>M8,M8,AR8)","v":9.5342091152815023},{"$f":"X8*$K$13","v":16.844919786096256},{"$f":"IF(AS8>O8,O8,AS8)","v":9.0976012048853949},null,1.2352941176470589,1.1764705882352942,1.1176470588235294,1.088235294117647,1.0588235294117647,1,0.93582887700534756,0.49807275877003032,0.50477707006369432,0.51219453761379974,0.51631994087167721,0.52044534412955468,0.52967828418230567,0.54007981755986312,{"$f":"IF(Y8<0.9,0.9,Y8*-3.6846+4.1276)","v":0.9},{"$f":"IF(Z8<0.9,0.9,Z8*-3.6846+4.1276)","v":0.9},0.9,0.9,0.9,0.9,0.9,{"$f":"Y8*C8+($A$4-80)*AF8*$A$8/1000","v":11.074794283239497},{"$f":"Z8*E8+($A$4-80)*AG8*$A$8/1000","v":10.689396777819409},{"$f":"AA8*G8+($A$4-80)*AH8*$A$8/1000","v":10.304148933171735},{"$f":"AB8*I8+($A$4-80)*AI8*$A$8/1000","v":10.113796488839323},{"$f":"AC8*K8+($A$4-80)*AJ8*$A$8/1000","v":9.9190759704691605},{"$f":"AD8*M8+($A$4-80)*AK8*$A$8/1000","v":9.5342091152815023},{"$f":"AE8*O8+($A$4-80)*AL8*$A$8/1000","v":9.0976012048853949}]
[null,67,20.695187165775401,13.994246222263373,19.636363636363633,{"$f":"IF(AN9>E9,E9,AN9)","v":13.581729846930807},18.577540106951869,{"$f":"IF(AO9>G9,G9,AO9)","v":13.169536034920883},18.048128342245988,{"$f":"IF(AP9>I9,I9,AP9)","v":12.968748936222582},{"$f":"V9*$K$13","v":17.518716577540108},{"$f":"IF(AQ9>K9,K9,AQ9)","v":12.757723884651709},16.459893048128343,{"$f":"IF(AR9>M9,M9,AR9)","v":12.346367870528644},15.304812834224599,{"$f":"IF(AS9>O9,O9,AS9)","v":11.860965921461057},null,1.1497326203208555,1.0909090909090908,1.0320855614973261,1.0026737967914439,0.9732620320855615,0.91443850267379678,0.85026737967914434,0.67620776319463838,0.69166216813073567,0.70889557816068094,0.71856475587366608,0.72823393358665123,0.75008797653958947,0.77498274888651908,{"$f":"IF(Y9<0.9,0.9,Y9*-3.6846+4.1276)","v":0.9},0.9,0.9,0.9,0.9,0.9,0.9,{"$f":"Y9*C9+($A$4-80)*AF9*$A$8/1000","v":13.994246222263373},{"$f":"Z9*E9+($A$4-80)*AG9*$A$8/1000","v":13.581729846930807},{"$f":"AA9*G9+($A$4-80)*AH9*$A$8/1000","v":13.169536034920883},{"$f":"AB9*I9+($A$4-80)*AI9*$A$8/1000","v":12.968748936222582},{"$f":"AC9*K9+($A$4-80)*AJ9*$A$8/1000","v":12.757723884651709},{"$f":"AD9*M9+($A$4-80)*AK9*$A$8/1000","v":12.346367870528644},{"$f":"AE9*O9+($A$4-80)*AL9*$A$8/1000","v":11.860965921461057}]
[null,62,18.962566844919785,16.329385413851039,18,15.880256821829855,17.037433155080215,15.430936561734562,16.55614973262032,15.212484697645611,{"$f":"V10*$K$13","v":16.074866310160427},14.98139037433155,15.112299465240643,14.531575318327384,14.149732620320856,14.081436834050104,null,1.053475935828877,1,0.946524064171123,0.9197860962566845,0.89304812834224601,0.83957219251336901,0.78609625668449201,0.86113792227584451,0.88223649010165861,0.90570782706979369,0.91884193748699272,0.93197604790419164,0.96157274753263289,0.9951733514615908,0.9,0.9,0.79042894037863842,0.74203499713542653,0.69364105389221553,0.58458905444126108,0.46078426920462245,16.329385413851039,{"$f":"Z10*E10+($A$4-80)*AG10*$A$8/1000","v":15.880256821829855},{"$f":"AA10*G10+($A$4-80)*AH10*$A$8/1000","v":15.430936561734562},15.212484697645611,14.98139037433155,14.531575318327384,14.081436834050104]
[null,57,18.19251336898396,18.19251336898396,17.422459893048128,17.422459893048128,16.652406417112299,16.652406417112299,16.267379679144383,16.267379679144383,{"$f":"V11*$K$13","v":15.882352941176471},15.882352941176471,15.112299465240643,15.112299465240643,14.342245989304812,14.342245989304812,null,1.0106951871657754,0.96791443850267378,0.92513368983957223,0.90374331550802134,0.88235294117647056,0.83957219251336901,0.79679144385026734,1,1,1,1,1,1,1,0.44300000000000006,0.44300000000000006,0.44300000000000006,0.44300000000000006,0.44300000000000006,0.44300000000000006,0.44300000000000006,18.19251336898396,{"$f":"Z11*E11+($A$4-80)*AG11*$A$8/1000","v":17.422459893048128},{"$f":"AA11*G11+($A$4-80)*AH11*$A$8/1000","v":16.652406417112299},{"$f":"AB11*I11+($A$4-80)*AI11*$A$8/1000","v":16.267379679144383},15.882352941176471,15.112299465240643,14.342245989304812]
[650,72,23.005347593582886,12.214896520947752,21.850267379679146,11.836082818803424,20.695187165775401,11.457080350380924,20.117647058823529,11.271314048905861,{"$f":"V12*$K$13","v":19.540106951871657},11.077855909722514,18.385026737967916,10.698368017373074,17.229946524064172,10.318564172464589,null,1.2780748663101604,1.213903743315508,1.1497326203208555,1.1176470588235294,1.0855614973262031,1.0213903743315509,0.95721925133689845,0.53095900730293577,0.54169052548121399,0.55361085930781206,0.56026999658303989,0.56692913385826771,0.58190657918812239,0.59887383620449353,0.9,0.9,0.9,0.9,0.9,0.9,0.9,{"$f":"Y12*C12+($A$4-80)*AF12*$A$12/1000","v":12.214896520947752},{"$f":"Z12*E12+($A$4-80)*AG12*$A$12/1000","v":11.836082818803424},{"$f":"AA12*G12+($A$4-80)*AH12*$A$12/1000","v":11.457080350380924},{"$f":"AB12*I12+($A$4-80)*AI12*$A$12/1000","v":11.271314048905861},{"$f":"AC12*K12+($A$4-80)*AJ12*$A$12/1000","v":11.077855909722514},{"$f":"AD12*M12+($A$4-80)*AK12*$A$12/1000","v":10.698368017373074},{"$f":"AE12*O12+($A$4-80)*AL12*$A$12/1000","v":10.318564172464589}]
[null,67,21.465240641711233,15.522559710959548,20.310160427807489,15.041496454120063,19.155080213903744,14.560944275277334,18.577540106951869,14.327360303509076,18,14.081002892960463,16.844919786096256,13.601799772270711,15.593582887700535,13.042988223965308,null,1.1925133689839573,1.1283422459893049,1.0641711229946524,1.0320855614973261,1,0.93582887700534756,0.86631016042780751,0.72314864622556929,0.7405897411586233,0.76016096579476866,0.77121945214628607,0.78227793849780347,0.80747192298876924,0.83643305825840619,0.9,0.9,0.9,0.9,0.9,0.9,0.9,{"$f":"Y13*C13+($A$4-80)*AF13*$A$12/1000","v":15.522559710959548},{"$f":"Z13*E13+($A$4-80)*AG13*$A$12/1000","v":15.041496454120063},{"$f":"AA13*G13+($A$4-80)*AH13*$A$12/1000","v":14.560944275277334},{"$f":"AB13*I13+($A$4-80)*AI13*$A$12/1000","v":14.327360303509076},{"$f":"AC13*K13+($A$4-80)*AJ13*$A$12/1000","v":14.081002892960463},{"$f":"AD13*M13+($A$4-80)*AK13*$A$12/1000","v":13.601799772270711},{"$f":"AE13*O13+($A$4-80)*AL13*$A$12/1000","v":13.042988223965308}]
[null,62,19.636363636363633,18.698389722371299,18.770053475935828,18.144417110654135,17.90374331550802,17.590749228337685,17.470588235294116,17.317877410505364,{"$f":"V14*$K$13","v":17.037433155080215},17.037433155080215,16.171122994652407,16.171122994652407,15.304812834224599,15.304812834224599,null,1.0909090909090908,1.0427807486631016,0.99465240641711228,0.97058823529411764,0.946524064171123,0.89839572192513373,0.85026737967914434,0.95223280993557557,0.96666837598071897,0.98251795271778597,0.99125897635889304,1,1,1,0.61900298851137814,0.56581370186144309,0.50741435141604585,0.47520717570802296,0.44300000000000006,0.44300000000000006,0.44300000000000006,18.698389722371299,{"$f":"Z14*E14+($A$4-80)*AG14*$A$12/1000","v":18.144417110654135},{"$f":"AA14*G14+($A$4-80)*AH14*$A$12/1000","v":17.590749228337685},17.317877410505364,17.037433155080215,16.171122994652407,15.304812834224599]
[null,57,19.636363636363633,19.636363636363633,18.770053475935828,18.770053475935828,17.90374331550802,17.90374331550802,17.470588235294116,17.470588235294116,17.037433155080215,17.037433155080215,16.074866310160427,16.074866310160427,15.208556149732621,15.208556149732621,null,1.0909090909090908,1.0427807486631016,0.99465240641711228,0.97058823529411764,0.946524064171123,0.89304812834224601,0.84491978609625673,1,1,1,1,1,1,1,0.44300000000000006,0.44300000000000006,0.44300000000000006,0.44300000000000006,0.44300000000000006,0.44300000000000006,0.44300000000000006,19.636363636363633,{"$f":"Z15*E15+($A$4-80)*AG15*$A$12/1000","v":18.770053475935828},{"$f":"AA15*G15+($A$4-80)*AH15*$A$12/1000","v":17.90374331550802},17.470588235294116,17.037433155080215,16.074866310160427,15.208556149732621]
[800,72,23.390374331550802,13.383427171284104,22.235294117647058,13.02761291505305,21.080213903743317,12.673008578240253,20.454545454545457,12.472020356302552,19.828877005347593,12.260316995885031,18.673796791443849,11.90698541057221,17.422459893048128,11.491961796076426,null,1.2994652406417113,1.2352941176470589,1.1711229946524064,1.1363636363636365,1.1016042780748663,1.0374331550802138,0.96791443850267378,0.57217669890949419,0.58589793533307366,0.60118026487339604,0.60974321741923587,0.6183061699650757,0.6376306620209059,0.65960615588283966,0.9,0.9,0.9,0.9,0.9,0.9,0.9,{"$f":"Y16*C16+($A$4-80)*AF16*$A$16/1000","v":13.383427171284104},{"$f":"Z16*E16+($A$4-80)*AG16*$A$16/1000","v":13.02761291505305},{"$f":"AA16*G16+($A$4-80)*AH16*$A$16/1000","v":12.673008578240253},{"$f":"AB16*I16+($A$4-80)*AI16*$A$16/1000","v":12.472020356302552},{"$f":"AC16*K16+($A$4-80)*AJ16*$A$16/1000","v":12.260316995885031},{"$f":"AD16*M16+($A$4-80)*AK16*$A$16/1000","v":11.90698541057221},{"$f":"AE16*O16+($A$4-80)*AL16*$A$16/1000","v":11.491961796076426}]
[null,67,21.850267379679146,17.125651327201815,20.695187165775401,16.625724723930109,19.44385026737968,16.048228656710027,18.866310160427808,15.806316269029718,18.288770053475936,15.550030350445541,17.037433155080215,14.969641301708492,15.882352941176471,14.473605375216657,null,1.213903743315508,1.1497326203208555,1.0802139037433156,1.0481283422459893,1.0160427807486632,0.946524064171123,0.88235294117647056,0.78377307836190391,0.80336189234494315,0.82536269494080716,0.83780644623258427,0.85025019752436137,0.8786324304518166,0.911301079180308,0.9,0.9,0.9,0.9,0.9,0.9,0.76982004365223711,{"$f":"Y17*C17+($A$4-80)*AF17*$A$16/1000","v":17.125651327201815},{"$f":"Z17*E17+($A$4-80)*AG17*$A$16/1000","v":16.625724723930109},{"$f":"AA17*G17+($A$4-80)*AH17*$A$16/1000","v":16.048228656710027},{"$f":"AB17*I17+($A$4-80)*AI17*$A$16/1000","v":15.806316269029718},{"$f":"AC17*K17+($A$4-80)*AJ17*$A$16/1000","v":15.550030350445541},{"$f":"AD17*M17+($A$4-80)*AK17*$A$16/1000","v":14.969641301708492},{"$f":"AE17*O17+($A$4-80)*AL17*$A$16/1000","v":14.473605375216657}]
[null,62,20.695187165775401,20.695187165775401,19.732620320855613,19.732620320855613,18.770053475935828,18.770053475935828,18.288770053475936,18.288770053475936,17.80748663101604,17.80748663101604,16.844919786096256,16.844919786096256,15.786096256684491,15.786096256684491,null,1.1497326203208555,1.0962566844919786,1.0427807486631016,1.0160427807486632,0.98930481283422456,0.93582887700534756,0.87700534759358284,1,1,1,1,1,1,1,0.44300000000000006,0.44300000000000006,0.44300000000000006,0.44300000000000006,0.44300000000000006,0.44300000000000006,0.44300000000000006,20.695187165775401,{"$f":"Z18*E18+($A$4-80)*AG18*$A$16/1000","v":19.732620320855613},{"$f":"AA18*G18+($A$4-80)*AH18*$A$16/1000","v":18.770053475935828},18.288770053475936,17.80748663101604,16.844919786096256,15.786096256684491]
[null,57,20.695187165775401,20.695187165775401,19.732620320855613,19.732620320855613,18.770053475935828,18.770053475935828,18.240641711229948,18.240641711229948,17.711229946524064,17.711229946524064,16.748663101604279,16.748663101604279,15.786096256684491,15.786096256684491,null,1.1497326203208555,1.0962566844919786,1.0427807486631016,1.0133689839572193,0.98395721925133695,0.93048128342245995,0.87700534759358284,1,1,1,1,1,1,1,0.44300000000000006,0.44300000000000006,0.44300000000000006,0.44300000000000006,0.44300000000000006,0.44300000000000006,0.44300000000000006,20.695187165775401,{"$f":"Z19*E19+($A$4-80)*AG19*$A$16/1000","v":19.732620320855613},{"$f":"AA19*G19+($A$4-80)*AH19*$A$16/1000","v":18.770053475935828},18.240641711229948,17.711229946524064,16.748663101604279,15.786096256684491]

{"sheet":"4AC13L_24","index":4,"n_rows":19,"n_cols":45,"rows_kept":19,"cut":false,"hidden":true,"merged":[[130,0,133,0],[120,12,121,12],[120,13,121,13],[120,14,121,14],[120,15,121,15],[122,0,125,0],[126,0,129,0],[119,12,119,13],[119,14,119,15],[120,4,121,4],[120,5,121,5],[120,6,121,6],[120,7,121,7],[120,8,121,8],[120,9,121,9],[120,10,121,10],[120,11,121,11],[119,0,121,0],[119,1,121,1],[119,4,119,5],[119,6,119,7],[119,8,119,9],[119,10,119,11],[111,0,114,0],[117,0,118,1],[117,4,117,15],[118,4,118,5],[118,6,118,7],[118,8,118,9],[118,10,118,11],[118,12,118,13],[118,14,118,15],[101,12,102,12],[101,13,102,13],[101,14,102,14],[101,15,102,15],[103,0,106,0],[107,0,110,0],[100,12,100,13],[100,14,100,15],[101,4,102,4],[101,5,102,5],[101,6,102,6],[101,7,102,7],[101,8,102,8],[101,9,102,9],[101,10,102,10],[101,11,102,11],[100,0,102,0],[100,1,102,1],[100,4,100,5],[100,6,100,7],[100,8,100,9],[100,10,100,11],[92,0,95,0],[98,0,99,1],[98,4,98,15],[99,4,99,5],[99,6,99,7],[99,8,99,9],[99,10,99,11],[99,12,99,13],[99,14,99,15],[82,12,83,12],[82,13,83,13],[82,14,83,14],[82,15,83,15],[84,0,87,0],[88,0,91,0],[81,12,81,13],[81,14,81,15],[82,4,83,4],[82,5,83,5],[82,6,83,6],[82,7,83,7],[82,8,83,8],[82,9,83,9],[82,10,83,10],[82,11,83,11],[81,0,83,0],[81,1,83,1],[81,4,81,5],[81,6,81,7],[81,8,81,9],[81,10,81,11],[73,0,76,0],[79,0,80,1],[79,4,79,15],[80,4,80,5],[80,6,80,7],[80,8,80,9],[80,10,80,11],[80,12,80,13],[80,14,80,15],[63,12,64,12],[63,13,64,13],[63,14,64,14],[63,15,64,15],[65,0,68,0],[69,0,72,0],[62,12,62,13],[62,14,62,15],[63,4,64,4],[63,5,64,5],[63,6,64,6],[63,7,64,7],[63,8,64,8],[63,9,64,9],[63,10,64,10],[63,11,64,11],[62,0,64,0],[62,1,64,1],[62,4,62,5],[62,6,62,7],[62,8,62,9],[62,10,62,11],[54,0,57,0],[60,0,61,1],[60,4,60,15],[61,4,61,5],[61,6,61,7],[61,8,61,9],[61,10,61,11],[61,12,61,13],[61,14,61,15],[44,12,45,12],[44,13,45,13],[44,14,45,14],[44,15,45,15],[46,0,49,0],[50,0,53,0],[43,12,43,13],[43,14,43,15],[44,4,45,4],[44,5,45,5],[44,6,45,6],[44,7,45,7],[44,8,45,8],[44,9,45,9],[44,10,45,10],[44,11,45,11],[43,0,45,0],[43,1,45,1],[43,4,43,5],[43,6,43,7],[43,8,43,9],[43,10,43,11],[35,0,38,0],[41,0,42,1],[41,4,41,15],[42,4,42,5],[42,6,42,7],[42,8,42,9],[42,10,42,11],[42,12,42,13],[42,14,42,15],[25,12,26,12],[25,13,26,13],[25,14,26,14],[25,15,26,15],[27,0,30,0],[31,0,34,0],[24,12,24,13],[24,14,24,15],[25,4,26,4],[25,5,26,5],[25,6,26,6],[25,7,26,7],[25,8,26,8],[25,9,26,9],[25,10,26,10],[25,11,26,11],[24,0,26,0],[24,1,26,1],[24,4,24,5],[24,6,24,7],[24,8,24,9],[24,10,24,11],[7,0,10,0],[11,0,14,0],[15,0,18,0],[22,4,22,15],[23,4,23,5],[23,6,23,7],[23,8,23,9],[23,10,23,11],[23,12,23,13],[23,14,23,15],[5,10,6,10],[5,11,6,11],[5,12,6,12],[5,13,6,13],[5,14,6,14],[5,15,6,15],[4,10,4,11],[4,12,4,13],[4,14,4,15],[5,2,6,2],[5,3,6,3],[5,4,6,4],[5,5,6,5],[5,6,6,6],[5,7,6,7],[5,8,6,8],[4,0,6,0],[4,1,6,1],[4,2,4,3],[4,4,4,5],[4,6,4,7],[4,8,4,9],[5,9,6,9],[2,0,2,1],[2,2,2,15],[3,2,3,3],[3,4,3,5],[3,6,3,7],[3,8,3,9],[3,10,3,11],[3,12,3,13],[3,14,3,15]]}
[]
["4AC13L_24"]
["Evaporator Air \n",null,"Condenser  Entering Air Temperature ˚F"]
[80,"°F DB",65,null,75,null,85,null,90,null,95,null,105,null,115]
["CFM","EWB†\n˚F","Capacity Mbtuh",null,"Capacity Mbtuh",null,"Capacity Mbtuh",null,"Capacity Mbtuh",null,"Capacity Mbtuh",null,"Capacity Mbtuh",null,"Capacity Mbtuh"]
[null,null,"Total","Sens.","Total","Sens.","Total","Sens.","Total","Sens.","Total","Sens.","Total","Sens.","Total","Sens."]
[null,null,null,null,null,null,null,null,null,null,null,null,null,null,null,null,null,"Total Factors",null,null,null,null,null,null,"Sens. %",null,null,null,null,null,null,"IDB Adj",null,null,null,null,null,null,"Sens Calc"]
[600,72,{"$f":"R8*$K$13","v":22.042372881355934},{"$f":"IF(AM8>C8,C8,AM8)","v":10.885042484887903},{"$f":"S8*$K$13","v":20.974576271186439},{"$f":"IF(AN8>E8,E8,AN8)","v":10.496827237044551},{"$f":"T8*$K$13","v":19.83050847457627},{"$f":"IF(AO8>G8,G8,AO8)","v":10.070480657376685},{"$f":"U8*$K$13","v":19.296610169491526},{"$f":"IF(AP8>I8,I8,AP8)","v":9.8789145921646853},{"$f":"V8*$K$13","v":18.762711864406782},{"$f":"IF(AQ8>K8,K8,AQ8)","v":9.6829458722392285},{"$f":"W8*$K$13","v":17.618644067796609},{"$f":"IF(AR8>M8,M8,AR8)","v":9.2561040519680642},{"$f":"X8*$K$13","v":16.550847457627118},{"$f":"IF(AS8>O8,O8,AS8)","v":8.8694450508052078},null,1.2245762711864407,1.1652542372881356,1.1016949152542372,1.0720338983050848,1.0423728813559323,0.97881355932203384,0.91949152542372881,0.49382353449318428,0.50045479352374023,0.50782765708138844,0.51195077816224543,0.51607389924310243,0.5253584791400826,0.53589068919355587,{"$f":"IF(Y8<0.9,0.9,Y8*-3.6846+4.1276)","v":0.9},{"$f":"IF(Z8<0.9,0.9,Z8*-3.6846+4.1276)","v":0.9},0.9,0.9,0.9,0.9,0.9,{"$f":"Y8*C8+($A$4-80)*AF8*$A$8/1000","v":10.885042484887903},{"$f":"Z8*E8+($A$4-80)*AG8*$A$8/1000","v":10.496827237044551},{"$f":"AA8*G8+($A$4-80)*AH8*$A$8/1000","v":10.070480657376685},{"$f":"AB8*I8+($A$4-80)*AI8*$A$8/1000","v":9.8789145921646853},{"$f":"AC8*K8+($A$4-80)*AJ8*$A$8/1000","v":9.6829458722392285},{"$f":"AD8*M8+($A$4-80)*AK8*$A$8/1000","v":9.2561040519680642},{"$f":"AE8*O8+($A$4-80)*AL8*$A$8/1000","v":8.8694450508052078}]
[null,67,20.440677966101696,13.703968559671772,19.372881355932204,{"$f":"IF(AN9>E9,E9,AN9)","v":13.234742460539035},18.305084745762713,{"$f":"IF(AO9>G9,G9,AO9)","v":12.764862016898739},17.809322033898304,{"$f":"IF(AP9>I9,I9,AP9)","v":12.560674692224209},{"$f":"V9*$K$13","v":17.3135593220339},{"$f":"IF(AQ9>K9,K9,AQ9)","v":12.348607881692375},16.245762711864408,{"$f":"IF(AR9>M9,M9,AR9)","v":11.878400781038337},15.177966101694915,{"$f":"IF(AS9>O9,O9,AS9)","v":11.407269862513997},null,1.1355932203389831,1.076271186440678,1.0169491525423728,0.98940677966101698,0.96186440677966101,0.90254237288135597,0.84322033898305082,0.67042632257100709,0.68315818475223367,0.69733968425650517,0.70528651614677929,0.71323334803705341,0.73116916649062269,0.75156775196909642,{"$f":"IF(Y9<0.9,0.9,Y9*-3.6846+4.1276)","v":0.9},0.9,0.9,0.9,0.9,0.9,0.9,{"$f":"Y9*C9+($A$4-80)*AF9*$A$8/1000","v":13.703968559671772},{"$f":"Z9*E9+($A$4-80)*AG9*$A$8/1000","v":13.234742460539035},{"$f":"AA9*G9+($A$4-80)*AH9*$A$8/1000","v":12.764862016898739},{"$f":"AB9*I9+($A$4-80)*AI9*$A$8/1000","v":12.560674692224209},{"$f":"AC9*K9+($A$4-80)*AJ9*$A$8/1000","v":12.348607881692375},{"$f":"AD9*M9+($A$4-80)*AK9*$A$8/1000","v":11.878400781038337},{"$f":"AE9*O9+($A$4-80)*AL9*$A$8/1000","v":11.407269862513997}]
[null,62,18.762711864406782,16.357667090780936,17.771186440677965,15.85355852305949,16.85593220338983,15.416407092299664,16.398305084745765,15.203851560215563,{"$f":"V10*$K$13","v":15.940677966101694},14.979798942167898,15.025423728813559,14.543834742534219,14.110169491525424,14.108641672837587,null,1.0423728813559323,0.98728813559322037,0.93644067796610164,0.91101694915254239,0.88559322033898302,0.8347457627118644,0.78389830508474578,0.87181784856014011,0.89209342189843588,0.91459830914598306,0.92715994010616853,0.93972157106635412,0.96794839234012298,0.99989172215906019,0.9,0.9,0.75767107012071078,0.71138648468481147,0.66510189924891172,0.56109735358358304,0.44339896053272687,16.357667090780936,{"$f":"Z10*E10+($A$4-80)*AG10*$A$8/1000","v":15.85355852305949},{"$f":"AA10*G10+($A$4-80)*AH10*$A$8/1000","v":15.416407092299664},15.203851560215563,14.979798942167898,14.543834742534219,14.108641672837587]
[null,57,18.152542372881356,18.152542372881356,17.389830508474574,17.389830508474574,16.627118644067796,16.627118644067796,16.245762711864408,16.245762711864408,{"$f":"V11*$K$13","v":15.864406779661017},15.864406779661017,15.177966101694915,15.177966101694915,14.415254237288135,14.415254237288135,null,1.0084745762711864,0.96610169491525422,0.92372881355932202,0.90254237288135597,0.88135593220338981,0.84322033898305082,0.80084745762711862,1,1,1,1,1,1,1,0.44300000000000006,0.44300000000000006,0.44300000000000006,0.44300000000000006,0.44300000000000006,0.44300000000000006,0.44300000000000006,18.152542372881356,{"$f":"Z11*E11+($A$4-80)*AG11*$A$8/1000","v":17.389830508474574},{"$f":"AA11*G11+($A$4-80)*AH11*$A$8/1000","v":16.627118644067796},{"$f":"AB11*I11+($A$4-80)*AI11*$A$8/1000","v":16.245762711864408},15.864406779661017,15.177966101694915,14.415254237288135]
[800,72,23.033898305084744,12.231057250782861,21.8135593220339,11.774130147185327,20.593220338983052,11.31729768972334,19.983050847457626,11.092306821644245,{"$f":"V12*$K$13","v":19.372881355932204},10.860577848473508,18.152542372881356,10.403993450085441,16.932203389830509,9.9475739373302208,null,1.2796610169491525,1.2118644067796611,1.1440677966101696,1.1101694915254237,1.076271186440678,1.0084745762711864,0.94067796610169496,0.53100248550124274,0.53976198809940501,0.54956424995364361,0.55508575273707417,0.56060725552050472,0.57314249631656489,0.58749435665914218,0.9,0.9,0.9,0.9,0.9,0.9,0.9,{"$f":"Y12*C12+($A$4-80)*AF12*$A$12/1000","v":12.231057250782861},{"$f":"Z12*E12+($A$4-80)*AG12*$A$12/1000","v":11.774130147185327},{"$f":"AA12*G12+($A$4-80)*AH12*$A$12/1000","v":11.31729768972334},{"$f":"AB12*I12+($A$4-80)*AI12*$A$12/1000","v":11.092306821644245},{"$f":"AC12*K12+($A$4-80)*AJ12*$A$12/1000","v":10.860577848473508},{"$f":"AD12*M12+($A$4-80)*AK12*$A$12/1000","v":10.403993450085441},{"$f":"AE12*O12+($A$4-80)*AL12*$A$12/1000","v":9.9475739373302208}]
[null,67,21.35593220338983,15.795733463126183,20.211864406779661,15.340489869200505,19.14406779661017,14.944282776483494,18.572033898305087,14.724009484907663,18,14.489797649853646,16.85593220338983,14.034844507746314,15.711864406779661,13.579322033898304,null,1.1864406779661016,1.1228813559322033,1.0635593220338984,1.0317796610169492,1,0.93644067796610164,0.8728813559322034,0.73964148755908321,0.758984404430046,0.78062211935593284,0.79280543884056764,0.80498875832520256,0.83263532021823283,0.86427184466019413,0.9,0.9,0.9,0.9,0.9,0.9,0.9,{"$f":"Y13*C13+($A$4-80)*AF13*$A$12/1000","v":15.795733463126183},{"$f":"Z13*E13+($A$4-80)*AG13*$A$12/1000","v":15.340489869200505},{"$f":"AA13*G13+($A$4-80)*AH13*$A$12/1000","v":14.944282776483494},{"$f":"AB13*I13+($A$4-80)*AI13*$A$12/1000","v":14.724009484907663},{"$f":"AC13*K13+($A$4-80)*AJ13*$A$12/1000","v":14.489797649853646},{"$f":"AD13*M13+($A$4-80)*AK13*$A$12/1000","v":14.034844507746314},{"$f":"AE13*O13+($A$4-80)*AL13*$A$12/1000","v":13.579322033898304}]
[null,62,19.525423728813561,19.158949833848734,18.762711864406782,18.518505088330553,18,17.877955758962624,17.618644067796609,17.558914788814334,{"$f":"V14*$K$13","v":17.237288135593221},17.237288135593221,16.474576271186439,16.474576271186439,15.711864406779661,15.711864406779661,null,1.0847457627118644,1.0423728813559323,1,0.97881355932203384,0.9576271186440678,0.9152542372881356,0.8728813559322034,0.98123093767107217,0.98698446270235096,0.99321976438681248,0.99660988219340618,1,1,1,0.51215648705716754,0.49095704872691792,0.46798245614035094,0.4554912280701755,0.44300000000000006,0.44300000000000006,0.44300000000000006,19.158949833848734,{"$f":"Z14*E14+($A$4-80)*AG14*$A$12/1000","v":18.518505088330553},{"$f":"AA14*G14+($A$4-80)*AH14*$A$12/1000","v":17.877955758962624},17.558914788814334,17.237288135593221,16.474576271186439,15.711864406779661]
[null,57,19.83050847457627,19.83050847457627,18.991525423728817,18.991525423728817,18.076271186440678,18.076271186440678,17.656779661016952,17.656779661016952,17.237288135593221,17.237288135593221,16.322033898305087,16.322033898305087,15.483050847457628,15.483050847457628,null,1.1016949152542372,1.0550847457627119,1.0042372881355932,0.98093220338983056,0.9576271186440678,0.90677966101694918,0.86016949152542377,1,1,1,1,1,1,1,0.44300000000000006,0.44300000000000006,0.44300000000000006,0.44300000000000006,0.44300000000000006,0.44300000000000006,0.44300000000000006,19.83050847457627,{"$f":"Z15*E15+($A$4-80)*AG15*$A$12/1000","v":18.991525423728817},{"$f":"AA15*G15+($A$4-80)*AH15*$A$12/1000","v":18.076271186440678},17.656779661016952,17.237288135593221,16.322033898305087,15.483050847457628]
[1000,72,23.491525423728817,13.465013296828456,22.194915254237287,12.986200200921072,20.974576271186439,12.55165188998471,20.364406779661017,12.339280361811511,19.754237288135592,12.117754230737992,18.457627118644066,11.63655355930106,17.237288135593221,11.202903427678496,null,1.3050847457627119,1.2330508474576272,1.1652542372881356,1.1313559322033899,1.097457627118644,1.0254237288135593,0.9576271186440678,0.57318599171203377,0.58509798537941449,0.59842219111846295,0.60592387960622485,0.61342556809398674,0.63044688705120533,0.6499226177315941,0.9,0.9,0.9,0.9,0.9,0.9,0.9,{"$f":"Y16*C16+($A$4-80)*AF16*$A$16/1000","v":13.465013296828456},{"$f":"Z16*E16+($A$4-80)*AG16*$A$16/1000","v":12.986200200921072},{"$f":"AA16*G16+($A$4-80)*AH16*$A$16/1000","v":12.55165188998471},{"$f":"AB16*I16+($A$4-80)*AI16*$A$16/1000","v":12.339280361811511},{"$f":"AC16*K16+($A$4-80)*AJ16*$A$16/1000","v":12.117754230737992},{"$f":"AD16*M16+($A$4-80)*AK16*$A$16/1000","v":11.63655355930106},{"$f":"AE16*O16+($A$4-80)*AL16*$A$16/1000","v":11.202903427678496}]
[null,67,22.194915254237287,18.956431102256047,20.898305084745765,18.002848810486896,19.601694915254235,17.049420739593977,18.915254237288138,16.542539294806026,18.228813559322035,16.029112528751824,16.932203389830509,15.075263066202755,15.635593220338983,14.121561849539102,null,1.2330508474576272,1.1610169491525424,1.0889830508474576,1.0508474576271187,1.0127118644067796,0.94067796610169496,0.86864406779661019,0.85408891564192968,0.8614501863898838,0.86979318948209661,0.87456076916985248,0.87932834885760824,0.8903308517577202,0.90316764132553606,0.9,0.9,0.9,0.9,0.9,0.9,0.79978850877192986,{"$f":"Y17*C17+($A$4-80)*AF17*$A$16/1000","v":18.956431102256047},{"$f":"Z17*E17+($A$4-80)*AG17*$A$16/1000","v":18.002848810486896},{"$f":"AA17*G17+($A$4-80)*AH17*$A$16/1000","v":17.049420739593977},{"$f":"AB17*I17+($A$4-80)*AI17*$A$16/1000","v":16.542539294806026},{"$f":"AC17*K17+($A$4-80)*AJ17*$A$16/1000","v":16.029112528751824},{"$f":"AD17*M17+($A$4-80)*AK17*$A$16/1000","v":15.075263066202755},{"$f":"AE17*O17+($A$4-80)*AL17*$A$16/1000","v":14.121561849539102}]
[null,62,21.050847457627118,21.050847457627118,20.059322033898304,20.059322033898304,19.067796610169491,19.067796610169491,18.572033898305087,18.572033898305087,18.076271186440678,18.076271186440678,17.084745762711865,17.084745762711865,16.16949152542373,16.16949152542373,null,1.1694915254237288,1.1144067796610169,1.0593220338983051,1.0317796610169492,1.0042372881355932,0.94915254237288138,0.89830508474576276,1,1,1,1,1,1,1,0.44300000000000006,0.44300000000000006,0.44300000000000006,0.44300000000000006,0.44300000000000006,0.44300000000000006,0.44300000000000006,21.050847457627118,{"$f":"Z18*E18+($A$4-80)*AG18*$A$16/1000","v":20.059322033898304},{"$f":"AA18*G18+($A$4-80)*AH18*$A$16/1000","v":19.067796610169491},18.572033898305087,18.076271186440678,17.084745762711865,16.16949152542373]
[null,57,20.974576271186439,20.974576271186439,19.983050847457626,19.983050847457626,19.067796610169491,19.067796610169491,18.572033898305087,18.572033898305087,18.076271186440678,18.076271186440678,17.084745762711865,17.084745762711865,16.093220338983048,16.093220338983048,null,1.1652542372881356,1.1101694915254237,1.0593220338983051,1.0317796610169492,1.0042372881355932,0.94915254237288138,0.89406779661016944,1,1,1,1,1,1,1,0.44300000000000006,0.44300000000000006,0.44300000000000006,0.44300000000000006,0.44300000000000006,0.44300000000000006,0.44300000000000006,20.974576271186439,{"$f":"Z19*E19+($A$4-80)*AG19*$A$16/1000","v":19.983050847457626},{"$f":"AA19*G19+($A$4-80)*AH19*$A$16/1000","v":19.067796610169491},18.572033898305087,18.076271186440678,17.084745762711865,16.093220338983048]

{"sheet":"4AC13L_30","index":5,"n_rows":19,"n_cols":45,"rows_kept":19,"cut":false,"hidden":true,"merged":[[130,0,133,0],[120,12,121,12],[120,13,121,13],[120,14,121,14],[120,15,121,15],[122,0,125,0],[126,0,129,0],[119,12,119,13],[119,14,119,15],[120,4,121,4],[120,5,121,5],[120,6,121,6],[120,7,121,7],[120,8,121,8],[120,9,121,9],[120,10,121,10],[120,11,121,11],[119,0,121,0],[119,1,121,1],[119,4,119,5],[119,6,119,7],[119,8,119,9],[119,10,119,11],[111,0,114,0],[117,0,118,1],[117,4,117,15],[118,4,118,5],[118,6,118,7],[118,8,118,9],[118,10,118,11],[118,12,118,13],[118,14,118,15],[101,12,102,12],[101,13,102,13],[101,14,102,14],[101,15,102,15],[103,0,106,0],[107,0,110,0],[100,12,100,13],[100,14,100,15],[101,4,102,4],[101,5,102,5],[101,6,102,6],[101,7,102,7],[101,8,102,8],[101,9,102,9],[101,10,102,10],[101,11,102,11],[100,0,102,0],[100,1,102,1],[100,4,100,5],[100,6,100,7],[100,8,100,9],[100,10,100,11],[92,0,95,0],[98,0,99,1],[98,4,98,15],[99,4,99,5],[99,6,99,7],[99,8,99,9],[99,10,99,11],[99,12,99,13],[99,14,99,15],[82,12,83,12],[82,13,83,13],[82,14,83,14],[82,15,83,15],[84,0,87,0],[88,0,91,0],[81,12,81,13],[81,14,81,15],[82,4,83,4],[82,5,83,5],[82,6,83,6],[82,7,83,7],[82,8,83,8],[82,9,83,9],[82,10,83,10],[82,11,83,11],[81,0,83,0],[81,1,83,1],[81,4,81,5],[81,6,81,7],[81,8,81,9],[81,10,81,11],[73,0,76,0],[79,0,80,1],[79,4,79,15],[80,4,80,5],[80,6,80,7],[80,8,80,9],[80,10,80,11],[80,12,80,13],[80,14,80,15],[63,12,64,12],[63,13,64,13],[63,14,64,14],[63,15,64,15],[65,0,68,0],[69,0,72,0],[62,12,62,13],[62,14,62,15],[63,4,64,4],[63,5,64,5],[63,6,64,6],[63,7,64,7],[63,8,64,8],[63,9,64,9],[63,10,64,10],[63,11,64,11],[62,0,64,0],[62,1,64,1],[62,4,62,5],[62,6,62,7],[62,8,62,9],[62,10,62,11],[54,0,57,0],[60,0,61,1],[60,4,60,15],[61,4,61,5],[61,6,61,7],[61,8,61,9],[61,10,61,11],[61,12,61,13],[61,14,61,15],[44,12,45,12],[44,13,45,13],[44,14,45,14],[44,15,45,15],[46,0,49,0],[50,0,53,0],[43,12,43,13],[43,14,43,15],[44,4,45,4],[44,5,45,5],[44,6,45,6],[44,7,45,7],[44,8,45,8],[44,9,45,9],[44,10,45,10],[44,11,45,11],[43,0,45,0],[43,1,45,1],[43,4,43,5],[43,6,43,7],[43,8,43,9],[43,10,43,11],[35,0,38,0],[41,0,42,1],[41,4,41,15],[42,4,42,5],[42,6,42,7],[42,8,42,9],[42,10,42,11],[42,12,42,13],[42,14,42,15],[25,12,26,12],[25,13,26,13],[25,14,26,14],[25,15,26,15],[27,0,30,0],[31,0,34,0],[24,12,24,13],[24,14,24,15],[25,4,26,4],[25,5,26,5],[25,6,26,6],[25,7,26,7],[25,8,26,8],[25,9,26,9],[25,10,26,10],[25,11,26,11],[24,0,26,0],[24,1,26,1],[24,4,24,5],[24,6,24,7],[24,8,24,9],[24,10,24,11],[7,0,10,0],[11,0,14,0],[15,0,18,0],[22,4,22,15],[23,4,23,5],[23,6,23,7],[23,8,23,9],[23,10,23,11],[23,12,23,13],[23,14,23,15],[5,10,6,10],[5,11,6,11],[5,12,6,12],[5,13,6,13],[5,14,6,14],[5,15,6,15],[4,10,4,11],[4,12,4,13],[4,14,4,15],[5,2,6,2],[5,3,6,3],[5,4,6,4],[5,5,6,5],[5,6,6,6],[5,7,6,7],[5,8,6,8],[4,0,6,0],[4,1,6,1],[4,2,4,3],[4,4,4,5],[4,6,4,7],[4,8,4,9],[5,9,6,9],[2,0,2,1],[2,2,2,15],[3,2,3,3],[3,4,3,5],[3,6,3,7],[3,8,3,9],[3,10,3,11],[3,12,3,13],[3,14,3,15]]}
[]
["4AC13L_30"]
["Evaporator Air \n",null,"Condenser  Entering Air Temperature ˚F"]
[80,"°F DB",65,null,75,null,85,null,90,null,95,null,105,null,115]
["CFM","EWB†\n˚F","Capacity Mbtuh",null,"Capacity Mbtuh",null,"Capacity Mbtuh",null,"Capacity Mbtuh",null,"Capacity Mbtuh",null,"Capacity Mbtuh",null,"Capacity Mbtuh"]
[null,null,"Total","Sens.","Total","Sens.","Total","Sens.","Total","Sens.","Total","Sens.","Total","Sens.","Total","Sens."]
[null,null,null,null,null,null,null,null,null,null,null,null,null,null,null,null,null,"Total Factors",null,null,null,null,null,null,"Sens. %",null,null,null,null,null,null,"IDB Adj",null,null,null,null,null,null,"Sens Calc"]
[800,72,{"$f":"R8*$K$13","v":22.221498371335507},{"$f":"IF(AM8>C8,C8,AM8)","v":10.971626848427944},{"$f":"S8*$K$13","v":21.166123778501628},{"$f":"IF(AN8>E8,E8,AN8)","v":10.590102400542033},{"$f":"T8*$K$13","v":20.052117263843648},{"$f":"IF(AO8>G8,G8,AO8)","v":10.179304932430201},{"$f":"U8*$K$13","v":19.524429967426713},{"$f":"IF(AP8>I8,I8,AP8)","v":9.9909873776735019},{"$f":"V8*$K$13","v":18.996742671009773},{"$f":"IF(AQ8>K8,K8,AQ8)","v":9.7983693423312044},{"$f":"W8*$K$13","v":17.88273615635179},{"$f":"IF(AR8>M8,M8,AR8)","v":9.3872784636608468},{"$f":"X8*$K$13","v":16.76872964169381},{"$f":"IF(AS8>O8,O8,AS8)","v":8.9757201608647375},null,1.234527687296417,1.1758957654723128,1.1140065146579805,1.0846905537459284,1.0553745928338762,0.99348534201954397,0.9315960912052117,0.49373929089231583,0.50033263111209669,0.50764239997661986,0.51171723806235647,0.51579207614809319,0.52493524377848455,0.5352653631284916,{"$f":"IF(Y8<0.9,0.9,Y8*-3.6846+4.1276)","v":0.9},{"$f":"IF(Z8<0.9,0.9,Z8*-3.6846+4.1276)","v":0.9},0.9,0.9,0.9,0.9,0.9,{"$f":"Y8*C8+($A$4-80)*AF8*$A$8/1000","v":10.971626848427944},{"$f":"Z8*E8+($A$4-80)*AG8*$A$8/1000","v":10.590102400542033},{"$f":"AA8*G8+($A$4-80)*AH8*$A$8/1000","v":10.179304932430201},{"$f":"AB8*I8+($A$4-80)*AI8*$A$8/1000","v":9.9909873776735019},{"$f":"AC8*K8+($A$4-80)*AJ8*$A$8/1000","v":9.7983693423312044},{"$f":"AD8*M8+($A$4-80)*AK8*$A$8/1000","v":9.3872784636608468},{"$f":"AE8*O8+($A$4-80)*AL8*$A$8/1000","v":8.9757201608647375}]
[null,67,20.521172638436482,13.779360842616454,19.524429967426713,{"$f":"IF(AN9>E9,E9,AN9)","v":13.395608813469844},18.527687296416939,{"$f":"IF(AO9>G9,G9,AO9)","v":13.011967757050844},18.029315960912051,{"$f":"IF(AP9>I9,I9,AP9)","v":12.824710961126842},{"$f":"V9*$K$13","v":17.530944625407166},{"$f":"IF(AQ9>K9,K9,AQ9)","v":12.62845667798261},16.534201954397393,{"$f":"IF(AR9>M9,M9,AR9)","v":12.245099183119574},15.537459283387623,{"$f":"IF(AS9>O9,O9,AS9)","v":11.861924964440313},null,1.1400651465798046,1.0846905537459284,1.0293159609120521,1.001628664495114,0.97394136807817588,0.91856677524429964,0.8631921824104235,0.67147044106083353,0.68609474570157514,0.70229854103632361,0.71132543180956476,0.7203523225828059,0.74059209007441085,0.76344045368620039,{"$f":"IF(Y9<0.9,0.9,Y9*-3.6846+4.1276)","v":0.9},0.9,0.9,0.9,0.9,0.9,0.9,{"$f":"Y9*C9+($A$4-80)*AF9*$A$8/1000","v":13.779360842616454},{"$f":"Z9*E9+($A$4-80)*AG9*$A$8/1000","v":13.395608813469844},{"$f":"AA9*G9+($A$4-80)*AH9*$A$8/1000","v":13.011967757050844},{"$f":"AB9*I9+($A$4-80)*AI9*$A$8/1000","v":12.824710961126842},{"$f":"AC9*K9+($A$4-80)*AJ9*$A$8/1000","v":12.62845667798261},{"$f":"AD9*M9+($A$4-80)*AK9*$A$8/1000","v":12.245099183119574},{"$f":"AE9*O9+($A$4-80)*AL9*$A$8/1000","v":11.861924964440313}]
[null,62,18.820846905537458,16.488536654918207,17.88273615635179,16.06114576368585,17.003257328990227,15.686917764950428,16.534201954397393,15.479400627460828,{"$f":"V10*$K$13","v":16.065146579804559},15.259104742649614,15.127035830618894,14.830197685086372,14.247557003257329,14.247557003257329,null,1.0456026058631922,0.99348534201954397,0.94462540716612375,0.91856677524429964,0.89250814332247552,0.8403908794788274,0.79153094462540718,0.87607835809274659,0.89813693068334366,0.92258309460532217,0.93620488428496351,0.94982667396460496,0.98037697875140306,1,0.9,0.9,0.72825032961723002,0.67805948336362354,0.62786863711001661,0.51530298409258046,0.44300000000000006,16.488536654918207,{"$f":"Z10*E10+($A$4-80)*AG10*$A$8/1000","v":16.06114576368585},{"$f":"AA10*G10+($A$4-80)*AH10*$A$8/1000","v":15.686917764950428},15.479400627460828,15.259104742649614,14.830197685086372,14.247557003257329]
[null,57,18.175895765472312,18.175895765472312,17.413680781758956,17.413680781758956,16.710097719869708,16.710097719869708,16.32899022801303,16.32899022801303,{"$f":"V11*$K$13","v":15.947882736156352},15.947882736156352,15.185667752442997,15.185667752442997,14.482084690553746,14.482084690553746,null,1.009771986970684,0.96742671009771986,0.92833876221498368,0.90716612377850159,0.88599348534201949,0.84364820846905542,0.80456026058631924,1,1,1,1,1,1,1,0.44300000000000006,0.44300000000000006,0.44300000000000006,0.44300000000000006,0.44300000000000006,0.44300000000000006,0.44300000000000006,18.175895765472312,{"$f":"Z11*E11+($A$4-80)*AG11*$A$8/1000","v":17.413680781758956},{"$f":"AA11*G11+($A$4-80)*AH11*$A$8/1000","v":16.710097719869708},{"$f":"AB11*I11+($A$4-80)*AI11*$A$8/1000","v":16.32899022801303},15.947882736156352,15.185667752442997,14.482084690553746]
[1000,72,22.983713355048859,11.978679255827364,21.811074918566778,11.5789286104397,20.638436482084693,11.178945643065358,20.081433224755703,10.998411116812091,{"$f":"V12*$K$13","v":19.524429967426713},10.811154752660753,18.351791530944624,10.411369251570553,17.179153094462542,10.011299561945414,null,1.276872964169381,1.2117263843648209,1.1465798045602607,1.1156351791530945,1.0846905537459284,1.0195439739413681,0.9543973941368078,0.52118119778047067,0.53087381771281172,0.54165661496544582,0.54769054547628737,0.55372447598712893,0.56732168268231453,0.58275862068965523,0.9,0.9,0.9,0.9,0.9,0.9,0.9,{"$f":"Y12*C12+($A$4-80)*AF12*$A$12/1000","v":11.978679255827364},{"$f":"Z12*E12+($A$4-80)*AG12*$A$12/1000","v":11.5789286104397},{"$f":"AA12*G12+($A$4-80)*AH12*$A$12/1000","v":11.178945643065358},{"$f":"AB12*I12+($A$4-80)*AI12*$A$12/1000","v":10.998411116812091},{"$f":"AC12*K12+($A$4-80)*AJ12*$A$12/1000","v":10.811154752660753},{"$f":"AD12*M12+($A$4-80)*AK12*$A$12/1000","v":10.411369251570553},{"$f":"AE12*O12+($A$4-80)*AL12*$A$12/1000","v":10.011299561945414}]
[null,67,21.224755700325733,15.410888090436492,20.110749185667753,14.994471505842276,19.055374592833878,14.621016578749739,18.527687296416939,14.440921213468785,18,14.248021108179419,16.944625407166122,13.8755718596821,15.889250814332247,13.503778913263188,null,1.1791530944625408,1.1172638436482085,1.0586319218241043,1.0293159609120521,1,0.94136807817589574,0.88273615635179148,0.72608082316820177,0.74559487403524105,0.76729095550019988,0.77942384186619496,0.79155672823218992,0.818877462691735,0.84986882459446478,0.9,0.9,0.9,0.9,0.9,0.9,0.9,{"$f":"Y13*C13+($A$4-80)*AF13*$A$12/1000","v":15.410888090436492},{"$f":"Z13*E13+($A$4-80)*AG13*$A$12/1000","v":14.994471505842276},{"$f":"AA13*G13+($A$4-80)*AH13*$A$12/1000","v":14.621016578749739},{"$f":"AB13*I13+($A$4-80)*AI13*$A$12/1000","v":14.440921213468785},{"$f":"AC13*K13+($A$4-80)*AJ13*$A$12/1000","v":14.248021108179419},{"$f":"AD13*M13+($A$4-80)*AK13*$A$12/1000","v":13.8755718596821},{"$f":"AE13*O13+($A$4-80)*AL13*$A$12/1000","v":13.503778913263188}]
[null,62,19.348534201954397,18.435378306618009,18.586319218241044,17.976960546449291,17.824104234527688,17.519105069527043,17.413680781758956,17.26469270280305,{"$f":"V14*$K$13","v":17.003257328990227},17.003257328990227,16.241042345276874,16.241042345276874,15.478827361563519,15.478827361563519,null,1.0749185667752443,1.0325732899022801,0.99022801302931596,0.96742671009771986,0.94462540716612375,0.90228013029315957,0.85993485342019549,0.95280490574608223,0.96721466662459377,0.98288838748991258,0.99144419374495629,1,1,1,0.61689504428798569,0.56380083935502201,0.50604944745466796,0.47452472372733423,0.44300000000000006,0.44300000000000006,0.44300000000000006,18.435378306618009,{"$f":"Z14*E14+($A$4-80)*AG14*$A$12/1000","v":17.976960546449291},{"$f":"AA14*G14+($A$4-80)*AH14*$A$12/1000","v":17.519105069527043},17.26469270280305,17.003257328990227,16.241042345276874,15.478827361563519]
[null,57,19.465798045602607,19.465798045602607,18.644951140065146,18.644951140065146,17.824104234527688,17.824104234527688,17.413680781758956,17.413680781758956,17.003257328990227,17.003257328990227,16.182410423452769,16.182410423452769,15.302931596091206,15.302931596091206,null,1.0814332247557004,1.0358306188925082,0.99022801302931596,0.96742671009771986,0.94462540716612375,0.89902280130293155,0.85016286644951145,1,1,1,1,1,1,1,0.44300000000000006,0.44300000000000006,0.44300000000000006,0.44300000000000006,0.44300000000000006,0.44300000000000006,0.44300000000000006,19.465798045602607,{"$f":"Z15*E15+($A$4-80)*AG15*$A$12/1000","v":18.644951140065146},{"$f":"AA15*G15+($A$4-80)*AH15*$A$12/1000","v":17.824104234527688},17.413680781758956,17.003257328990227,16.182410423452769,15.302931596091206]
[1200,72,23.452768729641694,13.00255209125698,22.221498371335507,12.557429269261965,20.990228013029316,12.112293954638577,20.374592833876221,11.893852636504358,19.758957654723126,11.667143813147158,18.527687296416939,11.22197589038759,17.296416938110749,10.77678639119134,null,1.3029315960912051,1.234527687296417,1.1661237785016287,1.1319218241042346,1.0977198697068404,1.0293159609120521,0.96091205211726383,0.55441437389109627,0.56510272437165388,0.57704442024736857,0.58375903427767195,0.59047364830797522,0.60568681405572955,0.62306467459430159,0.9,0.9,0.9,0.9,0.9,0.9,0.9,{"$f":"Y16*C16+($A$4-80)*AF16*$A$16/1000","v":13.00255209125698},{"$f":"Z16*E16+($A$4-80)*AG16*$A$16/1000","v":12.557429269261965},{"$f":"AA16*G16+($A$4-80)*AH16*$A$16/1000","v":12.112293954638577},{"$f":"AB16*I16+($A$4-80)*AI16*$A$16/1000","v":11.893852636504358},{"$f":"AC16*K16+($A$4-80)*AJ16*$A$16/1000","v":11.667143813147158},{"$f":"AD16*M16+($A$4-80)*AK16*$A$16/1000","v":11.22197589038759},{"$f":"AE16*O16+($A$4-80)*AL16*$A$16/1000","v":10.77678639119134}]
[null,67,21.693811074918568,16.699687481417371,20.579804560260587,16.261274958528304,19.407166123778502,15.775902255546677,18.850162866449512,15.563825973889365,18.293159609120522,15.337524429967427,17.179153094462542,14.899944533612242,16.065146579804559,14.463331050622584,null,1.2052117263843649,1.1433224755700326,1.0781758957654723,1.0472312703583062,1.0162866449511401,0.9543973941368078,0.89250814332247552,0.76979039891818801,0.79015691868758919,0.8128905660377358,0.82566002660861149,0.83842948717948718,0.86732707087959005,0.9002925045703839,0.9,0.9,0.9,0.9,0.9,0.9,0.81038223765996342,{"$f":"Y17*C17+($A$4-80)*AF17*$A$16/1000","v":16.699687481417371},{"$f":"Z17*E17+($A$4-80)*AG17*$A$16/1000","v":16.261274958528304},{"$f":"AA17*G17+($A$4-80)*AH17*$A$16/1000","v":15.775902255546677},{"$f":"AB17*I17+($A$4-80)*AI17*$A$16/1000","v":15.563825973889365},{"$f":"AC17*K17+($A$4-80)*AJ17*$A$16/1000","v":15.337524429967427},{"$f":"AD17*M17+($A$4-80)*AK17*$A$16/1000","v":14.899944533612242},{"$f":"AE17*O17+($A$4-80)*AL17*$A$16/1000","v":14.463331050622584}]
[null,62,20.462540716612381,20.462540716612381,19.583061889250814,19.583061889250814,18.644951140065146,18.644951140065146,18.205211726384366,18.205211726384366,17.765472312703583,17.765472312703583,16.88599348534202,16.88599348534202,15.947882736156352,15.947882736156352,null,1.1368078175895766,1.0879478827361564,1.0358306188925082,1.0114006514657981,0.98697068403908794,0.93811074918566772,0.88599348534201949,1,1,1,1,1,1,1,0.44300000000000006,0.44300000000000006,0.44300000000000006,0.44300000000000006,0.44300000000000006,0.44300000000000006,0.44300000000000006,20.462540716612381,{"$f":"Z18*E18+($A$4-80)*AG18*$A$16/1000","v":19.583061889250814},{"$f":"AA18*G18+($A$4-80)*AH18*$A$16/1000","v":18.644951140065146},18.205211726384366,17.765472312703583,16.88599348534202,15.947882736156352]
[null,57,20.462540716612381,20.462540716612381,19.524429967426713,19.524429967426713,18.644951140065146,18.644951140065146,18.205211726384366,18.205211726384366,17.765472312703583,17.765472312703583,16.827361563517915,16.827361563517915,15.947882736156352,15.947882736156352,null,1.1368078175895766,1.0846905537459284,1.0358306188925082,1.0114006514657981,0.98697068403908794,0.93485342019543971,0.88599348534201949,1,1,1,1,1,1,1,0.44300000000000006,0.44300000000000006,0.44300000000000006,0.44300000000000006,0.44300000000000006,0.44300000000000006,0.44300000000000006,20.462540716612381,{"$f":"Z19*E19+($A$4-80)*AG19*$A$16/1000","v":19.524429967426713},{"$f":"AA19*G19+($A$4-80)*AH19*$A$16/1000","v":18.644951140065146},18.205211726384366,17.765472312703583,16.827361563517915,15.947882736156352]

{"sheet":"4AC13L_36","index":6,"n_rows":19,"n_cols":45,"rows_kept":19,"cut":false,"hidden":true,"merged":[[130,0,133,0],[120,12,121,12],[120,13,121,13],[120,14,121,14],[120,15,121,15],[122,0,125,0],[126,0,129,0],[119,12,119,13],[119,14,119,15],[120,4,121,4],[120,5,121,5],[120,6,121,6],[120,7,121,7],[120,8,121,8],[120,9,121,9],[120,10,121,10],[120,11,121,11],[119,0,121,0],[119,1,121,1],[119,4,119,5],[119,6,119,7],[119,8,119,9],[119,10,119,11],[111,0,114,0],[117,0,118,1],[117,4,117,15],[118,4,118,5],[118,6,118,7],[118,8,118,9],[118,10,118,11],[118,12,118,13],[118,14,118,15],[101,12,102,12],[101,13,102,13],[101,14,102,14],[101,15,102,15],[103,0,106,0],[107,0,110,0],[100,12,100,13],[100,14,100,15],[101,4,102,4],[101,5,102,5],[101,6,102,6],[101,7,102,7],[101,8,102,8],[101,9,102,9],[101,10,102,10],[101,11,102,11],[100,0,102,0],[100,1,102,1],[100,4,100,5],[100,6,100,7],[100,8,100,9],[100,10,100,11],[92,0,95,0],[98,0,99,1],[98,4,98,15],[99,4,99,5],[99,6,99,7],[99,8,99,9],[99,10,99,11],[99,12,99,13],[99,14,99,15],[82,12,83,12],[82,13,83,13],[82,14,83,14],[82,15,83,15],[84,0,87,0],[88,0,91,0],[81,12,81,13],[81,14,81,15],[82,4,83,4],[82,5,83,5],[82,6,83,6],[82,7,83,7],[82,8,83,8],[82,9,83,9],[82,10,83,10],[82,11,83,11],[81,0,83,0],[81,1,83,1],[81,4,81,5],[81,6,81,7],[81,8,81,9],[81,10,81,11],[73,0,76,0],[79,0,80,1],[79,4,79,15],[80,4,80,5],[80,6,80,7],[80,8,80,9],[80,10,80,11],[80,12,80,13],[80,14,80,15],[63,12,64,12],[63,13,64,13],[63,14,64,14],[63,15,64,15],[65,0,68,0],[69,0,72,0],[62,12,62,13],[62,14,62,15],[63,4,64,4],[63,5,64,5],[63,6,64,6],[63,7,64,7],[63,8,64,8],[63,9,64,9],[63,10,64,10],[63,11,64,11],[62,0,64,0],[62,1,64,1],[62,4,62,5],[62,6,62,7],[62,8,62,9],[62,10,62,11],[54,0,57,0],[60,0,61,1],[60,4,60,15],[61,4,61,5],[61,6,61,7],[61,8,61,9],[61,10,61,11],[61,12,61,13],[61,14,61,15],[44,12,45,12],[44,13,45,13],[44,14,45,14],[44,15,45,15],[46,0,49,0],[50,0,53,0],[43,12,43,13],[43,14,43,15],[44,4,45,4],[44,5,45,5],[44,6,45,6],[44,7,45,7],[44,8,45,8],[44,9,45,9],[44,10,45,10],[44,11,45,11],[43,0,45,0],[43,1,45,1],[43,4,43,5],[43,6,43,7],[43,8,43,9],[43,10,43,11],[35,0,38,0],[41,0,42,1],[41,4,41,15],[42,4,42,5],[42,6,42,7],[42,8,42,9],[42,10,42,11],[42,12,42,13],[42,14,42,15],[25,12,26,12],[25,13,26,13],[25,14,26,14],[25,15,26,15],[27,0,30,0],[31,0,34,0],[24,12,24,13],[24,14,24,15],[25,4,26,4],[25,5,26,5],[25,6,26,6],[25,7,26,7],[25,8,26,8],[25,9,26,9],[25,10,26,10],[25,11,26,11],[24,0,26,0],[24,1,26,1],[24,4,24,5],[24,6,24,7],[24,8,24,9],[24,10,24,11],[7,0,10,0],[11,0,14,0],[15,0,18,0],[22,4,22,15],[23,4,23,5],[23,6,23,7],[23,8,23,9],[23,10,23,11],[23,12,23,13],[23,14,23,15],[5,10,6,10],[5,11,6,11],[5,12,6,12],[5,13,6,13],[5,14,6,14],[5,15,6,15],[4,10,4,11],[4,12,4,13],[4,14,4,15],[5,2,6,2],[5,3,6,3],[5,4,6,4],[5,5,6,5],[5,6,6,6],[5,7,6,7],[5,8,6,8],[4,0,6,0],[4,1,6,1],[4,2,4,3],[4,4,4,5],[4,6,4,7],[4,8,4,9],[5,9,6,9],[2,0,2,1],[2,2,2,15],[3,2,3,3],[3,4,3,5],[3,6,3,7],[3,8,3,9],[3,10,3,11],[3,12,3,13],[3,14,3,15]]}
[]
["4AC13L_36"]
["Evaporator Air \n",null,"Condenser  Entering Air Temperature ˚F"]
[80,"°F DB",65,null,75,null,85,null,90,null,95,null,105,null,115]
["CFM","EWB†\n˚F","Capacity Mbtuh",null,"Capacity Mbtuh",null,"Capacity Mbtuh",null,"Capacity Mbtuh",null,"Capacity Mbtuh",null,"Capacity Mbtuh",null,"Capacity Mbtuh"]
[null,null,"Total","Sens.","Total","Sens.","Total","Sens.","Total","Sens.","Total","Sens.","Total","Sens.","Total","Sens."]
[null,null,null,null,null,null,null,null,null,null,null,null,null,null,null,null,null,"Total Factors",null,null,null,null,null,null,"Sens. %",null,null,null,null,null,null,"IDB Adj",null,null,null,null,null,null,"Sens Calc"]
[1000,72,{"$f":"R8*$K$13","v":22.461971830985913},{"$f":"IF(AM8>C8,C8,AM8)","v":11.258485818945356},{"$f":"S8*$K$13","v":21.346478873239437},{"$f":"IF(AN8>E8,E8,AN8)","v":10.886516561769934},{"$f":"T8*$K$13","v":20.230985915492958},{"$f":"IF(AO8>G8,G8,AO8)","v":10.514783723980761},{"$f":"U8*$K$13","v":19.647887323943664},{"$f":"IF(AP8>I8,I8,AP8)","v":10.318780894549416},{"$f":"V8*$K$13","v":19.064788732394366},{"$f":"IF(AQ8>K8,K8,AQ8)","v":10.116423841951759},{"$f":"W8*$K$13","v":17.949295774647887},{"$f":"IF(AR8>M8,M8,AR8)","v":9.7446781753675928},{"$f":"X8*$K$13","v":16.833802816901407},{"$f":"IF(AS8>O8,O8,AS8)","v":9.3732464387700141},null,1.2478873239436619,1.1859154929577465,1.123943661971831,1.091549295774648,1.0591549295774647,0.9971830985915493,0.93521126760563378,0.5012242871489343,0.50999120868676784,0.5197365945437441,0.52518526416703115,0.53063393379031831,0.54290030638033515,0.55681099159360026,{"$f":"IF(Y8<0.9,0.9,Y8*-3.6846+4.1276)","v":0.9},{"$f":"IF(Z8<0.9,0.9,Z8*-3.6846+4.1276)","v":0.9},0.9,0.9,0.9,0.9,0.9,{"$f":"Y8*C8+($A$4-80)*AF8*$A$8/1000","v":11.258485818945356},{"$f":"Z8*E8+($A$4-80)*AG8*$A$8/1000","v":10.886516561769934},{"$f":"AA8*G8+($A$4-80)*AH8*$A$8/1000","v":10.514783723980761},{"$f":"AB8*I8+($A$4-80)*AI8*$A$8/1000","v":10.318780894549416},{"$f":"AC8*K8+($A$4-80)*AJ8*$A$8/1000","v":10.116423841951759},{"$f":"AD8*M8+($A$4-80)*AK8*$A$8/1000","v":9.7446781753675928},{"$f":"AE8*O8+($A$4-80)*AL8*$A$8/1000","v":9.3732464387700141}]
[null,67,20.738028169014086,14.304336295793771,19.673239436619721,{"$f":"IF(AN9>E9,E9,AN9)","v":13.879177321896117},18.608450704225351,{"$f":"IF(AO9>G9,G9,AO9)","v":13.453727137636173},18.07605633802817,{"$f":"IF(AP9>I9,I9,AP9)","v":13.246050400640041},{"$f":"V9*$K$13","v":17.543661971830986},{"$f":"IF(AQ9>K9,K9,AQ9)","v":13.02793320809614},16.47887323943662,{"$f":"IF(AR9>M9,M9,AR9)","v":12.601729553318807},15.464788732394366,{"$f":"IF(AS9>O9,O9,AS9)","v":12.215081601008929},null,1.152112676056338,1.0929577464788733,1.0338028169014084,1.0042253521126761,0.9746478873239437,0.91549295774647887,0.85915492957746475,0.68976356764558389,0.7054851015568615,0.72299018072371202,0.73279537045772392,0.7426005601917357,0.76472034041507286,0.78986411081205277,{"$f":"IF(Y9<0.9,0.9,Y9*-3.6846+4.1276)","v":0.9},0.9,0.9,0.9,0.9,0.9,0.9,{"$f":"Y9*C9+($A$4-80)*AF9*$A$8/1000","v":14.304336295793771},{"$f":"Z9*E9+($A$4-80)*AG9*$A$8/1000","v":13.879177321896117},{"$f":"AA9*G9+($A$4-80)*AH9*$A$8/1000","v":13.453727137636173},{"$f":"AB9*I9+($A$4-80)*AI9*$A$8/1000","v":13.246050400640041},{"$f":"AC9*K9+($A$4-80)*AJ9*$A$8/1000","v":13.02793320809614},{"$f":"AD9*M9+($A$4-80)*AK9*$A$8/1000","v":12.601729553318807},{"$f":"AE9*O9+($A$4-80)*AL9*$A$8/1000","v":12.215081601008929}]
[null,62,19.115492957746476,17.363332290921086,18.152112676056337,16.899980309099874,17.138028169014085,16.390084567072119,16.630985915492957,16.142070207342638,{"$f":"V10*$K$13","v":16.123943661971833},15.879610763170573,15.109859154929577,15.109859154929577,14.146478873239436,14.146478873239436,null,1.0619718309859154,1.0084507042253521,0.95211267605633798,0.92394366197183098,0.89577464788732397,0.83943661971830985,0.78591549295774643,0.90833819087488743,0.93102002013197627,0.95635766293731128,0.97060212120708622,0.98484657947686116,1,1,0.78073710190238987,0.6971636338217202,0.60380455514118303,0.55131942420037028,0.49883429325955753,0.44300000000000006,0.44300000000000006,17.363332290921086,{"$f":"Z10*E10+($A$4-80)*AG10*$A$8/1000","v":16.899980309099874},{"$f":"AA10*G10+($A$4-80)*AH10*$A$8/1000","v":16.390084567072119},16.142070207342638,15.879610763170573,15.109859154929577,14.146478873239436]
[null,57,18.659154929577465,18.659154929577465,17.847887323943663,17.847887323943663,17.087323943661971,17.087323943661971,16.68169014084507,16.68169014084507,{"$f":"V11*$K$13","v":16.27605633802817},16.27605633802817,15.464788732394366,15.464788732394366,14.704225352112676,14.704225352112676,null,1.0366197183098591,0.9915492957746479,0.94929577464788728,0.92676056338028168,0.90422535211267607,0.85915492957746475,0.81690140845070425,1,1,1,1,1,1,1,0.44300000000000006,0.44300000000000006,0.44300000000000006,0.44300000000000006,0.44300000000000006,0.44300000000000006,0.44300000000000006,18.659154929577465,{"$f":"Z11*E11+($A$4-80)*AG11*$A$8/1000","v":17.847887323943663},{"$f":"AA11*G11+($A$4-80)*AH11*$A$8/1000","v":17.087323943661971},{"$f":"AB11*I11+($A$4-80)*AI11*$A$8/1000","v":16.68169014084507},16.27605633802817,15.464788732394366,14.704225352112676]
[1200,72,23.019718309859158,12.1066103441458,21.802816901408448,11.684186658735603,20.636619718309859,11.289103241550258,20.028169014084508,11.081582234707161,{"$f":"V12*$K$13","v":19.419718309859153},10.866446407855209,18.253521126760564,10.472399549380398,17.036619718309858,10.04950046864483,null,1.2788732394366198,1.2112676056338028,1.1464788732394366,1.1126760563380282,1.0788732394366196,1.0140845070422535,0.94647887323943658,0.52592347921827687,0.53590261806862272,0.54704226736968897,0.55329981621955582,0.55955736506942266,0.57371941975772245,0.58987643293136816,0.9,0.9,0.9,0.9,0.9,0.9,0.9,{"$f":"Y12*C12+($A$4-80)*AF12*$A$12/1000","v":12.1066103441458},{"$f":"Z12*E12+($A$4-80)*AG12*$A$12/1000","v":11.684186658735603},{"$f":"AA12*G12+($A$4-80)*AH12*$A$12/1000","v":11.289103241550258},{"$f":"AB12*I12+($A$4-80)*AI12*$A$12/1000","v":11.081582234707161},{"$f":"AC12*K12+($A$4-80)*AJ12*$A$12/1000","v":10.866446407855209},{"$f":"AD12*M12+($A$4-80)*AK12*$A$12/1000","v":10.472399549380398},{"$f":"AE12*O12+($A$4-80)*AL12*$A$12/1000","v":10.04950046864483}]
[null,67,21.194366197183097,15.641615492048873,20.129577464788735,15.269840322170648,19.064788732394366,14.89834193526886,18.532394366197181,14.719572222068978,18,14.527169779430405,16.935211267605634,14.156385827319767,15.870422535211269,13.786068809647242,null,1.1774647887323944,1.1183098591549296,1.0591549295774647,1.0295774647887324,1,0.94084507042253518,0.88169014084507047,0.7380081738008174,0.7585772900042792,0.78145853827134237,0.79426176300873808,0.80706498774613367,0.83591433278418448,0.86866425761888011,0.9,0.9,0.9,0.9,0.9,0.9,0.9,{"$f":"Y13*C13+($A$4-80)*AF13*$A$12/1000","v":15.641615492048873},{"$f":"Z13*E13+($A$4-80)*AG13*$A$12/1000","v":15.269840322170648},{"$f":"AA13*G13+($A$4-80)*AH13*$A$12/1000","v":14.89834193526886},{"$f":"AB13*I13+($A$4-80)*AI13*$A$12/1000","v":14.719572222068978},{"$f":"AC13*K13+($A$4-80)*AJ13*$A$12/1000","v":14.527169779430405},{"$f":"AD13*M13+($A$4-80)*AK13*$A$12/1000","v":14.156385827319767},{"$f":"AE13*O13+($A$4-80)*AL13*$A$12/1000","v":13.786068809647242}]
[null,62,19.419718309859153,19.115481042448796,18.659154929577465,18.45630495480356,17.898591549295773,17.797152925629835,17.518309859154929,17.468668153097447,{"$f":"V14*$K$13","v":17.138028169014085},17.138028169014085,16.377464788732393,16.377464788732393,15.616901408450703,15.616901408450703,null,1.0788732394366196,1.0366197183098591,0.9943661971830986,0.97323943661971835,0.95211267605633798,0.90985915492957747,0.86760563380281686,0.98433359008838461,0.98912866228189378,0.99433259184743339,0.99716629592371664,1,1,1,0.50072445396033816,0.4830565309561341,0.4638821320789468,0.45344106603947365,0.44300000000000006,0.44300000000000006,0.44300000000000006,19.115481042448796,{"$f":"Z14*E14+($A$4-80)*AG14*$A$12/1000","v":18.45630495480356},{"$f":"AA14*G14+($A$4-80)*AH14*$A$12/1000","v":17.797152925629835},17.468668153097447,17.138028169014085,16.377464788732393,15.616901408450703]
[null,57,19.673239436619721,19.673239436619721,18.811267605633802,18.811267605633802,17.949295774647887,17.949295774647887,17.518309859154929,17.518309859154929,17.087323943661971,17.087323943661971,16.225352112676056,16.225352112676056,15.363380281690141,15.363380281690141,null,1.0929577464788733,1.0450704225352112,0.9971830985915493,0.97323943661971835,0.94929577464788728,0.90140845070422537,0.85352112676056335,1,1,1,1,1,1,1,0.44300000000000006,0.44300000000000006,0.44300000000000006,0.44300000000000006,0.44300000000000006,0.44300000000000006,0.44300000000000006,19.673239436619721,{"$f":"Z15*E15+($A$4-80)*AG15*$A$12/1000","v":18.811267605633802},{"$f":"AA15*G15+($A$4-80)*AH15*$A$12/1000","v":17.949295774647887},17.518309859154929,17.087323943661971,16.225352112676056,15.363380281690141]
[1400,72,23.425352112676059,13.007688133325184,22.157746478873239,12.584643601532839,20.940845070422537,12.190328853364274,20.332394366197185,11.998368006783776,19.723943661971834,11.796697180923493,18.456338028169014,11.372642651210427,17.239436619718308,10.979779569564723,null,1.3014084507042254,1.2309859154929577,1.1633802816901408,1.1295774647887324,1.095774647887324,1.0253521126760563,0.95774647887323938,0.55528250208398744,0.56795683683500608,0.58213165764653174,0.59011092302691048,0.59809018840728922,0.6161917187392707,0.6368989782999146,0.9,0.9,0.9,0.9,0.9,0.9,0.9,{"$f":"Y16*C16+($A$4-80)*AF16*$A$16/1000","v":13.007688133325184},{"$f":"Z16*E16+($A$4-80)*AG16*$A$16/1000","v":12.584643601532839},{"$f":"AA16*G16+($A$4-80)*AH16*$A$16/1000","v":12.190328853364274},{"$f":"AB16*I16+($A$4-80)*AI16*$A$16/1000","v":11.998368006783776},{"$f":"AC16*K16+($A$4-80)*AJ16*$A$16/1000","v":11.796697180923493},{"$f":"AD16*M16+($A$4-80)*AK16*$A$16/1000","v":11.372642651210427},{"$f":"AE16*O16+($A$4-80)*AL16*$A$16/1000","v":10.979779569564723}]
[null,67,21.650704225352111,17.191319823249753,20.484507042253522,16.72088812751814,19.31830985915493,16.250013840565913,18.760563380281688,16.044178902762177,18.20281690140845,15.822686769095874,17.036619718309858,15.352267657867792,15.870422535211269,14.881310928727569,null,1.2028169014084507,1.1380281690140845,1.0732394366197182,1.0422535211267605,1.0112676056338028,0.94647887323943658,0.88169014084507047,0.79403051486516552,0.81626997872235141,0.84117161175282873,0.85520773430639241,0.86924385685995598,0.90113343560566572,0.93767578624392733,0.9,0.9,0.9,0.9,0.9,0.80728374316736407,0.67263979800562534,{"$f":"Y17*C17+($A$4-80)*AF17*$A$16/1000","v":17.191319823249753},{"$f":"Z17*E17+($A$4-80)*AG17*$A$16/1000","v":16.72088812751814},{"$f":"AA17*G17+($A$4-80)*AH17*$A$16/1000","v":16.250013840565913},{"$f":"AB17*I17+($A$4-80)*AI17*$A$16/1000","v":16.044178902762177},{"$f":"AC17*K17+($A$4-80)*AJ17*$A$16/1000","v":15.822686769095874},{"$f":"AD17*M17+($A$4-80)*AK17*$A$16/1000","v":15.352267657867792},{"$f":"AE17*O17+($A$4-80)*AL17*$A$16/1000","v":14.881310928727569}]
[null,62,20.535211267605636,20.535211267605636,19.622535211267607,19.622535211267607,18.659154929577465,18.659154929577465,18.20281690140845,18.20281690140845,17.746478873239436,17.746478873239436,16.833802816901407,16.833802816901407,15.92112676056338,15.92112676056338,null,1.1408450704225352,1.0901408450704226,1.0366197183098591,1.0112676056338028,0.9859154929577465,0.93521126760563378,0.88450704225352117,1,1,1,1,1,1,1,0.44300000000000006,0.44300000000000006,0.44300000000000006,0.44300000000000006,0.44300000000000006,0.44300000000000006,0.44300000000000006,20.535211267605636,{"$f":"Z18*E18+($A$4-80)*AG18*$A$16/1000","v":19.622535211267607},{"$f":"AA18*G18+($A$4-80)*AH18*$A$16/1000","v":18.659154929577465},18.20281690140845,17.746478873239436,16.833802816901407,15.92112676056338]
[null,57,20.484507042253522,20.484507042253522,19.571830985915494,19.571830985915494,18.659154929577465,18.659154929577465,18.20281690140845,18.20281690140845,17.746478873239436,17.746478873239436,16.783098591549294,16.783098591549294,15.870422535211269,15.870422535211269,null,1.1380281690140845,1.0873239436619719,1.0366197183098591,1.0112676056338028,0.9859154929577465,0.93239436619718308,0.88169014084507047,1,1,1,1,1,1,1,0.44300000000000006,0.44300000000000006,0.44300000000000006,0.44300000000000006,0.44300000000000006,0.44300000000000006,0.44300000000000006,20.484507042253522,{"$f":"Z19*E19+($A$4-80)*AG19*$A$16/1000","v":19.571830985915494},{"$f":"AA19*G19+($A$4-80)*AH19*$A$16/1000","v":18.659154929577465},18.20281690140845,17.746478873239436,16.783098591549294,15.870422535211269]

{"sheet":"4AC13L_42","index":7,"n_rows":19,"n_cols":45,"rows_kept":19,"cut":false,"hidden":true,"merged":[[130,0,133,0],[120,12,121,12],[120,13,121,13],[120,14,121,14],[120,15,121,15],[122,0,125,0],[126,0,129,0],[119,12,119,13],[119,14,119,15],[120,4,121,4],[120,5,121,5],[120,6,121,6],[120,7,121,7],[120,8,121,8],[120,9,121,9],[120,10,121,10],[120,11,121,11],[119,0,121,0],[119,1,121,1],[119,4,119,5],[119,6,119,7],[119,8,119,9],[119,10,119,11],[111,0,114,0],[117,0,118,1],[117,4,117,15],[118,4,118,5],[118,6,118,7],[118,8,118,9],[118,10,118,11],[118,12,118,13],[118,14,118,15],[101,12,102,12],[101,13,102,13],[101,14,102,14],[101,15,102,15],[103,0,106,0],[107,0,110,0],[100,12,100,13],[100,14,100,15],[101,4,102,4],[101,5,102,5],[101,6,102,6],[101,7,102,7],[101,8,102,8],[101,9,102,9],[101,10,102,10],[101,11,102,11],[100,0,102,0],[100,1,102,1],[100,4,100,5],[100,6,100,7],[100,8,100,9],[100,10,100,11],[92,0,95,0],[98,0,99,1],[98,4,98,15],[99,4,99,5],[99,6,99,7],[99,8,99,9],[99,10,99,11],[99,12,99,13],[99,14,99,15],[82,12,83,12],[82,13,83,13],[82,14,83,14],[82,15,83,15],[84,0,87,0],[88,0,91,0],[81,12,81,13],[81,14,81,15],[82,4,83,4],[82,5,83,5],[82,6,83,6],[82,7,83,7],[82,8,83,8],[82,9,83,9],[82,10,83,10],[82,11,83,11],[81,0,83,0],[81,1,83,1],[81,4,81,5],[81,6,81,7],[81,8,81,9],[81,10,81,11],[73,0,76,0],[79,0,80,1],[79,4,79,15],[80,4,80,5],[80,6,80,7],[80,8,80,9],[80,10,80,11],[80,12,80,13],[80,14,80,15],[63,12,64,12],[63,13,64,13],[63,14,64,14],[63,15,64,15],[65,0,68,0],[69,0,72,0],[62,12,62,13],[62,14,62,15],[63,4,64,4],[63,5,64,5],[63,6,64,6],[63,7,64,7],[63,8,64,8],[63,9,64,9],[63,10,64,10],[63,11,64,11],[62,0,64,0],[62,1,64,1],[62,4,62,5],[62,6,62,7],[62,8,62,9],[62,10,62,11],[54,0,57,0],[60,0,61,1],[60,4,60,15],[61,4,61,5],[61,6,61,7],[61,8,61,9],[61,10,61,11],[61,12,61,13],[61,14,61,15],[44,12,45,12],[44,13,45,13],[44,14,45,14],[44,15,45,15],[46,0,49,0],[50,0,53,0],[43,12,43,13],[43,14,43,15],[44,4,45,4],[44,5,45,5],[44,6,45,6],[44,7,45,7],[44,8,45,8],[44,9,45,9],[44,10,45,10],[44,11,45,11],[43,0,45,0],[43,1,45,1],[43,4,43,5],[43,6,43,7],[43,8,43,9],[43,10,43,11],[35,0,38,0],[41,0,42,1],[41,4,41,15],[42,4,42,5],[42,6,42,7],[42,8,42,9],[42,10,42,11],[42,12,42,13],[42,14,42,15],[25,12,26,12],[25,13,26,13],[25,14,26,14],[25,15,26,15],[27,0,30,0],[31,0,34,0],[24,12,24,13],[24,14,24,15],[25,4,26,4],[25,5,26,5],[25,6,26,6],[25,7,26,7],[25,8,26,8],[25,9,26,9],[25,10,26,10],[25,11,26,11],[24,0,26,0],[24,1,26,1],[24,4,24,5],[24,6,24,7],[24,8,24,9],[24,10,24,11],[7,0,10,0],[11,0,14,0],[15,0,18,0],[22,4,22,15],[23,4,23,5],[23,6,23,7],[23,8,23,9],[23,10,23,11],[23,12,23,13],[23,14,23,15],[5,10,6,10],[5,11,6,11],[5,12,6,12],[5,13,6,13],[5,14,6,14],[5,15,6,15],[4,10,4,11],[4,12,4,13],[4,14,4,15],[5,2,6,2],[5,3,6,3],[5,4,6,4],[5,5,6,5],[5,6,6,6],[5,7,6,7],[5,8,6,8],[4,0,6,0],[4,1,6,1],[4,2,4,3],[4,4,4,5],[4,6,4,7],[4,8,4,9],[5,9,6,9],[2,0,2,1],[2,2,2,15],[3,2,3,3],[3,4,3,5],[3,6,3,7],[3,8,3,9],[3,10,3,11],[3,12,3,13],[3,14,3,15]]}
[]
["4AC13L_42"]
["Evaporator Air \n",null,"Condenser  Entering Air Temperature ˚F"]
[80,"°F DB",65,null,75,null,85,null,90,null,95,null,105,null,115]
["CFM","EWB†\n˚F","Capacity Mbtuh",null,"Capacity Mbtuh",null,"Capacity Mbtuh",null,"Capacity Mbtuh",null,"Capacity Mbtuh",null,"Capacity Mbtuh",null,"Capacity Mbtuh"]
[null,null,"Total","Sens.","Total","Sens.","Total","Sens.","Total","Sens.","Total","Sens.","Total","Sens.","Total","Sens."]
[null,null,null,null,null,null,null,null,null,null,null,null,null,null,null,null,null,"Total Factors",null,null,null,null,null,null,"Sens. %",null,null,null,null,null,null,"IDB Adj",null,null,null,null,null,null,"Sens Calc"]
[1200,72,{"$f":"R8*$K$13","v":22.532374100719423},{"$f":"IF(AM8>C8,C8,AM8)","v":11.37603942215112},{"$f":"S8*$K$13","v":21.366906474820144},{"$f":"IF(AN8>E8,E8,AN8)","v":10.967088556850307},{"$f":"T8*$K$13","v":20.244604316546759},{"$f":"IF(AO8>G8,G8,AO8)","v":10.580067610854879},{"$f":"U8*$K$13","v":19.683453237410074},{"$f":"IF(AP8>I8,I8,AP8)","v":10.389567309255913},{"$f":"V8*$K$13","v":19.122302158273381},{"$f":"IF(AQ8>K8,K8,AQ8)","v":10.19320766632427},{"$f":"W8*$K$13","v":18},{"$f":"IF(AR8>M8,M8,AR8)","v":9.8065390845281648},{"$f":"X8*$K$13","v":16.877697841726619},{"$f":"IF(AS8>O8,O8,AS8)","v":9.4201003727271946},null,1.2517985611510791,1.1870503597122302,1.1247002398081534,1.0935251798561152,1.0623501199040768,1,0.93764988009592332,0.50487531279661746,0.51327451495023324,0.52261172633575992,0.52783254970269433,0.53305337306962886,0.54480772691823143,0.55813893939005965,{"$f":"IF(Y8<0.9,0.9,Y8*-3.6846+4.1276)","v":0.9},{"$f":"IF(Z8<0.9,0.9,Z8*-3.6846+4.1276)","v":0.9},0.9,0.9,0.9,0.9,0.9,{"$f":"Y8*C8+($A$4-80)*AF8*$A$8/1000","v":11.37603942215112},{"$f":"Z8*E8+($A$4-80)*AG8*$A$8/1000","v":10.967088556850307},{"$f":"AA8*G8+($A$4-80)*AH8*$A$8/1000","v":10.580067610854879},{"$f":"AB8*I8+($A$4-80)*AI8*$A$8/1000","v":10.389567309255913},{"$f":"AC8*K8+($A$4-80)*AJ8*$A$8/1000","v":10.19320766632427},{"$f":"AD8*M8+($A$4-80)*AK8*$A$8/1000","v":9.8065390845281648},{"$f":"AE8*O8+($A$4-80)*AL8*$A$8/1000","v":9.4201003727271946}]
[null,67,20.848920863309353,14.478921176296998,19.769784172661872,{"$f":"IF(AN9>E9,E9,AN9)","v":14.046270738831621},18.733812949640289,{"$f":"IF(AO9>G9,G9,AO9)","v":13.644220044185021},18.194244604316545,{"$f":"IF(AP9>I9,I9,AP9)","v":13.43279610151051},{"$f":"V9*$K$13","v":17.654676258992804},{"$f":"IF(AQ9>K9,K9,AQ9)","v":13.210603787232561},16.618705035971225,{"$f":"IF(AR9>M9,M9,AR9)","v":12.809190482082045},15.582733812949639,{"$f":"IF(AS9>O9,O9,AS9)","v":12.408697352797374},null,1.1582733812949639,1.0983213429256595,1.0407673860911271,1.0107913669064748,0.98081534772182255,0.9232613908872902,0.86570743405275774,0.69446861404599125,0.71049186051586433,0.72832050159052142,0.73829919260971177,0.74827788362890224,0.77076947056684153,0.79631067961165047,{"$f":"IF(Y9<0.9,0.9,Y9*-3.6846+4.1276)","v":0.9},0.9,0.9,0.9,0.9,0.9,0.9,{"$f":"Y9*C9+($A$4-80)*AF9*$A$8/1000","v":14.478921176296998},{"$f":"Z9*E9+($A$4-80)*AG9*$A$8/1000","v":14.046270738831621},{"$f":"AA9*G9+($A$4-80)*AH9*$A$8/1000","v":13.644220044185021},{"$f":"AB9*I9+($A$4-80)*AI9*$A$8/1000","v":13.43279610151051},{"$f":"AC9*K9+($A$4-80)*AJ9*$A$8/1000","v":13.210603787232561},{"$f":"AD9*M9+($A$4-80)*AK9*$A$8/1000","v":12.809190482082045},{"$f":"AE9*O9+($A$4-80)*AL9*$A$8/1000","v":12.408697352797374}]
[null,62,19.208633093525179,17.21650363445638,18.258992805755394,16.780412965940187,17.309352517985612,16.344972762817147,16.812949640287769,16.113655695049907,{"$f":"V10*$K$13","v":16.31654676258993},15.868318427590962,15.366906474820144,15.366906474820144,14.417266187050361,14.417266187050361,null,1.0671462829736211,1.014388489208633,0.9616306954436451,0.93405275779376495,0.90647482014388492,0.8537170263788969,0.80095923261390889,0.89628988958405875,0.91902182910389518,0.94428562511703384,0.95840742045868077,0.97252921580032781,1,1,0.9,0.74137216848378795,0.64828518569377724,0.59625201857794474,0.54421885146211224,0.44300000000000006,0.44300000000000006,17.21650363445638,{"$f":"Z10*E10+($A$4-80)*AG10*$A$8/1000","v":16.780412965940187},{"$f":"AA10*G10+($A$4-80)*AH10*$A$8/1000","v":16.344972762817147},16.113655695049907,15.868318427590962,15.366906474820144,14.417266187050361]
[null,57,18.820143884892087,18.820143884892087,18,18,17.223021582733814,17.223021582733814,16.812949640287769,16.812949640287769,{"$f":"V11*$K$13","v":16.402877697841728},16.402877697841728,15.62589928057554,15.62589928057554,14.848920863309353,14.848920863309353,null,1.0455635491606714,1,0.95683453237410077,0.93405275779376495,0.91127098321342925,0.86810551558753002,0.82494004796163067,1,1,1,1,1,1,1,0.44300000000000006,0.44300000000000006,0.44300000000000006,0.44300000000000006,0.44300000000000006,0.44300000000000006,0.44300000000000006,18.820143884892087,{"$f":"Z11*E11+($A$4-80)*AG11*$A$8/1000","v":18},{"$f":"AA11*G11+($A$4-80)*AH11*$A$8/1000","v":17.223021582733814},{"$f":"AB11*I11+($A$4-80)*AI11*$A$8/1000","v":16.812949640287769},16.402877697841728,15.62589928057554,14.848920863309353]
[1400,72,22.964028776978417,12.116210475746341,21.798561151079138,11.721236032678169,20.589928057553955,11.302928988382284,20.007194244604317,11.109241831950047,{"$f":"V12*$K$13","v":19.424460431654676},10.908202807932174,18.215827338129493,10.489063535650033,17.050359712230215,10.094613958768438,null,1.275779376498801,1.2110311750599521,1.1438848920863309,1.1115107913669064,1.079136690647482,1.0119904076738608,0.94724220623501199,0.52761693487742523,0.53770686750569818,0.54895427302066302,0.55526235693673376,0.5615704408528045,0.57582141842628543,0.59204697901637682,0.9,0.9,0.9,0.9,0.9,0.9,0.9,{"$f":"Y12*C12+($A$4-80)*AF12*$A$12/1000","v":12.116210475746341},{"$f":"Z12*E12+($A$4-80)*AG12*$A$12/1000","v":11.721236032678169},{"$f":"AA12*G12+($A$4-80)*AH12*$A$12/1000","v":11.302928988382284},{"$f":"AB12*I12+($A$4-80)*AI12*$A$12/1000","v":11.109241831950047},{"$f":"AC12*K12+($A$4-80)*AJ12*$A$12/1000","v":10.908202807932174},{"$f":"AD12*M12+($A$4-80)*AK12*$A$12/1000","v":10.489063535650033},{"$f":"AE12*O12+($A$4-80)*AL12*$A$12/1000","v":10.094613958768438}]
[null,67,21.280575539568346,15.738754498135103,20.201438848920862,15.32850640393452,19.079136690647484,14.885523891188985,18.53956834532374,14.687396445562248,18,14.476297914216451,16.877697841726619,14.03238320596112,15.798561151079136,13.624471018660877,null,1.1822541966426858,1.1223021582733812,1.0599520383693046,1.0299760191846523,1,0.93764988009592332,0.87769784172661869,0.73958312212331956,0.75878290247396674,0.78019902747936221,0.79221890024569364,0.80423877301202507,0.83141571424918825,0.86238682677316114,0.9,0.9,0.9,0.9,0.9,0.9,0.9,{"$f":"Y13*C13+($A$4-80)*AF13*$A$12/1000","v":15.738754498135103},{"$f":"Z13*E13+($A$4-80)*AG13*$A$12/1000","v":15.32850640393452},{"$f":"AA13*G13+($A$4-80)*AH13*$A$12/1000","v":14.885523891188985},{"$f":"AB13*I13+($A$4-80)*AI13*$A$12/1000","v":14.687396445562248},{"$f":"AC13*K13+($A$4-80)*AJ13*$A$12/1000","v":14.476297914216451},{"$f":"AD13*M13+($A$4-80)*AK13*$A$12/1000","v":14.03238320596112},{"$f":"AE13*O13+($A$4-80)*AL13*$A$12/1000","v":13.624471018660877}]
[null,62,19.467625899280574,18.843418636120539,18.690647482014388,18.274349703019865,17.913669064748202,17.705433381471938,17.503597122302157,17.401862701135258,{"$f":"V14*$K$13","v":17.093525179856115},17.093525179856115,16.31654676258993,16.31654676258993,15.53956834532374,15.53956834532374,null,1.0815347721822541,1.0383693045563549,0.99520383693045567,0.97242206235011985,0.94964028776978415,0.90647482014388492,0.86330935251798557,0.96793613836687176,0.97772694715926156,0.98837559840345357,0.99418779920172673,1,1,1,0.56114250457342418,0.52506729049698508,0.48583127012263505,0.46441563506131756,0.44300000000000006,0.44300000000000006,0.44300000000000006,18.843418636120539,{"$f":"Z14*E14+($A$4-80)*AG14*$A$12/1000","v":18.274349703019865},{"$f":"AA14*G14+($A$4-80)*AH14*$A$12/1000","v":17.705433381471938},17.401862701135258,17.093525179856115,16.31654676258993,15.53956834532374]
[null,57,19.640287769784173,19.640287769784173,18.820143884892087,18.820143884892087,17.956834532374103,17.956834532374103,17.525179856115109,17.525179856115109,17.093525179856115,17.093525179856115,16.230215827338128,16.230215827338128,15.366906474820144,15.366906474820144,null,1.091127098321343,1.0455635491606714,0.99760191846522783,0.97362110311750605,0.94964028776978415,0.90167865707434047,0.8537170263788969,1,1,1,1,1,1,1,0.44300000000000006,0.44300000000000006,0.44300000000000006,0.44300000000000006,0.44300000000000006,0.44300000000000006,0.44300000000000006,19.640287769784173,{"$f":"Z15*E15+($A$4-80)*AG15*$A$12/1000","v":18.820143884892087},{"$f":"AA15*G15+($A$4-80)*AH15*$A$12/1000","v":17.956834532374103},17.525179856115109,17.093525179856115,16.230215827338128,15.366906474820144]
[1600,72,23.266187050359711,12.795528703995453,22.057553956834532,12.406645326910278,20.848920863309353,12.018011963099427,20.223021582733811,11.815977127397039,19.597122302158272,11.604115448672008,18.388489208633096,11.215366697806529,17.179856115107913,10.82694020693781,null,1.2925659472422062,1.2254196642685851,1.1582733812949639,1.1235011990407673,1.0887290167865706,1.0215827338129497,0.95443645083932849,0.5499624272898479,0.56246696035242294,0.57643328601477584,0.58428346521102403,0.59213364440727212,0.60991235171952551,0.63021134370366649,0.9,0.9,0.9,0.9,0.9,0.9,0.9,{"$f":"Y16*C16+($A$4-80)*AF16*$A$16/1000","v":12.795528703995453},{"$f":"Z16*E16+($A$4-80)*AG16*$A$16/1000","v":12.406645326910278},{"$f":"AA16*G16+($A$4-80)*AH16*$A$16/1000","v":12.018011963099427},{"$f":"AB16*I16+($A$4-80)*AI16*$A$16/1000","v":11.815977127397039},{"$f":"AC16*K16+($A$4-80)*AJ16*$A$16/1000","v":11.604115448672008},{"$f":"AD16*M16+($A$4-80)*AK16*$A$16/1000","v":11.215366697806529},{"$f":"AE16*O16+($A$4-80)*AL16*$A$16/1000","v":10.82694020693781}]
[null,67,21.582733812949641,17.156137117900162,20.46043165467626,16.501532252468074,19.294964028776977,15.811917710601765,18.733812949640289,15.488793698201958,18.172661870503596,15.157478462624216,17.050359712230215,14.503473567465496,15.884892086330934,13.812462278786008,null,1.1990407673860912,1.1366906474820144,1.0719424460431655,1.0407673860911271,1.0095923261390887,0.94724220623501199,0.88249400479616302,0.79490101979604078,0.80650948772611186,0.81948417664938311,0.82678276653228577,0.83408135641518844,0.85062566492730129,0.86953453657212643,0.9,0.9,0.9,0.9,0.9,0.9,0.9,{"$f":"Y17*C17+($A$4-80)*AF17*$A$16/1000","v":17.156137117900162},{"$f":"Z17*E17+($A$4-80)*AG17*$A$16/1000","v":16.501532252468074},{"$f":"AA17*G17+($A$4-80)*AH17*$A$16/1000","v":15.811917710601765},{"$f":"AB17*I17+($A$4-80)*AI17*$A$16/1000","v":15.488793698201958},{"$f":"AC17*K17+($A$4-80)*AJ17*$A$16/1000","v":15.157478462624216},{"$f":"AD17*M17+($A$4-80)*AK17*$A$16/1000","v":14.503473567465496},{"$f":"AE17*O17+($A$4-80)*AL17*$A$16/1000","v":13.812462278786008}]
[null,62,20.374100719424462,20.374100719424462,19.467625899280574,19.467625899280574,18.561151079136692,18.561151079136692,18.086330935251798,18.086330935251798,17.611510791366907,17.611510791366907,16.705035971223023,16.705035971223023,15.798561151079136,15.798561151079136,null,1.1318944844124701,1.0815347721822541,1.0311750599520384,1.0047961630695443,0.97841726618705038,0.92805755395683454,0.87769784172661869,1,1,1,1,1,1,1,0.44300000000000006,0.44300000000000006,0.44300000000000006,0.44300000000000006,0.44300000000000006,0.44300000000000006,0.44300000000000006,20.374100719424462,{"$f":"Z18*E18+($A$4-80)*AG18*$A$16/1000","v":19.467625899280574},{"$f":"AA18*G18+($A$4-80)*AH18*$A$16/1000","v":18.561151079136692},18.086330935251798,17.611510791366907,16.705035971223023,15.798561151079136]
[null,57,20.330935251798564,20.330935251798564,19.424460431654676,19.424460431654676,18.517985611510792,18.517985611510792,18.064748201438849,18.064748201438849,17.611510791366907,17.611510791366907,16.705035971223023,16.705035971223023,15.798561151079136,15.798561151079136,null,1.1294964028776979,1.079136690647482,1.0287769784172662,1.0035971223021583,0.97841726618705038,0.92805755395683454,0.87769784172661869,1,1,1,1,1,1,1,0.44300000000000006,0.44300000000000006,0.44300000000000006,0.44300000000000006,0.44300000000000006,0.44300000000000006,0.44300000000000006,20.330935251798564,{"$f":"Z19*E19+($A$4-80)*AG19*$A$16/1000","v":19.424460431654676},{"$f":"AA19*G19+($A$4-80)*AH19*$A$16/1000","v":18.517985611510792},18.064748201438849,17.611510791366907,16.705035971223023,15.798561151079136]

{"sheet":"4AC13L_48","index":8,"n_rows":19,"n_cols":45,"rows_kept":19,"cut":false,"hidden":true,"merged":[[130,0,133,0],[120,12,121,12],[120,13,121,13],[120,14,121,14],[120,15,121,15],[122,0,125,0],[126,0,129,0],[119,12,119,13],[119,14,119,15],[120,4,121,4],[120,5,121,5],[120,6,121,6],[120,7,121,7],[120,8,121,8],[120,9,121,9],[120,10,121,10],[120,11,121,11],[119,0,121,0],[119,1,121,1],[119,4,119,5],[119,6,119,7],[119,8,119,9],[119,10,119,11],[111,0,114,0],[117,0,118,1],[117,4,117,15],[118,4,118,5],[118,6,118,7],[118,8,118,9],[118,10,118,11],[118,12,118,13],[118,14,118,15],[101,12,102,12],[101,13,102,13],[101,14,102,14],[101,15,102,15],[103,0,106,0],[107,0,110,0],[100,12,100,13],[100,14,100,15],[101,4,102,4],[101,5,102,5],[101,6,102,6],[101,7,102,7],[101,8,102,8],[101,9,102,9],[101,10,102,10],[101,11,102,11],[100,0,102,0],[100,1,102,1],[100,4,100,5],[100,6,100,7],[100,8,100,9],[100,10,100,11],[92,0,95,0],[98,0,99,1],[98,4,98,15],[99,4,99,5],[99,6,99,7],[99,8,99,9],[99,10,99,11],[99,12,99,13],[99,14,99,15],[82,12,83,12],[82,13,83,13],[82,14,83,14],[82,15,83,15],[84,0,87,0],[88,0,91,0],[81,12,81,13],[81,14,81,15],[82,4,83,4],[82,5,83,5],[82,6,83,6],[82,7,83,7],[82,8,83,8],[82,9,83,9],[82,10,83,10],[82,11,83,11],[81,0,83,0],[81,1,83,1],[81,4,81,5],[81,6,81,7],[81,8,81,9],[81,10,81,11],[73,0,76,0],[79,0,80,1],[79,4,79,15],[80,4,80,5],[80,6,80,7],[80,8,80,9],[80,10,80,11],[80,12,80,13],[80,14,80,15],[63,12,64,12],[63,13,64,13],[63,14,64,14],[63,15,64,15],[65,0,68,0],[69,0,72,0],[62,12,62,13],[62,14,62,15],[63,4,64,4],[63,5,64,5],[63,6,64,6],[63,7,64,7],[63,8,64,8],[63,9,64,9],[63,10,64,10],[63,11,64,11],[62,0,64,0],[62,1,64,1],[62,4,62,5],[62,6,62,7],[62,8,62,9],[62,10,62,11],[54,0,57,0],[60,0,61,1],[60,4,60,15],[61,4,61,5],[61,6,61,7],[61,8,61,9],[61,10,61,11],[61,12,61,13],[61,14,61,15],[44,12,45,12],[44,13,45,13],[44,14,45,14],[44,15,45,15],[46,0,49,0],[50,0,53,0],[43,12,43,13],[43,14,43,15],[44,4,45,4],[44,5,45,5],[44,6,45,6],[44,7,45,7],[44,8,45,8],[44,9,45,9],[44,10,45,10],[44,11,45,11],[43,0,45,0],[43,1,45,1],[43,4,43,5],[43,6,43,7],[43,8,43,9],[43,10,43,11],[35,0,38,0],[41,0,42,1],[41,4,41,15],[42,4,42,5],[42,6,42,7],[42,8,42,9],[42,10,42,11],[42,12,42,13],[42,14,42,15],[25,12,26,12],[25,13,26,13],[25,14,26,14],[25,15,26,15],[27,0,30,0],[31,0,34,0],[24,12,24,13],[24,14,24,15],[25,4,26,4],[25,5,26,5],[25,6,26,6],[25,7,26,7],[25,8,26,8],[25,9,26,9],[25,10,26,10],[25,11,26,11],[24,0,26,0],[24,1,26,1],[24,4,24,5],[24,6,24,7],[24,8,24,9],[24,10,24,11],[7,0,10,0],[11,0,14,0],[15,0,18,0],[22,4,22,15],[23,4,23,5],[23,6,23,7],[23,8,23,9],[23,10,23,11],[23,12,23,13],[23,14,23,15],[5,10,6,10],[5,11,6,11],[5,12,6,12],[5,13,6,13],[5,14,6,14],[5,15,6,15],[4,10,4,11],[4,12,4,13],[4,14,4,15],[5,2,6,2],[5,3,6,3],[5,4,6,4],[5,5,6,5],[5,6,6,6],[5,7,6,7],[5,8,6,8],[4,0,6,0],[4,1,6,1],[4,2,4,3],[4,4,4,5],[4,6,4,7],[4,8,4,9],[5,9,6,9],[2,0,2,1],[2,2,2,15],[3,2,3,3],[3,4,3,5],[3,6,3,7],[3,8,3,9],[3,10,3,11],[3,12,3,13],[3,14,3,15]]}
[]
["4AC13L_48"]
["Evaporator Air \n",null,"Condenser  Entering Air Temperature ˚F"]
[80,"°F DB",65,null,75,null,85,null,90,null,95,null,105,null,115]
["CFM","EWB†\n˚F","Capacity Mbtuh",null,"Capacity Mbtuh",null,"Capacity Mbtuh",null,"Capacity Mbtuh",null,"Capacity Mbtuh",null,"Capacity Mbtuh",null,"Capacity Mbtuh"]
[null,null,"Total","Sens.","Total","Sens.","Total","Sens.","Total","Sens.","Total","Sens.","Total","Sens.","Total","Sens."]
[null,null,null,null,null,null,null,null,null,null,null,null,null,null,null,null,null,"Total Factors",null,null,null,null,null,null,"Sens. %",null,null,null,null,null,null,"IDB Adj",null,null,null,null,null,null,"Sens Calc"]
[1400,72,{"$f":"R8*$K$13","v":22.347305389221557},{"$f":"IF(AM8>C8,C8,AM8)","v":11.251560402369812},{"$f":"S8*$K$13","v":21.305389221556887},{"$f":"IF(AN8>E8,E8,AN8)","v":10.882022330698943},{"$f":"T8*$K$13","v":20.263473053892216},{"$f":"IF(AO8>G8,G8,AO8)","v":10.512622123334413},{"$f":"U8*$K$13","v":19.742514970059879},{"$f":"IF(AP8>I8,I8,AP8)","v":10.330323663494191},{"$f":"V8*$K$13","v":19.221556886227546},{"$f":"IF(AQ8>K8,K8,AQ8)","v":10.143382414291249},{"$f":"W8*$K$13","v":18.143712574850298},{"$f":"IF(AR8>M8,M8,AR8)","v":9.7550142192021259},{"$f":"X8*$K$13","v":17.101796407185628},{"$f":"IF(AS8>O8,O8,AS8)","v":9.3857848096728933},null,1.2415169660678642,1.1836327345309381,1.125748502994012,1.0968063872255489,1.0678642714570858,1.0079840319361277,0.95009980039920161,0.50348622379307573,0.51076383620762322,0.51879665915982476,0.5232526696401365,0.52770868012044814,0.53765259888011718,0.54881864958521476,{"$f":"IF(Y8<0.9,0.9,Y8*-3.6846+4.1276)","v":0.9},{"$f":"IF(Z8<0.9,0.9,Z8*-3.6846+4.1276)","v":0.9},0.9,0.9,0.9,0.9,0.9,{"$f":"Y8*C8+($A$4-80)*AF8*$A$8/1000","v":11.251560402369812},{"$f":"Z8*E8+($A$4-80)*AG8*$A$8/1000","v":10.882022330698943},{"$f":"AA8*G8+($A$4-80)*AH8*$A$8/1000","v":10.512622123334413},{"$f":"AB8*I8+($A$4-80)*AI8*$A$8/1000","v":10.330323663494191},{"$f":"AC8*K8+($A$4-80)*AJ8*$A$8/1000","v":10.143382414291249},{"$f":"AD8*M8+($A$4-80)*AK8*$A$8/1000","v":9.7550142192021259},{"$f":"AE8*O8+($A$4-80)*AL8*$A$8/1000","v":9.3857848096728933}]
[null,67,20.802395209580837,14.380092396587708,19.760479041916167,{"$f":"IF(AN9>E9,E9,AN9)","v":13.930136021427112},18.754491017964071,{"$f":"IF(AO9>G9,G9,AO9)","v":13.505389221556886},18.251497005988021,{"$f":"IF(AP9>I9,I9,AP9)","v":13.297487463469759},{"$f":"V9*$K$13","v":17.748502994011975},{"$f":"IF(AQ9>K9,K9,AQ9)","v":13.081080333559211},16.706586826347305,{"$f":"IF(AR9>M9,M9,AR9)","v":12.630127930880565},15.700598802395209,{"$f":"IF(AS9>O9,O9,AS9)","v":12.206185897673134},null,1.1556886227544909,1.0978043912175648,1.0419161676646707,1.0139720558882235,0.98602794411177641,0.92814371257485029,0.87225548902195604,0.69127099315778562,0.70494930775100839,0.72011494252873565,0.72856968713892722,0.7370244317491188,0.75599690482331705,0.77743441834912785,{"$f":"IF(Y9<0.9,0.9,Y9*-3.6846+4.1276)","v":0.9},0.9,0.9,0.9,0.9,0.9,0.9,{"$f":"Y9*C9+($A$4-80)*AF9*$A$8/1000","v":14.380092396587708},{"$f":"Z9*E9+($A$4-80)*AG9*$A$8/1000","v":13.930136021427112},{"$f":"AA9*G9+($A$4-80)*AH9*$A$8/1000","v":13.505389221556886},{"$f":"AB9*I9+($A$4-80)*AI9*$A$8/1000","v":13.297487463469759},{"$f":"AC9*K9+($A$4-80)*AJ9*$A$8/1000","v":13.081080333559211},{"$f":"AD9*M9+($A$4-80)*AK9*$A$8/1000","v":12.630127930880565},{"$f":"AE9*O9+($A$4-80)*AL9*$A$8/1000","v":12.206185897673134}]
[null,62,19.185628742514968,16.874877425979189,18.287425149700599,16.442970614616861,17.353293413173652,15.978853372623774,16.886227544910181,15.752061542266537,{"$f":"V10*$K$13","v":16.419161676646706},15.514024389525611,15.520958083832335,15.08327224047922,14.586826347305388,14.586826347305388,null,1.0658682634730539,1.0159680638722555,0.9640718562874252,0.93812375249501001,0.91217564870259482,0.86227544910179643,0.81037924151696605,0.87955821789591915,0.89914082928651473,0.9207965884155177,0.93283485019805368,0.94487311198058976,0.97180033339507321,1,0.9,0.9,0.73483289032418364,0.69047671096025143,0.64612053159631921,0.54690449157251342,0.44300000000000006,16.874877425979189,{"$f":"Z10*E10+($A$4-80)*AG10*$A$8/1000","v":16.442970614616861},{"$f":"AA10*G10+($A$4-80)*AH10*$A$8/1000","v":15.978853372623774},15.752061542266537,15.514024389525611,15.08327224047922,14.586826347305388]
[null,57,18.682634730538922,18.682634730538922,17.928143712574851,17.928143712574851,17.17365269461078,17.17365269461078,16.796407185628741,16.796407185628741,{"$f":"V11*$K$13","v":16.419161676646706},16.419161676646706,15.700598802395209,15.700598802395209,14.946107784431137,14.946107784431137,null,1.0379241516966067,0.99600798403193613,0.95409181636726548,0.93313373253493015,0.91217564870259482,0.87225548902195604,0.83033932135728539,1,1,1,1,1,1,1,0.44300000000000006,0.44300000000000006,0.44300000000000006,0.44300000000000006,0.44300000000000006,0.44300000000000006,0.44300000000000006,18.682634730538922,{"$f":"Z11*E11+($A$4-80)*AG11*$A$8/1000","v":17.928143712574851},{"$f":"AA11*G11+($A$4-80)*AH11*$A$8/1000","v":17.17365269461078},{"$f":"AB11*I11+($A$4-80)*AI11*$A$8/1000","v":16.796407185628741},16.419161676646706,15.700598802395209,14.946107784431137]
[1600,72,22.742514970059883,11.847740961033079,21.62874251497006,11.459825820111144,20.550898203592816,11.090838323353292,20.011976047904191,10.90941437067425,{"$f":"V12*$K$13","v":19.473053892215567},10.722097076362534,18.359281437125752,10.333423933218558,17.281437125748504,9.964822771247178,null,1.2634730538922156,1.2015968063872255,1.1417165668662674,1.1117764471057885,1.0818363273453093,1.0199600798403194,0.96007984031936133,0.52095122182530906,0.52984244517125167,0.53967657342657338,0.54514428483022137,0.55061199623386936,0.56284468259866238,0.57662002868963225,0.9,0.9,0.9,0.9,0.9,0.9,0.9,{"$f":"Y12*C12+($A$4-80)*AF12*$A$12/1000","v":11.847740961033079},{"$f":"Z12*E12+($A$4-80)*AG12*$A$12/1000","v":11.459825820111144},{"$f":"AA12*G12+($A$4-80)*AH12*$A$12/1000","v":11.090838323353292},{"$f":"AB12*I12+($A$4-80)*AI12*$A$12/1000","v":10.90941437067425},{"$f":"AC12*K12+($A$4-80)*AJ12*$A$12/1000","v":10.722097076362534},{"$f":"AD12*M12+($A$4-80)*AK12*$A$12/1000","v":10.333423933218558},{"$f":"AE12*O12+($A$4-80)*AL12*$A$12/1000","v":9.964822771247178}]
[null,67,21.161676646706585,14.971270905849391,20.119760479041915,14.539228218569562,19.04191616766467,14.081104602075674,18.520958083832333,13.870178253668502,18,13.64944583125312,16.922155688622755,13.190377873721106,15.880239520958083,12.759167895682783,null,1.1756487025948104,1.1177644710578842,1.0578842315369261,1.0289421157684631,1,0.94011976047904189,0.88223552894211577,0.707470922828763,0.72263425967295147,0.73947939262472884,0.74889096940272881,0.7583025461807289,0.77947385170255645,0.80346193008258848,0.9,0.9,0.9,0.9,0.9,0.9,0.9,{"$f":"Y13*C13+($A$4-80)*AF13*$A$12/1000","v":14.971270905849391},{"$f":"Z13*E13+($A$4-80)*AG13*$A$12/1000","v":14.539228218569562},{"$f":"AA13*G13+($A$4-80)*AH13*$A$12/1000","v":14.081104602075674},{"$f":"AB13*I13+($A$4-80)*AI13*$A$12/1000","v":13.870178253668502},{"$f":"AC13*K13+($A$4-80)*AJ13*$A$12/1000","v":13.64944583125312},{"$f":"AD13*M13+($A$4-80)*AK13*$A$12/1000","v":13.190377873721106},{"$f":"AE13*O13+($A$4-80)*AL13*$A$12/1000","v":12.759167895682783}]
[null,62,19.473053892215567,17.999943957096558,18.646706586826348,17.665187524069427,17.820359281437124,17.329902206366494,17.425149700598801,17.185359699178182,{"$f":"V14*$K$13","v":17.029940119760479},17.029940119760479,16.203592814371259,16.203592814371259,15.377245508982037,15.377245508982037,null,1.0818363273453093,1.0359281437125749,0.99001996007984028,0.96806387225548907,0.94610778443113774,0.90019960079840322,0.8542914171656687,0.92435136557045683,0.94736233671149472,0.97247771117715209,0.98623885558857605,1,1,1,0.72173495841909485,0.63694873415282682,0.54440862539666535,0.4937043126983327,0.44300000000000006,0.44300000000000006,0.44300000000000006,17.999943957096558,{"$f":"Z14*E14+($A$4-80)*AG14*$A$12/1000","v":17.665187524069427},{"$f":"AA14*G14+($A$4-80)*AH14*$A$12/1000","v":17.329902206366494},17.185359699178182,17.029940119760479,16.203592814371259,15.377245508982037]
[null,57,19.401197604790418,19.401197604790418,18.574850299401199,18.574850299401199,17.78443113772455,17.78443113772455,17.389221556886227,17.389221556886227,16.994011976047904,16.994011976047904,16.203592814371259,16.203592814371259,15.41317365269461,15.41317365269461,null,1.0778443113772456,1.0319361277445109,0.9880239520958084,0.96606786427145708,0.94411177644710575,0.90019960079840322,0.85628742514970058,1,1,1,1,1,1,1,0.44300000000000006,0.44300000000000006,0.44300000000000006,0.44300000000000006,0.44300000000000006,0.44300000000000006,0.44300000000000006,19.401197604790418,{"$f":"Z15*E15+($A$4-80)*AG15*$A$12/1000","v":18.574850299401199},{"$f":"AA15*G15+($A$4-80)*AH15*$A$12/1000","v":17.78443113772455},17.389221556886227,16.994011976047904,16.203592814371259,15.41317365269461]
[1800,72,22.994011976047904,12.467600726340077,21.880239520958082,12.035029792655699,20.766467065868266,11.602292920103171,20.227544910179638,11.398633240526596,19.688622754491018,11.189781488789061,18.574850299401199,10.757009596418712,17.461077844311376,10.324014907248438,null,1.2774451097804391,1.215568862275449,1.1536926147704591,1.12375249500998,1.093812375249501,1.0319361277445109,0.97005988023952094,0.54221076075489394,0.55004104416351995,0.55870326345364163,0.56352035262520483,0.56833744179676804,0.57911689316632009,0.59125874125874123,0.9,0.9,0.9,0.9,0.9,0.9,0.9,{"$f":"Y16*C16+($A$4-80)*AF16*$A$16/1000","v":12.467600726340077},{"$f":"Z16*E16+($A$4-80)*AG16*$A$16/1000","v":12.035029792655699},{"$f":"AA16*G16+($A$4-80)*AH16*$A$16/1000","v":11.602292920103171},{"$f":"AB16*I16+($A$4-80)*AI16*$A$16/1000","v":11.398633240526596},{"$f":"AC16*K16+($A$4-80)*AJ16*$A$16/1000","v":11.189781488789061},{"$f":"AD16*M16+($A$4-80)*AK16*$A$16/1000","v":10.757009596418712},{"$f":"AE16*O16+($A$4-80)*AL16*$A$16/1000","v":10.324014907248438}]
[null,67,21.41317365269461,15.704396174155491,20.335329341317369,15.311864819978366,19.257485029940121,14.918849964406851,18.736526946107787,14.742736131974761,18.21556886227545,14.553972713107482,17.137724550898202,14.16069578148854,16.059880239520957,13.766740198165515,null,1.1896207584830338,1.1297405189620759,1.0698602794411178,1.0409181636726548,1.0119760479041917,0.95209580838323349,0.89221556886227549,0.73339881462079615,0.75296861747243427,0.77470396270396269,0.78684465773083567,0.79898535275770854,0.82628797886393657,0.8572131294159735,0.9,0.9,0.9,0.9,0.9,0.9,0.9,{"$f":"Y17*C17+($A$4-80)*AF17*$A$16/1000","v":15.704396174155491},{"$f":"Z17*E17+($A$4-80)*AG17*$A$16/1000","v":15.311864819978366},{"$f":"AA17*G17+($A$4-80)*AH17*$A$16/1000","v":14.918849964406851},{"$f":"AB17*I17+($A$4-80)*AI17*$A$16/1000","v":14.742736131974761},{"$f":"AC17*K17+($A$4-80)*AJ17*$A$16/1000","v":14.553972713107482},{"$f":"AD17*M17+($A$4-80)*AK17*$A$16/1000","v":14.16069578148854},{"$f":"AE17*O17+($A$4-80)*AL17*$A$16/1000","v":13.766740198165515}]
[null,62,19.688622754491018,19.279293261946293,18.934131736526947,18.661478515231813,18.21556886227545,18.079099084008298,17.838323353293411,17.771501612751358,17.461077844311376,17.461077844311376,16.706586826347305,16.706586826347305,15.988023952095809,15.988023952095809,null,1.093812375249501,1.0518962075848304,1.0119760479041917,0.99101796407185627,0.97005988023952094,0.92814371257485029,0.88822355289421162,0.97920984633364683,0.98559990893223037,0.9925080693719216,0.99625403468596074,1,1,1,0.51960340019904505,0.49605857554830424,0.47060476759221759,0.45680238379610927,0.44300000000000006,0.44300000000000006,0.44300000000000006,19.279293261946293,{"$f":"Z18*E18+($A$4-80)*AG18*$A$16/1000","v":18.661478515231813},{"$f":"AA18*G18+($A$4-80)*AH18*$A$16/1000","v":18.079099084008298},17.771501612751358,17.461077844311376,16.706586826347305,15.988023952095809]
[null,57,19.976047904191617,19.976047904191617,19.113772455089823,19.113772455089823,18.287425149700599,18.287425149700599,17.856287425149702,17.856287425149702,17.425149700598801,17.425149700598801,16.598802395209582,16.598802395209582,15.736526946107784,15.736526946107784,null,1.1097804391217565,1.0618762475049901,1.0159680638722555,0.99201596806387227,0.96806387225548907,0.92215568862275454,0.87425149700598803,1,1,1,1,1,1,1,0.44300000000000006,0.44300000000000006,0.44300000000000006,0.44300000000000006,0.44300000000000006,0.44300000000000006,0.44300000000000006,19.976047904191617,{"$f":"Z19*E19+($A$4-80)*AG19*$A$16/1000","v":19.113772455089823},{"$f":"AA19*G19+($A$4-80)*AH19*$A$16/1000","v":18.287425149700599},17.856287425149702,17.425149700598801,16.598802395209582,15.736526946107784]

{"sheet":"4AC13L_60","index":9,"n_rows":19,"n_cols":45,"rows_kept":19,"cut":false,"hidden":true,"merged":[[130,0,133,0],[120,12,121,12],[120,13,121,13],[120,14,121,14],[120,15,121,15],[122,0,125,0],[126,0,129,0],[119,12,119,13],[119,14,119,15],[120,4,121,4],[120,5,121,5],[120,6,121,6],[120,7,121,7],[120,8,121,8],[120,9,121,9],[120,10,121,10],[120,11,121,11],[119,0,121,0],[119,1,121,1],[119,4,119,5],[119,6,119,7],[119,8,119,9],[119,10,119,11],[111,0,114,0],[117,0,118,1],[117,4,117,15],[118,4,118,5],[118,6,118,7],[118,8,118,9],[118,10,118,11],[118,12,118,13],[118,14,118,15],[101,12,102,12],[101,13,102,13],[101,14,102,14],[101,15,102,15],[103,0,106,0],[107,0,110,0],[100,12,100,13],[100,14,100,15],[101,4,102,4],[101,5,102,5],[101,6,102,6],[101,7,102,7],[101,8,102,8],[101,9,102,9],[101,10,102,10],[101,11,102,11],[100,0,102,0],[100,1,102,1],[100,4,100,5],[100,6,100,7],[100,8,100,9],[100,10,100,11],[92,0,95,0],[98,0,99,1],[98,4,98,15],[99,4,99,5],[99,6,99,7],[99,8,99,9],[99,10,99,11],[99,12,99,13],[99,14,99,15],[82,12,83,12],[82,13,83,13],[82,14,83,14],[82,15,83,15],[84,0,87,0],[88,0,91,0],[81,12,81,13],[81,14,81,15],[82,4,83,4],[82,5,83,5],[82,6,83,6],[82,7,83,7],[82,8,83,8],[82,9,83,9],[82,10,83,10],[82,11,83,11],[81,0,83,0],[81,1,83,1],[81,4,81,5],[81,6,81,7],[81,8,81,9],[81,10,81,11],[73,0,76,0],[79,0,80,1],[79,4,79,15],[80,4,80,5],[80,6,80,7],[80,8,80,9],[80,10,80,11],[80,12,80,13],[80,14,80,15],[63,12,64,12],[63,13,64,13],[63,14,64,14],[63,15,64,15],[65,0,68,0],[69,0,72,0],[62,12,62,13],[62,14,62,15],[63,4,64,4],[63,5,64,5],[63,6,64,6],[63,7,64,7],[63,8,64,8],[63,9,64,9],[63,10,64,10],[63,11,64,11],[62,0,64,0],[62,1,64,1],[62,4,62,5],[62,6,62,7],[62,8,62,9],[62,10,62,11],[54,0,57,0],[60,0,61,1],[60,4,60,15],[61,4,61,5],[61,6,61,7],[61,8,61,9],[61,10,61,11],[61,12,61,13],[61,14,61,15],[44,12,45,12],[44,13,45,13],[44,14,45,14],[44,15,45,15],[46,0,49,0],[50,0,53,0],[43,12,43,13],[43,14,43,15],[44,4,45,4],[44,5,45,5],[44,6,45,6],[44,7,45,7],[44,8,45,8],[44,9,45,9],[44,10,45,10],[44,11,45,11],[43,0,45,0],[43,1,45,1],[43,4,43,5],[43,6,43,7],[43,8,43,9],[43,10,43,11],[35,0,38,0],[41,0,42,1],[41,4,41,15],[42,4,42,5],[42,6,42,7],[42,8,42,9],[42,10,42,11],[42,12,42,13],[42,14,42,15],[25,12,26,12],[25,13,26,13],[25,14,26,14],[25,15,26,15],[27,0,30,0],[31,0,34,0],[24,12,24,13],[24,14,24,15],[25,4,26,4],[25,5,26,5],[25,6,26,6],[25,7,26,7],[25,8,26,8],[25,9,26,9],[25,10,26,10],[25,11,26,11],[24,0,26,0],[24,1,26,1],[24,4,24,5],[24,6,24,7],[24,8,24,9],[24,10,24,11],[7,0,10,0],[11,0,14,0],[15,0,18,0],[22,4,22,15],[23,4,23,5],[23,6,23,7],[23,8,23,9],[23,10,23,11],[23,12,23,13],[23,14,23,15],[5,10,6,10],[5,11,6,11],[5,12,6,12],[5,13,6,13],[5,14,6,14],[5,15,6,15],[4,10,4,11],[4,12,4,13],[4,14,4,15],[5,2,6,2],[5,3,6,3],[5,4,6,4],[5,5,6,5],[5,6,6,6],[5,7,6,7],[5,8,6,8],[4,0,6,0],[4,1,6,1],[4,2,4,3],[4,4,4,5],[4,6,4,7],[4,8,4,9],[5,9,6,9],[2,0,2,1],[2,2,2,15],[3,2,3,3],[3,4,3,5],[3,6,3,7],[3,8,3,9],[3,10,3,11],[3,12,3,13],[3,14,3,15]]}
[]
["4AC13L_60"]
["Evaporator Air \n",null,"Condenser  Entering Air Temperature ˚F"]
[80,"°F DB",65,null,75,null,85,null,90,null,95,null,105,null,115]
["CFM","EWB†\n˚F","Capacity Mbtuh",null,"Capacity Mbtuh",null,"Capacity Mbtuh",null,"Capacity Mbtuh",null,"Capacity Mbtuh",null,"Capacity Mbtuh",null,"Capacity Mbtuh"]
[null,null,"Total","Sens.","Total","Sens.","Total","Sens.","Total","Sens.","Total","Sens.","Total","Sens.","Total","Sens."]
[null,null,null,null,null,null,null,null,null,null,null,null,null,null,null,null,null,"Total Factors",null,null,null,null,null,null,"Sens. %",null,null,null,null,null,null,"IDB Adj",null,null,null,null,null,null,"Sens Calc"]
[1600,72,{"$f":"R8*$K$13","v":21.92568659127625},{"$f":"IF(AM8>C8,C8,AM8)","v":11.027059814017409},{"$f":"S8*$K$13","v":20.966074313408726},{"$f":"IF(AN8>E8,E8,AN8)","v":10.533626475133099},{"$f":"T8*$K$13","v":20.035541195476576},{"$f":"IF(AO8>G8,G8,AO8)","v":10.05479935656512},{"$f":"U8*$K$13","v":19.555735056542812},{"$f":"IF(AP8>I8,I8,AP8)","v":9.8079385655624574},{"$f":"V8*$K$13","v":19.075928917609044},{"$f":"IF(AQ8>K8,K8,AQ8)","v":9.5613756807011807},{"$f":"W8*$K$13","v":18.11631663974152},{"$f":"IF(AR8>M8,M8,AR8)","v":9.0679672618777261},{"$f":"X8*$K$13","v":17.18578352180937},{"$f":"IF(AS8>O8,O8,AS8)","v":8.5891098063090343},null,1.2180936995153473,1.1647819063004847,1.1130856219709209,1.0864297253634896,1.0597738287560581,1.0064620355411955,0.95476575121163165,0.50292882588246224,0.50241291324606163,0.50184815366181335,0.50153770938316078,0.5012272651045081,0.50054144240256038,0.49977993702813422,{"$f":"IF(Y8<0.9,0.9,Y8*-3.6846+4.1276)","v":0.9},{"$f":"IF(Z8<0.9,0.9,Z8*-3.6846+4.1276)","v":0.9},0.9,0.9,0.9,0.9,0.9,{"$f":"Y8*C8+($A$4-80)*AF8*$A$8/1000","v":11.027059814017409},{"$f":"Z8*E8+($A$4-80)*AG8*$A$8/1000","v":10.533626475133099},{"$f":"AA8*G8+($A$4-80)*AH8*$A$8/1000","v":10.05479935656512},{"$f":"AB8*I8+($A$4-80)*AI8*$A$8/1000","v":9.8079385655624574},{"$f":"AC8*K8+($A$4-80)*AJ8*$A$8/1000","v":9.5613756807011807},{"$f":"AD8*M8+($A$4-80)*AK8*$A$8/1000","v":9.0679672618777261},{"$f":"AE8*O8+($A$4-80)*AL8*$A$8/1000","v":8.5891098063090343}]
[null,67,20.471728594507272,13.723174524578445,19.453957996768985,{"$f":"IF(AN9>E9,E9,AN9)","v":13.365130475583097},18.436187399030697,{"$f":"IF(AO9>G9,G9,AO9)","v":13.006915695117593},17.94184168012924,{"$f":"IF(AP9>I9,I9,AP9)","v":12.843369362394265},{"$f":"V9*$K$13","v":17.447495961227787},{"$f":"IF(AQ9>K9,K9,AQ9)","v":12.669616442072471},16.429725363489499,{"$f":"IF(AR9>M9,M9,AR9)","v":12.311638027939683},15.411954765751211,{"$f":"IF(AS9>O9,O9,AS9)","v":11.953463831245561},null,1.137318255250404,1.0807754442649435,1.0242326332794831,0.99676898222940225,0.96930533117932149,0.91276252019386106,0.85621970920840063,0.67034761921670272,0.68701343334877396,0.70551006092514801,0.71583339053863226,0.72615672015211663,0.74935141979298558,0.77559686703784092,{"$f":"IF(Y9<0.9,0.9,Y9*-3.6846+4.1276)","v":0.9},0.9,0.9,0.9,0.9,0.9,0.9,{"$f":"Y9*C9+($A$4-80)*AF9*$A$8/1000","v":13.723174524578445},{"$f":"Z9*E9+($A$4-80)*AG9*$A$8/1000","v":13.365130475583097},{"$f":"AA9*G9+($A$4-80)*AH9*$A$8/1000","v":13.006915695117593},{"$f":"AB9*I9+($A$4-80)*AI9*$A$8/1000","v":12.843369362394265},{"$f":"AC9*K9+($A$4-80)*AJ9*$A$8/1000","v":12.669616442072471},{"$f":"AD9*M9+($A$4-80)*AK9*$A$8/1000","v":12.311638027939683},{"$f":"AE9*O9+($A$4-80)*AL9*$A$8/1000","v":11.953463831245561}]
[null,62,18.785137318255249,16.107130816102249,17.94184168012924,15.777744499063918,17.12762520193861,15.474378964373054,16.705977382875606,15.31540369203737,{"$f":"V10*$K$13","v":16.284329563812602},15.145223519514611,15.441033925686591,14.815814325505302,14.597738287560581,14.48610766917119,null,1.0436187399030694,0.99676898222940225,0.9515347334410339,0.92810985460420037,0.90468497576736673,0.85783521809369956,0.81098546042003228,0.85744014234324839,0.8793826620674019,0.90347487067976995,0.91676190749164799,0.93004894430352614,0.95950921400792866,0.99235288260479937,0.9,0.9,0.79865649149331963,0.74969907565627381,0.70074165981922754,0.59219235006638593,0.47117656875435632,16.107130816102249,{"$f":"Z10*E10+($A$4-80)*AG10*$A$8/1000","v":15.777744499063918},{"$f":"AA10*G10+($A$4-80)*AH10*$A$8/1000","v":15.474378964373054},15.31540369203737,15.145223519514611,14.815814325505302,14.48610766917119]
[null,57,18.203554119547658,18.203554119547658,17.563812600969307,17.563812600969307,16.924071082390952,16.924071082390952,16.604200323101779,16.604200323101779,{"$f":"V11*$K$13","v":16.284329563812602},16.284329563812602,15.644588045234249,15.644588045234249,15.004846526655896,15.004846526655896,null,1.0113085621970921,0.975767366720517,0.94022617124394181,0.92245557350565432,0.90468497576736673,0.86914378029079165,0.83360258481421645,1,1,1,1,1,1,1,0.44300000000000006,0.44300000000000006,0.44300000000000006,0.44300000000000006,0.44300000000000006,0.44300000000000006,0.44300000000000006,18.203554119547658,{"$f":"Z11*E11+($A$4-80)*AG11*$A$8/1000","v":17.563812600969307},{"$f":"AA11*G11+($A$4-80)*AH11*$A$8/1000","v":16.924071082390952},{"$f":"AB11*I11+($A$4-80)*AI11*$A$8/1000","v":16.604200323101779},16.284329563812602,15.644588045234249,15.004846526655896]
[1800,72,22.303715670436187,11.308531184273432,21.315024232633277,11.023407816396503,20.297253634894989,10.723217227061129,19.802907915993536,10.583835446010461,{"$f":"V12*$K$13","v":19.308562197092083},10.438373336584304,18.290791599353796,10.137770699376517,17.302100161550889,9.8532633735657384,null,1.2390953150242325,1.184168012924071,1.1276252019386106,1.1001615508885298,1.0726978998384491,1.0161550888529887,0.96122778675282716,0.50702454027707189,0.51716609355384535,0.52830877615017824,0.53445865076525334,0.54060852538032833,0.55425543745928851,0.56948366276724482,0.9,0.9,0.9,0.9,0.9,0.9,0.9,{"$f":"Y12*C12+($A$4-80)*AF12*$A$12/1000","v":11.308531184273432},{"$f":"Z12*E12+($A$4-80)*AG12*$A$12/1000","v":11.023407816396503},{"$f":"AA12*G12+($A$4-80)*AH12*$A$12/1000","v":10.723217227061129},{"$f":"AB12*I12+($A$4-80)*AI12*$A$12/1000","v":10.583835446010461},{"$f":"AC12*K12+($A$4-80)*AJ12*$A$12/1000","v":10.438373336584304},{"$f":"AD12*M12+($A$4-80)*AK12*$A$12/1000","v":10.137770699376517},{"$f":"AE12*O12+($A$4-80)*AL12*$A$12/1000","v":9.8532633735657384}]
[null,67,20.704361873990305,14.620661918393221,19.802907915993536,14.185416605599013,18.901453957996768,13.750215260879399,18.450726978998386,13.535402198443219,18,13.315064506741681,17.06946688206785,12.858067651072464,16.168012924071082,12.422605836184443,null,1.1502423263327948,1.1001615508885298,1.0500807754442649,1.0250403877221326,1,0.94830371567043614,0.89822294022617122,0.70616336824948545,0.7163299786968339,0.72746865354567081,0.73359722973788211,0.73972580593009341,0.75327880711847961,0.76834462555936955,0.9,0.9,0.9,0.9,0.9,0.9,0.9,{"$f":"Y13*C13+($A$4-80)*AF13*$A$12/1000","v":14.620661918393221},{"$f":"Z13*E13+($A$4-80)*AG13*$A$12/1000","v":14.185416605599013},{"$f":"AA13*G13+($A$4-80)*AH13*$A$12/1000","v":13.750215260879399},{"$f":"AB13*I13+($A$4-80)*AI13*$A$12/1000","v":13.535402198443219},{"$f":"AC13*K13+($A$4-80)*AJ13*$A$12/1000","v":13.315064506741681},{"$f":"AD13*M13+($A$4-80)*AK13*$A$12/1000","v":12.858067651072464},{"$f":"AE13*O13+($A$4-80)*AL13*$A$12/1000","v":12.422605836184443}]
[null,62,19.337641357027465,17.312665360148827,18.348949919224559,16.892130181414107,17.360258481421649,16.471834641332141,16.865912762520193,16.269650353246117,{"$f":"V14*$K$13","v":16.371567043618739},16.051822376189033,15.382875605815833,15.382875605815833,14.365105008077546,14.365105008077546,null,1.074313408723748,1.0193861066235865,0.96445880452342492,0.93699515347334406,0.9095315024232633,0.8546042003231018,0.79806138933764137,0.89528319615138874,0.92060473519064367,0.94882427349568166,0.96464689354974587,0.98046951360381018,1,1,0.9,0.73553979271655434,0.63156208187781138,0.57326205602660663,0.51496203017540099,0.44300000000000006,0.44300000000000006,17.312665360148827,{"$f":"Z14*E14+($A$4-80)*AG14*$A$12/1000","v":16.892130181414107},{"$f":"AA14*G14+($A$4-80)*AH14*$A$12/1000","v":16.471834641332141},16.269650353246117,16.051822376189033,15.382875605815833,14.365105008077546]
[null,57,18.901453957996768,18.901453957996768,18.203554119547658,18.203554119547658,17.534733441033925,17.534733441033925,17.200323101777059,17.200323101777059,16.865912762520193,16.865912762520193,16.168012924071082,16.168012924071082,15.499192245557349,15.499192245557349,null,1.0500807754442649,1.0113085621970921,0.97415185783521807,0.95557350565428112,0.93699515347334406,0.89822294022617122,0.8610662358642972,1,1,1,1,1,1,1,0.44300000000000006,0.44300000000000006,0.44300000000000006,0.44300000000000006,0.44300000000000006,0.44300000000000006,0.44300000000000006,18.901453957996768,{"$f":"Z15*E15+($A$4-80)*AG15*$A$12/1000","v":18.203554119547658},{"$f":"AA15*G15+($A$4-80)*AH15*$A$12/1000","v":17.534733441033925},17.200323101777059,16.865912762520193,16.168012924071082,15.499192245557349]
[2000,72,22.536348949919223,11.921604367185818,21.576736672051698,11.497762015837319,20.617124394184167,11.0738717155392,20.137318255250406,10.863015560537352,19.657512116316642,10.649926491550721,18.697899838449111,10.225917947453368,17.767366720516964,9.8179044668868318,null,1.2520193861066236,1.198707592891761,1.1453957996768982,1.1187399030694669,1.0920840064620356,1.0387722132471728,0.98707592891760909,0.52899448769089763,0.53287770947913293,0.53712009026161767,0.53944698210771125,0.54177387395380472,0.54690195347102433,0.55258072967839134,0.9,0.9,0.9,0.9,0.9,0.9,0.9,{"$f":"Y16*C16+($A$4-80)*AF16*$A$16/1000","v":11.921604367185818},{"$f":"Z16*E16+($A$4-80)*AG16*$A$16/1000","v":11.497762015837319},{"$f":"AA16*G16+($A$4-80)*AH16*$A$16/1000","v":11.0738717155392},{"$f":"AB16*I16+($A$4-80)*AI16*$A$16/1000","v":10.863015560537352},{"$f":"AC16*K16+($A$4-80)*AJ16*$A$16/1000","v":10.649926491550721},{"$f":"AD16*M16+($A$4-80)*AK16*$A$16/1000","v":10.225917947453368},{"$f":"AE16*O16+($A$4-80)*AL16*$A$16/1000","v":9.8179044668868318}]
[null,67,20.849757673667206,15.231022478270571,20.006462035541194,14.912269770033495,19.163166397415182,14.593429014354356,18.741518578352181,14.437678594402037,18.319870759289177,14.274488096976555,17.505654281098547,13.978652928156349,16.662358642972535,13.660084675415419,null,1.1583198707592892,1.1114701130856219,1.0646203554119547,1.0411954765751212,1.0177705977382876,0.97253634894991925,0.92568659127625197,0.73051316550825063,0.74537265727153856,0.76153537007969552,0.77035799068484279,0.77918061128999005,0.79852216339320592,0.81981698798547076,0.9,0.9,0.9,0.9,0.9,0.9,0.9,{"$f":"Y17*C17+($A$4-80)*AF17*$A$16/1000","v":15.231022478270571},{"$f":"Z17*E17+($A$4-80)*AG17*$A$16/1000","v":14.912269770033495},{"$f":"AA17*G17+($A$4-80)*AH17*$A$16/1000","v":14.593429014354356},{"$f":"AB17*I17+($A$4-80)*AI17*$A$16/1000","v":14.437678594402037},{"$f":"AC17*K17+($A$4-80)*AJ17*$A$16/1000","v":14.274488096976555},{"$f":"AD17*M17+($A$4-80)*AK17*$A$16/1000","v":13.978652928156349},{"$f":"AE17*O17+($A$4-80)*AL17*$A$16/1000","v":13.660084675415419}]
[null,62,19.395799676898221,18.300128908305073,18.610662358642973,17.880165591742486,17.825525040387721,17.460249675063839,17.432956381260098,17.254340898787287,17.040387722132472,17.040387722132472,16.255250403877223,16.255250403877223,15.470113085621971,15.470113085621971,null,1.0775444264943457,1.0339256865912763,0.99030694668820674,0.96849757673667203,0.94668820678513732,0.90306946688206791,0.85945072697899838,0.94350989457278378,0.96074848101463539,0.97950829697883968,0.98975414848941989,1,1,1,0.65114344245712097,0.58762614685347447,0.51850372895176733,0.48075186447588347,0.44300000000000006,0.44300000000000006,0.44300000000000006,18.300128908305073,{"$f":"Z18*E18+($A$4-80)*AG18*$A$16/1000","v":17.880165591742486},{"$f":"AA18*G18+($A$4-80)*AH18*$A$16/1000","v":17.460249675063839},17.254340898787287,17.040387722132472,16.255250403877223,15.470113085621971]
[null,57,19.279483037156702,19.279483037156702,18.756058158319874,18.756058158319874,18.203554119547658,18.203554119547658,17.927302100161551,17.927302100161551,17.651050080775445,17.651050080775445,17.12762520193861,17.12762520193861,16.575121163166397,16.575121163166397,null,1.0710823909531502,1.0420032310177707,1.0113085621970921,0.99596122778675278,0.98061389337641358,0.9515347334410339,0.92084006462035539,1,1,1,1,1,1,1,0.44300000000000006,0.44300000000000006,0.44300000000000006,0.44300000000000006,0.44300000000000006,0.44300000000000006,0.44300000000000006,19.279483037156702,{"$f":"Z19*E19+($A$4-80)*AG19*$A$16/1000","v":18.756058158319874},{"$f":"AA19*G19+($A$4-80)*AH19*$A$16/1000","v":18.203554119547658},17.927302100161551,17.651050080775445,17.12762520193861,16.575121163166397]

{"sheet":"4AC14L_18","index":10,"n_rows":19,"n_cols":45,"rows_kept":19,"cut":false,"hidden":true,"merged":[[2,0,2,1],[2,2,2,15],[3,2,3,3],[3,4,3,5],[3,6,3,7],[3,8,3,9],[3,10,3,11],[3,12,3,13],[3,14,3,15],[5,2,6,2],[5,3,6,3],[5,4,6,4],[5,5,6,5],[5,6,6,6],[5,7,6,7],[5,8,6,8],[4,0,6,0],[4,1,6,1],[4,2,4,3],[4,4,4,5],[4,6,4,7],[4,8,4,9],[5,9,6,9],[5,10,6,10],[5,11,6,11],[5,12,6,12],[5,13,6,13],[5,14,6,14],[5,15,6,15],[4,10,4,11],[4,12,4,13],[4,14,4,15],[7,0,10,0],[11,0,14,0],[15,0,18,0],[22,4,22,15],[23,4,23,5],[23,6,23,7],[23,8,23,9],[23,10,23,11],[23,12,23,13],[23,14,23,15],[25,12,26,12],[25,13,26,13],[25,14,26,14],[25,15,26,15],[27,0,30,0],[31,0,34,0],[24,12,24,13],[24,14,24,15],[25,4,26,4],[25,5,26,5],[25,6,26,6],[25,7,26,7],[25,8,26,8],[25,9,26,9],[25,10,26,10],[25,11,26,11],[24,0,26,0],[24,1,26,1],[24,4,24,5],[24,6,24,7],[24,8,24,9],[24,10,24,11],[35,0,38,0],[41,0,42,1],[41,4,41,15],[42,4,42,5],[42,6,42,7],[42,8,42,9],[42,10,42,11],[42,12,42,13],[42,14,42,15],[44,12,45,12],[44,13,45,13],[44,14,45,14],[44,15,45,15],[46,0,49,0],[50,0,53,0],[43,12,43,13],[43,14,43,15],[44,4,45,4],[44,5,45,5],[44,6,45,6],[44,7,45,7],[44,8,45,8],[44,9,45,9],[44,10,45,10],[44,11,45,11],[43,0,45,0],[43,1,45,1],[43,4,43,5],[43,6,43,7],[43,8,43,9],[43,10,43,11],[54,0,57,0],[60,0,61,1],[60,4,60,15],[61,4,61,5],[61,6,61,7],[61,8,61,9],[61,10,61,11],[61,12,61,13],[61,14,61,15],[63,12,64,12],[63,13,64,13],[63,14,64,14],[63,15,64,15],[65,0,68,0],[69,0,72,0],[62,12,62,13],[62,14,62,15],[63,4,64,4],[63,5,64,5],[63,6,64,6],[63,7,64,7],[63,8,64,8],[63,9,64,9],[63,10,64,10],[63,11,64,11],[62,0,64,0],[62,1,64,1],[62,4,62,5],[62,6,62,7],[62,8,62,9],[62,10,62,11],[73,0,76,0],[79,0,80,1],[79,4,79,15],[80,4,80,5],[80,6,80,7],[80,8,80,9],[80,10,80,11],[80,12,80,13],[80,14,80,15],[82,12,83,12],[82,13,83,13],[82,14,83,14],[82,15,83,15],[84,0,87,0],[88,0,91,0],[81,12,81,13],[81,14,81,15],[82,4,83,4],[82,5,83,5],[82,6,83,6],[82,7,83,7],[82,8,83,8],[82,9,83,9],[82,10,83,10],[82,11,83,11],[81,0,83,0],[81,1,83,1],[81,4,81,5],[81,6,81,7],[81,8,81,9],[81,10,81,11],[92,0,95,0],[98,0,99,1],[98,4,98,15],[99,4,99,5],[99,6,99,7],[99,8,99,9],[99,10,99,11],[99,12,99,13],[99,14,99,15],[101,12,102,12],[101,13,102,13],[101,14,102,14],[101,15,102,15],[103,0,106,0],[107,0,110,0],[100,12,100,13],[100,14,100,15],[101,4,102,4],[101,5,102,5],[101,6,102,6],[101,7,102,7],[101,8,102,8],[101,9,102,9],[101,10,102,10],[101,11,102,11],[100,0,102,0],[100,1,102,1],[100,4,100,5],[100,6,100,7],[100,8,100,9],[100,10,100,11],[111,0,114,0],[117,0,118,1],[117,4,117,15],[118,4,118,5],[118,6,118,7],[118,8,118,9],[118,10,118,11],[118,12,118,13],[118,14,118,15],[130,0,133,0],[120,12,121,12],[120,13,121,13],[120,14,121,14],[120,15,121,15],[122,0,125,0],[126,0,129,0],[119,12,119,13],[119,14,119,15],[120,4,121,4],[120,5,121,5],[120,6,121,6],[120,7,121,7],[120,8,121,8],[120,9,121,9],[120,10,121,10],[120,11,121,11],[119,0,121,0],[119,1,121,1],[119,4,119,5],[119,6,119,7],[119,8,119,9],[119,10,119,11]]}
[]
["4AC14L_18",18]
["Evaporator Air \n",null,"Condenser  Entering Air Temperature ˚F"]
[80,"°F DB",85,null,90,null,95,null,100,null,105,null,110,null,115]
["CFM","EWB†\n˚F","Capacity Mbtuh",null,"Capacity Mbtuh",null,"Capacity Mbtuh",null,"Capacity Mbtuh",null,"Capacity Mbtuh",null,"Capacity Mbtuh",null,"Capacity Mbtuh"]
[null,null,"Total","Sens.","Total","Sens.","Total","Sens.","Total","Sens.","Total","Sens.","Total","Sens.","Total","Sens."]
[null,null,null,null,null,null,null,null,null,null,null,null,null,null,null,null,null,"Total Factors",null,null,null,null,null,null,"Sens. %",null,null,null,null,null,null,"IDB Adj",null,null,null,null,null,null,"Sens Calc"]
[525,71,{"$f":"R8*$B$2","v":19.356783919597991},{"$f":"IF(AM8>C8,C8,AM8)","v":11.614070351758794},{"$f":"S8*$B$2","v":18.81407035175879},{"$f":"IF(AN8>E8,E8,AN8)","v":11.19437185929648},{"$f":"T8*$B$2","v":18.271356783919597},{"$f":"IF(AO8>G8,G8,AO8)","v":10.780100502512562},{"$f":"U8*$B$2","v":17.819095477386934},{"$f":"IF(AP8>I8,I8,AP8)","v":10.780552763819095},{"$f":"V8*$B$2","v":17.366834170854272},{"$f":"IF(AQ8>K8,K8,AQ8)","v":10.767437185929648},{"$f":"W8*$B$2","v":16.778894472361806},{"$f":"IF(AR8>M8,M8,AR8)","v":10.40291457286432},{"$f":"X8*$B$2","v":16.190954773869347},{"$f":"IF(AS8>O8,O8,AS8)","v":10.038391959798995},null,1.0753768844221105,1.0452261306532662,1.0150753768844221,0.98994974874371866,0.96482412060301515,0.93216080402010038,0.89949748743718594,0.6,0.59499999999999997,0.59,0.60499999999999998,0.62,0.62,0.62,{"$f":"IF(Y8<0.9,0.9,Y8*-3.6846+4.1276)","v":0.9},{"$f":"IF(Z8<0.9,0.9,Z8*-3.6846+4.1276)","v":0.9},0.9,0.9,0.9,0.9,0.9,{"$f":"Y8*C8+($A$4-80)*AF8*$A$8/1000","v":11.614070351758794},{"$f":"Z8*E8+($A$4-80)*AG8*$A$8/1000","v":11.19437185929648},{"$f":"AA8*G8+($A$4-80)*AH8*$A$8/1000","v":10.780100502512562},{"$f":"AB8*I8+($A$4-80)*AI8*$A$8/1000","v":10.780552763819095},{"$f":"AC8*K8+($A$4-80)*AJ8*$A$8/1000","v":10.767437185929648},{"$f":"AD8*M8+($A$4-80)*AK8*$A$8/1000","v":10.40291457286432},{"$f":"AE8*O8+($A$4-80)*AL8*$A$8/1000","v":10.038391959798995}]
[null,67,18.271356783919597,13.520804020100501,17.909547738693465,{"$f":"IF(AN9>E9,E9,AN9)","v":13.4321608040201},17.547738693467338,{"$f":"IF(AO9>G9,G9,AO9)","v":13.336281407035177},17.05025125628141,{"$f":"IF(AP9>I9,I9,AP9)","v":13.043442211055279},16.552763819095478,{"$f":"IF(AQ9>K9,K9,AQ9)","v":12.745628140703518},16.055276381909547,{"$f":"IF(AR9>M9,M9,AR9)","v":12.603391959798994},15.557788944723619,{"$f":"IF(AS9>O9,O9,AS9)","v":12.446231155778896},null,1.0150753768844221,0.99497487437185927,0.97487437185929648,0.94723618090452277,0.91959798994974884,0.89195979899497491,0.86432160804020108,0.74,0.75,0.76,0.76500000000000001,0.77,0.78500000000000003,0.8,{"$f":"IF(Y9<0.9,0.9,Y9*-3.6846+4.1276)","v":0.9},0.9,0.9,0.9,0.9,0.9,0.9,{"$f":"Y9*C9+($A$4-80)*AF9*$A$8/1000","v":13.520804020100501},{"$f":"Z9*E9+($A$4-80)*AG9*$A$8/1000","v":13.4321608040201},{"$f":"AA9*G9+($A$4-80)*AH9*$A$8/1000","v":13.336281407035177},{"$f":"AB9*I9+($A$4-80)*AI9*$A$8/1000","v":13.043442211055279},{"$f":"AC9*K9+($A$4-80)*AJ9*$A$8/1000","v":12.745628140703518},{"$f":"AD9*M9+($A$4-80)*AK9*$A$8/1000","v":12.603391959798994},{"$f":"AE9*O9+($A$4-80)*AL9*$A$8/1000","v":12.446231155778896}]
[null,65,17.8643216080402,14.559422110552761,17.457286432160807,14.445904522613068,17.05025125628141,14.322211055276385,16.597989949748747,14.066796482412064,16.145728643216085,13.804597989949752,15.648241206030153,13.613969849246233,15.150753768844222,13.408417085427137,null,0.99246231155778897,0.96984924623115587,0.94723618090452277,0.92211055276381926,0.89698492462311574,0.86934673366834181,0.84170854271356788,0.81499999999999995,0.82750000000000001,0.84000000000000008,0.84750000000000003,0.85499999999999998,0.87,0.88500000000000001,0.9,0.9,0.9,0.9,0.9,0.9,0.9,14.559422110552761,{"$f":"Z10*E10+($A$4-80)*AG10*$A$8/1000","v":14.445904522613068},{"$f":"AA10*G10+($A$4-80)*AH10*$A$8/1000","v":14.322211055276385},14.066796482412064,13.804597989949752,13.613969849246233,13.408417085427137]
[null,63,17.457286432160807,15.536984924623118,17.005025125628144,15.389547738693471,16.552763819095478,15.22854271356784,16.145728643216085,15.015527638190958,15.738693467336685,14.794371859296483,15.241206030150757,14.555351758793972,14.743718592964825,14.301407035175879,null,0.96984924623115587,0.94472361809045236,0.91959798994974884,0.89698492462311574,0.87437185929648242,0.84673366834170871,0.81909547738693478,0.89,0.90500000000000003,0.92,0.92999999999999994,0.94,0.95499999999999996,0.97,0.9,0.79303699999999999,0.73776799999999998,0.70092200000000027,0.66407600000000011,0.6088070000000001,0.55353800000000009,15.536984924623118,{"$f":"Z11*E11+($A$4-80)*AG11*$A$8/1000","v":15.389547738693471},{"$f":"AA11*G11+($A$4-80)*AH11*$A$8/1000","v":15.22854271356784},{"$f":"AB11*I11+($A$4-80)*AI11*$A$8/1000","v":15.015527638190958},14.794371859296483,14.555351758793972,14.301407035175879]
[600,71,19.899497487437188,12.138693467336685,19.356783919597991,12.001206030150755,18.814070351758794,11.85286432160804,18.2713567839196,11.510954773869349,17.728643216080403,11.169045226130654,17.231155778894475,11.114095477386936,16.733668341708544,11.04422110552764,null,1.1055276381909549,1.0753768844221105,1.0452261306532664,1.0150753768844223,0.98492462311557805,0.95728643216080411,0.92964824120603018,0.61,0.62,0.63,0.63,0.63,0.64500000000000002,0.66,0.9,0.9,0.9,0.9,0.9,0.9,0.9,{"$f":"Y12*C12+($A$4-80)*AF12*$A$12/1000","v":12.138693467336685},{"$f":"Z12*E12+($A$4-80)*AG12*$A$12/1000","v":12.001206030150755},{"$f":"AA12*G12+($A$4-80)*AH12*$A$12/1000","v":11.85286432160804},{"$f":"AB12*I12+($A$4-80)*AI12*$A$12/1000","v":11.510954773869349},{"$f":"AC12*K12+($A$4-80)*AJ12*$A$12/1000","v":11.169045226130654},{"$f":"AD12*M12+($A$4-80)*AK12*$A$12/1000","v":11.114095477386936},{"$f":"AE12*O12+($A$4-80)*AL12*$A$12/1000","v":11.04422110552764}]
[null,67,18.994974874371863,14.436180904522615,18.497487437185928,14.335552763819095,18,14.22,17.502512562814072,14.002010050251258,17.005025125628144,13.774070351758798,16.462311557788947,13.499095477386938,15.919597989949752,13.213266331658293,null,1.0552763819095479,1.0276381909547738,1,0.97236180904522629,0.94472361809045236,0.91457286432160823,0.88442211055276398,0.76,0.77500000000000002,0.79,0.8,0.81,0.82000000000000006,0.83,0.9,0.9,0.9,0.9,0.9,0.9,0.9,{"$f":"Y13*C13+($A$4-80)*AF13*$A$12/1000","v":14.436180904522615},{"$f":"Z13*E13+($A$4-80)*AG13*$A$12/1000","v":14.335552763819095},{"$f":"AA13*G13+($A$4-80)*AH13*$A$12/1000","v":14.22},{"$f":"AB13*I13+($A$4-80)*AI13*$A$12/1000","v":14.002010050251258},{"$f":"AC13*K13+($A$4-80)*AJ13*$A$12/1000","v":13.774070351758798},{"$f":"AD13*M13+($A$4-80)*AK13*$A$12/1000","v":13.499095477386938},{"$f":"AE13*O13+($A$4-80)*AL13*$A$12/1000","v":13.213266331658293}]
[null,65,18.497487437185928,15.722864321608037,18.022613065326631,15.544503768844221,17.547738693467338,15.35427135678392,17.05025125628141,15.132097989949751,16.552763819095478,14.89748743718593,16.055276381909547,14.570163316582914,15.557788944723622,14.235376884422115,null,1.0276381909547738,1.0012562814070352,0.97487437185929648,0.94723618090452277,0.91959798994974884,0.89195979899497491,0.86432160804020119,0.85,0.86250000000000004,0.875,0.88749999999999996,0.9,0.90749999999999997,0.91500000000000004,0.9,0.9,0.9,0.9,0.81145999999999985,0.78382550000000029,0.75619099999999984,15.722864321608037,{"$f":"Z14*E14+($A$4-80)*AG14*$A$12/1000","v":15.544503768844221},{"$f":"AA14*G14+($A$4-80)*AH14*$A$12/1000","v":15.35427135678392},15.132097989949751,14.89748743718593,14.570163316582914,14.235376884422115]
[null,63,18,16.919999999999998,17.547738693467338,16.67035175879397,17.095477386934675,16.411658291457286,16.597989949748747,16.183040201005028,16.100502512562816,15.939497487437187,15.648241206030153,15.570000000000002,15.195979899497489,15.195979899497489,null,1,0.97487437185929648,0.94974874371859297,0.92211055276381926,0.89447236180904532,0.86934673366834181,0.84422110552763829,0.94,0.95,0.96,0.97499999999999998,0.99,0.995,1,0.66407600000000011,0.6272300000000004,0.59038400000000024,0.53511500000000023,0.47984600000000022,0.46142299999999992,0.44300000000000006,16.919999999999998,{"$f":"Z15*E15+($A$4-80)*AG15*$A$12/1000","v":16.67035175879397},{"$f":"AA15*G15+($A$4-80)*AH15*$A$12/1000","v":16.411658291457286},16.183040201005028,15.939497487437187,15.570000000000002,15.195979899497489]
[675,71,20.261306532663315,12.967236180904521,19.809045226130653,12.776834170854272,19.356783919597991,12.581909547738695,18.81407035175879,12.323216080402007,18.271356783919597,12.059095477386935,17.683417085427134,11.847889447236181,17.095477386934675,11.624924623115581,null,1.1256281407035176,1.1005025125628141,1.0753768844221105,1.0452261306532662,1.0150753768844221,0.98241206030150752,0.94974874371859297,0.64,0.64500000000000002,0.65,0.65500000000000003,0.66,0.67,0.68,0.9,0.9,0.9,0.9,0.9,0.9,0.9,{"$f":"Y16*C16+($A$4-80)*AF16*$A$16/1000","v":12.967236180904521},{"$f":"Z16*E16+($A$4-80)*AG16*$A$16/1000","v":12.776834170854272},{"$f":"AA16*G16+($A$4-80)*AH16*$A$16/1000","v":12.581909547738695},{"$f":"AB16*I16+($A$4-80)*AI16*$A$16/1000","v":12.323216080402007},{"$f":"AC16*K16+($A$4-80)*AJ16*$A$16/1000","v":12.059095477386935},{"$f":"AD16*M16+($A$4-80)*AK16*$A$16/1000","v":11.847889447236181},{"$f":"AE16*O16+($A$4-80)*AL16*$A$16/1000","v":11.624924623115581}]
[null,67,19.356783919597991,15.485427135678393,18.904522613065325,15.312663316582913,18.452261306532662,15.130854271356782,17.909547738693465,14.864924623115575,17.366834170854272,14.588140703517588,16.778894472361806,14.345954773869344,16.190954773869347,14.086130653266332,null,1.0753768844221105,1.050251256281407,1.0251256281407035,0.99497487437185927,0.96482412060301515,0.93216080402010038,0.89949748743718594,0.8,0.81,0.82,0.83,0.84,0.85499999999999998,0.87,0.9,0.9,0.9,0.9,0.9,0.9,0.9,{"$f":"Y17*C17+($A$4-80)*AF17*$A$16/1000","v":15.485427135678393},{"$f":"Z17*E17+($A$4-80)*AG17*$A$16/1000","v":15.312663316582913},{"$f":"AA17*G17+($A$4-80)*AH17*$A$16/1000","v":15.130854271356782},{"$f":"AB17*I17+($A$4-80)*AI17*$A$16/1000","v":14.864924623115575},{"$f":"AC17*K17+($A$4-80)*AJ17*$A$16/1000","v":14.588140703517588},{"$f":"AD17*M17+($A$4-80)*AK17*$A$16/1000","v":14.345954773869344},{"$f":"AE17*O17+($A$4-80)*AL17*$A$16/1000","v":14.086130653266332}]
[null,65,18.904522613065325,16.825025125628141,18.429648241206031,16.586683417085428,17.954773869346738,16.338844221105528,17.457286432160807,15.973417085427137,16.959798994974875,15.603015075376884,16.439698492462313,15.247820351758795,15.919597989949752,14.884824120603019,null,1.050251256281407,1.0238693467336684,0.9974874371859298,0.96984924623115587,0.94221105527638194,0.91331658291457296,0.88442211055276398,0.89,0.89999999999999991,0.90999999999999992,0.91499999999999992,0.91999999999999993,0.92749999999999999,0.93500000000000005,0.9,0.81146000000000029,0.77461400000000058,0.75619100000000028,0.73776800000000042,0.71013349999999997,0.68249899999999997,16.825025125628141,{"$f":"Z18*E18+($A$4-80)*AG18*$A$16/1000","v":16.586683417085428},{"$f":"AA18*G18+($A$4-80)*AH18*$A$16/1000","v":16.338844221105528},15.973417085427137,15.603015075376884,15.247820351758795,14.884824120603019]
[null,63,18.452261306532662,18.083216080402011,17.954773869346738,17.77522613065327,17.457286432160807,17.457286432160807,17.005025125628144,17.005025125628144,16.552763819095478,16.552763819095478,16.100502512562816,16.100502512562816,15.648241206030153,15.648241206030153,null,1.0251256281407035,0.9974874371859298,0.96984924623115587,0.94472361809045236,0.91959798994974884,0.89447236180904532,0.86934673366834181,0.98,0.99,1,1,1,1,1,0.51669199999999993,0.47984600000000022,0.44300000000000006,0.44300000000000006,0.44300000000000006,0.44300000000000006,0.44300000000000006,18.083216080402011,{"$f":"Z19*E19+($A$4-80)*AG19*$A$16/1000","v":17.77522613065327},{"$f":"AA19*G19+($A$4-80)*AH19*$A$16/1000","v":17.457286432160807},17.005025125628144,16.552763819095478,16.100502512562816,15.648241206030153]

{"sheet":"4AC14L_24","index":11,"n_rows":19,"n_cols":45,"rows_kept":19,"cut":false,"hidden":true,"merged":[[2,0,2,1],[2,2,2,15],[3,2,3,3],[3,4,3,5],[3,6,3,7],[3,8,3,9],[3,10,3,11],[3,12,3,13],[3,14,3,15],[5,2,6,2],[5,3,6,3],[5,4,6,4],[5,5,6,5],[5,6,6,6],[5,7,6,7],[5,8,6,8],[4,0,6,0],[4,1,6,1],[4,2,4,3],[4,4,4,5],[4,6,4,7],[4,8,4,9],[5,9,6,9],[5,10,6,10],[5,11,6,11],[5,12,6,12],[5,13,6,13],[5,14,6,14],[5,15,6,15],[4,10,4,11],[4,12,4,13],[4,14,4,15],[7,0,10,0],[11,0,14,0],[15,0,18,0],[22,4,22,15],[23,4,23,5],[23,6,23,7],[23,8,23,9],[23,10,23,11],[23,12,23,13],[23,14,23,15],[25,12,26,12],[25,13,26,13],[25,14,26,14],[25,15,26,15],[27,0,30,0],[31,0,34,0],[24,12,24,13],[24,14,24,15],[25,4,26,4],[25,5,26,5],[25,6,26,6],[25,7,26,7],[25,8,26,8],[25,9,26,9],[25,10,26,10],[25,11,26,11],[24,0,26,0],[24,1,26,1],[24,4,24,5],[24,6,24,7],[24,8,24,9],[24,10,24,11],[35,0,38,0],[41,0,42,1],[41,4,41,15],[42,4,42,5],[42,6,42,7],[42,8,42,9],[42,10,42,11],[42,12,42,13],[42,14,42,15],[44,12,45,12],[44,13,45,13],[44,14,45,14],[44,15,45,15],[46,0,49,0],[50,0,53,0],[43,12,43,13],[43,14,43,15],[44,4,45,4],[44,5,45,5],[44,6,45,6],[44,7,45,7],[44,8,45,8],[44,9,45,9],[44,10,45,10],[44,11,45,11],[43,0,45,0],[43,1,45,1],[43,4,43,5],[43,6,43,7],[43,8,43,9],[43,10,43,11],[54,0,57,0],[60,0,61,1],[60,4,60,15],[61,4,61,5],[61,6,61,7],[61,8,61,9],[61,10,61,11],[61,12,61,13],[61,14,61,15],[63,12,64,12],[63,13,64,13],[63,14,64,14],[63,15,64,15],[65,0,68,0],[69,0,72,0],[62,12,62,13],[62,14,62,15],[63,4,64,4],[63,5,64,5],[63,6,64,6],[63,7,64,7],[63,8,64,8],[63,9,64,9],[63,10,64,10],[63,11,64,11],[62,0,64,0],[62,1,64,1],[62,4,62,5],[62,6,62,7],[62,8,62,9],[62,10,62,11],[73,0,76,0],[79,0,80,1],[79,4,79,15],[80,4,80,5],[80,6,80,7],[80,8,80,9],[80,10,80,11],[80,12,80,13],[80,14,80,15],[82,12,83,12],[82,13,83,13],[82,14,83,14],[82,15,83,15],[84,0,87,0],[88,0,91,0],[81,12,81,13],[81,14,81,15],[82,4,83,4],[82,5,83,5],[82,6,83,6],[82,7,83,7],[82,8,83,8],[82,9,83,9],[82,10,83,10],[82,11,83,11],[81,0,83,0],[81,1,83,1],[81,4,81,5],[81,6,81,7],[81,8,81,9],[81,10,81,11],[92,0,95,0],[98,0,99,1],[98,4,98,15],[99,4,99,5],[99,6,99,7],[99,8,99,9],[99,10,99,11],[99,12,99,13],[99,14,99,15],[101,12,102,12],[101,13,102,13],[101,14,102,14],[101,15,102,15],[103,0,106,0],[107,0,110,0],[100,12,100,13],[100,14,100,15],[101,4,102,4],[101,5,102,5],[101,6,102,6],[101,7,102,7],[101,8,102,8],[101,9,102,9],[101,10,102,10],[101,11,102,11],[100,0,102,0],[100,1,102,1],[100,4,100,5],[100,6,100,7],[100,8,100,9],[100,10,100,11],[111,0,114,0],[117,0,118,1],[117,4,117,15],[118,4,118,5],[118,6,118,7],[118,8,118,9],[118,10,118,11],[118,12,118,13],[118,14,118,15],[130,0,133,0],[120,12,121,12],[120,13,121,13],[120,14,121,14],[120,15,121,15],[122,0,125,0],[126,0,129,0],[119,12,119,13],[119,14,119,15],[120,4,121,4],[120,5,121,5],[120,6,121,6],[120,7,121,7],[120,8,121,8],[120,9,121,9],[120,10,121,10],[120,11,121,11],[119,0,121,0],[119,1,121,1],[119,4,119,5],[119,6,119,7],[119,8,119,9],[119,10,119,11]]}
[]
["4AC14L_24",24]
["Evaporator Air \n",null,"Condenser  Entering Air Temperature ˚F"]
[80,"°F DB",85,null,90,null,95,null,100,null,105,null,110,null,115]
["CFM","EWB†\n˚F","Capacity Mbtuh",null,"Capacity Mbtuh",null,"Capacity Mbtuh",null,"Capacity Mbtuh",null,"Capacity Mbtuh",null,"Capacity Mbtuh",null,"Capacity Mbtuh"]
[null,null,"Total","Sens.","Total","Sens.","Total","Sens.","Total","Sens.","Total","Sens.","Total","Sens.","Total","Sens."]
[null,null,null,null,null,null,null,null,null,null,null,null,null,null,null,null,null,"Total Factors",null,null,null,null,null,null,"Sens. %",null,null,null,null,null,null,"IDB Adj",null,null,null,null,null,null,"Sens Calc"]
[700,71,{"$f":"R8*$B$2","v":25.92},{"$f":"IF(AM8>C8,C8,AM8)","v":15.2928},{"$f":"S8*$B$2","v":25.344000000000001},{"$f":"IF(AN8>E8,E8,AN8)","v":15.2064},{"$f":"T8*$B$2","v":24.768000000000001},{"$f":"IF(AO8>G8,G8,AO8)","v":15.10848},{"$f":"U8*$B$2","v":24.096},{"$f":"IF(AP8>I8,I8,AP8)","v":14.819039999999999},{"$f":"V8*$B$2","v":23.423999999999999},{"$f":"IF(AQ8>K8,K8,AQ8)","v":14.522879999999999},{"$f":"W8*$B$2","v":22.656000000000002},{"$f":"IF(AR8>M8,M8,AR8)","v":14.273280000000002},{"$f":"X8*$B$2","v":21.888000000000002},{"$f":"IF(AS8>O8,O8,AS8)","v":14.008320000000001},null,1.08,1.056,1.032,1.004,0.97599999999999998,0.94400000000000006,0.91200000000000003,0.59,0.6,0.61,0.61499999999999999,0.62,0.63,0.64,{"$f":"IF(Y8<0.9,0.9,Y8*-3.6846+4.1276)","v":0.9},{"$f":"IF(Z8<0.9,0.9,Z8*-3.6846+4.1276)","v":0.9},0.9,0.9,0.9,0.9,0.9,{"$f":"Y8*C8+($A$4-80)*AF8*$A$8/1000","v":15.2928},{"$f":"Z8*E8+($A$4-80)*AG8*$A$8/1000","v":15.2064},{"$f":"AA8*G8+($A$4-80)*AH8*$A$8/1000","v":15.10848},{"$f":"AB8*I8+($A$4-80)*AI8*$A$8/1000","v":14.819039999999999},{"$f":"AC8*K8+($A$4-80)*AJ8*$A$8/1000","v":14.522879999999999},{"$f":"AD8*M8+($A$4-80)*AK8*$A$8/1000","v":14.273280000000002},{"$f":"AE8*O8+($A$4-80)*AL8*$A$8/1000","v":14.008320000000001}]
[null,67,24.768000000000001,18.328320000000001,24.096,{"$f":"IF(AN9>E9,E9,AN9)","v":18.071999999999999},23.423999999999999,{"$f":"IF(AO9>G9,G9,AO9)","v":17.802240000000001},22.751999999999999,{"$f":"IF(AP9>I9,I9,AP9)","v":17.51904},22.080000000000002,{"$f":"IF(AQ9>K9,K9,AQ9)","v":17.2224},21.312000000000001,{"$f":"IF(AR9>M9,M9,AR9)","v":16.943040000000003},20.544,{"$f":"IF(AS9>O9,O9,AS9)","v":16.640640000000001},null,1.032,1.004,0.97599999999999998,0.94799999999999995,0.92,0.88800000000000001,0.85599999999999998,0.74,0.75,0.76,0.77,0.78,0.79500000000000004,0.81,{"$f":"IF(Y9<0.9,0.9,Y9*-3.6846+4.1276)","v":0.9},0.9,0.9,0.9,0.9,0.9,0.9,{"$f":"Y9*C9+($A$4-80)*AF9*$A$8/1000","v":18.328320000000001},{"$f":"Z9*E9+($A$4-80)*AG9*$A$8/1000","v":18.071999999999999},{"$f":"AA9*G9+($A$4-80)*AH9*$A$8/1000","v":17.802240000000001},{"$f":"AB9*I9+($A$4-80)*AI9*$A$8/1000","v":17.51904},{"$f":"AC9*K9+($A$4-80)*AJ9*$A$8/1000","v":17.2224},{"$f":"AD9*M9+($A$4-80)*AK9*$A$8/1000","v":16.943040000000003},{"$f":"AE9*O9+($A$4-80)*AL9*$A$8/1000","v":16.640640000000001}]
[null,65,24,19.799999999999997,23.376000000000001,19.51896,22.751999999999999,19.225439999999999,22.128,18.97476,21.503999999999998,18.708479999999998,20.783999999999999,18.393840000000001,20.064,18.057600000000001,null,1,0.97400000000000009,0.94799999999999995,0.92199999999999993,0.89599999999999991,0.86599999999999999,0.83599999999999997,0.82499999999999996,0.83499999999999996,0.84499999999999997,0.85749999999999993,0.87,0.88500000000000001,0.9,0.9,0.9,0.9,0.9,0.9,0.9,0.81145999999999985,19.799999999999997,{"$f":"Z10*E10+($A$4-80)*AG10*$A$8/1000","v":19.51896},{"$f":"AA10*G10+($A$4-80)*AH10*$A$8/1000","v":19.225439999999999},18.97476,18.708479999999998,18.393840000000001,18.057600000000001]
[null,63,23.231999999999999,21.141120000000001,22.656000000000002,20.843520000000002,22.080000000000002,20.534400000000002,21.503999999999998,20.321279999999998,20.928000000000001,20.090879999999999,20.256,19.749600000000001,19.584,19.388159999999999,null,0.96799999999999997,0.94400000000000006,0.92,0.89599999999999991,0.872,0.84400000000000008,0.81599999999999995,0.91,0.92,0.93,0.94500000000000006,0.96,0.97499999999999998,0.99,0.77461400000000014,0.73776799999999998,0.70092199999999982,0.64565299999999981,0.59038400000000024,0.53511500000000023,0.47984600000000022,21.141120000000001,{"$f":"Z11*E11+($A$4-80)*AG11*$A$8/1000","v":20.843520000000002},{"$f":"AA11*G11+($A$4-80)*AH11*$A$8/1000","v":20.534400000000002},{"$f":"AB11*I11+($A$4-80)*AI11*$A$8/1000","v":20.321279999999998},20.090879999999999,19.749600000000001,19.388159999999999]
[800,71,26.688000000000002,16.546560000000003,26.016000000000002,16.260000000000002,25.344000000000001,15.96672,24.672000000000001,15.790080000000001,24,15.600000000000001,23.136000000000003,15.154080000000002,22.271999999999998,14.69952,null,1.1120000000000001,1.0840000000000001,1.056,1.028,1,0.96400000000000008,0.92799999999999994,0.62,0.625,0.63,0.64,0.65,0.65500000000000003,0.66,0.9,0.9,0.9,0.9,0.9,0.9,0.9,{"$f":"Y12*C12+($A$4-80)*AF12*$A$12/1000","v":16.546560000000003},{"$f":"Z12*E12+($A$4-80)*AG12*$A$12/1000","v":16.260000000000002},{"$f":"AA12*G12+($A$4-80)*AH12*$A$12/1000","v":15.96672},{"$f":"AB12*I12+($A$4-80)*AI12*$A$12/1000","v":15.790080000000001},{"$f":"AC12*K12+($A$4-80)*AJ12*$A$12/1000","v":15.600000000000001},{"$f":"AD12*M12+($A$4-80)*AK12*$A$12/1000","v":15.154080000000002},{"$f":"AE12*O12+($A$4-80)*AL12*$A$12/1000","v":14.69952}]
[null,67,25.344000000000001,19.768320000000003,24.672000000000001,19.490880000000001,24,19.200000000000003,23.327999999999999,18.895680000000002,null,0,21.888000000000002,18.276479999999999,21.12,17.952000000000002,null,1.056,1.028,1,0.97199999999999998,0.94400000000000006,0.91200000000000003,0.88,0.78,0.79,0.8,0.81,0.82,0.83499999999999996,0.85,0.9,0.9,0.9,0.9,0.9,0.9,0.9,{"$f":"Y13*C13+($A$4-80)*AF13*$A$12/1000","v":19.768320000000003},{"$f":"Z13*E13+($A$4-80)*AG13*$A$12/1000","v":19.490880000000001},{"$f":"AA13*G13+($A$4-80)*AH13*$A$12/1000","v":19.200000000000003},{"$f":"AB13*I13+($A$4-80)*AI13*$A$12/1000","v":18.895680000000002},{"$f":"AC13*K13+($A$4-80)*AJ13*$A$12/1000","v":0},{"$f":"AD13*M13+($A$4-80)*AK13*$A$12/1000","v":18.276479999999999},{"$f":"AE13*O13+($A$4-80)*AL13*$A$12/1000","v":17.952000000000002}]
[null,65,24.672000000000001,21.341280000000001,24,21.06,23.327999999999999,20.76192,22.704000000000001,20.433599999999998,22.080000000000002,20.0928,21.36,19.597799999999999,20.64,19.092000000000002,null,1.028,1,0.97199999999999998,0.94599999999999995,0.92,0.89,0.86,0.86499999999999999,0.87749999999999995,0.89,0.89999999999999991,0.90999999999999992,0.91749999999999998,0.92500000000000004,0.9,0.9,0.9,0.81146000000000029,0.77461400000000058,0.74697950000000013,0.71934500000000012,21.341280000000001,{"$f":"Z14*E14+($A$4-80)*AG14*$A$12/1000","v":21.06},{"$f":"AA14*G14+($A$4-80)*AH14*$A$12/1000","v":20.76192},20.433599999999998,20.0928,19.597799999999999,19.092000000000002]
[null,63,24,22.799999999999997,23.327999999999999,22.511519999999997,22.656000000000002,22.20288,22.080000000000002,21.859200000000001,21.503999999999998,21.503999999999998,20.832000000000001,20.832000000000001,20.16,20.16,null,1,0.97199999999999998,0.94400000000000006,0.92,0.89599999999999991,0.86799999999999999,0.84,0.95,0.96499999999999997,0.98,0.99,1,1,1,0.6272300000000004,0.57196100000000039,0.51669199999999993,0.47984600000000022,0.44300000000000006,0.44300000000000006,0.44300000000000006,22.799999999999997,{"$f":"Z15*E15+($A$4-80)*AG15*$A$12/1000","v":22.511519999999997},{"$f":"AA15*G15+($A$4-80)*AH15*$A$12/1000","v":22.20288},21.859200000000001,21.503999999999998,20.832000000000001,20.16]
[900,71,27.263999999999996,17.448959999999996,26.591999999999999,17.15184,25.92,16.848000000000003,25.152000000000001,16.60032,24.384,16.33728,23.52,16.1112,22.656000000000002,15.859200000000001,null,1.1359999999999999,1.1079999999999999,1.08,1.048,1.016,0.98,0.94400000000000006,0.64,0.64500000000000002,0.65,0.66,0.67,0.68500000000000005,0.7,0.9,0.9,0.9,0.9,0.9,0.9,0.9,{"$f":"Y16*C16+($A$4-80)*AF16*$A$16/1000","v":17.448959999999996},{"$f":"Z16*E16+($A$4-80)*AG16*$A$16/1000","v":17.15184},{"$f":"AA16*G16+($A$4-80)*AH16*$A$16/1000","v":16.848000000000003},{"$f":"AB16*I16+($A$4-80)*AI16*$A$16/1000","v":16.60032},{"$f":"AC16*K16+($A$4-80)*AJ16*$A$16/1000","v":16.33728},{"$f":"AD16*M16+($A$4-80)*AK16*$A$16/1000","v":16.1112},{"$f":"AE16*O16+($A$4-80)*AL16*$A$16/1000","v":15.859200000000001}]
[null,67,25.92,20.736000000000004,25.248000000000001,20.577120000000001,24.576000000000001,20.39808,23.808,19.87968,23.04,19.3536,22.271999999999998,19.265279999999997,21.503999999999998,19.138559999999998,null,1.08,1.052,1.024,0.99199999999999999,0.96,0.92799999999999994,0.89599999999999991,0.8,0.81499999999999995,0.83,0.83499999999999996,0.84,0.86499999999999999,0.89,0.9,0.9,0.9,0.9,0.9,0.9,0.9,{"$f":"Y17*C17+($A$4-80)*AF17*$A$16/1000","v":20.736000000000004},{"$f":"Z17*E17+($A$4-80)*AG17*$A$16/1000","v":20.577120000000001},{"$f":"AA17*G17+($A$4-80)*AH17*$A$16/1000","v":20.39808},{"$f":"AB17*I17+($A$4-80)*AI17*$A$16/1000","v":19.87968},{"$f":"AC17*K17+($A$4-80)*AJ17*$A$16/1000","v":19.3536},{"$f":"AD17*M17+($A$4-80)*AK17*$A$16/1000","v":19.265279999999997},{"$f":"AE17*O17+($A$4-80)*AL17*$A$16/1000","v":19.138559999999998}]
[null,65,25.248000000000001,22.596960000000003,24.576000000000001,22.24128,23.904,21.872160000000001,23.231999999999999,21.315359999999998,22.56,20.755199999999999,21.84,20.3658,21.12,19.958400000000001,null,1.052,1.024,0.996,0.96799999999999997,0.94,0.91,0.88,0.89500000000000002,0.90500000000000003,0.91500000000000004,0.91749999999999998,0.91999999999999993,0.9325,0.94500000000000006,0.9,0.79303699999999999,0.75619099999999984,0.74697950000000013,0.73776800000000042,0.69171050000000012,0.64565299999999981,22.596960000000003,{"$f":"Z18*E18+($A$4-80)*AG18*$A$16/1000","v":22.24128},{"$f":"AA18*G18+($A$4-80)*AH18*$A$16/1000","v":21.872160000000001},21.315359999999998,20.755199999999999,20.3658,19.958400000000001]
[null,63,24.576000000000001,24.33024,23.904,23.784479999999999,23.231999999999999,23.231999999999999,22.656000000000002,22.656000000000002,22.080000000000002,22.080000000000002,21.408000000000001,21.408000000000001,20.736000000000004,20.736000000000004,null,1.024,0.996,0.96799999999999997,0.94400000000000006,0.92,0.89200000000000002,0.8640000000000001,0.99,0.995,1,1,1,1,1,0.47984600000000022,0.46142299999999992,0.44300000000000006,0.44300000000000006,0.44300000000000006,0.44300000000000006,0.44300000000000006,24.33024,{"$f":"Z19*E19+($A$4-80)*AG19*$A$16/1000","v":23.784479999999999},{"$f":"AA19*G19+($A$4-80)*AH19*$A$16/1000","v":23.231999999999999},22.656000000000002,22.080000000000002,21.408000000000001,20.736000000000004]

{"sheet":"4AC14L_30","index":12,"n_rows":19,"n_cols":45,"rows_kept":19,"cut":false,"hidden":true,"merged":[[2,0,2,1],[2,2,2,15],[3,2,3,3],[3,4,3,5],[3,6,3,7],[3,8,3,9],[3,10,3,11],[3,12,3,13],[3,14,3,15],[5,2,6,2],[5,3,6,3],[5,4,6,4],[5,5,6,5],[5,6,6,6],[5,7,6,7],[5,8,6,8],[4,0,6,0],[4,1,6,1],[4,2,4,3],[4,4,4,5],[4,6,4,7],[4,8,4,9],[5,9,6,9],[5,10,6,10],[5,11,6,11],[5,12,6,12],[5,13,6,13],[5,14,6,14],[5,15,6,15],[4,10,4,11],[4,12,4,13],[4,14,4,15],[7,0,10,0],[11,0,14,0],[15,0,18,0],[22,4,22,15],[23,4,23,5],[23,6,23,7],[23,8,23,9],[23,10,23,11],[23,12,23,13],[23,14,23,15],[25,12,26,12],[25,13,26,13],[25,14,26,14],[25,15,26,15],[27,0,30,0],[31,0,34,0],[24,12,24,13],[24,14,24,15],[25,4,26,4],[25,5,26,5],[25,6,26,6],[25,7,26,7],[25,8,26,8],[25,9,26,9],[25,10,26,10],[25,11,26,11],[24,0,26,0],[24,1,26,1],[24,4,24,5],[24,6,24,7],[24,8,24,9],[24,10,24,11],[35,0,38,0],[41,0,42,1],[41,4,41,15],[42,4,42,5],[42,6,42,7],[42,8,42,9],[42,10,42,11],[42,12,42,13],[42,14,42,15],[44,12,45,12],[44,13,45,13],[44,14,45,14],[44,15,45,15],[46,0,49,0],[50,0,53,0],[43,12,43,13],[43,14,43,15],[44,4,45,4],[44,5,45,5],[44,6,45,6],[44,7,45,7],[44,8,45,8],[44,9,45,9],[44,10,45,10],[44,11,45,11],[43,0,45,0],[43,1,45,1],[43,4,43,5],[43,6,43,7],[43,8,43,9],[43,10,43,11],[54,0,57,0],[60,0,61,1],[60,4,60,15],[61,4,61,5],[61,6,61,7],[61,8,61,9],[61,10,61,11],[61,12,61,13],[61,14,61,15],[63,12,64,12],[63,13,64,13],[63,14,64,14],[63,15,64,15],[65,0,68,0],[69,0,72,0],[62,12,62,13],[62,14,62,15],[63,4,64,4],[63,5,64,5],[63,6,64,6],[63,7,64,7],[63,8,64,8],[63,9,64,9],[63,10,64,10],[63,11,64,11],[62,0,64,0],[62,1,64,1],[62,4,62,5],[62,6,62,7],[62,8,62,9],[62,10,62,11],[73,0,76,0],[79,0,80,1],[79,4,79,15],[80,4,80,5],[80,6,80,7],[80,8,80,9],[80,10,80,11],[80,12,80,13],[80,14,80,15],[82,12,83,12],[82,13,83,13],[82,14,83,14],[82,15,83,15],[84,0,87,0],[88,0,91,0],[81,12,81,13],[81,14,81,15],[82,4,83,4],[82,5,83,5],[82,6,83,6],[82,7,83,7],[82,8,83,8],[82,9,83,9],[82,10,83,10],[82,11,83,11],[81,0,83,0],[81,1,83,1],[81,4,81,5],[81,6,81,7],[81,8,81,9],[81,10,81,11],[92,0,95,0],[98,0,99,1],[98,4,98,15],[99,4,99,5],[99,6,99,7],[99,8,99,9],[99,10,99,11],[99,12,99,13],[99,14,99,15],[101,12,102,12],[101,13,102,13],[101,14,102,14],[101,15,102,15],[103,0,106,0],[107,0,110,0],[100,12,100,13],[100,14,100,15],[101,4,102,4],[101,5,102,5],[101,6,102,6],[101,7,102,7],[101,8,102,8],[101,9,102,9],[101,10,102,10],[101,11,102,11],[100,0,102,0],[100,1,102,1],[100,4,100,5],[100,6,100,7],[100,8,100,9],[100,10,100,11],[111,0,114,0],[117,0,118,1],[117,4,117,15],[118,4,118,5],[118,6,118,7],[118,8,118,9],[118,10,118,11],[118,12,118,13],[118,14,118,15],[130,0,133,0],[120,12,121,12],[120,13,121,13],[120,14,121,14],[120,15,121,15],[122,0,125,0],[126,0,129,0],[119,12,119,13],[119,14,119,15],[120,4,121,4],[120,5,121,5],[120,6,121,6],[120,7,121,7],[120,8,121,8],[120,9,121,9],[120,10,121,10],[120,11,121,11],[119,0,121,0],[119,1,121,1],[119,4,119,5],[119,6,119,7],[119,8,119,9],[119,10,119,11]]}
[]
["4AC14L_30",30]
["Evaporator Air \n",null,"Condenser  Entering Air Temperature ˚F"]
[80,"°F DB",85,null,90,null,95,null,100,null,105,null,110,null,115]
["CFM","EWB†\n˚F","Capacity Mbtuh",null,"Capacity Mbtuh",null,"Capacity Mbtuh",null,"Capacity Mbtuh",null,"Capacity Mbtuh",null,"Capacity Mbtuh",null,"Capacity Mbtuh"]
[null,null,"Total","Sens.","Total","Sens.","Total","Sens.","Total","Sens.","Total","Sens.","Total","Sens.","Total","Sens."]
[null,null,null,null,null,null,null,null,null,null,null,null,null,null,null,null,null,"Total Factors",null,null,null,null,null,null,"Sens. %",null,null,null,null,null,null,"IDB Adj",null,null,null,null,null,null,"Sens Calc"]
[875,71,{"$f":"R8*$B$2","v":32.432432432432428},{"$f":"IF(AM8>C8,C8,AM8)","v":19.459459459459456},{"$f":"S8*$B$2","v":31.722972972972975},{"$f":"IF(AN8>E8,E8,AN8)","v":19.351013513513514},{"$f":"T8*$B$2","v":31.013513513513512},{"$f":"IF(AO8>G8,G8,AO8)","v":19.228378378378377},{"$f":"U8*$B$2","v":30.101351351351354},{"$f":"IF(AP8>I8,I8,AP8)","v":18.813344594594597},{"$f":"V8*$B$2","v":29.189189189189186},{"$f":"IF(AQ8>K8,K8,AQ8)","v":18.389189189189189},{"$f":"W8*$B$2","v":28.277027027027025},{"$f":"IF(AR8>M8,M8,AR8)","v":18.097297297297295},{"$f":"X8*$B$2","v":27.364864864864867},{"$f":"IF(AS8>O8,O8,AS8)","v":17.787162162162165},null,1.0810810810810809,1.0574324324324325,1.0337837837837838,1.0033783783783785,0.97297297297297292,0.94256756756756743,0.91216216216216217,0.6,0.61,0.62,0.625,0.63,0.64,0.65,{"$f":"IF(Y8<0.9,0.9,Y8*-3.6846+4.1276)","v":0.9},{"$f":"IF(Z8<0.9,0.9,Z8*-3.6846+4.1276)","v":0.9},0.9,0.9,0.9,0.9,0.9,{"$f":"Y8*C8+($A$4-80)*AF8*$A$8/1000","v":19.459459459459456},{"$f":"Z8*E8+($A$4-80)*AG8*$A$8/1000","v":19.351013513513514},{"$f":"AA8*G8+($A$4-80)*AH8*$A$8/1000","v":19.228378378378377},{"$f":"AB8*I8+($A$4-80)*AI8*$A$8/1000","v":18.813344594594597},{"$f":"AC8*K8+($A$4-80)*AJ8*$A$8/1000","v":18.389189189189189},{"$f":"AD8*M8+($A$4-80)*AK8*$A$8/1000","v":18.097297297297295},{"$f":"AE8*O8+($A$4-80)*AL8*$A$8/1000","v":17.787162162162165}]
[null,67,30.810810810810811,23.108108108108109,30.101351351351347,{"$f":"IF(AN9>E9,E9,AN9)","v":22.877027027027026},29.391891891891891,{"$f":"IF(AO9>G9,G9,AO9)","v":22.631756756756758},28.47972972972973,{"$f":"IF(AP9>I9,I9,AP9)","v":22.356587837837839},27.567567567567565,{"$f":"IF(AQ9>K9,K9,AQ9)","v":22.054054054054053},26.756756756756754,{"$f":"IF(AR9>M9,M9,AR9)","v":21.672972972972971},25.945945945945947,{"$f":"IF(AS9>O9,O9,AS9)","v":21.275675675675675},null,1.027027027027027,1.0033783783783783,0.97972972972972971,0.94932432432432434,0.91891891891891886,0.89189189189189177,0.86486486486486491,0.75,0.76,0.77,0.78500000000000003,0.8,0.81,0.82,{"$f":"IF(Y9<0.9,0.9,Y9*-3.6846+4.1276)","v":0.9},0.9,0.9,0.9,0.9,0.9,0.9,{"$f":"Y9*C9+($A$4-80)*AF9*$A$8/1000","v":23.108108108108109},{"$f":"Z9*E9+($A$4-80)*AG9*$A$8/1000","v":22.877027027027026},{"$f":"AA9*G9+($A$4-80)*AH9*$A$8/1000","v":22.631756756756758},{"$f":"AB9*I9+($A$4-80)*AI9*$A$8/1000","v":22.356587837837839},{"$f":"AC9*K9+($A$4-80)*AJ9*$A$8/1000","v":22.054054054054053},{"$f":"AD9*M9+($A$4-80)*AK9*$A$8/1000","v":21.672972972972971},{"$f":"AE9*O9+($A$4-80)*AL9*$A$8/1000","v":21.275675675675675}]
[null,65,29.898648648648649,24.965371621621621,29.189189189189186,24.737837837837834,28.47972972972973,24.492567567567566,27.668918918918919,24.210304054054056,26.858108108108105,23.903716216216214,26.047297297297295,23.442567567567561,25.236486486486484,22.965202702702697,null,0.9966216216216216,0.97297297297297292,0.94932432432432434,0.92229729729729726,0.89527027027027017,0.8682432432432432,0.84121621621621612,0.83499999999999996,0.84749999999999992,0.86,0.875,0.89,0.89999999999999991,0.90999999999999992,0.9,0.9,0.9,0.9,0.9,0.81146000000000029,0.77461400000000058,24.965371621621621,{"$f":"Z10*E10+($A$4-80)*AG10*$A$8/1000","v":24.737837837837834},{"$f":"AA10*G10+($A$4-80)*AH10*$A$8/1000","v":24.492567567567566},24.210304054054056,23.903716216216214,23.442567567567561,22.965202702702697]
[null,63,28.986486486486488,26.66756756756757,28.277027027027025,26.439020270270269,27.567567567567565,26.189189189189186,26.858108108108105,25.918074324324319,26.148648648648649,25.625675675675677,25.337837837837835,25.084459459459456,24.527027027027025,24.527027027027025,null,0.96621621621621623,0.94256756756756743,0.91891891891891886,0.89527027027027017,0.8716216216216216,0.84459459459459452,0.81756756756756754,0.92,0.93500000000000005,0.95,0.96499999999999997,0.98,0.99,1,0.73776799999999998,0.68249899999999997,0.6272300000000004,0.57196100000000039,0.51669199999999993,0.47984600000000022,0.44300000000000006,26.66756756756757,{"$f":"Z11*E11+($A$4-80)*AG11*$A$8/1000","v":26.439020270270269},{"$f":"AA11*G11+($A$4-80)*AH11*$A$8/1000","v":26.189189189189186},{"$f":"AB11*I11+($A$4-80)*AI11*$A$8/1000","v":25.918074324324319},25.625675675675677,25.084459459459456,24.527027027027025]
[1000,71,33.243243243243235,20.943243243243238,32.432432432432428,20.594594594594593,31.621621621621617,20.237837837837837,30.810810810810811,20.027027027027028,30,19.8,28.986486486486488,19.420945945945949,27.972972972972975,19.021621621621623,null,1.1081081081081079,1.0810810810810809,1.0540540540540539,1.027027027027027,1,0.96621621621621623,0.93243243243243246,0.63,0.63500000000000001,0.64,0.65,0.66,0.67,0.68,0.9,0.9,0.9,0.9,0.9,0.9,0.9,{"$f":"Y12*C12+($A$4-80)*AF12*$A$12/1000","v":20.943243243243238},{"$f":"Z12*E12+($A$4-80)*AG12*$A$12/1000","v":20.594594594594593},{"$f":"AA12*G12+($A$4-80)*AH12*$A$12/1000","v":20.237837837837837},{"$f":"AB12*I12+($A$4-80)*AI12*$A$12/1000","v":20.027027027027028},{"$f":"AC12*K12+($A$4-80)*AJ12*$A$12/1000","v":19.8},{"$f":"AD12*M12+($A$4-80)*AK12*$A$12/1000","v":19.420945945945949},{"$f":"AE12*O12+($A$4-80)*AL12*$A$12/1000","v":19.021621621621623}]
[null,67,31.621621621621617,24.981081081081079,30.810810810810811,24.648648648648649,30,24.3,29.189189189189186,23.935135135135134,28.378378378378379,23.554054054054053,27.466216216216218,23.208952702702703,26.554054054054053,22.836486486486486,null,1.0540540540540539,1.027027027027027,1,0.97297297297297292,0.94594594594594594,0.91554054054054057,0.88513513513513509,0.79,0.8,0.81,0.82000000000000006,0.83,0.84499999999999997,0.86,0.9,0.9,0.9,0.9,0.9,0.9,0.9,{"$f":"Y13*C13+($A$4-80)*AF13*$A$12/1000","v":24.981081081081079},{"$f":"Z13*E13+($A$4-80)*AG13*$A$12/1000","v":24.648648648648649},{"$f":"AA13*G13+($A$4-80)*AH13*$A$12/1000","v":24.3},{"$f":"AB13*I13+($A$4-80)*AI13*$A$12/1000","v":23.935135135135134},{"$f":"AC13*K13+($A$4-80)*AJ13*$A$12/1000","v":23.554054054054053},{"$f":"AD13*M13+($A$4-80)*AK13*$A$12/1000","v":23.208952702702703},{"$f":"AE13*O13+($A$4-80)*AL13*$A$12/1000","v":22.836486486486486}]
[null,65,30.709459459459453,27.024324324324319,29.949324324324319,26.654898648648643,29.189189189189186,26.270270270270267,28.429054054054053,25.799366554054053,27.668918918918919,25.317060810810812,26.807432432432435,24.729856418918921,25.945945945945947,24.129729729729728,null,1.0236486486486485,0.99831081081081063,0.97297297297297292,0.94763513513513509,0.92229729729729726,0.89358108108108114,0.86486486486486491,0.88,0.89,0.9,0.90749999999999997,0.91500000000000004,0.92249999999999999,0.92999999999999994,0.9,0.9,0.81145999999999985,0.78382550000000029,0.75619099999999984,0.72855650000000027,0.70092200000000027,27.024324324324319,{"$f":"Z14*E14+($A$4-80)*AG14*$A$12/1000","v":26.654898648648643},{"$f":"AA14*G14+($A$4-80)*AH14*$A$12/1000","v":26.270270270270267},25.799366554054053,25.317060810810812,24.729856418918921,24.129729729729728]
[null,63,29.797297297297295,28.903378378378374,29.087837837837835,28.506081081081078,28.378378378378379,28.094594594594597,27.668918918918919,27.530574324324323,26.95945945945946,26.95945945945946,26.148648648648649,26.148648648648649,25.337837837837835,25.337837837837835,null,0.9932432432432432,0.96959459459459452,0.94594594594594594,0.92229729729729726,0.89864864864864868,0.8716216216216216,0.84459459459459452,0.97,0.98,0.99,0.995,1,1,1,0.55353800000000009,0.51669199999999993,0.47984600000000022,0.46142299999999992,0.44300000000000006,0.44300000000000006,0.44300000000000006,28.903378378378374,{"$f":"Z15*E15+($A$4-80)*AG15*$A$12/1000","v":28.506081081081078},{"$f":"AA15*G15+($A$4-80)*AH15*$A$12/1000","v":28.094594594594597},27.530574324324323,26.95945945945946,26.148648648648649,25.337837837837835]
[1125,71,34.054054054054049,22.135135135135133,33.141891891891895,21.70793918918919,32.229729729729733,21.271621621621627,31.317567567567565,20.982770270270269,30.4054054054054,20.675675675675674,29.493243243243242,20.350337837837834,28.581081081081081,20.006756756756754,null,1.1351351351351351,1.1047297297297298,1.0743243243243243,1.0439189189189189,1.0135135135135134,0.98310810810810811,0.95270270270270263,0.65,0.65500000000000003,0.66,0.67,0.68,0.69,0.7,0.9,0.9,0.9,0.9,0.9,0.9,0.9,{"$f":"Y16*C16+($A$4-80)*AF16*$A$16/1000","v":22.135135135135133},{"$f":"Z16*E16+($A$4-80)*AG16*$A$16/1000","v":21.70793918918919},{"$f":"AA16*G16+($A$4-80)*AH16*$A$16/1000","v":21.271621621621627},{"$f":"AB16*I16+($A$4-80)*AI16*$A$16/1000","v":20.982770270270269},{"$f":"AC16*K16+($A$4-80)*AJ16*$A$16/1000","v":20.675675675675674},{"$f":"AD16*M16+($A$4-80)*AK16*$A$16/1000","v":20.350337837837834},{"$f":"AE16*O16+($A$4-80)*AL16*$A$16/1000","v":20.006756756756754}]
[null,67,32.229729729729733,26.42837837837838,31.418918918918916,26.234797297297295,30.608108108108105,26.016891891891888,29.69594594594594,25.538513513513507,28.783783783783779,25.041891891891886,27.871621621621621,24.805743243243242,26.95945945945946,24.533108108108109,null,1.0743243243243243,1.0472972972972971,1.0202702702702702,0.98986486486486469,0.95945945945945932,0.92905405405405406,0.89864864864864868,0.82,0.83499999999999996,0.85,0.86,0.87,0.89,0.91,0.9,0.9,0.9,0.9,0.9,0.9,0.77461400000000014,{"$f":"Y17*C17+($A$4-80)*AF17*$A$16/1000","v":26.42837837837838},{"$f":"Z17*E17+($A$4-80)*AG17*$A$16/1000","v":26.234797297297295},{"$f":"AA17*G17+($A$4-80)*AH17*$A$16/1000","v":26.016891891891888},{"$f":"AB17*I17+($A$4-80)*AI17*$A$16/1000","v":25.538513513513507},{"$f":"AC17*K17+($A$4-80)*AJ17*$A$16/1000","v":25.041891891891886},{"$f":"AD17*M17+($A$4-80)*AK17*$A$16/1000","v":24.805743243243242},{"$f":"AE17*O17+($A$4-80)*AL17*$A$16/1000","v":24.533108108108109}]
[null,65,31.418918918918916,28.59121621621621,30.658783783783782,28.129434121621621,29.898648648648649,27.65625,29.087837837837835,27.051689189189187,28.277027027027025,26.439020270270269,27.41554054054054,25.907685810810811,26.554054054054056,25.359121621621625,null,1.0472972972972971,1.0219594594594594,0.9966216216216216,0.96959459459459452,0.94256756756756743,0.91385135135135132,0.8851351351351352,0.90999999999999992,0.91749999999999998,0.92500000000000004,0.93,0.93500000000000005,0.94500000000000006,0.95500000000000007,0.77461400000000058,0.74697950000000013,0.71934500000000012,0.70092199999999982,0.68249899999999997,0.64565299999999981,0.60880699999999965,28.59121621621621,{"$f":"Z18*E18+($A$4-80)*AG18*$A$16/1000","v":28.129434121621621},{"$f":"AA18*G18+($A$4-80)*AH18*$A$16/1000","v":27.65625},27.051689189189187,26.439020270270269,25.907685810810811,25.359121621621625]
[null,63,30.608108108108105,30.608108108108105,29.898648648648649,29.898648648648649,29.189189189189186,29.189189189189186,28.47972972972973,28.47972972972973,27.770270270270267,27.770270270270267,26.95945945945946,26.95945945945946,26.148648648648649,26.148648648648649,null,1.0202702702702702,0.9966216216216216,0.97297297297297292,0.94932432432432434,0.92567567567567555,0.89864864864864868,0.8716216216216216,1,1,1,1,1,1,1,0.44300000000000006,0.44300000000000006,0.44300000000000006,0.44300000000000006,0.44300000000000006,0.44300000000000006,0.44300000000000006,30.608108108108105,{"$f":"Z19*E19+($A$4-80)*AG19*$A$16/1000","v":29.898648648648649},{"$f":"AA19*G19+($A$4-80)*AH19*$A$16/1000","v":29.189189189189186},28.47972972972973,27.770270270270267,26.95945945945946,26.148648648648649]

{"sheet":"4AC14L_36","index":13,"n_rows":19,"n_cols":45,"rows_kept":19,"cut":false,"hidden":true,"merged":[[2,0,2,1],[2,2,2,15],[3,2,3,3],[3,4,3,5],[3,6,3,7],[3,8,3,9],[3,10,3,11],[3,12,3,13],[3,14,3,15],[5,2,6,2],[5,3,6,3],[5,4,6,4],[5,5,6,5],[5,6,6,6],[5,7,6,7],[5,8,6,8],[4,0,6,0],[4,1,6,1],[4,2,4,3],[4,4,4,5],[4,6,4,7],[4,8,4,9],[5,9,6,9],[5,10,6,10],[5,11,6,11],[5,12,6,12],[5,13,6,13],[5,14,6,14],[5,15,6,15],[4,10,4,11],[4,12,4,13],[4,14,4,15],[7,0,10,0],[11,0,14,0],[15,0,18,0],[22,4,22,15],[23,4,23,5],[23,6,23,7],[23,8,23,9],[23,10,23,11],[23,12,23,13],[23,14,23,15],[25,12,26,12],[25,13,26,13],[25,14,26,14],[25,15,26,15],[27,0,30,0],[31,0,34,0],[24,12,24,13],[24,14,24,15],[25,4,26,4],[25,5,26,5],[25,6,26,6],[25,7,26,7],[25,8,26,8],[25,9,26,9],[25,10,26,10],[25,11,26,11],[24,0,26,0],[24,1,26,1],[24,4,24,5],[24,6,24,7],[24,8,24,9],[24,10,24,11],[35,0,38,0],[41,0,42,1],[41,4,41,15],[42,4,42,5],[42,6,42,7],[42,8,42,9],[42,10,42,11],[42,12,42,13],[42,14,42,15],[44,12,45,12],[44,13,45,13],[44,14,45,14],[44,15,45,15],[46,0,49,0],[50,0,53,0],[43,12,43,13],[43,14,43,15],[44,4,45,4],[44,5,45,5],[44,6,45,6],[44,7,45,7],[44,8,45,8],[44,9,45,9],[44,10,45,10],[44,11,45,11],[43,0,45,0],[43,1,45,1],[43,4,43,5],[43,6,43,7],[43,8,43,9],[43,10,43,11],[54,0,57,0],[60,0,61,1],[60,4,60,15],[61,4,61,5],[61,6,61,7],[61,8,61,9],[61,10,61,11],[61,12,61,13],[61,14,61,15],[63,12,64,12],[63,13,64,13],[63,14,64,14],[63,15,64,15],[65,0,68,0],[69,0,72,0],[62,12,62,13],[62,14,62,15],[63,4,64,4],[63,5,64,5],[63,6,64,6],[63,7,64,7],[63,8,64,8],[63,9,64,9],[63,10,64,10],[63,11,64,11],[62,0,64,0],[62,1,64,1],[62,4,62,5],[62,6,62,7],[62,8,62,9],[62,10,62,11],[73,0,76,0],[79,0,80,1],[79,4,79,15],[80,4,80,5],[80,6,80,7],[80,8,80,9],[80,10,80,11],[80,12,80,13],[80,14,80,15],[82,12,83,12],[82,13,83,13],[82,14,83,14],[82,15,83,15],[84,0,87,0],[88,0,91,0],[81,12,81,13],[81,14,81,15],[82,4,83,4],[82,5,83,5],[82,6,83,6],[82,7,83,7],[82,8,83,8],[82,9,83,9],[82,10,83,10],[82,11,83,11],[81,0,83,0],[81,1,83,1],[81,4,81,5],[81,6,81,7],[81,8,81,9],[81,10,81,11],[92,0,95,0],[98,0,99,1],[98,4,98,15],[99,4,99,5],[99,6,99,7],[99,8,99,9],[99,10,99,11],[99,12,99,13],[99,14,99,15],[101,12,102,12],[101,13,102,13],[101,14,102,14],[101,15,102,15],[103,0,106,0],[107,0,110,0],[100,12,100,13],[100,14,100,15],[101,4,102,4],[101,5,102,5],[101,6,102,6],[101,7,102,7],[101,8,102,8],[101,9,102,9],[101,10,102,10],[101,11,102,11],[100,0,102,0],[100,1,102,1],[100,4,100,5],[100,6,100,7],[100,8,100,9],[100,10,100,11],[111,0,114,0],[117,0,118,1],[117,4,117,15],[118,4,118,5],[118,6,118,7],[118,8,118,9],[118,10,118,11],[118,12,118,13],[118,14,118,15],[130,0,133,0],[120,12,121,12],[120,13,121,13],[120,14,121,14],[120,15,121,15],[122,0,125,0],[126,0,129,0],[119,12,119,13],[119,14,119,15],[120,4,121,4],[120,5,121,5],[120,6,121,6],[120,7,121,7],[120,8,121,8],[120,9,121,9],[120,10,121,10],[120,11,121,11],[119,0,121,0],[119,1,121,1],[119,4,119,5],[119,6,119,7],[119,8,119,9],[119,10,119,11]]}
[]
["4AC14L_36",36]
["Evaporator Air \n",null,"Condenser  Entering Air Temperature ˚F"]
[80,"°F DB",85,null,90,null,95,null,100,null,105,null,110,null,115]
["CFM","EWB†\n˚F","Capacity Mbtuh",null,"Capacity Mbtuh",null,"Capacity Mbtuh",null,"Capacity Mbtuh",null,"Capacity Mbtuh",null,"Capacity Mbtuh",null,"Capacity Mbtuh"]
[null,null,"Total","Sens.","Total","Sens.","Total","Sens.","Total","Sens.","Total","Sens.","Total","Sens.","Total","Sens."]
[null,null,null,null,null,null,null,null,null,null,null,null,null,null,null,null,null,"Total Factors",null,null,null,null,null,null,"Sens. %",null,null,null,null,null,null,"IDB Adj",null,null,null,null,null,null,"Sens Calc"]
[1050,71,{"$f":"R8*$B$2","v":38.879999999999995},{"$f":"IF(AM8>C8,C8,AM8)","v":23.716799999999996},{"$f":"S8*$B$2","v":37.954285714285717},{"$f":"IF(AN8>E8,E8,AN8)","v":23.341885714285716},{"$f":"T8*$B$2","v":37.028571428571425},{"$f":"IF(AO8>G8,G8,AO8)","v":22.957714285714282},{"$f":"U8*$B$2","v":36.102857142857147},{"$f":"IF(AP8>I8,I8,AP8)","v":22.564285714285717},{"$f":"V8*$B$2","v":35.177142857142861},{"$f":"IF(AQ8>K8,K8,AQ8)","v":22.161600000000004},{"$f":"W8*$B$2","v":34.148571428571429},{"$f":"IF(AR8>M8,M8,AR8)","v":21.684342857142859},{"$f":"X8*$B$2","v":33.120000000000005},{"$f":"IF(AS8>O8,O8,AS8)","v":21.196800000000003},null,1.0799999999999998,1.0542857142857143,1.0285714285714285,1.0028571428571429,0.9771428571428572,0.94857142857142862,0.92,0.61,0.61499999999999999,0.62,0.625,0.63,0.63500000000000001,0.64,{"$f":"IF(Y8<0.9,0.9,Y8*-3.6846+4.1276)","v":0.9},{"$f":"IF(Z8<0.9,0.9,Z8*-3.6846+4.1276)","v":0.9},0.9,0.9,0.9,0.9,0.9,{"$f":"Y8*C8+($A$4-80)*AF8*$A$8/1000","v":23.716799999999996},{"$f":"Z8*E8+($A$4-80)*AG8*$A$8/1000","v":23.341885714285716},{"$f":"AA8*G8+($A$4-80)*AH8*$A$8/1000","v":22.957714285714282},{"$f":"AB8*I8+($A$4-80)*AI8*$A$8/1000","v":22.564285714285717},{"$f":"AC8*K8+($A$4-80)*AJ8*$A$8/1000","v":22.161600000000004},{"$f":"AD8*M8+($A$4-80)*AK8*$A$8/1000","v":21.684342857142859},{"$f":"AE8*O8+($A$4-80)*AL8*$A$8/1000","v":21.196800000000003}]
[null,67,36.822857142857139,27.617142857142852,36,{"$f":"IF(AN9>E9,E9,AN9)","v":27.36},35.177142857142861,{"$f":"IF(AO9>G9,G9,AO9)","v":27.086400000000005},34.251428571428569,{"$f":"IF(AP9>I9,I9,AP9)","v":26.544857142857143},33.325714285714284,{"$f":"IF(AQ9>K9,K9,AQ9)","v":25.994057142857141},32.297142857142859,{"$f":"IF(AR9>M9,M9,AR9)","v":25.676228571428574},31.268571428571427,{"$f":"IF(AS9>O9,O9,AS9)","v":25.327542857142859},null,1.0228571428571427,1,0.9771428571428572,0.9514285714285714,0.92571428571428571,0.89714285714285713,0.86857142857142855,0.75,0.76,0.77,0.77500000000000002,0.78,0.79500000000000004,0.81,{"$f":"IF(Y9<0.9,0.9,Y9*-3.6846+4.1276)","v":0.9},0.9,0.9,0.9,0.9,0.9,0.9,{"$f":"Y9*C9+($A$4-80)*AF9*$A$8/1000","v":27.617142857142852},{"$f":"Z9*E9+($A$4-80)*AG9*$A$8/1000","v":27.36},{"$f":"AA9*G9+($A$4-80)*AH9*$A$8/1000","v":27.086400000000005},{"$f":"AB9*I9+($A$4-80)*AI9*$A$8/1000","v":26.544857142857143},{"$f":"AC9*K9+($A$4-80)*AJ9*$A$8/1000","v":25.994057142857141},{"$f":"AD9*M9+($A$4-80)*AK9*$A$8/1000","v":25.676228571428574},{"$f":"AE9*O9+($A$4-80)*AL9*$A$8/1000","v":25.327542857142859}]
[null,65,35.691428571428574,29.62388571428572,34.868571428571435,29.289600000000007,34.045714285714283,28.938857142857142,33.171428571428571,28.527428571428572,32.297142857142859,28.098514285714288,31.32,27.7182,30.342857142857142,27.30857142857143,null,0.99142857142857155,0.96857142857142875,0.94571428571428573,0.92142857142857137,0.89714285714285713,0.87,0.84285714285714286,0.83000000000000007,0.84000000000000008,0.85000000000000009,0.8600000000000001,0.87,0.88500000000000001,0.9,0.9,0.9,0.9,0.9,0.9,0.9,0.81145999999999985,29.62388571428572,{"$f":"Z10*E10+($A$4-80)*AG10*$A$8/1000","v":29.289600000000007},{"$f":"AA10*G10+($A$4-80)*AH10*$A$8/1000","v":28.938857142857142},28.527428571428572,28.098514285714288,27.7182,27.30857142857143]
[null,63,34.56,31.449600000000004,33.737142857142857,31.038171428571431,32.914285714285711,30.610285714285713,32.091428571428573,30.326400000000003,31.268571428571427,30.01782857142857,30.342857142857142,29.584285714285713,29.417142857142856,29.122971428571429,null,0.96000000000000008,0.93714285714285706,0.91428571428571426,0.89142857142857146,0.86857142857142855,0.84285714285714286,0.81714285714285717,0.91,0.92,0.93,0.94500000000000006,0.96,0.97499999999999998,0.99,0.77461400000000014,0.73776799999999998,0.70092199999999982,0.64565299999999981,0.59038400000000024,0.53511500000000023,0.47984600000000022,31.449600000000004,{"$f":"Z11*E11+($A$4-80)*AG11*$A$8/1000","v":31.038171428571431},{"$f":"AA11*G11+($A$4-80)*AH11*$A$8/1000","v":30.610285714285713},{"$f":"AB11*I11+($A$4-80)*AI11*$A$8/1000","v":30.326400000000003},30.01782857142857,29.584285714285713,29.122971428571429]
[1200,71,40.114285714285714,25.271999999999998,39.085714285714282,24.819428571428571,38.057142857142857,24.356571428571428,37.028571428571425,23.883428571428571,36,23.400000000000002,34.868571428571428,23.013257142857142,33.737142857142857,22.603885714285717,null,1.1142857142857143,1.0857142857142856,1.0571428571428572,1.0285714285714285,1,0.96857142857142853,0.93714285714285706,0.63,0.63500000000000001,0.64,0.64500000000000002,0.65,0.66,0.67,0.9,0.9,0.9,0.9,0.9,0.9,0.9,{"$f":"Y12*C12+($A$4-80)*AF12*$A$12/1000","v":25.271999999999998},{"$f":"Z12*E12+($A$4-80)*AG12*$A$12/1000","v":24.819428571428571},{"$f":"AA12*G12+($A$4-80)*AH12*$A$12/1000","v":24.356571428571428},{"$f":"AB12*I12+($A$4-80)*AI12*$A$12/1000","v":23.883428571428571},{"$f":"AC12*K12+($A$4-80)*AJ12*$A$12/1000","v":23.400000000000002},{"$f":"AD12*M12+($A$4-80)*AK12*$A$12/1000","v":23.013257142857142},{"$f":"AE12*O12+($A$4-80)*AL12*$A$12/1000","v":22.603885714285717}]
[null,67,37.851428571428571,29.524114285714287,36.925714285714278,29.171314285714281,36,28.8,34.971428571428568,28.326857142857143,33.942857142857143,27.833142857142857,32.914285714285711,27.483428571428568,31.885714285714286,27.102857142857143,null,1.0514285714285714,1.0257142857142856,1,0.97142857142857142,0.94285714285714284,0.91428571428571426,0.88571428571428568,0.78,0.79,0.8,0.81,0.82,0.83499999999999996,0.85,0.9,0.9,0.9,0.9,0.9,0.9,0.9,{"$f":"Y13*C13+($A$4-80)*AF13*$A$12/1000","v":29.524114285714287},{"$f":"Z13*E13+($A$4-80)*AG13*$A$12/1000","v":29.171314285714281},{"$f":"AA13*G13+($A$4-80)*AH13*$A$12/1000","v":28.8},{"$f":"AB13*I13+($A$4-80)*AI13*$A$12/1000","v":28.326857142857143},{"$f":"AC13*K13+($A$4-80)*AJ13*$A$12/1000","v":27.833142857142857},{"$f":"AD13*M13+($A$4-80)*AK13*$A$12/1000","v":27.483428571428568},{"$f":"AE13*O13+($A$4-80)*AL13*$A$12/1000","v":27.102857142857143}]
[null,65,36.72,31.762799999999999,35.845714285714287,31.365000000000002,34.971428571428568,30.949714285714283,34.045714285714283,30.470914285714283,33.120000000000005,29.973600000000005,32.142857142857146,29.410714285714288,31.165714285714287,28.828285714285716,null,1.02,0.99571428571428577,0.97142857142857142,0.94571428571428573,0.92,0.8928571428571429,0.86571428571428577,0.86499999999999999,0.875,0.88500000000000001,0.89500000000000002,0.90500000000000003,0.91500000000000004,0.92500000000000004,0.9,0.9,0.9,0.9,0.79303699999999999,0.75619099999999984,0.71934500000000012,31.762799999999999,{"$f":"Z14*E14+($A$4-80)*AG14*$A$12/1000","v":31.365000000000002},{"$f":"AA14*G14+($A$4-80)*AH14*$A$12/1000","v":30.949714285714283},30.470914285714283,29.973600000000005,29.410714285714288,28.828285714285716]
[null,63,35.588571428571434,33.809142857142859,34.765714285714282,33.37508571428571,33.942857142857143,32.924571428571426,33.120000000000005,32.457600000000006,32.297142857142859,31.974171428571431,31.371428571428574,31.214571428571432,30.445714285714288,30.445714285714288,null,0.98857142857142866,0.96571428571428564,0.94285714285714284,0.92,0.89714285714285713,0.87142857142857144,0.84571428571428575,0.95,0.96,0.97,0.98,0.99,0.995,1,0.6272300000000004,0.59038400000000024,0.55353800000000009,0.51669199999999993,0.47984600000000022,0.46142299999999992,0.44300000000000006,33.809142857142859,{"$f":"Z15*E15+($A$4-80)*AG15*$A$12/1000","v":33.37508571428571},{"$f":"AA15*G15+($A$4-80)*AH15*$A$12/1000","v":32.924571428571426},32.457600000000006,31.974171428571431,31.214571428571432,30.445714285714288]
[1350,71,40.628571428571426,26.002285714285712,39.651428571428568,25.575171428571426,38.674285714285716,25.138285714285715,37.645714285714291,24.846171428571434,36.617142857142859,24.533485714285717,35.485714285714288,24.130285714285712,34.354285714285716,23.704457142857141,null,1.1285714285714286,1.1014285714285714,1.0742857142857143,1.0457142857142858,1.0171428571428571,0.98571428571428577,0.95428571428571429,0.64,0.64500000000000002,0.65,0.66,0.67,0.67999999999999994,0.69,0.9,0.9,0.9,0.9,0.9,0.9,0.9,{"$f":"Y16*C16+($A$4-80)*AF16*$A$16/1000","v":26.002285714285712},{"$f":"Z16*E16+($A$4-80)*AG16*$A$16/1000","v":25.575171428571426},{"$f":"AA16*G16+($A$4-80)*AH16*$A$16/1000","v":25.138285714285715},{"$f":"AB16*I16+($A$4-80)*AI16*$A$16/1000","v":24.846171428571434},{"$f":"AC16*K16+($A$4-80)*AJ16*$A$16/1000","v":24.533485714285717},{"$f":"AD16*M16+($A$4-80)*AK16*$A$16/1000","v":24.130285714285712},{"$f":"AE16*O16+($A$4-80)*AL16*$A$16/1000","v":23.704457142857141}]
[null,67,38.468571428571423,31.159542857142853,37.542857142857144,30.785142857142862,36.617142857142859,30.392228571428571,35.588571428571434,29.894400000000005,34.56,29.376000000000001,33.428571428571431,28.915714285714287,32.297142857142859,28.421485714285716,null,1.0685714285714285,1.0428571428571429,1.0171428571428571,0.98857142857142866,0.96000000000000008,0.9285714285714286,0.89714285714285713,0.81,0.82000000000000006,0.83,0.84,0.85,0.86499999999999999,0.88,0.9,0.9,0.9,0.9,0.9,0.9,0.9,{"$f":"Y17*C17+($A$4-80)*AF17*$A$16/1000","v":31.159542857142853},{"$f":"Z17*E17+($A$4-80)*AG17*$A$16/1000","v":30.785142857142862},{"$f":"AA17*G17+($A$4-80)*AH17*$A$16/1000","v":30.392228571428571},{"$f":"AB17*I17+($A$4-80)*AI17*$A$16/1000","v":29.894400000000005},{"$f":"AC17*K17+($A$4-80)*AJ17*$A$16/1000","v":29.376000000000001},{"$f":"AD17*M17+($A$4-80)*AK17*$A$16/1000","v":28.915714285714287},{"$f":"AE17*O17+($A$4-80)*AL17*$A$16/1000","v":28.421485714285716}]
[null,65,37.44,33.508800000000001,36.565714285714279,33.091971428571426,35.691428571428574,32.657657142857147,34.765714285714289,31.984457142857146,33.840000000000003,31.302000000000003,32.862857142857145,30.644614285714287,31.885714285714286,29.972571428571428,null,1.04,1.0157142857142856,0.99142857142857155,0.96571428571428586,0.94000000000000017,0.91285714285714292,0.88571428571428568,0.89500000000000002,0.90500000000000003,0.91500000000000004,0.92,0.92500000000000004,0.9325,0.94,0.9,0.79303699999999999,0.75619099999999984,0.73776799999999998,0.71934500000000012,0.69171050000000012,0.66407600000000011,33.508800000000001,{"$f":"Z18*E18+($A$4-80)*AG18*$A$16/1000","v":33.091971428571426},{"$f":"AA18*G18+($A$4-80)*AH18*$A$16/1000","v":32.657657142857147},31.984457142857146,31.302000000000003,30.644614285714287,29.972571428571428]
[null,63,36.411428571428566,35.683199999999992,35.588571428571427,35.232685714285715,34.765714285714282,34.765714285714282,33.942857142857143,33.942857142857143,33.120000000000005,33.120000000000005,32.297142857142859,32.297142857142859,31.474285714285717,31.474285714285717,null,1.0114285714285713,0.98857142857142843,0.96571428571428564,0.94285714285714284,0.92,0.89714285714285724,0.87428571428571433,0.98,0.99,1,1,1,1,1,0.51669199999999993,0.47984600000000022,0.44300000000000006,0.44300000000000006,0.44300000000000006,0.44300000000000006,0.44300000000000006,35.683199999999992,{"$f":"Z19*E19+($A$4-80)*AG19*$A$16/1000","v":35.232685714285715},{"$f":"AA19*G19+($A$4-80)*AH19*$A$16/1000","v":34.765714285714282},33.942857142857143,33.120000000000005,32.297142857142859,31.474285714285717]

{"sheet":"4AC14L_41","index":14,"n_rows":19,"n_cols":45,"rows_kept":19,"cut":false,"hidden":true,"merged":[[2,0,2,1],[2,2,2,15],[3,2,3,3],[3,4,3,5],[3,6,3,7],[3,8,3,9],[3,10,3,11],[3,12,3,13],[3,14,3,15],[5,2,6,2],[5,3,6,3],[5,4,6,4],[5,5,6,5],[5,6,6,6],[5,7,6,7],[5,8,6,8],[4,0,6,0],[4,1,6,1],[4,2,4,3],[4,4,4,5],[4,6,4,7],[4,8,4,9],[5,9,6,9],[5,10,6,10],[5,11,6,11],[5,12,6,12],[5,13,6,13],[5,14,6,14],[5,15,6,15],[4,10,4,11],[4,12,4,13],[4,14,4,15],[7,0,10,0],[11,0,14,0],[15,0,18,0],[22,4,22,15],[23,4,23,5],[23,6,23,7],[23,8,23,9],[23,10,23,11],[23,12,23,13],[23,14,23,15],[25,12,26,12],[25,13,26,13],[25,14,26,14],[25,15,26,15],[27,0,30,0],[31,0,34,0],[24,12,24,13],[24,14,24,15],[25,4,26,4],[25,5,26,5],[25,6,26,6],[25,7,26,7],[25,8,26,8],[25,9,26,9],[25,10,26,10],[25,11,26,11],[24,0,26,0],[24,1,26,1],[24,4,24,5],[24,6,24,7],[24,8,24,9],[24,10,24,11],[35,0,38,0],[41,0,42,1],[41,4,41,15],[42,4,42,5],[42,6,42,7],[42,8,42,9],[42,10,42,11],[42,12,42,13],[42,14,42,15],[44,12,45,12],[44,13,45,13],[44,14,45,14],[44,15,45,15],[46,0,49,0],[50,0,53,0],[43,12,43,13],[43,14,43,15],[44,4,45,4],[44,5,45,5],[44,6,45,6],[44,7,45,7],[44,8,45,8],[44,9,45,9],[44,10,45,10],[44,11,45,11],[43,0,45,0],[43,1,45,1],[43,4,43,5],[43,6,43,7],[43,8,43,9],[43,10,43,11],[54,0,57,0],[60,0,61,1],[60,4,60,15],[61,4,61,5],[61,6,61,7],[61,8,61,9],[61,10,61,11],[61,12,61,13],[61,14,61,15],[63,12,64,12],[63,13,64,13],[63,14,64,14],[63,15,64,15],[65,0,68,0],[69,0,72,0],[62,12,62,13],[62,14,62,15],[63,4,64,4],[63,5,64,5],[63,6,64,6],[63,7,64,7],[63,8,64,8],[63,9,64,9],[63,10,64,10],[63,11,64,11],[62,0,64,0],[62,1,64,1],[62,4,62,5],[62,6,62,7],[62,8,62,9],[62,10,62,11],[73,0,76,0],[79,0,80,1],[79,4,79,15],[80,4,80,5],[80,6,80,7],[80,8,80,9],[80,10,80,11],[80,12,80,13],[80,14,80,15],[82,12,83,12],[82,13,83,13],[82,14,83,14],[82,15,83,15],[84,0,87,0],[88,0,91,0],[81,12,81,13],[81,14,81,15],[82,4,83,4],[82,5,83,5],[82,6,83,6],[82,7,83,7],[82,8,83,8],[82,9,83,9],[82,10,83,10],[82,11,83,11],[81,0,83,0],[81,1,83,1],[81,4,81,5],[81,6,81,7],[81,8,81,9],[81,10,81,11],[92,0,95,0],[98,0,99,1],[98,4,98,15],[99,4,99,5],[99,6,99,7],[99,8,99,9],[99,10,99,11],[99,12,99,13],[99,14,99,15],[101,12,102,12],[101,13,102,13],[101,14,102,14],[101,15,102,15],[103,0,106,0],[107,0,110,0],[100,12,100,13],[100,14,100,15],[101,4,102,4],[101,5,102,5],[101,6,102,6],[101,7,102,7],[101,8,102,8],[101,9,102,9],[101,10,102,10],[101,11,102,11],[100,0,102,0],[100,1,102,1],[100,4,100,5],[100,6,100,7],[100,8,100,9],[100,10,100,11],[111,0,114,0],[117,0,118,1],[117,4,117,15],[118,4,118,5],[118,6,118,7],[118,8,118,9],[118,10,118,11],[118,12,118,13],[118,14,118,15],[130,0,133,0],[120,12,121,12],[120,13,121,13],[120,14,121,14],[120,15,121,15],[122,0,125,0],[126,0,129,0],[119,12,119,13],[119,14,119,15],[120,4,121,4],[120,5,121,5],[120,6,121,6],[120,7,121,7],[120,8,121,8],[120,9,121,9],[120,10,121,10],[120,11,121,11],[119,0,121,0],[119,1,121,1],[119,4,119,5],[119,6,119,7],[119,8,119,9],[119,10,119,11]]}
[]
["4AC14L_41",42]
["Evaporator Air \n",null,"Condenser  Entering Air Temperature ˚F"]
[80,"°F DB",85,null,90,null,95,null,100,null,105,null,110,null,115]
["CFM","EWB†\n˚F","Capacity Mbtuh",null,"Capacity Mbtuh",null,"Capacity Mbtuh",null,"Capacity Mbtuh",null,"Capacity Mbtuh",null,"Capacity Mbtuh",null,"Capacity Mbtuh"]
[null,null,"Total","Sens.","Total","Sens.","Total","Sens.","Total","Sens.","Total","Sens.","Total","Sens.","Total","Sens."]
[null,null,null,null,null,null,null,null,null,null,null,null,null,null,null,null,null,"Total Factors",null,null,null,null,null,null,"Sens. %",null,null,null,null,null,null,"IDB Adj",null,null,null,null,null,null,"Sens Calc"]
[1225,71,{"$f":"R8*$B$2","v":45.15},{"$f":"IF(AM8>C8,C8,AM8)","v":27.541499999999999},{"$f":"S8*$B$2","v":44.1},{"$f":"IF(AN8>E8,E8,AN8)","v":27.342000000000002},{"$f":"T8*$B$2","v":43.05},{"$f":"IF(AO8>G8,G8,AO8)","v":27.121499999999997},{"$f":"U8*$B$2","v":42},{"$f":"IF(AP8>I8,I8,AP8)","v":26.67},{"$f":"V8*$B$2","v":40.949999999999996},{"$f":"IF(AQ8>K8,K8,AQ8)","v":26.207999999999998},{"$f":"W8*$B$2","v":39.69},{"$f":"IF(AR8>M8,M8,AR8)","v":25.60005},{"$f":"X8*$B$2","v":38.43},{"$f":"IF(AS8>O8,O8,AS8)","v":24.979500000000002},null,1.075,1.05,1.0249999999999999,1,0.97499999999999998,0.94499999999999995,0.91500000000000004,0.61,0.62,0.63,0.63500000000000001,0.64,0.64500000000000002,0.65,{"$f":"IF(Y8<0.9,0.9,Y8*-3.6846+4.1276)","v":0.9},{"$f":"IF(Z8<0.9,0.9,Z8*-3.6846+4.1276)","v":0.9},0.9,0.9,0.9,0.9,0.9,{"$f":"Y8*C8+($A$4-80)*AF8*$A$8/1000","v":27.541499999999999},{"$f":"Z8*E8+($A$4-80)*AG8*$A$8/1000","v":27.342000000000002},{"$f":"AA8*G8+($A$4-80)*AH8*$A$8/1000","v":27.121499999999997},{"$f":"AB8*I8+($A$4-80)*AI8*$A$8/1000","v":26.67},{"$f":"AC8*K8+($A$4-80)*AJ8*$A$8/1000","v":26.207999999999998},{"$f":"AD8*M8+($A$4-80)*AK8*$A$8/1000","v":25.60005},{"$f":"AE8*O8+($A$4-80)*AL8*$A$8/1000","v":24.979500000000002}]
[null,67,43.05,33.148499999999999,42.262500000000003,{"$f":"IF(AN9>E9,E9,AN9)","v":32.753437500000004},41.475000000000001,{"$f":"IF(AO9>G9,G9,AO9)","v":32.350500000000004},40.267499999999998,{"$f":"IF(AP9>I9,I9,AP9)","v":32.012662499999998},39.06,{"$f":"IF(AQ9>K9,K9,AQ9)","v":31.638600000000004},37.905000000000001,{"$f":"IF(AR9>M9,M9,AR9)","v":31.082100000000004},36.75,{"$f":"IF(AS9>O9,O9,AS9)","v":30.502499999999998},null,1.0249999999999999,1.0062500000000001,0.98750000000000004,0.95874999999999999,0.93,0.90250000000000008,0.875,0.77,0.77500000000000002,0.78,0.79500000000000004,0.81,0.82000000000000006,0.83,{"$f":"IF(Y9<0.9,0.9,Y9*-3.6846+4.1276)","v":0.9},0.9,0.9,0.9,0.9,0.9,0.9,{"$f":"Y9*C9+($A$4-80)*AF9*$A$8/1000","v":33.148499999999999},{"$f":"Z9*E9+($A$4-80)*AG9*$A$8/1000","v":32.753437500000004},{"$f":"AA9*G9+($A$4-80)*AH9*$A$8/1000","v":32.350500000000004},{"$f":"AB9*I9+($A$4-80)*AI9*$A$8/1000","v":32.012662499999998},{"$f":"AC9*K9+($A$4-80)*AJ9*$A$8/1000","v":31.638600000000004},{"$f":"AD9*M9+($A$4-80)*AK9*$A$8/1000","v":31.082100000000004},{"$f":"AE9*O9+($A$4-80)*AL9*$A$8/1000","v":30.502499999999998}]
[null,65,42.262500000000003,36.134437500000004,41.317500000000003,35.636343750000002,40.372500000000002,35.124075000000005,39.296250000000008,34.777181250000005,38.220000000000006,34.398000000000003,37.1175,33.68413125,36.015000000000001,32.953724999999999,null,1.0062500000000001,0.98375000000000001,0.96125000000000005,0.93562500000000015,0.91000000000000014,0.88375000000000004,0.85749999999999993,0.85499999999999998,0.86250000000000004,0.87,0.88500000000000001,0.9,0.90749999999999997,0.91500000000000004,0.9,0.9,0.9,0.9,0.81145999999999985,0.78382550000000029,0.75619099999999984,36.134437500000004,{"$f":"Z10*E10+($A$4-80)*AG10*$A$8/1000","v":35.636343750000002},{"$f":"AA10*G10+($A$4-80)*AH10*$A$8/1000","v":35.124075000000005},34.777181250000005,34.398000000000003,33.68413125,32.953724999999999]
[null,63,41.475000000000001,38.986499999999999,40.372500000000002,38.353875000000002,39.269999999999996,37.699199999999998,38.324999999999996,37.366874999999993,37.380000000000003,37.0062,36.33,36.148350000000001,35.28,35.28,null,0.98750000000000004,0.96125000000000005,0.93499999999999994,0.91249999999999998,0.89,0.86499999999999999,0.84000000000000008,0.94,0.95,0.96,0.97499999999999998,0.99,0.995,1,0.66407600000000011,0.6272300000000004,0.59038400000000024,0.53511500000000023,0.47984600000000022,0.46142299999999992,0.44300000000000006,38.986499999999999,{"$f":"Z11*E11+($A$4-80)*AG11*$A$8/1000","v":38.353875000000002},{"$f":"AA11*G11+($A$4-80)*AH11*$A$8/1000","v":37.699199999999998},{"$f":"AB11*I11+($A$4-80)*AI11*$A$8/1000","v":37.366874999999993},37.0062,36.148350000000001,35.28]
[1400,71,46.2,29.106000000000002,45.15,28.896000000000001,44.1,28.665000000000003,42.787500000000001,28.025812500000001,41.475000000000001,27.373500000000003,40.372500000000002,27.049575000000004,39.269999999999996,26.703599999999998,null,1.1000000000000001,1.075,1.05,1.01875,0.98750000000000004,0.96125000000000005,0.93499999999999994,0.63,0.64,0.65,0.65500000000000003,0.66,0.67,0.68,0.9,0.9,0.9,0.9,0.9,0.9,0.9,{"$f":"Y12*C12+($A$4-80)*AF12*$A$12/1000","v":29.106000000000002},{"$f":"Z12*E12+($A$4-80)*AG12*$A$12/1000","v":28.896000000000001},{"$f":"AA12*G12+($A$4-80)*AH12*$A$12/1000","v":28.665000000000003},{"$f":"AB12*I12+($A$4-80)*AI12*$A$12/1000","v":28.025812500000001},{"$f":"AC12*K12+($A$4-80)*AJ12*$A$12/1000","v":27.373500000000003},{"$f":"AD12*M12+($A$4-80)*AK12*$A$12/1000","v":27.049575000000004},{"$f":"AE12*O12+($A$4-80)*AL12*$A$12/1000","v":26.703599999999998}]
[null,67,44.1,35.28,43.05,34.655250000000002,42,34.020000000000003,40.949999999999996,33.783749999999998,39.9,33.515999999999998,38.64,33.037199999999999,37.380000000000003,32.520600000000002,null,1.05,1.0249999999999999,1,0.97499999999999998,0.95,0.91999999999999993,0.89,0.8,0.80500000000000005,0.81,0.82499999999999996,0.84,0.85499999999999998,0.87,0.9,0.9,0.9,0.9,0.9,0.9,0.9,{"$f":"Y13*C13+($A$4-80)*AF13*$A$12/1000","v":35.28},{"$f":"Z13*E13+($A$4-80)*AG13*$A$12/1000","v":34.655250000000002},{"$f":"AA13*G13+($A$4-80)*AH13*$A$12/1000","v":34.020000000000003},{"$f":"AB13*I13+($A$4-80)*AI13*$A$12/1000","v":33.783749999999998},{"$f":"AC13*K13+($A$4-80)*AJ13*$A$12/1000","v":33.515999999999998},{"$f":"AD13*M13+($A$4-80)*AK13*$A$12/1000","v":33.037199999999999},{"$f":"AE13*O13+($A$4-80)*AL13*$A$12/1000","v":32.520600000000002}]
[null,65,43.3125,38.548124999999999,42.262500000000003,37.93059375,41.212499999999999,37.297312499999997,40.188749999999999,36.672234374999995,39.164999999999992,36.03179999999999,38.0625,35.302968749999998,36.960000000000008,34.557600000000008,null,1.03125,1.0062500000000001,0.98124999999999996,0.95687499999999992,0.93249999999999988,0.90625,0.88000000000000012,0.89,0.89749999999999996,0.90500000000000003,0.91249999999999998,0.91999999999999993,0.92749999999999999,0.93500000000000005,0.9,0.9,0.79303699999999999,0.76540249999999999,0.73776800000000042,0.71013349999999997,0.68249899999999997,38.548124999999999,{"$f":"Z14*E14+($A$4-80)*AG14*$A$12/1000","v":37.93059375},{"$f":"AA14*G14+($A$4-80)*AH14*$A$12/1000","v":37.297312499999997},36.672234374999995,36.03179999999999,35.302968749999998,34.557600000000008]
[null,63,42.524999999999999,41.674499999999995,41.475000000000001,41.060250000000003,40.425000000000004,40.425000000000004,39.427500000000002,39.427500000000002,38.43,38.43,37.484999999999999,37.484999999999999,36.539999999999992,36.539999999999992,null,1.0125,0.98750000000000004,0.96250000000000002,0.93874999999999997,0.91500000000000004,0.89250000000000007,0.86999999999999988,0.98,0.99,1,1,1,1,1,0.51669199999999993,0.47984600000000022,0.44300000000000006,0.44300000000000006,0.44300000000000006,0.44300000000000006,0.44300000000000006,41.674499999999995,{"$f":"Z15*E15+($A$4-80)*AG15*$A$12/1000","v":41.060250000000003},{"$f":"AA15*G15+($A$4-80)*AH15*$A$12/1000","v":40.425000000000004},39.427500000000002,38.43,37.484999999999999,36.539999999999992]
[1575,71,46.725000000000001,30.371250000000003,45.674999999999997,29.917124999999999,44.625,29.452500000000001,43.575000000000003,29.195250000000005,42.524999999999999,28.917000000000002,41.107500000000002,28.364174999999999,39.69,27.782999999999998,null,1.1125,1.0874999999999999,1.0625,1.0375000000000001,1.0125,0.97875000000000001,0.94499999999999995,0.65,0.65500000000000003,0.66,0.67,0.68,0.69,0.7,0.9,0.9,0.9,0.9,0.9,0.9,0.9,{"$f":"Y16*C16+($A$4-80)*AF16*$A$16/1000","v":30.371250000000003},{"$f":"Z16*E16+($A$4-80)*AG16*$A$16/1000","v":29.917124999999999},{"$f":"AA16*G16+($A$4-80)*AH16*$A$16/1000","v":29.452500000000001},{"$f":"AB16*I16+($A$4-80)*AI16*$A$16/1000","v":29.195250000000005},{"$f":"AC16*K16+($A$4-80)*AJ16*$A$16/1000","v":28.917000000000002},{"$f":"AD16*M16+($A$4-80)*AK16*$A$16/1000","v":28.364174999999999},{"$f":"AE16*O16+($A$4-80)*AL16*$A$16/1000","v":27.782999999999998}]
[null,67,45.15,37.022999999999996,44.1,36.823500000000003,43.05,36.592499999999994,41.737500000000004,35.685562500000003,40.425000000000004,34.765500000000003,39.322499999999998,34.8004125,38.22,34.780200000000001,null,1.075,1.05,1.0249999999999999,0.99375000000000002,0.96250000000000002,0.93625000000000003,0.90999999999999992,0.82,0.83499999999999996,0.85,0.85499999999999998,0.86,0.88500000000000001,0.91,0.9,0.9,0.9,0.9,0.9,0.9,0.77461400000000014,{"$f":"Y17*C17+($A$4-80)*AF17*$A$16/1000","v":37.022999999999996},{"$f":"Z17*E17+($A$4-80)*AG17*$A$16/1000","v":36.823500000000003},{"$f":"AA17*G17+($A$4-80)*AH17*$A$16/1000","v":36.592499999999994},{"$f":"AB17*I17+($A$4-80)*AI17*$A$16/1000","v":35.685562500000003},{"$f":"AC17*K17+($A$4-80)*AJ17*$A$16/1000","v":34.765500000000003},{"$f":"AD17*M17+($A$4-80)*AK17*$A$16/1000","v":34.8004125},{"$f":"AE17*O17+($A$4-80)*AL17*$A$16/1000","v":34.780200000000001}]
[null,65,44.1,40.131,43.181249999999999,39.618796875000001,42.262500000000003,39.092812500000008,41.160000000000004,38.175900000000006,40.057499999999997,37.253474999999995,38.928750000000008,36.69034687500001,37.800000000000004,36.099000000000004,null,1.05,1.028125,1.0062500000000001,0.98000000000000009,0.95374999999999999,0.92687500000000012,0.9,0.90999999999999992,0.91749999999999998,0.92500000000000004,0.92749999999999999,0.92999999999999994,0.9425,0.95500000000000007,0.77461400000000058,0.74697950000000013,0.71934500000000012,0.71013349999999997,0.70092200000000027,0.65486449999999996,0.60880699999999965,40.131,{"$f":"Z18*E18+($A$4-80)*AG18*$A$16/1000","v":39.618796875000001},{"$f":"AA18*G18+($A$4-80)*AH18*$A$16/1000","v":39.092812500000008},38.175900000000006,37.253474999999995,36.69034687500001,36.099000000000004]
[null,63,43.05,43.05,42.262500000000003,42.262500000000003,41.475000000000001,41.475000000000001,40.582499999999996,40.582499999999996,39.69,39.69,38.535000000000004,38.535000000000004,37.380000000000003,37.380000000000003,null,1.0249999999999999,1.0062500000000001,0.98750000000000004,0.96624999999999994,0.94499999999999995,0.91750000000000009,0.89,1,1,1,1,1,1,1,0.44300000000000006,0.44300000000000006,0.44300000000000006,0.44300000000000006,0.44300000000000006,0.44300000000000006,0.44300000000000006,43.05,{"$f":"Z19*E19+($A$4-80)*AG19*$A$16/1000","v":42.262500000000003},{"$f":"AA19*G19+($A$4-80)*AH19*$A$16/1000","v":41.475000000000001},40.582499999999996,39.69,38.535000000000004,37.380000000000003]

{"sheet":"4AC14L_42","index":15,"n_rows":19,"n_cols":45,"rows_kept":19,"cut":false,"hidden":true,"merged":[[2,0,2,1],[2,2,2,15],[3,2,3,3],[3,4,3,5],[3,6,3,7],[3,8,3,9],[3,10,3,11],[3,12,3,13],[3,14,3,15],[5,2,6,2],[5,3,6,3],[5,4,6,4],[5,5,6,5],[5,6,6,6],[5,7,6,7],[5,8,6,8],[4,0,6,0],[4,1,6,1],[4,2,4,3],[4,4,4,5],[4,6,4,7],[4,8,4,9],[5,9,6,9],[5,10,6,10],[5,11,6,11],[5,12,6,12],[5,13,6,13],[5,14,6,14],[5,15,6,15],[4,10,4,11],[4,12,4,13],[4,14,4,15],[7,0,10,0],[11,0,14,0],[15,0,18,0],[22,4,22,15],[23,4,23,5],[23,6,23,7],[23,8,23,9],[23,10,23,11],[23,12,23,13],[23,14,23,15],[25,12,26,12],[25,13,26,13],[25,14,26,14],[25,15,26,15],[27,0,30,0],[31,0,34,0],[24,12,24,13],[24,14,24,15],[25,4,26,4],[25,5,26,5],[25,6,26,6],[25,7,26,7],[25,8,26,8],[25,9,26,9],[25,10,26,10],[25,11,26,11],[24,0,26,0],[24,1,26,1],[24,4,24,5],[24,6,24,7],[24,8,24,9],[24,10,24,11],[35,0,38,0],[41,0,42,1],[41,4,41,15],[42,4,42,5],[42,6,42,7],[42,8,42,9],[42,10,42,11],[42,12,42,13],[42,14,42,15],[44,12,45,12],[44,13,45,13],[44,14,45,14],[44,15,45,15],[46,0,49,0],[50,0,53,0],[43,12,43,13],[43,14,43,15],[44,4,45,4],[44,5,45,5],[44,6,45,6],[44,7,45,7],[44,8,45,8],[44,9,45,9],[44,10,45,10],[44,11,45,11],[43,0,45,0],[43,1,45,1],[43,4,43,5],[43,6,43,7],[43,8,43,9],[43,10,43,11],[54,0,57,0],[60,0,61,1],[60,4,60,15],[61,4,61,5],[61,6,61,7],[61,8,61,9],[61,10,61,11],[61,12,61,13],[61,14,61,15],[63,12,64,12],[63,13,64,13],[63,14,64,14],[63,15,64,15],[65,0,68,0],[69,0,72,0],[62,12,62,13],[62,14,62,15],[63,4,64,4],[63,5,64,5],[63,6,64,6],[63,7,64,7],[63,8,64,8],[63,9,64,9],[63,10,64,10],[63,11,64,11],[62,0,64,0],[62,1,64,1],[62,4,62,5],[62,6,62,7],[62,8,62,9],[62,10,62,11],[73,0,76,0],[79,0,80,1],[79,4,79,15],[80,4,80,5],[80,6,80,7],[80,8,80,9],[80,10,80,11],[80,12,80,13],[80,14,80,15],[82,12,83,12],[82,13,83,13],[82,14,83,14],[82,15,83,15],[84,0,87,0],[88,0,91,0],[81,12,81,13],[81,14,81,15],[82,4,83,4],[82,5,83,5],[82,6,83,6],[82,7,83,7],[82,8,83,8],[82,9,83,9],[82,10,83,10],[82,11,83,11],[81,0,83,0],[81,1,83,1],[81,4,81,5],[81,6,81,7],[81,8,81,9],[81,10,81,11],[92,0,95,0],[98,0,99,1],[98,4,98,15],[99,4,99,5],[99,6,99,7],[99,8,99,9],[99,10,99,11],[99,12,99,13],[99,14,99,15],[101,12,102,12],[101,13,102,13],[101,14,102,14],[101,15,102,15],[103,0,106,0],[107,0,110,0],[100,12,100,13],[100,14,100,15],[101,4,102,4],[101,5,102,5],[101,6,102,6],[101,7,102,7],[101,8,102,8],[101,9,102,9],[101,10,102,10],[101,11,102,11],[100,0,102,0],[100,1,102,1],[100,4,100,5],[100,6,100,7],[100,8,100,9],[100,10,100,11],[111,0,114,0],[117,0,118,1],[117,4,117,15],[118,4,118,5],[118,6,118,7],[118,8,118,9],[118,10,118,11],[118,12,118,13],[118,14,118,15],[130,0,133,0],[120,12,121,12],[120,13,121,13],[120,14,121,14],[120,15,121,15],[122,0,125,0],[126,0,129,0],[119,12,119,13],[119,14,119,15],[120,4,121,4],[120,5,121,5],[120,6,121,6],[120,7,121,7],[120,8,121,8],[120,9,121,9],[120,10,121,10],[120,11,121,11],[119,0,121,0],[119,1,121,1],[119,4,119,5],[119,6,119,7],[119,8,119,9],[119,10,119,11]]}
[]
["4AC14L_42",42]
["Evaporator Air \n",null,"Condenser  Entering Air Temperature ˚F"]
[80,"°F DB",85,null,90,null,95,null,100,null,105,null,110,null,115]
["CFM","EWB†\n˚F","Capacity Mbtuh",null,"Capacity Mbtuh",null,"Capacity Mbtuh",null,"Capacity Mbtuh",null,"Capacity Mbtuh",null,"Capacity Mbtuh",null,"Capacity Mbtuh"]
[null,null,"Total","Sens.","Total","Sens.","Total","Sens.","Total","Sens.","Total","Sens.","Total","Sens.","Total","Sens."]
[null,null,null,null,null,null,null,null,null,null,null,null,null,null,null,null,null,"Total Factors",null,null,null,null,null,null,"Sens. %",null,null,null,null,null,null,"IDB Adj",null,null,null,null,null,null,"Sens Calc"]
[1225,71,{"$f":"R8*$B$2","v":45.418604651162788},{"$f":"IF(AM8>C8,C8,AM8)","v":27.7053488372093},{"$f":"S8*$B$2","v":44.197674418604656},{"$f":"IF(AN8>E8,E8,AN8)","v":27.181569767441864},{"$f":"T8*$B$2","v":42.976744186046517},{"$f":"IF(AO8>G8,G8,AO8)","v":26.645581395348842},{"$f":"U8*$B$2","v":42},{"$f":"IF(AP8>I8,I8,AP8)","v":26.25},{"$f":"V8*$B$2","v":41.023255813953483},{"$f":"IF(AQ8>K8,K8,AQ8)","v":25.844651162790694},{"$f":"W8*$B$2","v":39.802325581395351},{"$f":"IF(AR8>M8,M8,AR8)","v":25.473488372093026},{"$f":"X8*$B$2","v":38.581395348837205},{"$f":"IF(AS8>O8,O8,AS8)","v":25.077906976744185},null,1.0813953488372092,1.0523255813953489,1.0232558139534884,1,0.97674418604651159,0.94767441860465118,0.91860465116279066,0.61,0.61499999999999999,0.62,0.625,0.63,0.64,0.65,{"$f":"IF(Y8<0.9,0.9,Y8*-3.6846+4.1276)","v":0.9},{"$f":"IF(Z8<0.9,0.9,Z8*-3.6846+4.1276)","v":0.9},0.9,0.9,0.9,0.9,0.9,{"$f":"Y8*C8+($A$4-80)*AF8*$A$8/1000","v":27.7053488372093},{"$f":"Z8*E8+($A$4-80)*AG8*$A$8/1000","v":27.181569767441864},{"$f":"AA8*G8+($A$4-80)*AH8*$A$8/1000","v":26.645581395348842},{"$f":"AB8*I8+($A$4-80)*AI8*$A$8/1000","v":26.25},{"$f":"AC8*K8+($A$4-80)*AJ8*$A$8/1000","v":25.844651162790694},{"$f":"AD8*M8+($A$4-80)*AK8*$A$8/1000","v":25.473488372093026},{"$f":"AE8*O8+($A$4-80)*AL8*$A$8/1000","v":25.077906976744185}]
[null,67,42.976744186046517,32.232558139534888,42,{"$f":"IF(AN9>E9,E9,AN9)","v":31.92},41.023255813953483,{"$f":"IF(AO9>G9,G9,AO9)","v":31.587906976744183},40.04651162790698,{"$f":"IF(AP9>I9,I9,AP9)","v":31.236279069767445},39.069767441860463,{"$f":"IF(AQ9>K9,K9,AQ9)","v":30.865116279069767},37.800000000000004,{"$f":"IF(AR9>M9,M9,AR9)","v":30.429000000000002},36.530232558139531,{"$f":"IF(AS9>O9,O9,AS9)","v":29.954790697674415},null,1.0232558139534884,1,0.97674418604651159,0.95348837209302328,0.93023255813953487,0.9,0.86976744186046506,0.75,0.76,0.77,0.78,0.79,0.80499999999999994,0.82,{"$f":"IF(Y9<0.9,0.9,Y9*-3.6846+4.1276)","v":0.9},0.9,0.9,0.9,0.9,0.9,0.9,{"$f":"Y9*C9+($A$4-80)*AF9*$A$8/1000","v":32.232558139534888},{"$f":"Z9*E9+($A$4-80)*AG9*$A$8/1000","v":31.92},{"$f":"AA9*G9+($A$4-80)*AH9*$A$8/1000","v":31.587906976744183},{"$f":"AB9*I9+($A$4-80)*AI9*$A$8/1000","v":31.236279069767445},{"$f":"AC9*K9+($A$4-80)*AJ9*$A$8/1000","v":30.865116279069767},{"$f":"AD9*M9+($A$4-80)*AK9*$A$8/1000","v":30.429000000000002},{"$f":"AE9*O9+($A$4-80)*AL9*$A$8/1000","v":29.954790697674415}]
[null,65,42,35.07,41.023255813953483,34.66465116279069,40.04651162790698,34.239767441860465,39.020930232558143,33.85065697674419,37.995348837209306,33.435906976744192,36.823255813953494,32.956813953488378,35.651162790697676,32.442558139534881,null,1,0.97674418604651159,0.95348837209302328,0.92906976744186054,0.90465116279069768,0.87674418604651172,0.84883720930232553,0.83499999999999996,0.84499999999999997,0.85499999999999998,0.86749999999999994,0.88,0.89500000000000002,0.90999999999999992,0.9,0.9,0.9,0.9,0.9,0.9,0.77461400000000058,35.07,{"$f":"Z10*E10+($A$4-80)*AG10*$A$8/1000","v":34.66465116279069},{"$f":"AA10*G10+($A$4-80)*AH10*$A$8/1000","v":34.239767441860465},33.85065697674419,33.435906976744192,32.956813953488378,32.442558139534881]
[null,63,41.023255813953483,37.741395348837209,40.04651162790698,37.243255813953489,39.069767441860463,36.725581395348833,37.995348837209306,36.285558139534885,36.920930232558135,35.81330232558139,35.846511627906978,35.308813953488375,34.77209302325582,34.77209302325582,null,0.97674418604651159,0.95348837209302328,0.93023255813953487,0.90465116279069768,0.87906976744186038,0.85348837209302331,0.82790697674418612,0.92,0.92999999999999994,0.94,0.95499999999999996,0.97,0.98499999999999999,1,0.73776799999999998,0.70092200000000027,0.66407600000000011,0.6088070000000001,0.55353800000000009,0.49826900000000007,0.44300000000000006,37.741395348837209,{"$f":"Z11*E11+($A$4-80)*AG11*$A$8/1000","v":37.243255813953489},{"$f":"AA11*G11+($A$4-80)*AH11*$A$8/1000","v":36.725581395348833},{"$f":"AB11*I11+($A$4-80)*AI11*$A$8/1000","v":36.285558139534885},35.81330232558139,35.308813953488375,34.77209302325582]
[1400,71,46.395348837209298,29.229069767441857,45.418604651162788,28.840813953488372,44.441860465116285,28.442790697674422,43.220930232558139,28.093604651162792,42,27.720000000000002,40.534883720930232,26.955697674418605,39.069767441860463,26.176744186046513,null,1.1046511627906976,1.0813953488372092,1.058139534883721,1.0290697674418605,1,0.96511627906976749,0.93023255813953487,0.63,0.63500000000000001,0.64,0.65,0.66,0.66500000000000004,0.67,0.9,0.9,0.9,0.9,0.9,0.9,0.9,{"$f":"Y12*C12+($A$4-80)*AF12*$A$12/1000","v":29.229069767441857},{"$f":"Z12*E12+($A$4-80)*AG12*$A$12/1000","v":28.840813953488372},{"$f":"AA12*G12+($A$4-80)*AH12*$A$12/1000","v":28.442790697674422},{"$f":"AB12*I12+($A$4-80)*AI12*$A$12/1000","v":28.093604651162792},{"$f":"AC12*K12+($A$4-80)*AJ12*$A$12/1000","v":27.720000000000002},{"$f":"AD12*M12+($A$4-80)*AK12*$A$12/1000","v":26.955697674418605},{"$f":"AE12*O12+($A$4-80)*AL12*$A$12/1000","v":26.176744186046513}]
[null,67,44.441860465116285,35.109069767441866,43.220930232558139,34.360639534883724,42,33.6,41.023255813953483,33.433953488372083,40.04651162790698,33.238604651162795,38.825581395348834,32.613488372093016,37.604651162790702,31.963953488372095,null,1.058139534883721,1.0290697674418605,1,0.97674418604651159,0.95348837209302328,0.92441860465116277,0.89534883720930236,0.79,0.79500000000000004,0.8,0.81499999999999995,0.83,0.84,0.85,0.9,0.9,0.9,0.9,0.9,0.9,0.9,{"$f":"Y13*C13+($A$4-80)*AF13*$A$12/1000","v":35.109069767441866},{"$f":"Z13*E13+($A$4-80)*AG13*$A$12/1000","v":34.360639534883724},{"$f":"AA13*G13+($A$4-80)*AH13*$A$12/1000","v":33.6},{"$f":"AB13*I13+($A$4-80)*AI13*$A$12/1000","v":33.433953488372083},{"$f":"AC13*K13+($A$4-80)*AJ13*$A$12/1000","v":33.238604651162795},{"$f":"AD13*M13+($A$4-80)*AK13*$A$12/1000","v":32.613488372093016},{"$f":"AE13*O13+($A$4-80)*AL13*$A$12/1000","v":31.963953488372095}]
[null,65,43.220930232558139,37.818313953488371,42.122093023255815,37.172747093023261,41.023255813953483,36.510697674418601,40.04651162790698,36.141976744186053,39.069767441860463,35.748837209302323,37.922093023255812,34.88832558139535,36.77441860465116,34.016337209302321,null,1.0290697674418605,1.0029069767441861,0.97674418604651159,0.95348837209302328,0.93023255813953487,0.90290697674418607,0.87558139534883717,0.875,0.88250000000000006,0.89,0.90250000000000008,0.91500000000000004,0.92,0.92500000000000004,0.9,0.9,0.9,0.8022484999999997,0.75619099999999984,0.73776799999999998,0.71934500000000012,37.818313953488371,{"$f":"Z14*E14+($A$4-80)*AG14*$A$12/1000","v":37.172747093023261},{"$f":"AA14*G14+($A$4-80)*AH14*$A$12/1000","v":36.510697674418601},36.141976744186053,35.748837209302323,34.88832558139535,34.016337209302321]
[null,63,42,40.32,41.023255813953483,39.792558139534876,40.04651162790698,39.245581395348843,39.069767441860463,38.67906976744186,38.093023255813954,38.093023255813954,37.018604651162789,37.018604651162789,35.944186046511625,35.944186046511625,null,1,0.97674418604651159,0.95348837209302328,0.93023255813953487,0.90697674418604646,0.88139534883720927,0.85581395348837208,0.96,0.97,0.98,0.99,1,1,1,0.59038400000000024,0.55353800000000009,0.51669199999999993,0.47984600000000022,0.44300000000000006,0.44300000000000006,0.44300000000000006,40.32,{"$f":"Z15*E15+($A$4-80)*AG15*$A$12/1000","v":39.792558139534876},{"$f":"AA15*G15+($A$4-80)*AH15*$A$12/1000","v":39.245581395348843},38.67906976744186,38.093023255813954,37.018604651162789,35.944186046511625]
[1575,71,47.372093023255815,30.791860465116279,46.395348837209298,30.388953488372092,45.418604651162788,29.97627906976744,44.197674418604656,29.612441860465122,42.976744186046517,29.224186046511633,41.511627906976742,28.643023255813951,40.04651162790698,28.032558139534885,null,1.1279069767441861,1.1046511627906976,1.0813953488372092,1.0523255813953489,1.0232558139534884,0.98837209302325579,0.95348837209302328,0.65,0.65500000000000003,0.66,0.67,0.68,0.69,0.7,0.9,0.9,0.9,0.9,0.9,0.9,0.9,{"$f":"Y16*C16+($A$4-80)*AF16*$A$16/1000","v":30.791860465116279},{"$f":"Z16*E16+($A$4-80)*AG16*$A$16/1000","v":30.388953488372092},{"$f":"AA16*G16+($A$4-80)*AH16*$A$16/1000","v":29.97627906976744},{"$f":"AB16*I16+($A$4-80)*AI16*$A$16/1000","v":29.612441860465122},{"$f":"AC16*K16+($A$4-80)*AJ16*$A$16/1000","v":29.224186046511633},{"$f":"AD16*M16+($A$4-80)*AK16*$A$16/1000","v":28.643023255813951},{"$f":"AE16*O16+($A$4-80)*AL16*$A$16/1000","v":28.032558139534885}]
[null,67,45.418604651162788,37.243255813953482,44.197674418604656,36.684069767441862,42.976744186046517,36.100465116279075,41.755813953488371,35.492441860465114,40.534883720930232,34.86,39.313953488372093,34.399709302325583,38.093023255813954,33.902790697674419,null,1.0813953488372092,1.0523255813953489,1.0232558139534884,0.9941860465116279,0.96511627906976749,0.93604651162790697,0.90697674418604646,0.82,0.83,0.84,0.85,0.86,0.875,0.89,0.9,0.9,0.9,0.9,0.9,0.9,0.9,{"$f":"Y17*C17+($A$4-80)*AF17*$A$16/1000","v":37.243255813953482},{"$f":"Z17*E17+($A$4-80)*AG17*$A$16/1000","v":36.684069767441862},{"$f":"AA17*G17+($A$4-80)*AH17*$A$16/1000","v":36.100465116279075},{"$f":"AB17*I17+($A$4-80)*AI17*$A$16/1000","v":35.492441860465114},{"$f":"AC17*K17+($A$4-80)*AJ17*$A$16/1000","v":34.86},{"$f":"AD17*M17+($A$4-80)*AK17*$A$16/1000","v":34.399709302325583},{"$f":"AE17*O17+($A$4-80)*AL17*$A$16/1000","v":33.902790697674419}]
[null,65,44.197674418604656,39.998895348837216,43.098837209302324,39.327688953488369,42,38.64,40.901162790697676,37.833575581395344,39.802325581395351,37.016162790697678,38.70348837209302,36.284520348837205,37.604651162790702,35.536395348837218,null,1.0523255813953489,1.0261627906976745,1,0.97383720930232553,0.94767441860465118,0.92151162790697672,0.89534883720930236,0.90500000000000003,0.91249999999999998,0.91999999999999993,0.92499999999999993,0.92999999999999994,0.9375,0.94500000000000006,0.79303699999999999,0.76540249999999999,0.73776800000000042,0.71934500000000012,0.70092200000000027,0.67328750000000026,0.64565299999999981,39.998895348837216,{"$f":"Z18*E18+($A$4-80)*AG18*$A$16/1000","v":39.327688953488369},{"$f":"AA18*G18+($A$4-80)*AH18*$A$16/1000","v":38.64},37.833575581395344,37.016162790697678,36.284520348837205,35.536395348837218]
[null,63,42.976744186046517,42.546976744186054,42,41.79,41.023255813953483,41.023255813953483,40.04651162790698,40.04651162790698,39.069767441860463,39.069767441860463,38.093023255813954,38.093023255813954,37.116279069767444,37.116279069767444,null,1.0232558139534884,1,0.97674418604651159,0.95348837209302328,0.93023255813953487,0.90697674418604646,0.88372093023255816,0.99,0.995,1,1,1,1,1,0.47984600000000022,0.46142299999999992,0.44300000000000006,0.44300000000000006,0.44300000000000006,0.44300000000000006,0.44300000000000006,42.546976744186054,{"$f":"Z19*E19+($A$4-80)*AG19*$A$16/1000","v":41.79},{"$f":"AA19*G19+($A$4-80)*AH19*$A$16/1000","v":41.023255813953483},40.04651162790698,39.069767441860463,38.093023255813954,37.116279069767444]

{"sheet":"4AC14L_47","index":16,"n_rows":19,"n_cols":45,"rows_kept":19,"cut":false,"hidden":true,"merged":[[2,0,2,1],[2,2,2,15],[3,2,3,3],[3,4,3,5],[3,6,3,7],[3,8,3,9],[3,10,3,11],[3,12,3,13],[3,14,3,15],[5,2,6,2],[5,3,6,3],[5,4,6,4],[5,5,6,5],[5,6,6,6],[5,7,6,7],[5,8,6,8],[4,0,6,0],[4,1,6,1],[4,2,4,3],[4,4,4,5],[4,6,4,7],[4,8,4,9],[5,9,6,9],[5,10,6,10],[5,11,6,11],[5,12,6,12],[5,13,6,13],[5,14,6,14],[5,15,6,15],[4,10,4,11],[4,12,4,13],[4,14,4,15],[7,0,10,0],[11,0,14,0],[15,0,18,0],[22,4,22,15],[23,4,23,5],[23,6,23,7],[23,8,23,9],[23,10,23,11],[23,12,23,13],[23,14,23,15],[25,12,26,12],[25,13,26,13],[25,14,26,14],[25,15,26,15],[27,0,30,0],[31,0,34,0],[24,12,24,13],[24,14,24,15],[25,4,26,4],[25,5,26,5],[25,6,26,6],[25,7,26,7],[25,8,26,8],[25,9,26,9],[25,10,26,10],[25,11,26,11],[24,0,26,0],[24,1,26,1],[24,4,24,5],[24,6,24,7],[24,8,24,9],[24,10,24,11],[35,0,38,0],[41,0,42,1],[41,4,41,15],[42,4,42,5],[42,6,42,7],[42,8,42,9],[42,10,42,11],[42,12,42,13],[42,14,42,15],[44,12,45,12],[44,13,45,13],[44,14,45,14],[44,15,45,15],[46,0,49,0],[50,0,53,0],[43,12,43,13],[43,14,43,15],[44,4,45,4],[44,5,45,5],[44,6,45,6],[44,7,45,7],[44,8,45,8],[44,9,45,9],[44,10,45,10],[44,11,45,11],[43,0,45,0],[43,1,45,1],[43,4,43,5],[43,6,43,7],[43,8,43,9],[43,10,43,11],[54,0,57,0],[60,0,61,1],[60,4,60,15],[61,4,61,5],[61,6,61,7],[61,8,61,9],[61,10,61,11],[61,12,61,13],[61,14,61,15],[63,12,64,12],[63,13,64,13],[63,14,64,14],[63,15,64,15],[65,0,68,0],[69,0,72,0],[62,12,62,13],[62,14,62,15],[63,4,64,4],[63,5,64,5],[63,6,64,6],[63,7,64,7],[63,8,64,8],[63,9,64,9],[63,10,64,10],[63,11,64,11],[62,0,64,0],[62,1,64,1],[62,4,62,5],[62,6,62,7],[62,8,62,9],[62,10,62,11],[73,0,76,0],[79,0,80,1],[79,4,79,15],[80,4,80,5],[80,6,80,7],[80,8,80,9],[80,10,80,11],[80,12,80,13],[80,14,80,15],[82,12,83,12],[82,13,83,13],[82,14,83,14],[82,15,83,15],[84,0,87,0],[88,0,91,0],[81,12,81,13],[81,14,81,15],[82,4,83,4],[82,5,83,5],[82,6,83,6],[82,7,83,7],[82,8,83,8],[82,9,83,9],[82,10,83,10],[82,11,83,11],[81,0,83,0],[81,1,83,1],[81,4,81,5],[81,6,81,7],[81,8,81,9],[81,10,81,11],[92,0,95,0],[98,0,99,1],[98,4,98,15],[99,4,99,5],[99,6,99,7],[99,8,99,9],[99,10,99,11],[99,12,99,13],[99,14,99,15],[101,12,102,12],[101,13,102,13],[101,14,102,14],[101,15,102,15],[103,0,106,0],[107,0,110,0],[100,12,100,13],[100,14,100,15],[101,4,102,4],[101,5,102,5],[101,6,102,6],[101,7,102,7],[101,8,102,8],[101,9,102,9],[101,10,102,10],[101,11,102,11],[100,0,102,0],[100,1,102,1],[100,4,100,5],[100,6,100,7],[100,8,100,9],[100,10,100,11],[111,0,114,0],[117,0,118,1],[117,4,117,15],[118,4,118,5],[118,6,118,7],[118,8,118,9],[118,10,118,11],[118,12,118,13],[118,14,118,15],[130,0,133,0],[120,12,121,12],[120,13,121,13],[120,14,121,14],[120,15,121,15],[122,0,125,0],[126,0,129,0],[119,12,119,13],[119,14,119,15],[120,4,121,4],[120,5,121,5],[120,6,121,6],[120,7,121,7],[120,8,121,8],[120,9,121,9],[120,10,121,10],[120,11,121,11],[119,0,121,0],[119,1,121,1],[119,4,119,5],[119,6,119,7],[119,8,119,9],[119,10,119,11]]}
[]
["4AC14L_47",47]
["Evaporator Air \n",null,"Condenser  Entering Air Temperature ˚F"]
[75,"°F DB",85,null,90,null,95,null,100,null,105,null,110,null,115]
["CFM","EWB†\n˚F","Capacity Mbtuh",null,"Capacity Mbtuh",null,"Capacity Mbtuh",null,"Capacity Mbtuh",null,"Capacity Mbtuh",null,"Capacity Mbtuh",null,"Capacity Mbtuh"]
[null,null,"Total","Sens.","Total","Sens.","Total","Sens.","Total","Sens.","Total","Sens.","Total","Sens.","Total","Sens."]
[null,null,null,null,null,null,null,null,null,null,null,null,null,null,null,null,null,"Total Factors",null,null,null,null,null,null,"Sens. %",null,null,null,null,null,null,"IDB Adj",null,null,null,null,null,null,"Sens Calc"]
[1400,71,{"$f":"R8*$B$2","v":50.357142857142854},{"$f":"IF(AM8>C8,C8,AM8)","v":23.914285714285711},{"$f":"S8*$B$2","v":49.397959183673464},{"$f":"IF(AN8>E8,E8,AN8)","v":23.585765306122443},{"$f":"T8*$B$2","v":48.438775510204081},{"$f":"IF(AO8>G8,G8,AO8)","v":23.247653061224486},{"$f":"U8*$B$2","v":47.239795918367342},{"$f":"IF(AP8>I8,I8,AP8)","v":22.752474489795915},{"$f":"V8*$B$2","v":46.04081632653061},{"$f":"IF(AQ8>K8,K8,AQ8)","v":22.245306122448977},{"$f":"W8*$B$2","v":44.602040816326536},{"$f":"IF(AR8>M8,M8,AR8)","v":21.799285714285716},{"$f":"X8*$B$2","v":43.163265306122447},{"$f":"IF(AS8>O8,O8,AS8)","v":21.324489795918367},null,1.0714285714285714,1.0510204081632653,1.0306122448979591,1.0051020408163265,0.97959183673469385,0.94897959183673475,0.91836734693877553,0.6,0.60499999999999998,0.61,0.61499999999999999,0.62,0.63,0.64,{"$f":"IF(Y8<0.9,0.9,Y8*-3.6846+4.1276)","v":0.9},{"$f":"IF(Z8<0.9,0.9,Z8*-3.6846+4.1276)","v":0.9},0.9,0.9,0.9,0.9,0.9,{"$f":"Y8*C8+($A$4-80)*AF8*$A$8/1000","v":23.914285714285711},{"$f":"Z8*E8+($A$4-80)*AG8*$A$8/1000","v":23.585765306122443},{"$f":"AA8*G8+($A$4-80)*AH8*$A$8/1000","v":23.247653061224486},{"$f":"AB8*I8+($A$4-80)*AI8*$A$8/1000","v":22.752474489795915},{"$f":"AC8*K8+($A$4-80)*AJ8*$A$8/1000","v":22.245306122448977},{"$f":"AD8*M8+($A$4-80)*AK8*$A$8/1000","v":21.799285714285716},{"$f":"AE8*O8+($A$4-80)*AL8*$A$8/1000","v":21.324489795918367}]
[null,67,48.438775510204081,30.029081632653057,47.239795918367342,{"$f":"IF(AN9>E9,E9,AN9)","v":29.366045918367345},46.04081632653061,{"$f":"IF(AO9>G9,G9,AO9)","v":28.691020408163265},45.08163265306122,{"$f":"IF(AP9>I9,I9,AP9)","v":28.412857142857138},44.122448979591837,{"$f":"IF(AQ9>K9,K9,AQ9)","v":28.115510204081634},42.683673469387756,{"$f":"IF(AR9>M9,M9,AR9)","v":27.420102040816328},41.244897959183675,{"$f":"IF(AS9>O9,O9,AS9)","v":26.695918367346938},null,1.0306122448979591,1.0051020408163265,0.97959183673469385,0.95918367346938771,0.93877551020408168,0.90816326530612246,0.87755102040816324,0.75,0.755,0.76,0.77,0.78,0.79,0.8,{"$f":"IF(Y9<0.9,0.9,Y9*-3.6846+4.1276)","v":0.9},0.9,0.9,0.9,0.9,0.9,0.9,{"$f":"Y9*C9+($A$4-80)*AF9*$A$8/1000","v":30.029081632653057},{"$f":"Z9*E9+($A$4-80)*AG9*$A$8/1000","v":29.366045918367345},{"$f":"AA9*G9+($A$4-80)*AH9*$A$8/1000","v":28.691020408163265},{"$f":"AB9*I9+($A$4-80)*AI9*$A$8/1000","v":28.412857142857138},{"$f":"AC9*K9+($A$4-80)*AJ9*$A$8/1000","v":28.115510204081634},{"$f":"AD9*M9+($A$4-80)*AK9*$A$8/1000","v":27.420102040816328},{"$f":"AE9*O9+($A$4-80)*AL9*$A$8/1000","v":26.695918367346938}]
[null,65,47.239795918367342,32.909030612244898,46.04081632653061,32.259183673469387,44.841836734693878,31.591352040816322,43.882653061224488,31.329374999999995,42.923469387755098,31.043418367346934,41.604591836734691,30.416052295918366,40.285714285714285,29.755714285714287,null,1.0051020408163265,0.97959183673469385,0.95408163265306123,0.93367346938775508,0.91326530612244894,0.88520408163265307,0.8571428571428571,0.83000000000000007,0.83750000000000002,0.84499999999999997,0.85749999999999993,0.87,0.88250000000000006,0.89500000000000002,0.9,0.9,0.9,0.9,0.9,0.9,0.9,32.909030612244898,{"$f":"Z10*E10+($A$4-80)*AG10*$A$8/1000","v":32.259183673469387},{"$f":"AA10*G10+($A$4-80)*AH10*$A$8/1000","v":31.591352040816322},31.329374999999995,31.043418367346934,30.416052295918366,29.755714285714287]
[null,63,46.04081632653061,36.474844857142855,44.841836734693878,36.09011379591837,43.642857142857146,35.68140314285715,42.683673469387756,35.81650042857143,41.724489795918366,35.922822204081626,40.525510204081634,35.766567448979586,39.326530612244902,35.574343306122451,null,0.97959183673469385,0.95408163265306123,0.9285714285714286,0.90816326530612246,0.88775510204081631,0.86224489795918369,0.83673469387755106,0.91,0.92,0.93,0.94500000000000006,0.96,0.97499999999999998,0.99,0.77461400000000014,0.73776799999999998,0.70092199999999982,0.64565299999999981,0.59038400000000024,0.53511500000000023,0.47984600000000022,36.474844857142855,{"$f":"Z11*E11+($A$4-80)*AG11*$A$8/1000","v":36.09011379591837},{"$f":"AA11*G11+($A$4-80)*AH11*$A$8/1000","v":35.68140314285715},{"$f":"AB11*I11+($A$4-80)*AI11*$A$8/1000","v":35.81650042857143},35.922822204081626,35.766567448979586,35.574343306122451]
[1550,71,51.316326530612244,24.327959183673471,50.357142857142854,24.246428571428567,49.397959183673464,24.145714285714284,48.198979591836732,23.631352040816324,47,23.105000000000004,45.561224489795919,22.639795918367348,44.122448979591837,22.145816326530614,null,1.0918367346938775,1.0714285714285714,1.0510204081632653,1.0255102040816326,1,0.96938775510204078,0.93877551020408168,0.61,0.62,0.63,0.63500000000000001,0.64,0.65,0.66,0.9,0.9,0.9,0.9,0.9,0.9,0.9,{"$f":"Y12*C12+($A$4-80)*AF12*$A$12/1000","v":24.327959183673471},{"$f":"Z12*E12+($A$4-80)*AG12*$A$12/1000","v":24.246428571428567},{"$f":"AA12*G12+($A$4-80)*AH12*$A$12/1000","v":24.145714285714284},{"$f":"AB12*I12+($A$4-80)*AI12*$A$12/1000","v":23.631352040816324},{"$f":"AC12*K12+($A$4-80)*AJ12*$A$12/1000","v":23.105000000000004},{"$f":"AD12*M12+($A$4-80)*AK12*$A$12/1000","v":22.639795918367348},{"$f":"AE12*O12+($A$4-80)*AL12*$A$12/1000","v":22.145816326530614}]
[null,67,49.397959183673464,31.061428571428564,48.198979591836732,30.62020408163265,47,30.155000000000001,45.801020408163268,29.665816326530617,44.602040816326536,29.152653061224498,43.403061224489797,28.615510204081637,42.204081632653065,28.054387755102042,null,1.0510204081632653,1.0255102040816326,1,0.97448979591836737,0.94897959183673475,0.92346938775510201,0.89795918367346939,0.77,0.78,0.79,0.8,0.81,0.82000000000000006,0.83,0.9,0.9,0.9,0.9,0.9,0.9,0.9,{"$f":"Y13*C13+($A$4-80)*AF13*$A$12/1000","v":31.061428571428564},{"$f":"Z13*E13+($A$4-80)*AG13*$A$12/1000","v":30.62020408163265},{"$f":"AA13*G13+($A$4-80)*AH13*$A$12/1000","v":30.155000000000001},{"$f":"AB13*I13+($A$4-80)*AI13*$A$12/1000","v":29.665816326530617},{"$f":"AC13*K13+($A$4-80)*AJ13*$A$12/1000","v":29.152653061224498},{"$f":"AD13*M13+($A$4-80)*AK13*$A$12/1000","v":28.615510204081637},{"$f":"AE13*O13+($A$4-80)*AL13*$A$12/1000","v":28.054387755102042}]
[null,65,48.198979591836732,34.476122448979588,47,33.914999999999999,45.801020408163268,33.329897959183675,44.721938775510203,32.827525510204083,43.642857142857146,32.989756428571432,42.443877551020407,32.443171252551011,41.244897959183675,31.878601382653063,null,1.0255102040816326,1,0.97448979591836737,0.95153061224489799,0.9285714285714286,0.90306122448979587,0.87755102040816324,0.86,0.87,0.88,0.89,0.9,0.90749999999999997,0.91500000000000004,0.9,0.9,0.9,0.9,0.81145999999999985,0.78382550000000029,0.75619099999999984,34.476122448979588,{"$f":"Z14*E14+($A$4-80)*AG14*$A$12/1000","v":33.914999999999999},{"$f":"AA14*G14+($A$4-80)*AH14*$A$12/1000","v":33.329897959183675},32.827525510204083,32.989756428571432,32.443171252551011,31.878601382653063]
[null,63,47,39.788967499999998,45.801020408163268,39.393503591836733,44.602040816326536,38.974060091836733,43.642857142857146,38.765637000000005,42.683673469387756,38.538030234693878,41.484693877551024,37.701242158163268,40.285714285714285,36.852464285714284,null,1,0.97448979591836737,0.94897959183673475,0.9285714285714286,0.90816326530612246,0.88265306122448983,0.8571428571428571,0.95,0.96,0.97,0.98,0.99,0.995,1,0.6272300000000004,0.59038400000000024,0.55353800000000009,0.51669199999999993,0.47984600000000022,0.46142299999999992,0.44300000000000006,39.788967499999998,{"$f":"Z15*E15+($A$4-80)*AG15*$A$12/1000","v":39.393503591836733},{"$f":"AA15*G15+($A$4-80)*AH15*$A$12/1000","v":38.974060091836733},38.765637000000005,38.538030234693878,37.701242158163268,36.852464285714284]
[1800,71,53.234693877551024,25.970204081632652,52.035714285714292,25.463035714285716,50.836734693877553,24.943877551020407,49.397959183673464,24.502653061224485,47.95918367346939,24.032653061224494,46.760204081632658,23.463137755102046,45.561224489795919,22.881632653061224,null,1.1326530612244898,1.1071428571428572,1.0816326530612246,1.0510204081632653,1.0204081632653061,0.99489795918367352,0.96938775510204078,0.64,0.64500000000000002,0.65,0.66,0.67,0.67500000000000004,0.68,0.9,0.9,0.9,0.9,0.9,0.9,0.9,{"$f":"Y16*C16+($A$4-80)*AF16*$A$16/1000","v":25.970204081632652},{"$f":"Z16*E16+($A$4-80)*AG16*$A$16/1000","v":25.463035714285716},{"$f":"AA16*G16+($A$4-80)*AH16*$A$16/1000","v":24.943877551020407},{"$f":"AB16*I16+($A$4-80)*AI16*$A$16/1000","v":24.502653061224485},{"$f":"AC16*K16+($A$4-80)*AJ16*$A$16/1000","v":24.032653061224494},{"$f":"AD16*M16+($A$4-80)*AK16*$A$16/1000","v":23.463137755102046},{"$f":"AE16*O16+($A$4-80)*AL16*$A$16/1000","v":22.881632653061224}]
[null,67,50.836734693877553,33.077755102040818,49.637755102040813,32.60295918367347,48.438775510204081,32.104183673469386,47.239795918367342,31.581428571428567,46.04081632653061,31.034693877551014,44.602040816326536,30.48076530612245,43.163265306122447,29.883673469387752,null,1.0816326530612246,1.0561224489795917,1.0306122448979591,1.0051020408163265,0.97959183673469385,0.94897959183673475,0.91836734693877553,0.81,0.82000000000000006,0.83,0.84,0.85,0.86499999999999999,0.88,0.9,0.9,0.9,0.9,0.9,0.9,0.9,{"$f":"Y17*C17+($A$4-80)*AF17*$A$16/1000","v":33.077755102040818},{"$f":"Z17*E17+($A$4-80)*AG17*$A$16/1000","v":32.60295918367347},{"$f":"AA17*G17+($A$4-80)*AH17*$A$16/1000","v":32.104183673469386},{"$f":"AB17*I17+($A$4-80)*AI17*$A$16/1000","v":31.581428571428567},{"$f":"AC17*K17+($A$4-80)*AJ17*$A$16/1000","v":31.034693877551014},{"$f":"AD17*M17+($A$4-80)*AK17*$A$16/1000","v":30.48076530612245},{"$f":"AE17*O17+($A$4-80)*AL17*$A$16/1000","v":29.883673469387752}]
[null,65,49.637755102040813,37.370839591836734,48.438775510204081,36.903759275510197,47.239795918367342,36.418694265306122,46.160714285714285,35.827945142857139,45.08163265306122,35.22640520408163,43.762755102040813,34.583374632653062,42.443877551020407,33.920560897959184,null,1.0561224489795917,1.0306122448979591,1.0051020408163265,0.9821428571428571,0.95918367346938771,0.93112244897959184,0.90306122448979587,0.9,0.90749999999999997,0.91500000000000004,0.92,0.92500000000000004,0.9325,0.94,0.81145999999999985,0.78382550000000029,0.75619099999999984,0.73776799999999998,0.71934500000000012,0.69171050000000012,0.66407600000000011,37.370839591836734,{"$f":"Z18*E18+($A$4-80)*AG18*$A$16/1000","v":36.903759275510197},{"$f":"AA18*G18+($A$4-80)*AH18*$A$16/1000","v":36.418694265306122},35.827945142857139,35.22640520408163,34.583374632653062,33.920560897959184]
[null,63,48.438775510204081,43.635773755102036,47.239795918367342,42.850789938775506,46.04081632653061,42.053816326530608,45.08163265306122,41.094632653061218,44.122448979591837,40.135448979591835,42.923469387755098,38.936469387755096,41.724489795918366,37.737489795918364,null,1.0306122448979591,1.0051020408163265,0.97959183673469385,0.95918367346938771,0.93877551020408168,0.91326530612244894,0.88775510204081631,0.99,0.995,1,1,1,1,1,0.47984600000000022,0.46142299999999992,0.44300000000000006,0.44300000000000006,0.44300000000000006,0.44300000000000006,0.44300000000000006,43.635773755102036,{"$f":"Z19*E19+($A$4-80)*AG19*$A$16/1000","v":42.850789938775506},{"$f":"AA19*G19+($A$4-80)*AH19*$A$16/1000","v":42.053816326530608},41.094632653061218,40.135448979591835,38.936469387755096,37.737489795918364]

{"sheet":"4AC14L_48","index":17,"n_rows":19,"n_cols":45,"rows_kept":19,"cut":false,"hidden":true,"merged":[[2,0,2,1],[2,2,2,15],[3,2,3,3],[3,4,3,5],[3,6,3,7],[3,8,3,9],[3,10,3,11],[3,12,3,13],[3,14,3,15],[5,2,6,2],[5,3,6,3],[5,4,6,4],[5,5,6,5],[5,6,6,6],[5,7,6,7],[5,8,6,8],[4,0,6,0],[4,1,6,1],[4,2,4,3],[4,4,4,5],[4,6,4,7],[4,8,4,9],[5,9,6,9],[5,10,6,10],[5,11,6,11],[5,12,6,12],[5,13,6,13],[5,14,6,14],[5,15,6,15],[4,10,4,11],[4,12,4,13],[4,14,4,15],[7,0,10,0],[11,0,14,0],[15,0,18,0],[22,4,22,15],[23,4,23,5],[23,6,23,7],[23,8,23,9],[23,10,23,11],[23,12,23,13],[23,14,23,15],[25,12,26,12],[25,13,26,13],[25,14,26,14],[25,15,26,15],[27,0,30,0],[31,0,34,0],[24,12,24,13],[24,14,24,15],[25,4,26,4],[25,5,26,5],[25,6,26,6],[25,7,26,7],[25,8,26,8],[25,9,26,9],[25,10,26,10],[25,11,26,11],[24,0,26,0],[24,1,26,1],[24,4,24,5],[24,6,24,7],[24,8,24,9],[24,10,24,11],[35,0,38,0],[41,0,42,1],[41,4,41,15],[42,4,42,5],[42,6,42,7],[42,8,42,9],[42,10,42,11],[42,12,42,13],[42,14,42,15],[44,12,45,12],[44,13,45,13],[44,14,45,14],[44,15,45,15],[46,0,49,0],[50,0,53,0],[43,12,43,13],[43,14,43,15],[44,4,45,4],[44,5,45,5],[44,6,45,6],[44,7,45,7],[44,8,45,8],[44,9,45,9],[44,10,45,10],[44,11,45,11],[43,0,45,0],[43,1,45,1],[43,4,43,5],[43,6,43,7],[43,8,43,9],[43,10,43,11],[54,0,57,0],[60,0,61,1],[60,4,60,15],[61,4,61,5],[61,6,61,7],[61,8,61,9],[61,10,61,11],[61,12,61,13],[61,14,61,15],[63,12,64,12],[63,13,64,13],[63,14,64,14],[63,15,64,15],[65,0,68,0],[69,0,72,0],[62,12,62,13],[62,14,62,15],[63,4,64,4],[63,5,64,5],[63,6,64,6],[63,7,64,7],[63,8,64,8],[63,9,64,9],[63,10,64,10],[63,11,64,11],[62,0,64,0],[62,1,64,1],[62,4,62,5],[62,6,62,7],[62,8,62,9],[62,10,62,11],[73,0,76,0],[79,0,80,1],[79,4,79,15],[80,4,80,5],[80,6,80,7],[80,8,80,9],[80,10,80,11],[80,12,80,13],[80,14,80,15],[82,12,83,12],[82,13,83,13],[82,14,83,14],[82,15,83,15],[84,0,87,0],[88,0,91,0],[81,12,81,13],[81,14,81,15],[82,4,83,4],[82,5,83,5],[82,6,83,6],[82,7,83,7],[82,8,83,8],[82,9,83,9],[82,10,83,10],[82,11,83,11],[81,0,83,0],[81,1,83,1],[81,4,81,5],[81,6,81,7],[81,8,81,9],[81,10,81,11],[92,0,95,0],[98,0,99,1],[98,4,98,15],[99,4,99,5],[99,6,99,7],[99,8,99,9],[99,10,99,11],[99,12,99,13],[99,14,99,15],[101,12,102,12],[101,13,102,13],[101,14,102,14],[101,15,102,15],[103,0,106,0],[107,0,110,0],[100,12,100,13],[100,14,100,15],[101,4,102,4],[101,5,102,5],[101,6,102,6],[101,7,102,7],[101,8,102,8],[101,9,102,9],[101,10,102,10],[101,11,102,11],[100,0,102,0],[100,1,102,1],[100,4,100,5],[100,6,100,7],[100,8,100,9],[100,10,100,11],[111,0,114,0],[117,0,118,1],[117,4,117,15],[118,4,118,5],[118,6,118,7],[118,8,118,9],[118,10,118,11],[118,12,118,13],[118,14,118,15],[130,0,133,0],[120,12,121,12],[120,13,121,13],[120,14,121,14],[120,15,121,15],[122,0,125,0],[126,0,129,0],[119,12,119,13],[119,14,119,15],[120,4,121,4],[120,5,121,5],[120,6,121,6],[120,7,121,7],[120,8,121,8],[120,9,121,9],[120,10,121,10],[120,11,121,11],[119,0,121,0],[119,1,121,1],[119,4,119,5],[119,6,119,7],[119,8,119,9],[119,10,119,11]]}
[]
["4AC14L_48",48]
["Evaporator Air \n",null,"Condenser  Entering Air Temperature ˚F"]
[80,"°F DB",85,null,90,null,95,null,100,null,105,null,110,null,115]
["CFM","EWB†\n˚F","Capacity Mbtuh",null,"Capacity Mbtuh",null,"Capacity Mbtuh",null,"Capacity Mbtuh",null,"Capacity Mbtuh",null,"Capacity Mbtuh",null,"Capacity Mbtuh"]
[null,null,"Total","Sens.","Total","Sens.","Total","Sens.","Total","Sens.","Total","Sens.","Total","Sens.","Total","Sens."]
[null,null,null,null,null,null,null,null,null,null,null,null,null,null,null,null,null,"Total Factors",null,null,null,null,null,null,"Sens. %",null,null,null,null,null,null,"IDB Adj",null,null,null,null,null,null,"Sens Calc"]
[1400,71,{"$f":"R8*$B$2","v":51.764705882352942},{"$f":"IF(AM8>C8,C8,AM8)","v":31.058823529411764},{"$f":"S8*$B$2","v":50.588235294117652},{"$f":"IF(AN8>E8,E8,AN8)","v":30.60588235294118},{"$f":"T8*$B$2","v":49.411764705882348},{"$f":"IF(AO8>G8,G8,AO8)","v":30.141176470588231},{"$f":"U8*$B$2","v":48},{"$f":"IF(AP8>I8,I8,AP8)","v":29.759999999999998},{"$f":"V8*$B$2","v":46.588235294117645},{"$f":"IF(AQ8>K8,K8,AQ8)","v":29.350588235294115},{"$f":"W8*$B$2","v":45.17647058823529},{"$f":"IF(AR8>M8,M8,AR8)","v":28.687058823529409},{"$f":"X8*$B$2","v":43.764705882352942},{"$f":"IF(AS8>O8,O8,AS8)","v":28.009411764705884},null,1.0784313725490196,1.053921568627451,1.0294117647058822,1,0.97058823529411764,0.94117647058823528,0.91176470588235292,0.6,0.60499999999999998,0.61,0.62,0.63,0.63500000000000001,0.64,{"$f":"IF(Y8<0.9,0.9,Y8*-3.6846+4.1276)","v":0.9},{"$f":"IF(Z8<0.9,0.9,Z8*-3.6846+4.1276)","v":0.9},0.9,0.9,0.9,0.9,0.9,{"$f":"Y8*C8+($A$4-80)*AF8*$A$8/1000","v":31.058823529411764},{"$f":"Z8*E8+($A$4-80)*AG8*$A$8/1000","v":30.60588235294118},{"$f":"AA8*G8+($A$4-80)*AH8*$A$8/1000","v":30.141176470588231},{"$f":"AB8*I8+($A$4-80)*AI8*$A$8/1000","v":29.759999999999998},{"$f":"AC8*K8+($A$4-80)*AJ8*$A$8/1000","v":29.350588235294115},{"$f":"AD8*M8+($A$4-80)*AK8*$A$8/1000","v":28.687058823529409},{"$f":"AE8*O8+($A$4-80)*AL8*$A$8/1000","v":28.009411764705884}]
[null,67,48.941176470588232,36.216470588235289,47.764705882352942,{"$f":"IF(AN9>E9,E9,AN9)","v":35.82352941176471},46.588235294117645,{"$f":"IF(AO9>G9,G9,AO9)","v":35.407058823529411},45.411764705882348,{"$f":"IF(AP9>I9,I9,AP9)","v":35.194117647058818},44.235294117647058,{"$f":"IF(AQ9>K9,K9,AQ9)","v":34.945882352941176},42.82352941176471,{"$f":"IF(AR9>M9,M9,AR9)","v":34.258823529411771},41.411764705882355,{"$f":"IF(AS9>O9,O9,AS9)","v":33.543529411764709},null,1.0196078431372548,0.99509803921568629,0.97058823529411764,0.94607843137254899,0.92156862745098034,0.89215686274509809,0.86274509803921573,0.74,0.75,0.76,0.77500000000000002,0.79,0.8,0.81,{"$f":"IF(Y9<0.9,0.9,Y9*-3.6846+4.1276)","v":0.9},0.9,0.9,0.9,0.9,0.9,0.9,{"$f":"Y9*C9+($A$4-80)*AF9*$A$8/1000","v":36.216470588235289},{"$f":"Z9*E9+($A$4-80)*AG9*$A$8/1000","v":35.82352941176471},{"$f":"AA9*G9+($A$4-80)*AH9*$A$8/1000","v":35.407058823529411},{"$f":"AB9*I9+($A$4-80)*AI9*$A$8/1000","v":35.194117647058818},{"$f":"AC9*K9+($A$4-80)*AJ9*$A$8/1000","v":34.945882352941176},{"$f":"AD9*M9+($A$4-80)*AK9*$A$8/1000","v":34.258823529411771},{"$f":"AE9*O9+($A$4-80)*AL9*$A$8/1000","v":33.543529411764709}]
[null,65,47.764705882352942,39.405882352941177,46.588235294117645,38.901176470588233,45.411764705882348,38.372941176470583,44.235294117647058,38.042352941176468,43.058823529411768,37.676470588235297,41.764705882352942,37.066176470588232,40.470588235294116,36.423529411764704,null,0.99509803921568629,0.97058823529411764,0.94607843137254899,0.92156862745098034,0.8970588235294118,0.87009803921568629,0.84313725490196079,0.82499999999999996,0.83499999999999996,0.84499999999999997,0.86,0.875,0.88749999999999996,0.9,0.9,0.9,0.9,0.9,0.9,0.9,0.81145999999999985,39.405882352941177,{"$f":"Z10*E10+($A$4-80)*AG10*$A$8/1000","v":38.901176470588233},{"$f":"AA10*G10+($A$4-80)*AH10*$A$8/1000","v":38.372941176470583},38.042352941176468,37.676470588235297,37.066176470588232,36.423529411764704]
[null,63,46.588235294117645,42.395294117647062,45.411764705882348,41.77882352941176,44.235294117647058,41.138823529411766,43.058823529411768,40.690588235294122,41.882352941176471,40.207058823529408,40.705882352941174,39.688235294117646,39.529411764705884,39.134117647058822,null,0.97058823529411764,0.94607843137254899,0.92156862745098034,0.8970588235294118,0.87254901960784315,0.84803921568627449,0.82352941176470584,0.91,0.92,0.93,0.94500000000000006,0.96,0.97499999999999998,0.99,0.77461400000000014,0.73776799999999998,0.70092199999999982,0.64565299999999981,0.59038400000000024,0.53511500000000023,0.47984600000000022,42.395294117647062,{"$f":"Z11*E11+($A$4-80)*AG11*$A$8/1000","v":41.77882352941176},{"$f":"AA11*G11+($A$4-80)*AH11*$A$8/1000","v":41.138823529411766},{"$f":"AB11*I11+($A$4-80)*AI11*$A$8/1000","v":40.690588235294122},40.207058823529408,39.688235294117646,39.134117647058822]
[1600,71,53.176470588235297,32.969411764705882,51.764705882352942,32.611764705882351,50.352941176470594,32.225882352941184,48.941176470588232,31.567058823529411,47.529411764705884,30.894117647058824,46.117647058823529,30.437647058823529,44.705882352941174,29.952941176470588,null,1.107843137254902,1.0784313725490196,1.0490196078431373,1.0196078431372548,0.99019607843137258,0.96078431372549022,0.93137254901960786,0.62,0.63,0.64,0.64500000000000002,0.65,0.66,0.67,0.9,0.9,0.9,0.9,0.9,0.9,0.9,{"$f":"Y12*C12+($A$4-80)*AF12*$A$12/1000","v":32.969411764705882},{"$f":"Z12*E12+($A$4-80)*AG12*$A$12/1000","v":32.611764705882351},{"$f":"AA12*G12+($A$4-80)*AH12*$A$12/1000","v":32.225882352941184},{"$f":"AB12*I12+($A$4-80)*AI12*$A$12/1000","v":31.567058823529411},{"$f":"AC12*K12+($A$4-80)*AJ12*$A$12/1000","v":30.894117647058824},{"$f":"AD12*M12+($A$4-80)*AK12*$A$12/1000","v":30.437647058823529},{"$f":"AE12*O12+($A$4-80)*AL12*$A$12/1000","v":29.952941176470588}]
[null,67,50.352941176470594,39.275294117647064,49.17647058823529,38.849411764705884,48,38.400000000000006,46.588235294117645,37.736470588235292,45.17647058823529,37.044705882352936,43.764705882352942,36.543529411764702,42.352941176470587,36,null,1.0490196078431373,1.0245098039215685,1,0.97058823529411764,0.94117647058823528,0.91176470588235292,0.88235294117647056,0.78,0.79,0.8,0.81,0.82,0.83499999999999996,0.85,0.9,0.9,0.9,0.9,0.9,0.9,0.9,{"$f":"Y13*C13+($A$4-80)*AF13*$A$12/1000","v":39.275294117647064},{"$f":"Z13*E13+($A$4-80)*AG13*$A$12/1000","v":38.849411764705884},{"$f":"AA13*G13+($A$4-80)*AH13*$A$12/1000","v":38.400000000000006},{"$f":"AB13*I13+($A$4-80)*AI13*$A$12/1000","v":37.736470588235292},{"$f":"AC13*K13+($A$4-80)*AJ13*$A$12/1000","v":37.044705882352936},{"$f":"AD13*M13+($A$4-80)*AK13*$A$12/1000","v":36.543529411764702},{"$f":"AE13*O13+($A$4-80)*AL13*$A$12/1000","v":36}]
[null,65,49.17647058823529,42.537647058823524,48,42.12,46.823529411764703,41.672941176470587,45.529411764705884,40.976470588235294,44.235294117647058,40.25411764705882,42.941176470588239,39.398529411764706,41.647058823529413,38.523529411764706,null,1.0245098039215685,1,0.97549019607843135,0.94852941176470584,0.92156862745098034,0.89460784313725494,0.86764705882352944,0.86499999999999999,0.87749999999999995,0.89,0.89999999999999991,0.90999999999999992,0.91749999999999998,0.92500000000000004,0.9,0.9,0.9,0.81146000000000029,0.77461400000000058,0.74697950000000013,0.71934500000000012,42.537647058823524,{"$f":"Z14*E14+($A$4-80)*AG14*$A$12/1000","v":42.12},{"$f":"AA14*G14+($A$4-80)*AH14*$A$12/1000","v":41.672941176470587},40.976470588235294,40.25411764705882,39.398529411764706,38.523529411764706]
[null,63,48,45.599999999999994,46.823529411764703,45.184705882352937,45.647058823529406,44.734117647058817,44.470588235294116,44.025882352941174,43.294117647058826,43.294117647058826,42.117647058823529,42.117647058823529,40.941176470588232,40.941176470588232,null,1,0.97549019607843135,0.9509803921568627,0.92647058823529416,0.90196078431372551,0.87745098039215685,0.8529411764705882,0.95,0.96499999999999997,0.98,0.99,1,1,1,0.6272300000000004,0.57196100000000039,0.51669199999999993,0.47984600000000022,0.44300000000000006,0.44300000000000006,0.44300000000000006,45.599999999999994,{"$f":"Z15*E15+($A$4-80)*AG15*$A$12/1000","v":45.184705882352937},{"$f":"AA15*G15+($A$4-80)*AH15*$A$12/1000","v":44.734117647058817},44.025882352941174,43.294117647058826,42.117647058823529,40.941176470588232]
[1800,71,54.117647058823529,35.176470588235297,52.941176470588239,34.676470588235297,51.764705882352942,34.164705882352941,50.117647058823536,33.328235294117654,48.470588235294116,32.47529411764706,47.058823529411761,32.235294117647058,45.647058823529406,31.952941176470581,null,1.1274509803921569,1.1029411764705883,1.0784313725490196,1.0441176470588236,1.0098039215686274,0.98039215686274506,0.9509803921568627,0.65,0.65500000000000003,0.66,0.66500000000000004,0.67,0.68500000000000005,0.7,0.9,0.9,0.9,0.9,0.9,0.9,0.9,{"$f":"Y16*C16+($A$4-80)*AF16*$A$16/1000","v":35.176470588235297},{"$f":"Z16*E16+($A$4-80)*AG16*$A$16/1000","v":34.676470588235297},{"$f":"AA16*G16+($A$4-80)*AH16*$A$16/1000","v":34.164705882352941},{"$f":"AB16*I16+($A$4-80)*AI16*$A$16/1000","v":33.328235294117654},{"$f":"AC16*K16+($A$4-80)*AJ16*$A$16/1000","v":32.47529411764706},{"$f":"AD16*M16+($A$4-80)*AK16*$A$16/1000","v":32.235294117647058},{"$f":"AE16*O16+($A$4-80)*AL16*$A$16/1000","v":31.952941176470581}]
[null,67,51.764705882352942,41.929411764705883,50.352941176470594,41.54117647058824,48.941176470588232,41.110588235294117,47.529411764705884,40.4,46.117647058823529,39.661176470588231,44.705882352941174,39.117647058823529,43.294117647058826,38.531764705882352,null,1.0784313725490196,1.0490196078431373,1.0196078431372548,0.99019607843137258,0.96078431372549022,0.93137254901960786,0.90196078431372551,0.81,0.82499999999999996,0.84,0.85,0.86,0.875,0.89,0.9,0.9,0.9,0.9,0.9,0.9,0.9,{"$f":"Y17*C17+($A$4-80)*AF17*$A$16/1000","v":41.929411764705883},{"$f":"Z17*E17+($A$4-80)*AG17*$A$16/1000","v":41.54117647058824},{"$f":"AA17*G17+($A$4-80)*AH17*$A$16/1000","v":41.110588235294117},{"$f":"AB17*I17+($A$4-80)*AI17*$A$16/1000","v":40.4},{"$f":"AC17*K17+($A$4-80)*AJ17*$A$16/1000","v":39.661176470588231},{"$f":"AD17*M17+($A$4-80)*AK17*$A$16/1000","v":39.117647058823529},{"$f":"AE17*O17+($A$4-80)*AL17*$A$16/1000","v":38.531764705882352}]
[null,65,50.352941176470594,45.317647058823539,49.058823529411761,44.643529411764696,47.764705882352942,43.9435294117647,46.470588235294116,42.985294117647051,45.17647058823529,42.014117647058818,43.882352941176471,41.139705882352942,42.588235294117645,40.24588235294118,null,1.0490196078431373,1.0220588235294117,0.99509803921568629,0.96813725490196079,0.94117647058823528,0.91421568627450978,0.88725490196078427,0.9,0.90999999999999992,0.91999999999999993,0.92499999999999993,0.92999999999999994,0.9375,0.94500000000000006,0.81145999999999985,0.77461400000000058,0.73776800000000042,0.71934500000000012,0.70092200000000027,0.67328750000000026,0.64565299999999981,45.317647058823539,{"$f":"Z18*E18+($A$4-80)*AG18*$A$16/1000","v":44.643529411764696},{"$f":"AA18*G18+($A$4-80)*AH18*$A$16/1000","v":43.9435294117647},42.985294117647051,42.014117647058818,41.139705882352942,40.24588235294118]
[null,63,48.941176470588232,48.451764705882347,47.764705882352942,47.525882352941174,46.588235294117645,46.588235294117645,45.411764705882348,45.411764705882348,44.235294117647058,44.235294117647058,43.058823529411768,43.058823529411768,41.882352941176471,41.882352941176471,null,1.0196078431372548,0.99509803921568629,0.97058823529411764,0.94607843137254899,0.92156862745098034,0.8970588235294118,0.87254901960784315,0.99,0.995,1,1,1,1,1,0.47984600000000022,0.46142299999999992,0.44300000000000006,0.44300000000000006,0.44300000000000006,0.44300000000000006,0.44300000000000006,48.451764705882347,{"$f":"Z19*E19+($A$4-80)*AG19*$A$16/1000","v":47.525882352941174},{"$f":"AA19*G19+($A$4-80)*AH19*$A$16/1000","v":46.588235294117645},45.411764705882348,44.235294117647058,43.058823529411768,41.882352941176471]

{"sheet":"4AC14L_60","index":18,"n_rows":19,"n_cols":45,"rows_kept":19,"cut":false,"hidden":true,"merged":[[2,0,2,1],[2,2,2,15],[3,2,3,3],[3,4,3,5],[3,6,3,7],[3,8,3,9],[3,10,3,11],[3,12,3,13],[3,14,3,15],[5,2,6,2],[5,3,6,3],[5,4,6,4],[5,5,6,5],[5,6,6,6],[5,7,6,7],[5,8,6,8],[4,0,6,0],[4,1,6,1],[4,2,4,3],[4,4,4,5],[4,6,4,7],[4,8,4,9],[5,9,6,9],[5,10,6,10],[5,11,6,11],[5,12,6,12],[5,13,6,13],[5,14,6,14],[5,15,6,15],[4,10,4,11],[4,12,4,13],[4,14,4,15],[7,0,10,0],[11,0,14,0],[15,0,18,0],[22,4,22,15],[23,4,23,5],[23,6,23,7],[23,8,23,9],[23,10,23,11],[23,12,23,13],[23,14,23,15],[25,12,26,12],[25,13,26,13],[25,14,26,14],[25,15,26,15],[27,0,30,0],[31,0,34,0],[24,12,24,13],[24,14,24,15],[25,4,26,4],[25,5,26,5],[25,6,26,6],[25,7,26,7],[25,8,26,8],[25,9,26,9],[25,10,26,10],[25,11,26,11],[24,0,26,0],[24,1,26,1],[24,4,24,5],[24,6,24,7],[24,8,24,9],[24,10,24,11],[35,0,38,0],[41,0,42,1],[41,4,41,15],[42,4,42,5],[42,6,42,7],[42,8,42,9],[42,10,42,11],[42,12,42,13],[42,14,42,15],[44,12,45,12],[44,13,45,13],[44,14,45,14],[44,15,45,15],[46,0,49,0],[50,0,53,0],[43,12,43,13],[43,14,43,15],[44,4,45,4],[44,5,45,5],[44,6,45,6],[44,7,45,7],[44,8,45,8],[44,9,45,9],[44,10,45,10],[44,11,45,11],[43,0,45,0],[43,1,45,1],[43,4,43,5],[43,6,43,7],[43,8,43,9],[43,10,43,11],[54,0,57,0],[60,0,61,1],[60,4,60,15],[61,4,61,5],[61,6,61,7],[61,8,61,9],[61,10,61,11],[61,12,61,13],[61,14,61,15],[63,12,64,12],[63,13,64,13],[63,14,64,14],[63,15,64,15],[65,0,68,0],[69,0,72,0],[62,12,62,13],[62,14,62,15],[63,4,64,4],[63,5,64,5],[63,6,64,6],[63,7,64,7],[63,8,64,8],[63,9,64,9],[63,10,64,10],[63,11,64,11],[62,0,64,0],[62,1,64,1],[62,4,62,5],[62,6,62,7],[62,8,62,9],[62,10,62,11],[73,0,76,0],[79,0,80,1],[79,4,79,15],[80,4,80,5],[80,6,80,7],[80,8,80,9],[80,10,80,11],[80,12,80,13],[80,14,80,15],[82,12,83,12],[82,13,83,13],[82,14,83,14],[82,15,83,15],[84,0,87,0],[88,0,91,0],[81,12,81,13],[81,14,81,15],[82,4,83,4],[82,5,83,5],[82,6,83,6],[82,7,83,7],[82,8,83,8],[82,9,83,9],[82,10,83,10],[82,11,83,11],[81,0,83,0],[81,1,83,1],[81,4,81,5],[81,6,81,7],[81,8,81,9],[81,10,81,11],[92,0,95,0],[98,0,99,1],[98,4,98,15],[99,4,99,5],[99,6,99,7],[99,8,99,9],[99,10,99,11],[99,12,99,13],[99,14,99,15],[101,12,102,12],[101,13,102,13],[101,14,102,14],[101,15,102,15],[103,0,106,0],[107,0,110,0],[100,12,100,13],[100,14,100,15],[101,4,102,4],[101,5,102,5],[101,6,102,6],[101,7,102,7],[101,8,102,8],[101,9,102,9],[101,10,102,10],[101,11,102,11],[100,0,102,0],[100,1,102,1],[100,4,100,5],[100,6,100,7],[100,8,100,9],[100,10,100,11],[111,0,114,0],[117,0,118,1],[117,4,117,15],[118,4,118,5],[118,6,118,7],[118,8,118,9],[118,10,118,11],[118,12,118,13],[118,14,118,15],[130,0,133,0],[120,12,121,12],[120,13,121,13],[120,14,121,14],[120,15,121,15],[122,0,125,0],[126,0,129,0],[119,12,119,13],[119,14,119,15],[120,4,121,4],[120,5,121,5],[120,6,121,6],[120,7,121,7],[120,8,121,8],[120,9,121,9],[120,10,121,10],[120,11,121,11],[119,0,121,0],[119,1,121,1],[119,4,119,5],[119,6,119,7],[119,8,119,9],[119,10,119,11]]}
[]
["4AC14L_60",60]
["Evaporator Air \n",null,"Condenser  Entering Air Temperature ˚F"]
[80,"°F DB",85,null,90,null,95,null,100,null,105,null,110,null,115]
["CFM","EWB†\n˚F","Capacity Mbtuh",null,"Capacity Mbtuh",null,"Capacity Mbtuh",null,"Capacity Mbtuh",null,"Capacity Mbtuh",null,"Capacity Mbtuh",null,"Capacity Mbtuh"]
[null,null,"Total","Sens.","Total","Sens.","Total","Sens.","Total","Sens.","Total","Sens.","Total","Sens.","Total","Sens."]
[null,null,null,null,null,null,null,null,null,null,null,null,null,null,null,null,null,"Total Factors",null,null,null,null,null,null,"Sens. %",null,null,null,null,null,null,"IDB Adj",null,null,null,null,null,null,"Sens Calc"]
[1600,71,{"$f":"R8*$B$2","v":65},{"$f":"IF(AM8>C8,C8,AM8)","v":38.35},{"$f":"S8*$B$2","v":63.5},{"$f":"IF(AN8>E8,E8,AN8)","v":37.782499999999999},{"$f":"T8*$B$2","v":62.000000000000007},{"$f":"IF(AO8>G8,G8,AO8)","v":37.200000000000003},{"$f":"U8*$B$2","v":60.25},{"$f":"IF(AP8>I8,I8,AP8)","v":36.451250000000002},{"$f":"V8*$B$2","v":58.5},{"$f":"IF(AQ8>K8,K8,AQ8)","v":35.685000000000002},{"$f":"W8*$B$2","v":56.75},{"$f":"IF(AR8>M8,M8,AR8)","v":35.185000000000002},{"$f":"X8*$B$2","v":55},{"$f":"IF(AS8>O8,O8,AS8)","v":34.65},null,1.0833333333333333,1.0583333333333333,1.0333333333333334,1.0041666666666667,0.97499999999999998,0.9458333333333333,0.91666666666666663,0.59,0.59499999999999997,0.6,0.60499999999999998,0.61,0.62,0.63,{"$f":"IF(Y8<0.9,0.9,Y8*-3.6846+4.1276)","v":0.9},{"$f":"IF(Z8<0.9,0.9,Z8*-3.6846+4.1276)","v":0.9},0.9,0.9,0.9,0.9,0.9,{"$f":"Y8*C8+($A$4-80)*AF8*$A$8/1000","v":38.35},{"$f":"Z8*E8+($A$4-80)*AG8*$A$8/1000","v":37.782499999999999},{"$f":"AA8*G8+($A$4-80)*AH8*$A$8/1000","v":37.200000000000003},{"$f":"AB8*I8+($A$4-80)*AI8*$A$8/1000","v":36.451250000000002},{"$f":"AC8*K8+($A$4-80)*AJ8*$A$8/1000","v":35.685000000000002},{"$f":"AD8*M8+($A$4-80)*AK8*$A$8/1000","v":35.185000000000002},{"$f":"AE8*O8+($A$4-80)*AL8*$A$8/1000","v":34.65}]
[null,67,61.499999999999993,45.509999999999991,60.25,{"$f":"IF(AN9>E9,E9,AN9)","v":44.886249999999997},59,{"$f":"IF(AO9>G9,G9,AO9)","v":44.25},57.25,{"$f":"IF(AP9>I9,I9,AP9)","v":43.51},55.5,{"$f":"IF(AQ9>K9,K9,AQ9)","v":42.734999999999999},54,{"$f":"IF(AR9>M9,M9,AR9)","v":42.120000000000005},52.5,{"$f":"IF(AS9>O9,O9,AS9)","v":41.475000000000001},null,1.0249999999999999,1.0041666666666667,0.98333333333333328,0.95416666666666672,0.92500000000000004,0.9,0.875,0.74,0.745,0.75,0.76,0.77,0.78,0.79,{"$f":"IF(Y9<0.9,0.9,Y9*-3.6846+4.1276)","v":0.9},0.9,0.9,0.9,0.9,0.9,0.9,{"$f":"Y9*C9+($A$4-80)*AF9*$A$8/1000","v":45.509999999999991},{"$f":"Z9*E9+($A$4-80)*AG9*$A$8/1000","v":44.886249999999997},{"$f":"AA9*G9+($A$4-80)*AH9*$A$8/1000","v":44.25},{"$f":"AB9*I9+($A$4-80)*AI9*$A$8/1000","v":43.51},{"$f":"AC9*K9+($A$4-80)*AJ9*$A$8/1000","v":42.734999999999999},{"$f":"AD9*M9+($A$4-80)*AK9*$A$8/1000","v":42.120000000000005},{"$f":"AE9*O9+($A$4-80)*AL9*$A$8/1000","v":41.475000000000001}]
[null,65,60,49.2,58.625,48.512187500000003,57.25,47.803750000000001,55.625,47.003124999999997,54,46.17,52.5,45.543749999999996,51,44.88,null,1,0.9770833333333333,0.95416666666666672,0.92708333333333337,0.9,0.875,0.85,0.82000000000000006,0.82750000000000001,0.83499999999999996,0.84499999999999997,0.85499999999999998,0.86749999999999994,0.88,0.9,0.9,0.9,0.9,0.9,0.9,0.9,49.2,{"$f":"Z10*E10+($A$4-80)*AG10*$A$8/1000","v":48.512187500000003},{"$f":"AA10*G10+($A$4-80)*AH10*$A$8/1000","v":47.803750000000001},47.003124999999997,46.17,45.543749999999996,44.88]
[null,63,58.5,52.65,57,51.870000000000005,55.5,51.06,54,50.22,52.5,49.349999999999994,51,48.704999999999998,49.5,48.015000000000001,null,0.97499999999999998,0.95,0.92500000000000004,0.9,0.875,0.85,0.82499999999999996,0.9,0.91,0.92,0.92999999999999994,0.94,0.95499999999999996,0.97,0.81145999999999985,0.77461400000000014,0.73776799999999998,0.70092200000000027,0.66407600000000011,0.6088070000000001,0.55353800000000009,52.65,{"$f":"Z11*E11+($A$4-80)*AG11*$A$8/1000","v":51.870000000000005},{"$f":"AA11*G11+($A$4-80)*AH11*$A$8/1000","v":51.06},{"$f":"AB11*I11+($A$4-80)*AI11*$A$8/1000","v":50.22},49.349999999999994,48.704999999999998,48.015000000000001]
[1800,71,66,40.26,64.75,39.821249999999999,63.5,39.369999999999997,61.499999999999993,38.744999999999997,59.5,38.08,57.75,37.248750000000001,56,36.4,null,1.1000000000000001,1.0791666666666666,1.0583333333333333,1.0249999999999999,0.9916666666666667,0.96250000000000002,0.93333333333333335,0.61,0.61499999999999999,0.62,0.63,0.64,0.64500000000000002,0.65,0.9,0.9,0.9,0.9,0.9,0.9,0.9,{"$f":"Y12*C12+($A$4-80)*AF12*$A$12/1000","v":40.26},{"$f":"Z12*E12+($A$4-80)*AG12*$A$12/1000","v":39.821249999999999},{"$f":"AA12*G12+($A$4-80)*AH12*$A$12/1000","v":39.369999999999997},{"$f":"AB12*I12+($A$4-80)*AI12*$A$12/1000","v":38.744999999999997},{"$f":"AC12*K12+($A$4-80)*AJ12*$A$12/1000","v":38.08},{"$f":"AD12*M12+($A$4-80)*AK12*$A$12/1000","v":37.248750000000001},{"$f":"AE12*O12+($A$4-80)*AL12*$A$12/1000","v":36.4}]
[null,67,63,47.88,61.499999999999993,47.354999999999997,60,46.800000000000004,58.5,46.215000000000003,57,45.6,55.25,45.028749999999995,53.5,44.405000000000001,null,1.05,1.0249999999999999,1,0.97499999999999998,0.95,0.92083333333333328,0.89166666666666672,0.76,0.77,0.78,0.79,0.8,0.81499999999999995,0.83,0.9,0.9,0.9,0.9,0.9,0.9,0.9,{"$f":"Y13*C13+($A$4-80)*AF13*$A$12/1000","v":47.88},{"$f":"Z13*E13+($A$4-80)*AG13*$A$12/1000","v":47.354999999999997},{"$f":"AA13*G13+($A$4-80)*AH13*$A$12/1000","v":46.800000000000004},{"$f":"AB13*I13+($A$4-80)*AI13*$A$12/1000","v":46.215000000000003},{"$f":"AC13*K13+($A$4-80)*AJ13*$A$12/1000","v":45.6},{"$f":"AD13*M13+($A$4-80)*AK13*$A$12/1000","v":45.028749999999995},{"$f":"AE13*O13+($A$4-80)*AL13*$A$12/1000","v":44.405000000000001}]
[null,65,61.499999999999993,51.967499999999994,60,51.449999999999996,58.5,50.895000000000003,57,50.160000000000004,55.5,49.395000000000003,53.75,48.509375000000006,52,47.58,null,1.0249999999999999,1,0.97499999999999998,0.95,0.92500000000000004,0.89583333333333337,0.8666666666666667,0.84499999999999997,0.85749999999999993,0.87,0.88,0.89,0.90250000000000008,0.91500000000000004,0.9,0.9,0.9,0.9,0.9,0.8022484999999997,0.75619099999999984,51.967499999999994,{"$f":"Z14*E14+($A$4-80)*AG14*$A$12/1000","v":51.449999999999996},{"$f":"AA14*G14+($A$4-80)*AH14*$A$12/1000","v":50.895000000000003},50.160000000000004,49.395000000000003,48.509375000000006,47.58]
[null,63,60,55.800000000000004,58.5,55.282500000000006,57,54.72,55.5,53.835000000000001,54,52.92,52.25,51.727499999999999,50.5,50.5,null,1,0.97499999999999998,0.95,0.92500000000000004,0.9,0.87083333333333335,0.84166666666666667,0.93,0.94500000000000006,0.96,0.97,0.98,0.99,1,0.70092199999999982,0.64565299999999981,0.59038400000000024,0.55353800000000009,0.51669199999999993,0.47984600000000022,0.44300000000000006,55.800000000000004,{"$f":"Z15*E15+($A$4-80)*AG15*$A$12/1000","v":55.282500000000006},{"$f":"AA15*G15+($A$4-80)*AH15*$A$12/1000","v":54.72},53.835000000000001,52.92,51.727499999999999,50.5]
[2000,71,68,42.84,66.25,42.068750000000001,64.5,41.28,62.75,40.787500000000001,61,40.260000000000005,59,39.53,57,38.760000000000005,null,1.1333333333333333,1.1041666666666667,1.075,1.0458333333333334,1.0166666666666666,0.98333333333333328,0.95,0.63,0.63500000000000001,0.64,0.65,0.66,0.67,0.68,0.9,0.9,0.9,0.9,0.9,0.9,0.9,{"$f":"Y16*C16+($A$4-80)*AF16*$A$16/1000","v":42.84},{"$f":"Z16*E16+($A$4-80)*AG16*$A$16/1000","v":42.068750000000001},{"$f":"AA16*G16+($A$4-80)*AH16*$A$16/1000","v":41.28},{"$f":"AB16*I16+($A$4-80)*AI16*$A$16/1000","v":40.787500000000001},{"$f":"AC16*K16+($A$4-80)*AJ16*$A$16/1000","v":40.260000000000005},{"$f":"AD16*M16+($A$4-80)*AK16*$A$16/1000","v":39.53},{"$f":"AE16*O16+($A$4-80)*AL16*$A$16/1000","v":38.760000000000005}]
[null,67,64.5,50.955000000000005,62.75,50.2,61,49.410000000000004,59.5,49.087499999999999,58,48.72,56,47.6,54,46.44,null,1.075,1.0458333333333334,1.0166666666666666,0.9916666666666667,0.96666666666666667,0.93333333333333335,0.9,0.79,0.8,0.81,0.82499999999999996,0.84,0.85,0.86,0.9,0.9,0.9,0.9,0.9,0.9,0.9,{"$f":"Y17*C17+($A$4-80)*AF17*$A$16/1000","v":50.955000000000005},{"$f":"Z17*E17+($A$4-80)*AG17*$A$16/1000","v":50.2},{"$f":"AA17*G17+($A$4-80)*AH17*$A$16/1000","v":49.410000000000004},{"$f":"AB17*I17+($A$4-80)*AI17*$A$16/1000","v":49.087499999999999},{"$f":"AC17*K17+($A$4-80)*AJ17*$A$16/1000","v":48.72},{"$f":"AD17*M17+($A$4-80)*AK17*$A$16/1000","v":47.6},{"$f":"AE17*O17+($A$4-80)*AL17*$A$16/1000","v":46.44}]
[null,65,62.75,55.22,61.125,54.401249999999997,59.5,53.550000000000004,58,52.779999999999994,56.5,51.98,54.75,50.643749999999997,53,49.29,null,1.0458333333333334,1.01875,0.9916666666666667,0.96666666666666667,0.94166666666666665,0.91249999999999998,0.8833333333333333,0.88,0.89,0.9,0.90999999999999992,0.91999999999999993,0.92499999999999993,0.92999999999999994,0.9,0.9,0.81145999999999985,0.77461400000000058,0.73776800000000042,0.71934500000000012,0.70092200000000027,55.22,{"$f":"Z18*E18+($A$4-80)*AG18*$A$16/1000","v":54.401249999999997},{"$f":"AA18*G18+($A$4-80)*AH18*$A$16/1000","v":53.550000000000004},52.779999999999994,51.98,50.643749999999997,49.29]
[null,63,61,59.17,59.5,58.31,58,57.42,56.5,56.217500000000001,55,55,53.5,53.5,52,52,null,1.0166666666666666,0.9916666666666667,0.96666666666666667,0.94166666666666665,0.91666666666666663,0.89166666666666672,0.8666666666666667,0.97,0.98,0.99,0.995,1,1,1,0.55353800000000009,0.51669199999999993,0.47984600000000022,0.46142299999999992,0.44300000000000006,0.44300000000000006,0.44300000000000006,59.17,{"$f":"Z19*E19+($A$4-80)*AG19*$A$16/1000","v":58.31},{"$f":"AA19*G19+($A$4-80)*AH19*$A$16/1000","v":57.42},56.217500000000001,55,53.5,52]

{"sheet":"Form","index":19,"n_rows":53,"n_cols":16,"rows_kept":53,"cut":false,"hidden":true,"merged":[[28,15,29,15],[27,4,27,5],[34,0,37,0],[28,13,29,13],[28,10,29,10],[27,14,27,15],[28,14,29,14],[38,0,41,0],[27,12,27,13],[28,4,29,4],[28,5,29,5],[28,6,29,6],[28,7,29,7],[30,0,33,0],[27,8,27,9],[27,10,27,11],[28,12,29,12],[27,0,29,0],[28,11,29,11],[52,1,52,4],[28,2,29,2],[28,3,29,3],[28,9,29,9],[28,8,29,8],[27,1,29,1],[27,2,27,3],[27,6,27,7],[1,3,1,8],[2,3,2,8],[13,0,13,15],[26,14,26,15],[26,10,26,11],[18,6,18,11],[26,4,26,5],[26,12,26,13],[26,8,26,9],[25,2,25,15],[25,0,25,1],[26,2,26,3],[17,6,17,11],[26,6,26,7]]}
[]
[null,null,"Select Aire-Flo Condenser:  "]
[null,null,"ADP Evaporator:  ",null,null,null,null,null,null,null,null,null,null,24]
[null,null,"Nominal Capacity:  ",null,"(Mbtuh)",null,null,null,null,null,null,"Condenser Entering Air Temperature: ",null,"(°F) Dry Bulb, 65°F to 115°F"]
[null,null,"AHRI Rated Capacity:  ",null,"(Mbtuh) @ 95 ˚F & 80/67 ˚F conditions",null,null,null,null,null,null,"Evaporator Air Flow (CFM): ",null,null,"to"]
[null,null,"Entering Evaporator Air (DB):  ",null,"(°F) Dry Bulb -- 80°F Standard",null,null,null,null,null,null,"Entering Evaporator Air (WB):  ",null,"(°F) Wet Bulb, 57°F to 72°F"]
[null,null,null,null,null,null,null,null,null,null,null,null,null,48]
[null,null,null,null,null,null,null,null,null,null,null,null,null,"CFM"]
[]
[]
[]
[]
[]
["Extended Ratings"]
[]
[]
[]
[null,null,null,null,null,"Aire-Flo Condenser :  "]
[null,null,null,null,null,"ADP Evaporator:  "]
[null,null,null,null,null,"Condenser Entering Air Temperature: ",null,"(°F) Dry Bulb, 65°F to 115°F"]
[null,null,null,null,null,"Evaporator Air Flow:",null,"CFM"]
[null,null,null,null,null,"Entering Evaporator Air (DB):  ",null,"(°F) Dry Bulb"]
[null,null,null,null,null,"Entering Evaporator Air (WB):  ",null,"(°F) Wet Bulb, 57°F to 72°F"]
[null,null,null,null,null,"AHRI Rated Capacity:  ",null,"(Mbtuh) @ 95 ˚F & 80/67 ˚F conditions"]
[]
["Evaporator Air \n",null,"Condenser  Entering Air Temperature ˚F"]
[80,"°F DB",65,null,75,null,85,null,90,null,95,null,105,null,115]
["CFM","EWB†\n˚F","Capacity Mbtuh",null,"Capacity Mbtuh",null,"Capacity Mbtuh",null,"Capacity Mbtuh",null,"Capacity Mbtuh",null,"Capacity Mbtuh",null,"Capacity Mbtuh"]
[null,null,"Total","Sens.","Total","Sens.","Total","Sens.","Total","Sens.","Total","Sens.","Total","Sens.","Total","Sens."]
[]
[]
[]
[]
[]
[]
[]
[]
[]
[]
[]
[]
[]
[]
[null,null,null,"Condenser Entering Air Temperature: ",null,"(°F) Dry Bulb, 65°F to 115°F",null,null,null,"CAPACITY IN MBTUH UNDER SPECIFIC CONDITIONS LISTED"]
[null,null,null,"Evaporator Air Flow:",null,"CFM",null,null,null,null,"TOTAL"]
[null,null,null,"Entering Evaporator Air (WB):  ",null,"(°F) Wet Bulb, 57°F to 72°F",null,null,null,null,"SENSIBLE"]
[]
["Notes:","† Entering Wet Bulb"]
[null,"Extended ratings are not certified.  They are calculated based upon typical condenser performance curves and are for engineering information only."]
[null,"When the required data fall between the published data, interpolation may be performed. Extrapolation is not an acceptable practice."]
[null,"Displayed sensible capacity has been adjusted based upon indoor DB.  Sensible capacity will increase with higher indoor DB and decrease with lower indoor DB."]
[null,"The magnitude of the adjustment depends partially on evaporator air flow, with greater adjustment at higher CFM."]
["Printed:",null,null,null,null,null,null,null,null,null,null,null,null,null,null,"AF-19-A"]

{"sheet":"Instructions","index":20,"n_rows":38,"n_cols":5,"rows_kept":38,"cut":false,"hidden":true,"merged":[]}
[]
[]
[]
[]
[]
[]
[null,"This spreadsheet generates capacity information for ADP rated matches at other than nominal conditions."]
[null,"The information is provided is not certified and is provided for engineering use only."]
[]
[null,"The latest version will always be available at:  www.adpnow.com/extratings/"]
[]
[null,"In order to generate an extended rating, you will need the following information:"]
[null,null,"Condenser model number"]
[null,null,"ADP coil model number"]
[null,null,"Nominal capacity"]
[null,null,"Rated capacity (from AHRI database)"]
[null,null,"Condenser entering air dry bulb temperature"]
[null,null,"Indoor entering air dry bulb temperature"]
[null,null,"Indoor entering air wet bulb temperature"]
[null,null,"Indoor airflow"]
[]
[null,"Select the condenser series and nominal tonnage form the drop down lists."]
[null,"Enter the remaining information in the correct cells. Note there are limits on the range of values allowed."]
[null,"Click on \"Calculate\" to calculate the extended ratings."]
[null,"The table will show capacities for various conditions.  The capacities at the specific design point are "]
[null,"at the bottom of the page."]
[null,"From this point you may:"]
[null,null,"Click \"Clear\" to clear the form and start over."]
[null,null,"Click \"Print\" to print a copy of the data."]
[null,null,"Click \"Copy\" to copy the data to a new spreadsheet and save it in the same directory."]
[]
[null,"Notes:","Displayed sensible capacity has been adjusted based upon indoor DB. Sensible capacity will"]
[null,null,"increase with higher indoor DB and decrease with lower indoor DB.  The magnitude of the "]
[null,null,"adjustment depends partially on evaporator air flow, with greater adjustment at higher CFM."]
[]
[null,"Versions:","AF-15-A","2015-05-15","Initial public release"]
[null,null,"AF-16-A","2016-03-22","Renewed date key through 2016"]
[null,null,"AF-19-A","2019-05-20","New Version"]

{"sheet":"Prompt","index":21,"n_rows":17,"n_cols":2,"rows_kept":17,"cut":false,"hidden":false,"merged":[]}
[]
[]
[]
[]
[]
[null,"In order to use this spreadsheet, "]
[null,"Please enable Macros in your security settings."]
[]
[null,"Enabling Macros in Excel 2007"]
[null,"1. In Excel, click the Office button in the upper left corner of the screen."]
[null,"2. Click the \"Excel Options\" button in the lower right."]
[null,"3. Click the \"Trust Center\" button on the left. Then, at the bottom right, select \"Trust Center Settings\" as shown below."]
[null,"4. In the next window, select \"Macro Settings,\" then select the radio button for \"Disable all macros with notification.\""]
[null,"5. When openning this spreadsheet, you will see a warning like this in the menu bar:"]
[]
[]
[null,"6. Select \"Enable this content\" and click \"Okay\".  The spreadsheet will now be functional."]